Back
From: metabase:user:314402c4-2aae-11df-837a-5e0a49663a4f
Subject: FAIL DBI-Test-0.001 v5.20.1 FreeBSD
Date: 2015-03-20T18:05:41Z
This distribution has been tested as part of the CPAN Testers
project, supporting the Perl programming language. See
http://wiki.cpantesters.org/ for more information or email
questions to cpan-testers-discuss@perl.org
--
Dear Jens Rehsack,
This is a computer-generated report for DBI-Test-0.001
on perl 5.20.1, created by CPAN-Reporter-1.2011.
Thank you for uploading your work to CPAN. However, there was a problem
testing your distribution.
If you think this report is invalid, please consult the CPAN Testers Wiki
for suggestions on how to avoid getting FAIL reports for missing library
or binary dependencies, unsupported operating systems, and so on:
http://wiki.cpantesters.org/wiki/CPANAuthorNotes
Sections of this report:
* Tester comments
* Program output
* Prerequisites
* Environment and other context
------------------------------
TESTER COMMENTS
------------------------------
Additional comments from tester:
none provided
------------------------------
PROGRAM OUTPUT
------------------------------
Output from '/usr/bin/make test':
PERL_DL_NONLAZY=1 "/usr/perl5.20.1p/bin/perl5.20.1" "-MExtUtils::Command::MM" "-MTest::Harness" "-e" "undef *Test::Harness::Switches; test_harness(0, 'blib/lib', 'blib/arch')" xt/*.t t/basic/*.t
t/basic/dvc_connect.t ......... ok
t/basic/dvc_disconnect.t ...... ok
t/basic/dvd_connect.t ......... ok
t/basic/dvd_disconnect.t ...... ok
t/basic/dve_connect.t ......... ok
t/basic/dve_disconnect.t ...... ok
t/basic/dvf_connect.t ......... ok
t/basic/dvf_disconnect.t ...... ok
No such database ()! at /usr/perl5.20.1p/lib/site_perl/5.20.1/DBD/LDAP.pm line 401, <DATA> line 751.
DBI connect('','',...) failed: No such database ()! at /home/cpansand/.cpan/build/DBI-Test-0.001-hQ80os/blib/lib/DBI/Test.pm line 31.
# Failed test 'basic connect'
# at /home/cpansand/.cpan/build/DBI-Test-0.001-hQ80os/blib/lib/DBI/Test/Case/basic/connect.pm line 16.
# Failed test 'dbh is active'
# at /home/cpansand/.cpan/build/DBI-Test-0.001-hQ80os/blib/lib/DBI/Test/Case/basic/connect.pm line 20.
No such database ()! at /usr/perl5.20.1p/lib/site_perl/5.20.1/DBD/LDAP.pm line 401, <DATA> line 751.
DBI connect('','',...) failed: No such database ()! at /home/cpansand/.cpan/build/DBI-Test-0.001-hQ80os/blib/lib/DBI/Test.pm line 31.
# Failed test 'basic connect'
# at /home/cpansand/.cpan/build/DBI-Test-0.001-hQ80os/blib/lib/DBI/Test/Case/basic/connect.pm line 29.
No such database ()! at /usr/perl5.20.1p/lib/site_perl/5.20.1/DBD/LDAP.pm line 401, <DATA> line 751.
DBI connect('','',...) failed: No such database ()! at /home/cpansand/.cpan/build/DBI-Test-0.001-hQ80os/blib/lib/DBI/Test.pm line 31.
# Failed test 'connect without attr'
# at /home/cpansand/.cpan/build/DBI-Test-0.001-hQ80os/blib/lib/DBI/Test/Case/basic/connect.pm line 46.
Use of uninitialized value $got in numeric eq (==) at (eval in cmp_ok) /home/cpansand/.cpan/build/DBI-Test-0.001-hQ80os/blib/lib/DBI/Test/Case/basic/connect.pm line 50, <DATA> line 751.
# Failed test 'AutoCommit == 1'
# at /home/cpansand/.cpan/build/DBI-Test-0.001-hQ80os/blib/lib/DBI/Test/Case/basic/connect.pm line 50.
Use of uninitialized value $val in addition (+) at /usr/perl5.20.1p/lib/site_perl/5.20.1/Test/Builder.pm line 963, <DATA> line 751.
# got: undef
# expected: 1
Can't call method "FETCH" on unblessed reference at /home/cpansand/.cpan/build/DBI-Test-0.001-hQ80os/blib/lib/DBI/Test/Case/basic/connect.pm line 51, <DATA> line 751.
# Tests were run but no plan was declared and done_testing() was not seen.
# Looks like your test exited with 255 just after 5.
t/basic/dvl_connect.t .........
Dubious, test returned 255 (wstat 65280, 0xff00)
Failed 5/5 subtests
No such database ()! at /usr/perl5.20.1p/lib/site_perl/5.20.1/DBD/LDAP.pm line 401, <DATA> line 751.
DBI connect('','',...) failed: No such database ()! at /home/cpansand/.cpan/build/DBI-Test-0.001-hQ80os/blib/lib/DBI/Test.pm line 31.
# Failed test 'basic connect'
# at /home/cpansand/.cpan/build/DBI-Test-0.001-hQ80os/blib/lib/DBI/Test/Case/basic/disconnect.pm line 20.
Can't call method "disconnect" on an undefined value at /home/cpansand/.cpan/build/DBI-Test-0.001-hQ80os/blib/lib/DBI/Test/Case/basic/disconnect.pm line 22, <DATA> line 751.
# Tests were run but no plan was declared and done_testing() was not seen.
# Looks like your test exited with 255 just after 1.
t/basic/dvl_disconnect.t ......
Dubious, test returned 255 (wstat 65280, 0xff00)
Failed 1/1 subtests
# Failed test 'dbh is active'
# at /home/cpansand/.cpan/build/DBI-Test-0.001-hQ80os/blib/lib/DBI/Test/Case/basic/connect.pm line 20.
# Looks like you failed 1 test of 16.
t/basic/dvm_connect.t .........
Dubious, test returned 1 (wstat 256, 0x100)
Failed 1/16 subtests
# Failed test 'Disconnect'
# at /home/cpansand/.cpan/build/DBI-Test-0.001-hQ80os/blib/lib/DBI/Test/Case/basic/disconnect.pm line 22.
# Looks like you failed 1 test of 19.
t/basic/dvm_disconnect.t ......
Dubious, test returned 1 (wstat 256, 0x100)
Failed 1/19 subtests
(less 1 skipped subtest: 17 okay)
(7 TODO tests unexpectedly succeeded)
t/basic/dvn_connect.t ......... ok
t/basic/dvn_disconnect.t ...... ok
install_driver(Pg) failed: Attempt to reload DBD/Pg.pm aborted.
Compilation failed in require at (eval 152) line 3.
at /home/cpansand/.cpan/build/DBI-Test-0.001-hQ80os/blib/lib/DBI/Test.pm line 31.
t/basic/dvp_connect.t .........
Dubious, test returned 2 (wstat 512, 0x200)
No subtests run
install_driver(Pg) failed: Attempt to reload DBD/Pg.pm aborted.
Compilation failed in require at (eval 152) line 3.
at /home/cpansand/.cpan/build/DBI-Test-0.001-hQ80os/blib/lib/DBI/Test.pm line 31.
t/basic/dvp_disconnect.t ......
Dubious, test returned 2 (wstat 512, 0x200)
No subtests run
No such database ()! at /usr/perl5.20.1p/lib/site_perl/5.20.1/DBD/Sprite.pm line 121.
DBI connect('','',...) failed: (no error string) at /home/cpansand/.cpan/build/DBI-Test-0.001-hQ80os/blib/lib/DBI/Test.pm line 31.
# Failed test 'basic connect'
# at /home/cpansand/.cpan/build/DBI-Test-0.001-hQ80os/blib/lib/DBI/Test/Case/basic/connect.pm line 16.
# Failed test 'dbh is active'
# at /home/cpansand/.cpan/build/DBI-Test-0.001-hQ80os/blib/lib/DBI/Test/Case/basic/connect.pm line 20.
No such database ()! at /usr/perl5.20.1p/lib/site_perl/5.20.1/DBD/Sprite.pm line 121.
DBI connect('','',...) failed: (no error string) at /home/cpansand/.cpan/build/DBI-Test-0.001-hQ80os/blib/lib/DBI/Test.pm line 31.
# Failed test 'basic connect'
# at /home/cpansand/.cpan/build/DBI-Test-0.001-hQ80os/blib/lib/DBI/Test/Case/basic/connect.pm line 29.
No such database ()! at /usr/perl5.20.1p/lib/site_perl/5.20.1/DBD/Sprite.pm line 121.
DBI connect('','',...) failed: (no error string) at /home/cpansand/.cpan/build/DBI-Test-0.001-hQ80os/blib/lib/DBI/Test.pm line 31.
# Failed test 'connect without attr'
# at /home/cpansand/.cpan/build/DBI-Test-0.001-hQ80os/blib/lib/DBI/Test/Case/basic/connect.pm line 46.
Use of uninitialized value $got in numeric eq (==) at (eval in cmp_ok) /home/cpansand/.cpan/build/DBI-Test-0.001-hQ80os/blib/lib/DBI/Test/Case/basic/connect.pm line 50.
# Failed test 'AutoCommit == 1'
# at /home/cpansand/.cpan/build/DBI-Test-0.001-hQ80os/blib/lib/DBI/Test/Case/basic/connect.pm line 50.
Use of uninitialized value $val in addition (+) at /usr/perl5.20.1p/lib/site_perl/5.20.1/Test/Builder.pm line 963.
# got: undef
# expected: 1
Can't call method "FETCH" on unblessed reference at /home/cpansand/.cpan/build/DBI-Test-0.001-hQ80os/blib/lib/DBI/Test/Case/basic/connect.pm line 51.
# Tests were run but no plan was declared and done_testing() was not seen.
# Looks like your test exited with 255 just after 5.
t/basic/dvs_connect.t .........
Dubious, test returned 255 (wstat 65280, 0xff00)
Failed 5/5 subtests
No such database ()! at /usr/perl5.20.1p/lib/site_perl/5.20.1/DBD/Sprite.pm line 121.
DBI connect('','',...) failed: (no error string) at /home/cpansand/.cpan/build/DBI-Test-0.001-hQ80os/blib/lib/DBI/Test.pm line 31.
# Failed test 'basic connect'
# at /home/cpansand/.cpan/build/DBI-Test-0.001-hQ80os/blib/lib/DBI/Test/Case/basic/disconnect.pm line 20.
Can't call method "disconnect" on an undefined value at /home/cpansand/.cpan/build/DBI-Test-0.001-hQ80os/blib/lib/DBI/Test/Case/basic/disconnect.pm line 22.
# Tests were run but no plan was declared and done_testing() was not seen.
# Looks like your test exited with 255 just after 1.
t/basic/dvs_disconnect.t ......
Dubious, test returned 255 (wstat 65280, 0xff00)
Failed 1/1 subtests
t/basic/mvb_dvn_connect.t ..... ok
t/basic/mvb_dvn_disconnect.t .. ok
Test Summary Report
-------------------
t/basic/dvc_disconnect.t (Wstat: 0 Tests: 19 Failed: 0)
TODO passed: 8-9, 14-15, 18
t/basic/dvd_disconnect.t (Wstat: 0 Tests: 19 Failed: 0)
TODO passed: 8-9, 14-15, 18
t/basic/dve_disconnect.t (Wstat: 0 Tests: 19 Failed: 0)
TODO passed: 8-9, 14-15, 18
t/basic/dvf_disconnect.t (Wstat: 0 Tests: 19 Failed: 0)
TODO passed: 8-9, 14-15, 18
t/basic/dvl_connect.t (Wstat: 65280 Tests: 5 Failed: 5)
Failed tests: 1-5
Non-zero exit status: 255
Parse errors: No plan found in TAP output
t/basic/dvl_disconnect.t (Wstat: 65280 Tests: 1 Failed: 1)
Failed test: 1
Non-zero exit status: 255
Parse errors: No plan found in TAP output
t/basic/dvm_connect.t (Wstat: 256 Tests: 16 Failed: 1)
Failed test: 3
Non-zero exit status: 1
t/basic/dvm_disconnect.t (Wstat: 256 Tests: 19 Failed: 1)
Failed test: 3
TODO passed: 8-10, 14-16, 18
Non-zero exit status: 1
t/basic/dvn_disconnect.t (Wstat: 0 Tests: 19 Failed: 0)
TODO passed: 8-9, 14-15, 18
t/basic/dvp_connect.t (Wstat: 512 Tests: 0 Failed: 0)
Non-zero exit status: 2
Parse errors: No plan found in TAP output
t/basic/dvp_disconnect.t (Wstat: 512 Tests: 0 Failed: 0)
Non-zero exit status: 2
Parse errors: No plan found in TAP output
t/basic/dvs_connect.t (Wstat: 65280 Tests: 5 Failed: 5)
Failed tests: 1-5
Non-zero exit status: 255
Parse errors: No plan found in TAP output
t/basic/dvs_disconnect.t (Wstat: 65280 Tests: 1 Failed: 1)
Failed test: 1
Non-zero exit status: 255
Parse errors: No plan found in TAP output
t/basic/mvb_dvn_connect.t (Wstat: 0 Tests: 16 Failed: 0)
TODO passed: 12
t/basic/mvb_dvn_disconnect.t (Wstat: 0 Tests: 19 Failed: 0)
TODO passed: 8-9, 14-15, 18
Files=20, Tests=263, 23 wallclock secs ( 0.52 usr 0.09 sys + 18.57 cusr 2.72 csys = 21.91 CPU)
Result: FAIL
Failed 8/20 test programs. 14/263 subtests failed.
*** Error code 255
Stop.
make: stopped in /home/cpansand/.cpan/build/DBI-Test-0.001-hQ80os
------------------------------
PREREQUISITES
------------------------------
Prerequisite modules loaded:
requires:
Module Need Have
------------------- -------- --------
perl 5.008001 5.020001
build_requires:
Module Need Have
------------------- -------- --------
Test::Simple 0.90 1.001014
configure_requires:
Module Need Have
------------------- -------- --------
ExtUtils::MakeMaker 0 7.04
------------------------------
ENVIRONMENT AND OTHER CONTEXT
------------------------------
Environment variables:
DBIC_NO_WARN_BAD_PERL = 1
LC_ALL = de_DE.ISO8859-1
PATH = /usr/local/bin:/usr/bin:/bin:/usr/local/sbin:/usr/sbin:/sbin:/home/cpansand/bin/freebsd10.0:/home/cpansand/bin/sh:/home/cpansand/bin:/usr/games:/home/cpansand/devel:/home/eserte/src/srezic-misc/scripts
PERL5LIB =
PERL5OPT =
PERL5_CPANPLUS_IS_RUNNING = 78422
PERL5_CPAN_IS_RUNNING = 78422
PERL5_CPAN_IS_RUNNING_IN_RECURSION = 78203,78422
PERLDOC = -MPod::Perldoc::ToTextOverstrike
PERL_BATCH = yes
PERL_CPAN_REPORTER_CONFIG = /var/tmp/cpansmoker-1023/znSQ_kJuVy_config.ini
PERL_EXTUTILS_AUTOINSTALL = --defaultdeps
PERL_HTML_DISPLAY_CLASS = HTML::Display::Mozilla
SHELL = /usr/local/bin/zsh
TERM = screen
TMPDIR = /var/tmp/cpansmoker-1023
Perl special variables (and OS-specific diagnostics, for MSWin32):
$^X = /usr/perl5.20.1p/bin/perl5.20.1
$UID/$EUID = 1023 / 1023
$GID = 1023 1023
$EGID = 1023 1023
Perl module toolchain versions installed:
Module Have
------------------- --------
CPAN 2.10
CPAN::Meta 2.150001
Cwd 3.48
ExtUtils::CBuilder 0.280217
ExtUtils::Command 1.18
ExtUtils::Install 1.67
ExtUtils::MakeMaker 7.04
ExtUtils::Manifest 1.70
ExtUtils::ParseXS 3.24
File::Spec 3.48
JSON 2.90
JSON::PP 2.27203
Module::Build 0.4211
Module::Signature n/a
Parse::CPAN::Meta 1.4414
Test::Harness 3.30
Test::More 1.001014
YAML 1.14
YAML::Syck 1.29
version 0.9912
--
Summary of my perl5 (revision 5 version 20 subversion 1) configuration:
Platform:
osname=freebsd, osvers=10.1-release, archname=amd64-freebsd
uname='freebsd cvrsnica-freebsd-101.herceg.de 10.1-release freebsd 10.1-release #0 r274401: tue nov 11 21:02:49 utc 2014 root@releng1.nyi.freebsd.org:usrobjusrsrcsysgeneric amd64 '
config_args='-ds -e -Dprefix=/usr/perl5.20.1p'
hint=recommended, useposix=true, d_sigaction=define
useithreads=undef, usemultiplicity=undef
use64bitint=define, use64bitall=define, uselongdouble=undef
usemymalloc=n, bincompat5005=undef
Compiler:
cc='cc', ccflags ='-DHAS_FPSETMASK -DHAS_FLOATINGPOINT_H -fno-strict-aliasing -pipe -fstack-protector -I/usr/local/include',
optimize='-O',
cppflags='-DHAS_FPSETMASK -DHAS_FLOATINGPOINT_H -fno-strict-aliasing -pipe -fstack-protector -I/usr/local/include'
ccversion='', gccversion='4.2.1 Compatible FreeBSD Clang 3.4.1 (tags/RELEASE_34/dot1-final 208032)', gccosandvers=''
intsize=4, longsize=8, ptrsize=8, doublesize=8, byteorder=12345678
d_longlong=define, longlongsize=8, d_longdbl=define, longdblsize=16
ivtype='long', ivsize=8, nvtype='double', nvsize=8, Off_t='off_t', lseeksize=8
alignbytes=8, prototype=define
Linker and Libraries:
ld='cc', ldflags ='-pthread -Wl,-E -fstack-protector -L/usr/local/lib'
libpth=/usr/lib /usr/local/lib /usr/include/clang/3.4.1 /usr/lib
libs=-lm -lcrypt -lutil -lc
perllibs=-lm -lcrypt -lutil -lc
libc=, so=so, useshrplib=false, libperl=libperl.a
gnulibc_version=''
Dynamic Linking:
dlsrc=dl_dlopen.xs, dlext=so, d_dlsymun=undef, ccdlflags=' '
cccdlflags='-DPIC -fPIC', lddlflags='-shared -L/usr/local/lib -fstack-protector'
Characteristics of this binary (from libperl):
Compile-time options: HAS_TIMES PERLIO_LAYERS PERL_DONT_CREATE_GVSV
PERL_HASH_FUNC_ONE_AT_A_TIME_HARD PERL_MALLOC_WRAP
PERL_NEW_COPY_ON_WRITE PERL_PRESERVE_IVUV
USE_64_BIT_ALL USE_64_BIT_INT USE_LARGE_FILES
USE_LOCALE USE_LOCALE_COLLATE USE_LOCALE_CTYPE
USE_LOCALE_NUMERIC USE_PERLIO USE_PERL_ATOF
Built under freebsd
Compiled at Jan 29 2015 08:45:50
%ENV:
PERL5LIB=""
PERL5OPT=""
PERL5_CPANPLUS_IS_RUNNING="78422"
PERL5_CPAN_IS_RUNNING="78422"
PERL5_CPAN_IS_RUNNING_IN_RECURSION="78203,78422"
PERLDOC="-MPod::Perldoc::ToTextOverstrike"
PERL_BATCH="yes"
PERL_CPAN_REPORTER_CONFIG="/var/tmp/cpansmoker-1023/znSQ_kJuVy_config.ini"
PERL_EXTUTILS_AUTOINSTALL="--defaultdeps"
PERL_HTML_DISPLAY_CLASS="HTML::Display::Mozilla"
@INC:
/usr/perl5.20.1p/lib/site_perl/5.20.1/amd64-freebsd
/usr/perl5.20.1p/lib/site_perl/5.20.1
/usr/perl5.20.1p/lib/5.20.1/amd64-freebsd
/usr/perl5.20.1p/lib/5.20.1
.