Report for Mojolicious-Plugin-JQuery-3.11001

Back
From: metabase:user:314402c4-2aae-11df-837a-5e0a49663a4f
Subject: FAIL Mojolicious-Plugin-JQuery-3.11001 v5.22.3 RC4 GNU/Linux
Date: 2017-01-01T01:43:40Z

This distribution has been tested as part of the CPAN Testers
project, supporting the Perl programming language.  See
http://wiki.cpantesters.org/ for more information or email
questions to cpan-testers-discuss@perl.org


--
Dear Francesco Ferro,

This is a computer-generated report for Mojolicious-Plugin-JQuery-3.11001
on perl 5.22.3, created by CPAN-Reporter-1.2018.

Thank you for uploading your work to CPAN.  However, there was a problem
testing your distribution.

If you think this report is invalid, please consult the CPAN Testers Wiki
for suggestions on how to avoid getting FAIL reports for missing library
or binary dependencies, unsupported operating systems, and so on:

http://wiki.cpantesters.org/wiki/CPANAuthorNotes

Sections of this report:

    * Tester comments
    * Program output
    * Prerequisites
    * Environment and other context

------------------------------
TESTER COMMENTS
------------------------------

Additional comments from tester:

none provided

------------------------------
PROGRAM OUTPUT
------------------------------

Output from '/usr/bin/make test':

PERL_DL_NONLAZY=1 "/bbbike/perl-5.22.3-RC4t/bin/perl" "-MExtUtils::Command::MM" "-MTest::Harness" "-e" "undef *Test::Harness::Switches; test_harness(0, 'blib/lib', 'blib/arch')" t/*.t
t/00-basic.t ...... ok
# Loading DEPRECATED Mojolicious::Plugin::AssetPack::Backcompat.
Can't use string ("/js/jquery-3.1.1.js") as an ARRAY ref while "strict refs" in use at /home/cpansand/.cpan/build/2017010100/Mojolicious-Plugin-AssetPack-1.30-j3sv4p/blib/lib/Mojolicious/Plugin/AssetPack.pm line 149.
t/files.t ......... 
Dubious, test returned 2 (wstat 512, 0x200)
No subtests run 
# Loading DEPRECATED Mojolicious::Plugin::AssetPack::Backcompat.
Can't use string ("/js/jquery-3.1.1.js") as an ARRAY ref while "strict refs" in use at /home/cpansand/.cpan/build/2017010100/Mojolicious-Plugin-AssetPack-1.30-j3sv4p/blib/lib/Mojolicious/Plugin/AssetPack.pm line 149.
t/pack.t .......... 
Dubious, test returned 2 (wstat 512, 0x200)
No subtests run 
# development
# Loading DEPRECATED Mojolicious::Plugin::AssetPack::Backcompat.
Can't use string ("/js/jquery-3.1.1.js") as an ARRAY ref while "strict refs" in use at /home/cpansand/.cpan/build/2017010100/Mojolicious-Plugin-AssetPack-1.30-j3sv4p/blib/lib/Mojolicious/Plugin/AssetPack.pm line 149.
t/synopsis.t ...... 
Dubious, test returned 2 (wstat 512, 0x200)
No subtests run 
# Loading DEPRECATED Mojolicious::Plugin::AssetPack::Backcompat.
Can't use string ("/js/jquery-3.1.1.js") as an ARRAY ref while "strict refs" in use at /home/cpansand/.cpan/build/2017010100/Mojolicious-Plugin-AssetPack-1.30-j3sv4p/blib/lib/Mojolicious/Plugin/AssetPack.pm line 149.
t/with-migrate.t .. 
Dubious, test returned 2 (wstat 512, 0x200)
No subtests run 

Test Summary Report
-------------------
t/files.t       (Wstat: 512 Tests: 0 Failed: 0)
  Non-zero exit status: 2
  Parse errors: No plan found in TAP output
t/pack.t        (Wstat: 512 Tests: 0 Failed: 0)
  Non-zero exit status: 2
  Parse errors: No plan found in TAP output
t/synopsis.t    (Wstat: 512 Tests: 0 Failed: 0)
  Non-zero exit status: 2
  Parse errors: No plan found in TAP output
t/with-migrate.t (Wstat: 512 Tests: 0 Failed: 0)
  Non-zero exit status: 2
  Parse errors: No plan found in TAP output
Files=5, Tests=3,  1 wallclock secs ( 0.02 usr  0.02 sys +  0.85 cusr  0.22 csys =  1.11 CPU)
Result: FAIL
Failed 4/5 test programs. 0/3 subtests failed.
Makefile:878: recipe for target 'test_dynamic' failed
make: *** [test_dynamic] Error 2

------------------------------
PREREQUISITES
------------------------------

Prerequisite modules loaded:

requires:

    Module                                     Need     Have    
    ------------------------------------------ -------- --------
    File::Basename                             2.0      2.85    
    File::Find                                 1.07     1.29    
    Mojolicious                                6.00     7.13    
    Mojolicious::Plugin::AssetPack             0.68     1.30    
    Mojolicious::Plugin::AssetPack::Backcompat 1.21     1.23    
    perl                                       5.010001 5.022003

build_requires:

    Module                                     Need     Have    
    ------------------------------------------ -------- --------
    Test::More                                 0.96     1.302059

configure_requires:

    Module                                     Need     Have    
    ------------------------------------------ -------- --------
    ExtUtils::MakeMaker                        0        7.04_02 


------------------------------
ENVIRONMENT AND OTHER CONTEXT
------------------------------

Environment variables:

    LANG = C
    PATH = /usr/local/bin:/usr/bin:/bin:/usr/local/sbin:/usr/sbin:/sbin:/home/cpansand/bin/linux-gnu:/home/cpansand/bin/sh:/home/cpansand/bin:/usr/games:/home/cpansand/devel:/home/eserte/src/srezic-misc/scripts
    PERL5LIB = /home/cpansand/.cpan/build/2017010100/Mojolicious-Plugin-AssetPack-Backcompat-1.23-5U3oN8/blib/arch:/home/cpansand/.cpan/build/2017010100/Mojolicious-Plugin-AssetPack-Backcompat-1.23-5U3oN8/blib/lib:/home/cpansand/.cpan/build/2017010100/JavaScript-Minifier-XS-0.11-pcq2w4/blib/arch:/home/cpansand/.cpan/build/2017010100/JavaScript-Minifier-XS-0.11-pcq2w4/blib/lib:/home/cpansand/.cpan/build/2017010100/CSS-Minifier-XS-0.09-9Kr0SL/blib/arch:/home/cpansand/.cpan/build/2017010100/CSS-Minifier-XS-0.09-9Kr0SL/blib/lib:/home/cpansand/.cpan/build/2017010100/Mojolicious-Plugin-AssetPack-1.30-j3sv4p/blib/arch:/home/cpansand/.cpan/build/2017010100/Mojolicious-Plugin-AssetPack-1.30-j3sv4p/blib/lib:/home/cpansand/.cpan/build/2017010100/Mojolicious-7.13-5W0ecK/blib/arch:/home/cpansand/.cpan/build/2017010100/Mojolicious-7.13-5W0ecK/blib/lib
    PERL5OPT = 
    PERL5_CPANPLUS_IS_RUNNING = 2721
    PERL5_CPAN_IS_RUNNING = 2721
    PERL5_CPAN_IS_RUNNING_IN_RECURSION = 2484,2721
    PERLDOC = -MPod::Perldoc::ToTextOverstrike
    PERL_BATCH = yes
    PERL_CANARY_STABILITY_NOPROMPT = 1
    PERL_CPAN_REPORTER_CONFIG = /run/user/1023/cpansmoker/2017010100/cpanreporter_000_config.ini
    PERL_EXTUTILS_AUTOINSTALL = --defaultdeps
    PERL_USE_UNSAFE_INC = 1
    SHELL = /bin/zsh
    TERM = screen
    TMPDIR = /run/user/1023/cpansmoker/2017010100

Perl special variables (and OS-specific diagnostics, for MSWin32):

    $^X = /bbbike/perl-5.22.3-RC4t/bin/perl
    $UID/$EUID = 1023 / 1023
    $GID = 1023 1023
    $EGID = 1023 1023

Perl module toolchain versions installed:

    Module              Have      
    ------------------- ----------
    CPAN                2.11_01   
    CPAN::Meta          2.150001  
    Cwd                 3.56_02   
    ExtUtils::CBuilder  0.280221  
    ExtUtils::Command   1.20_01   
    ExtUtils::Install   2.04      
    ExtUtils::MakeMaker 7.04_02   
    ExtUtils::Manifest  1.70      
    ExtUtils::ParseXS   3.28      
    File::Spec          3.56_02   
    JSON                2.90      
    JSON::PP            2.27300_01
    Module::Build       0.4220    
    Module::Signature   n/a       
    Parse::CPAN::Meta   1.4414_001
    Test::Harness       3.35_01   
    Test::More          1.302059  
    YAML                1.18      
    YAML::Syck          1.29      
    version             0.9909    


--

Summary of my perl5 (revision 5 version 22 subversion 3) configuration:
   
  Platform:
    osname=linux, osvers=3.16.0-4-amd64, archname=x86_64-linux-thread-multi
    uname='linux eserte 3.16.0-4-amd64 #1 smp debian 3.16.36-1+deb8u1 (2016-09-03) x86_64 gnulinux '
    config_args='-ds -e -Dprefix=/opt/perl-5.22.3-RC4t -Dusethreads -Dcf_email=srezic@cpan.org'
    hint=recommended, useposix=true, d_sigaction=define
    useithreads=define, usemultiplicity=define
    use64bitint=define, use64bitall=define, uselongdouble=undef
    usemymalloc=n, bincompat5005=undef
  Compiler:
    cc='cc', ccflags ='-D_REENTRANT -D_GNU_SOURCE -fwrapv -fno-strict-aliasing -pipe -fstack-protector-strong -I/usr/local/include -D_LARGEFILE_SOURCE -D_FILE_OFFSET_BITS=64 -D_FORTIFY_SOURCE=2',
    optimize='-O2',
    cppflags='-D_REENTRANT -D_GNU_SOURCE -fwrapv -fno-strict-aliasing -pipe -fstack-protector-strong -I/usr/local/include'
    ccversion='', gccversion='4.9.2', gccosandvers=''
    intsize=4, longsize=8, ptrsize=8, doublesize=8, byteorder=12345678, doublekind=3
    d_longlong=define, longlongsize=8, d_longdbl=define, longdblsize=16, longdblkind=3
    ivtype='long', ivsize=8, nvtype='double', nvsize=8, Off_t='off_t', lseeksize=8
    alignbytes=8, prototype=define
  Linker and Libraries:
    ld='cc', ldflags =' -fstack-protector-strong -L/usr/local/lib'
    libpth=/usr/local/lib /usr/lib/gcc/x86_64-linux-gnu/4.9/include-fixed /usr/include/x86_64-linux-gnu /usr/lib /lib/x86_64-linux-gnu /lib/../lib /usr/lib/x86_64-linux-gnu /usr/lib/../lib /lib
    libs=-lpthread -lnsl -lgdbm -ldb -ldl -lm -lcrypt -lutil -lc -lgdbm_compat
    perllibs=-lpthread -lnsl -ldl -lm -lcrypt -lutil -lc
    libc=libc-2.19.so, so=so, useshrplib=false, libperl=libperl.a
    gnulibc_version='2.19'
  Dynamic Linking:
    dlsrc=dl_dlopen.xs, dlext=so, d_dlsymun=undef, ccdlflags='-Wl,-E'
    cccdlflags='-fPIC', lddlflags='-shared -O2 -L/usr/local/lib -fstack-protector-strong'


Characteristics of this binary (from libperl): 
  Compile-time options: HAS_TIMES MULTIPLICITY PERLIO_LAYERS
                        PERL_DONT_CREATE_GVSV
                        PERL_HASH_FUNC_ONE_AT_A_TIME_HARD
                        PERL_IMPLICIT_CONTEXT PERL_MALLOC_WRAP
                        PERL_NEW_COPY_ON_WRITE PERL_PRESERVE_IVUV
                        USE_64_BIT_ALL USE_64_BIT_INT USE_ITHREADS
                        USE_LARGE_FILES USE_LOCALE USE_LOCALE_COLLATE
                        USE_LOCALE_CTYPE USE_LOCALE_NUMERIC USE_LOCALE_TIME
                        USE_PERLIO USE_PERL_ATOF USE_REENTRANT_API
  Locally applied patches:
	RC4
  Built under linux
  Compiled at Oct 13 2016 19:15:21
  %ENV:
    PERL5LIB="/home/cpansand/.cpan/build/2017010100/Mojolicious-Plugin-AssetPack-Backcompat-1.23-5U3oN8/blib/arch:/home/cpansand/.cpan/build/2017010100/Mojolicious-Plugin-AssetPack-Backcompat-1.23-5U3oN8/blib/lib:/home/cpansand/.cpan/build/2017010100/JavaScript-Minifier-XS-0.11-pcq2w4/blib/arch:/home/cpansand/.cpan/build/2017010100/JavaScript-Minifier-XS-0.11-pcq2w4/blib/lib:/home/cpansand/.cpan/build/2017010100/CSS-Minifier-XS-0.09-9Kr0SL/blib/arch:/home/cpansand/.cpan/build/2017010100/CSS-Minifier-XS-0.09-9Kr0SL/blib/lib:/home/cpansand/.cpan/build/2017010100/Mojolicious-Plugin-AssetPack-1.30-j3sv4p/blib/arch:/home/cpansand/.cpan/build/2017010100/Mojolicious-Plugin-AssetPack-1.30-j3sv4p/blib/lib:/home/cpansand/.cpan/build/2017010100/Mojolicious-7.13-5W0ecK/blib/arch:/home/cpansand/.cpan/build/2017010100/Mojolicious-7.13-5W0ecK/blib/lib"
    PERL5OPT=""
    PERL5_CPANPLUS_IS_RUNNING="2721"
    PERL5_CPAN_IS_RUNNING="2721"
    PERL5_CPAN_IS_RUNNING_IN_RECURSION="2484,2721"
    PERLDOC="-MPod::Perldoc::ToTextOverstrike"
    PERL_BATCH="yes"
    PERL_CANARY_STABILITY_NOPROMPT="1"
    PERL_CPAN_REPORTER_CONFIG="/run/user/1023/cpansmoker/2017010100/cpanreporter_000_config.ini"
    PERL_EXTUTILS_AUTOINSTALL="--defaultdeps"
    PERL_USE_UNSAFE_INC="1"
  @INC:
    /home/cpansand/.cpan/build/2017010100/Mojolicious-Plugin-AssetPack-Backcompat-1.23-5U3oN8/blib/arch
    /home/cpansand/.cpan/build/2017010100/Mojolicious-Plugin-AssetPack-Backcompat-1.23-5U3oN8/blib/lib
    /home/cpansand/.cpan/build/2017010100/JavaScript-Minifier-XS-0.11-pcq2w4/blib/arch
    /home/cpansand/.cpan/build/2017010100/JavaScript-Minifier-XS-0.11-pcq2w4/blib/lib
    /home/cpansand/.cpan/build/2017010100/CSS-Minifier-XS-0.09-9Kr0SL/blib/arch
    /home/cpansand/.cpan/build/2017010100/CSS-Minifier-XS-0.09-9Kr0SL/blib/lib
    /home/cpansand/.cpan/build/2017010100/Mojolicious-Plugin-AssetPack-1.30-j3sv4p/blib/arch
    /home/cpansand/.cpan/build/2017010100/Mojolicious-Plugin-AssetPack-1.30-j3sv4p/blib/lib
    /home/cpansand/.cpan/build/2017010100/Mojolicious-7.13-5W0ecK/blib/arch
    /home/cpansand/.cpan/build/2017010100/Mojolicious-7.13-5W0ecK/blib/lib
    /opt/perl-5.22.3-RC4t/lib/site_perl/5.22.3/x86_64-linux-thread-multi
    /opt/perl-5.22.3-RC4t/lib/site_perl/5.22.3
    /opt/perl-5.22.3-RC4t/lib/5.22.3/x86_64-linux-thread-multi
    /opt/perl-5.22.3-RC4t/lib/5.22.3
    .