Report for Plack-Server-AnyEvent-0.04

Back
From: metabase:user:320bfe00-2aae-11df-837a-5e0a49663a4f
Subject: FAIL Plack-Server-AnyEvent-0.04 v5.18.0 RC3 GNU/Linux
Date: 2013-05-14T23:12:16Z

This distribution has been tested as part of the CPAN Testers
project, supporting the Perl programming language.  See
http://wiki.cpantesters.org/ for more information or email
questions to cpan-testers-discuss@perl.org


--
Dear Tatsuhiko Miyagawa,

This is a computer-generated report for Plack-Server-AnyEvent-0.04
on perl 5.18.0, created by CPAN-Reporter-1.2010.

Thank you for uploading your work to CPAN.  However, there was a problem
testing your distribution.

If you think this report is invalid, please consult the CPAN Testers Wiki
for suggestions on how to avoid getting FAIL reports for missing library
or binary dependencies, unsupported operating systems, and so on:

http://wiki.cpantesters.org/wiki/CPANAuthorNotes

Sections of this report:

    * Tester comments
    * Program output
    * Prerequisites
    * Environment and other context

------------------------------
TESTER COMMENTS
------------------------------

Additional comments from tester:

this report is from an automated smoke testing program
and was not reviewed by a human for accuracy

------------------------------
PROGRAM OUTPUT
------------------------------

Output from '/usr/bin/make test':

PERL_DL_NONLAZY=1 /tmp/basesmoker-reloperl-xntD/bin/perl "-MExtUtils::Command::MM" "-e" "test_harness(0, 'inc', 'blib/lib', 'blib/arch')" t/*.t
t/00_compile.t ........... ok
Can't locate Plack/Handler/AnyEvent.pm in @INC (you may need to install the Plack::Handler::AnyEvent module) (@INC contains: /tmp/loop_over_bdir-22622-0XYun_/Plack-Server-AnyEvent-0.04-NiAYqV/inc /tmp/loop_over_bdir-22622-0XYun_/Plack-Server-AnyEvent-0.04-NiAYqV/blib/lib /tmp/loop_over_bdir-22622-0XYun_/Plack-Server-AnyEvent-0.04-NiAYqV/blib/arch /home/src/perl/repoperls/installed-perls/perl/v5.18.0-RC3/a2da/lib/site_perl/5.18.0/x86_64-linux-thread-multi-ld /home/src/perl/repoperls/installed-perls/perl/v5.18.0-RC3/a2da/lib/site_perl/5.18.0 /home/src/perl/repoperls/installed-perls/perl/v5.18.0-RC3/a2da/lib/5.18.0/x86_64-linux-thread-multi-ld /home/src/perl/repoperls/installed-perls/perl/v5.18.0-RC3/a2da/lib/5.18.0 .) at /home/src/perl/repoperls/installed-perls/perl/v5.18.0-RC3/a2da/lib/site_perl/5.18.0/Plack/Util.pm line 23.
cannot open port: 50786 at /home/src/perl/repoperls/installed-perls/perl/v5.18.0-RC3/a2da/lib/site_perl/5.18.0/Test/TCP.pm line 37.
t/anyevent.t ............. 
Dubious, test returned 111 (wstat 28416, 0x6f00)
No subtests run 
Can't locate Plack/Handler/AnyEvent.pm in @INC (you may need to install the Plack::Handler::AnyEvent module) (@INC contains: /tmp/loop_over_bdir-22622-0XYun_/Plack-Server-AnyEvent-0.04-NiAYqV/inc /tmp/loop_over_bdir-22622-0XYun_/Plack-Server-AnyEvent-0.04-NiAYqV/blib/lib /tmp/loop_over_bdir-22622-0XYun_/Plack-Server-AnyEvent-0.04-NiAYqV/blib/arch /home/src/perl/repoperls/installed-perls/perl/v5.18.0-RC3/a2da/lib/site_perl/5.18.0/x86_64-linux-thread-multi-ld /home/src/perl/repoperls/installed-perls/perl/v5.18.0-RC3/a2da/lib/site_perl/5.18.0 /home/src/perl/repoperls/installed-perls/perl/v5.18.0-RC3/a2da/lib/5.18.0/x86_64-linux-thread-multi-ld /home/src/perl/repoperls/installed-perls/perl/v5.18.0-RC3/a2da/lib/5.18.0 .) at /home/src/perl/repoperls/installed-perls/perl/v5.18.0-RC3/a2da/lib/site_perl/5.18.0/Plack/Util.pm line 23.
cannot open port: 50532 at /home/src/perl/repoperls/installed-perls/perl/v5.18.0-RC3/a2da/lib/site_perl/5.18.0/Test/TCP.pm line 37.
t/anyevent_extensions.t .. 
Dubious, test returned 111 (wstat 28416, 0x6f00)
No subtests run 

Test Summary Report
-------------------
t/anyevent.t           (Wstat: 28416 Tests: 0 Failed: 0)
  Non-zero exit status: 111
  Parse errors: No plan found in TAP output
t/anyevent_extensions.t (Wstat: 28416 Tests: 0 Failed: 0)
  Non-zero exit status: 111
  Parse errors: No plan found in TAP output
Files=3, Tests=1, 20 wallclock secs ( 0.02 usr  0.01 sys +  0.27 cusr  0.06 csys =  0.36 CPU)
Result: FAIL
Failed 2/3 test programs. 0/1 subtests failed.
make: *** [test_dynamic] Error 111

------------------------------
PREREQUISITES
------------------------------

Prerequisite modules loaded:

requires:

    Module                           Need     Have    
    -------------------------------- -------- --------
    AnyEvent                         0        7.04    
    Filter::Util::Call               0        1.49    
    HTTP::Status                     0        6.03    
    namespace::clean                 0        0.24    
    perl                             5.008001 5.018000
    Plack::Middleware::ContentLength 0        0       
    Plack::Util                      0        0       
    Try::Tiny                        0        0.12    

build_requires:

    Module                           Need     Have    
    -------------------------------- -------- --------
    ExtUtils::MakeMaker              6.42     6.66    
    Test::More                       0        0.98    

configure_requires:

    Module                           Need     Have    
    -------------------------------- -------- --------
    ExtUtils::MakeMaker              6.42     6.66    


------------------------------
ENVIRONMENT AND OTHER CONTEXT
------------------------------

Environment variables:

    AUTOMATED_TESTING = 1
    LANG = en_US.UTF-8
    LANGUAGE = en_US:en
    PATH = /usr/lib/ccache:/home/sand/bin:/usr/local/bin:/usr/bin:/bin:/usr/bin/X11:/usr/games:/usr/local/perl/bin:/usr/X11/bin:/sbin:/usr/sbin
    PERL5LIB = 
    PERL5OPT = 
    PERL5_CPANPLUS_IS_RUNNING = 12391
    PERL5_CPAN_IS_RUNNING = 12391
    PERL_MM_USE_DEFAULT = 1
    SHELL = /usr/bin/zsh
    TERM = screen

Perl special variables (and OS-specific diagnostics, for MSWin32):

    $^X = /tmp/basesmoker-reloperl-xntD/bin/perl
    $UID/$EUID = 1005 / 1005
    $GID = 1005 1005
    $EGID = 1005 1005

Perl module toolchain versions installed:

    Module              Have    
    ------------------- --------
    CPAN                2.00    
    CPAN::Meta          2.130880
    Cwd                 3.40    
    ExtUtils::CBuilder  0.280210
    ExtUtils::Command   1.17    
    ExtUtils::Install   1.59    
    ExtUtils::MakeMaker 6.66    
    ExtUtils::Manifest  1.63    
    ExtUtils::ParseXS   3.18    
    File::Spec          3.40    
    JSON                2.57    
    JSON::PP            2.27202 
    Module::Build       0.4005  
    Module::Signature   n/a     
    Parse::CPAN::Meta   1.4404  
    Test::Harness       3.26    
    Test::More          0.98    
    YAML                0.84    
    YAML::Syck          1.25    
    version             0.9902  


--

Summary of my perl5 (revision 5 version 18 subversion 0) configuration:
  Commit id: 34f49b4894c7f9fe3d12d09a45564d8eac29b025
  Platform:
    osname=linux, osvers=3.8-1-amd64, archname=x86_64-linux-thread-multi-ld
    uname='linux k83 3.8-1-amd64 #1 smp debian 3.8.12-1 x86_64 gnulinux '
    config_args='-Dprefix=/home/src/perl/repoperls/installed-perls/perl/v5.18.0-RC3/a2da -Dmyhostname=k83 -Dinstallusrbinperl=n -Uversiononly -Dusedevel -des -Ui_db -Duseithreads -Duselongdouble -DDEBUGGING=-g'
    hint=recommended, useposix=true, d_sigaction=define
    useithreads=define, usemultiplicity=define
    useperlio=define, d_sfio=undef, uselargefiles=define, usesocks=undef
    use64bitint=define, use64bitall=define, uselongdouble=define
    usemymalloc=n, bincompat5005=undef
  Compiler:
    cc='cc', ccflags ='-D_REENTRANT -D_GNU_SOURCE -fno-strict-aliasing -pipe -fstack-protector -I/usr/local/include -D_LARGEFILE_SOURCE -D_FILE_OFFSET_BITS=64',
    optimize='-O2 -g',
    cppflags='-D_REENTRANT -D_GNU_SOURCE -fno-strict-aliasing -pipe -fstack-protector -I/usr/local/include'
    ccversion='', gccversion='4.7.3', gccosandvers=''
    intsize=4, longsize=8, ptrsize=8, doublesize=8, byteorder=12345678
    d_longlong=define, longlongsize=8, d_longdbl=define, longdblsize=16
    ivtype='long', ivsize=8, nvtype='long double', nvsize=16, Off_t='off_t', lseeksize=8
    alignbytes=16, prototype=define
  Linker and Libraries:
    ld='cc', ldflags =' -fstack-protector -L/usr/local/lib'
    libpth=/usr/local/lib /lib/x86_64-linux-gnu /lib/../lib /usr/lib/x86_64-linux-gnu /usr/lib/../lib /lib /usr/lib
    libs=-lnsl -lgdbm -ldb -ldl -lm -lcrypt -lutil -lpthread -lc -lgdbm_compat
    perllibs=-lnsl -ldl -lm -lcrypt -lutil -lpthread -lc
    libc=, so=so, useshrplib=false, libperl=libperl.a
    gnulibc_version='2.17'
  Dynamic Linking:
    dlsrc=dl_dlopen.xs, dlext=so, d_dlsymun=undef, ccdlflags='-Wl,-E'
    cccdlflags='-fPIC', lddlflags='-shared -O2 -g -L/usr/local/lib -fstack-protector'


Characteristics of this binary (from libperl): 
  Compile-time options: HAS_TIMES MULTIPLICITY PERLIO_LAYERS
                        PERL_DONT_CREATE_GVSV
                        PERL_HASH_FUNC_ONE_AT_A_TIME_HARD
                        PERL_IMPLICIT_CONTEXT PERL_MALLOC_WRAP
                        PERL_PRESERVE_IVUV PERL_SAWAMPERSAND PERL_USE_DEVEL
                        USE_64_BIT_ALL USE_64_BIT_INT USE_ITHREADS
                        USE_LARGE_FILES USE_LOCALE USE_LOCALE_COLLATE
                        USE_LOCALE_CTYPE USE_LOCALE_NUMERIC USE_LONG_DOUBLE
                        USE_PERLIO USE_PERL_ATOF USE_REENTRANT_API
  Locally applied patches:
	RC3
  Built under linux
  Compiled at May 14 2013 04:04:11
  %ENV:
    PERL5LIB=""
    PERL5OPT=""
    PERL5_CPANPLUS_IS_RUNNING="12391"
    PERL5_CPAN_IS_RUNNING="12391"
    PERL_MM_USE_DEFAULT="1"
  @INC:
    /home/src/perl/repoperls/installed-perls/perl/v5.18.0-RC3/a2da/lib/site_perl/5.18.0/x86_64-linux-thread-multi-ld
    /home/src/perl/repoperls/installed-perls/perl/v5.18.0-RC3/a2da/lib/site_perl/5.18.0
    /home/src/perl/repoperls/installed-perls/perl/v5.18.0-RC3/a2da/lib/5.18.0/x86_64-linux-thread-multi-ld
    /home/src/perl/repoperls/installed-perls/perl/v5.18.0-RC3/a2da/lib/5.18.0
    .