Report for Exherbo-Packager-1.133000

Back
From: metabase:user:314402c4-2aae-11df-837a-5e0a49663a4f
Subject: FAIL Exherbo-Packager-1.133000 v5.18.2 GNU/Linux
Date: 2014-05-05T18:40:23Z

This distribution has been tested as part of the CPAN Testers
project, supporting the Perl programming language.  See
http://wiki.cpantesters.org/ for more information or email
questions to cpan-testers-discuss@perl.org


--
Dear William Orr,

This is a computer-generated report for Exherbo-Packager-1.133000
on perl 5.18.2, created by CPAN-Reporter-1.2011.

Thank you for uploading your work to CPAN.  However, there was a problem
testing your distribution.

If you think this report is invalid, please consult the CPAN Testers Wiki
for suggestions on how to avoid getting FAIL reports for missing library
or binary dependencies, unsupported operating systems, and so on:

http://wiki.cpantesters.org/wiki/CPANAuthorNotes

Sections of this report:

    * Tester comments
    * Program output
    * Prerequisites
    * Environment and other context

------------------------------
TESTER COMMENTS
------------------------------

Additional comments from tester:

none provided

------------------------------
PROGRAM OUTPUT
------------------------------

Output from './Build test':

t/01-use-ok.t .... ok

#   Failed test 'Test::Perl::Critic for "blib/script/ex-packer"'
#   at /home/eserte/var/ctps/51911linux/install/perl-5.18.2/lib/site_perl/5.18.2/Test/Perl/Critic.pm line 110.
# 
# Perl::Critic found these violations in "blib/script/ex-packer":
# Variable, subroutine, and package names have to be in CamelCase at line 86, column 5.  (no explanation).  (Severity: 5)
# Variable, subroutine, and package names have to be in CamelCase at line 86, column 12.  (no explanation).  (Severity: 5)
# Variable, subroutine, and package names have to be in CamelCase at line 86, column 19.  (no explanation).  (Severity: 5)
# Variable, subroutine, and package names have to be in CamelCase at line 86, column 28.  (no explanation).  (Severity: 5)
# Variable, subroutine, and package names have to be in CamelCase at line 86, column 37.  (no explanation).  (Severity: 5)
# Variable, subroutine, and package names have to be in CamelCase at line 89, column 25.  (no explanation).  (Severity: 5)
# Variable, subroutine, and package names have to be in CamelCase at line 89, column 48.  (no explanation).  (Severity: 5)
# Variable, subroutine, and package names have to be in CamelCase at line 89, column 70.  (no explanation).  (Severity: 5)
# Variable, subroutine, and package names have to be in CamelCase at line 89, column 92.  (no explanation).  (Severity: 5)
# Variable, subroutine, and package names have to be in CamelCase at line 89, column 115.  (no explanation).  (Severity: 5)
# Variable, subroutine, and package names have to be in CamelCase at line 91, column 5.  (no explanation).  (Severity: 5)
# Variable, subroutine, and package names have to be in CamelCase at line 96, column 5.  (no explanation).  (Severity: 5)
# Use of low precedence operators is not allowed at line 101, column 6.  Replace low precedence operators with the high precedence substitutes.  (Severity: 5)
# Use of low precedence operators is not allowed at line 102, column 48.  Replace low precedence operators with the high precedence substitutes.  (Severity: 5)
# Variable, subroutine, and package names have to be in CamelCase at line 102, column 52.  (no explanation).  (Severity: 5)
# Use of low precedence operators is not allowed at line 104, column 67.  Replace low precedence operators with the high precedence substitutes.  (Severity: 5)
# Variable, subroutine, and package names have to be in CamelCase at line 104, column 71.  (no explanation).  (Severity: 5)
# Variable, subroutine, and package names have to be in CamelCase at line 109, column 5.  (no explanation).  (Severity: 5)
# Use of low precedence operators is not allowed at line 109, column 13.  Replace low precedence operators with the high precedence substitutes.  (Severity: 5)
# Variable, subroutine, and package names have to be in CamelCase at line 113, column 12.  (no explanation).  (Severity: 5)
# Variable, subroutine, and package names have to be in CamelCase at line 114, column 5.  (no explanation).  (Severity: 5)
# Variable, subroutine, and package names have to be in CamelCase at line 114, column 51.  (no explanation).  (Severity: 5)
# Use of low precedence operators is not allowed at line 114, column 60.  Replace low precedence operators with the high precedence substitutes.  (Severity: 5)
# Variable, subroutine, and package names have to be in CamelCase at line 114, column 64.  (no explanation).  (Severity: 5)
# Variable, subroutine, and package names have to be in CamelCase at line 116, column 61.  (no explanation).  (Severity: 5)
# Use of low precedence operators is not allowed at line 118, column 9.  Replace low precedence operators with the high precedence substitutes.  (Severity: 5)
# Variable, subroutine, and package names have to be in CamelCase at line 118, column 13.  (no explanation).  (Severity: 5)
# Use of "open" is not allowed at line 119, column 9.  Use file operation methods of MainObject instead.  (Severity: 5)
# Variable, subroutine, and package names have to be in CamelCase at line 119, column 14.  (no explanation).  (Severity: 5)
# Variable, subroutine, and package names have to be in CamelCase at line 119, column 24.  (no explanation).  (Severity: 5)
# Use of low precedence operators is not allowed at line 119, column 33.  Replace low precedence operators with the high precedence substitutes.  (Severity: 5)
# Variable, subroutine, and package names have to be in CamelCase at line 122, column 9.  (no explanation).  (Severity: 5)
# Use of "open" is not allowed at line 123, column 9.  Use file operation methods of MainObject instead.  (Severity: 5)
# Variable, subroutine, and package names have to be in CamelCase at line 123, column 14.  (no explanation).  (Severity: 5)
# Use of low precedence operators is not allowed at line 123, column 35.  Replace low precedence operators with the high precedence substitutes.  (Severity: 5)
# Use of low precedence operators is not allowed at line 127, column 49.  Replace low precedence operators with the high precedence substitutes.  (Severity: 5)
# Variable, subroutine, and package names have to be in CamelCase at line 127, column 53.  (no explanation).  (Severity: 5)
# Variable, subroutine, and package names have to be in CamelCase at line 128, column 37.  (no explanation).  (Severity: 5)
# Variable, subroutine, and package names have to be in CamelCase at line 128, column 43.  (no explanation).  (Severity: 5)
# Use of low precedence operators is not allowed at line 129, column 47.  Replace low precedence operators with the high precedence substitutes.  (Severity: 5)
# Variable, subroutine, and package names have to be in CamelCase at line 129, column 51.  (no explanation).  (Severity: 5)
# Variable, subroutine, and package names have to be in CamelCase at line 131, column 11.  (no explanation).  (Severity: 5)
# Variable, subroutine, and package names have to be in CamelCase at line 134, column 1.  (no explanation).  (Severity: 5)
# Use of low precedence operators is not allowed at line 136, column 13.  Replace low precedence operators with the high precedence substitutes.  (Severity: 5)

#   Failed test 'Test::Perl::Critic for "blib/lib/Exherbo/Packager.pm"'
#   at /home/eserte/var/ctps/51911linux/install/perl-5.18.2/lib/site_perl/5.18.2/Test/Perl/Critic.pm line 110.
# 
# Perl::Critic found these violations in "blib/lib/Exherbo/Packager.pm":
# Variable, subroutine, and package names have to be in CamelCase at line 70, column 5.  (no explanation).  (Severity: 5)
# Variable, subroutine, and package names have to be in CamelCase at line 74, column 4.  (no explanation).  (Severity: 5)
# Variable, subroutine, and package names have to be in CamelCase at line 75, column 4.  (no explanation).  (Severity: 5)
# Variable, subroutine, and package names have to be in CamelCase at line 78, column 1.  (no explanation).  (Severity: 5)
# Variable, subroutine, and package names have to be in CamelCase at line 79, column 9.  (no explanation).  (Severity: 5)
# Variable, subroutine, and package names have to be in CamelCase at line 79, column 16.  (no explanation).  (Severity: 5)
# Variable, subroutine, and package names have to be in CamelCase at line 81, column 8.  (no explanation).  (Severity: 5)
# Variable, subroutine, and package names have to be in CamelCase at line 81, column 32.  (no explanation).  (Severity: 5)
# Variable, subroutine, and package names have to be in CamelCase at line 82, column 8.  (no explanation).  (Severity: 5)
# Variable, subroutine, and package names have to be in CamelCase at line 82, column 37.  (no explanation).  (Severity: 5)
# Variable, subroutine, and package names have to be in CamelCase at line 83, column 8.  (no explanation).  (Severity: 5)
# Use of low precedence operators is not allowed at line 85, column 9.  Replace low precedence operators with the high precedence substitutes.  (Severity: 5)
# Variable, subroutine, and package names have to be in CamelCase at line 85, column 13.  (no explanation).  (Severity: 5)
# Variable, subroutine, and package names have to be in CamelCase at line 85, column 24.  (no explanation).  (Severity: 5)
# Variable, subroutine, and package names have to be in CamelCase at line 86, column 8.  (no explanation).  (Severity: 5)
# Variable, subroutine, and package names have to be in CamelCase at line 86, column 16.  (no explanation).  (Severity: 5)
# Method invocation should use "()" at line 86, column 19.  Use "->MethodName()" instead of "->MethodName".  (Severity: 5)
# Variable, subroutine, and package names have to be in CamelCase at line 88, column 13.  (no explanation).  (Severity: 5)
# Private Member Data shouldn't be accessed directly at line 88, column 13.  Accessing an objects data directly breaks encapsulation and should be avoided.  Example: $object->{ some_key }.  (Severity: 5)
# Variable, subroutine, and package names have to be in CamelCase at line 90, column 9.  (no explanation).  (Severity: 5)
# Private Member Data shouldn't be accessed directly at line 90, column 9.  Accessing an objects data directly breaks encapsulation and should be avoided.  Example: $object->{ some_key }.  (Severity: 5)
# Variable, subroutine, and package names have to be in CamelCase at line 91, column 9.  (no explanation).  (Severity: 5)
# Private Member Data shouldn't be accessed directly at line 91, column 9.  Accessing an objects data directly breaks encapsulation and should be avoided.  Example: $object->{ some_key }.  (Severity: 5)
# Variable, subroutine, and package names have to be in CamelCase at line 94, column 5.  (no explanation).  (Severity: 5)
# Private Member Data shouldn't be accessed directly at line 94, column 5.  Accessing an objects data directly breaks encapsulation and should be avoided.  Example: $object->{ some_key }.  (Severity: 5)
# Variable, subroutine, and package names have to be in CamelCase at line 94, column 36.  (no explanation).  (Severity: 5)
# Private Member Data shouldn't be accessed directly at line 94, column 36.  Accessing an objects data directly breaks encapsulation and should be avoided.  Example: $object->{ some_key }.  (Severity: 5)
# Variable, subroutine, and package names have to be in CamelCase at line 95, column 5.  (no explanation).  (Severity: 5)
# Private Member Data shouldn't be accessed directly at line 95, column 5.  Accessing an objects data directly breaks encapsulation and should be avoided.  Example: $object->{ some_key }.  (Severity: 5)
# Variable, subroutine, and package names have to be in CamelCase at line 95, column 33.  (no explanation).  (Severity: 5)
# Private Member Data shouldn't be accessed directly at line 95, column 33.  Accessing an objects data directly breaks encapsulation and should be avoided.  Example: $object->{ some_key }.  (Severity: 5)
# Variable, subroutine, and package names have to be in CamelCase at line 97, column 11.  (no explanation).  (Severity: 5)
# Variable, subroutine, and package names have to be in CamelCase at line 116, column 8.  (no explanation).  (Severity: 5)
# Variable, subroutine, and package names have to be in CamelCase at line 116, column 26.  (no explanation).  (Severity: 5)
# Private Member Data shouldn't be accessed directly at line 116, column 26.  Accessing an objects data directly breaks encapsulation and should be avoided.  Example: $object->{ some_key }.  (Severity: 5)
# Variable, subroutine, and package names have to be in CamelCase at line 117, column 51.  (no explanation).  (Severity: 5)
# Variable, subroutine, and package names have to be in CamelCase at line 118, column 13.  (no explanation).  (Severity: 5)
# Variable, subroutine, and package names have to be in CamelCase at line 120, column 11.  (no explanation).  (Severity: 5)
# Variable, subroutine, and package names have to be in CamelCase at line 129, column 1.  (no explanation).  (Severity: 5)
# Variable, subroutine, and package names have to be in CamelCase at line 130, column 9.  (no explanation).  (Severity: 5)
# Variable, subroutine, and package names have to be in CamelCase at line 132, column 5.  (no explanation).  (Severity: 5)
# Variable, subroutine, and package names have to be in CamelCase at line 133, column 8.  (no explanation).  (Severity: 5)
# Variable, subroutine, and package names have to be in CamelCase at line 133, column 15.  (no explanation).  (Severity: 5)
# Variable, subroutine, and package names have to be in CamelCase at line 133, column 30.  (no explanation).  (Severity: 5)
# Use of low precedence operators is not allowed at line 135, column 45.  Replace low precedence operators with the high precedence substitutes.  (Severity: 5)
# Variable, subroutine, and package names have to be in CamelCase at line 135, column 49.  (no explanation).  (Severity: 5)
# Variable, subroutine, and package names have to be in CamelCase at line 136, column 12.  (no explanation).  (Severity: 5)
# Variable, subroutine, and package names have to be in CamelCase at line 139, column 1.  (no explanation).  (Severity: 5)
# Variable, subroutine, and package names have to be in CamelCase at line 140, column 9.  (no explanation).  (Severity: 5)
# Variable, subroutine, and package names have to be in CamelCase at line 142, column 8.  (no explanation).  (Severity: 5)
# Variable, subroutine, and package names have to be in CamelCase at line 142, column 15.  (no explanation).  (Severity: 5)
# Variable, subroutine, and package names have to be in CamelCase at line 142, column 47.  (no explanation).  (Severity: 5)
# Private Member Data shouldn't be accessed directly at line 142, column 47.  Accessing an objects data directly breaks encapsulation and should be avoided.  Example: $object->{ some_key }.  (Severity: 5)
# Variable, subroutine, and package names have to be in CamelCase at line 142, column 80.  (no explanation).  (Severity: 5)
# Private Member Data shouldn't be accessed directly at line 142, column 80.  Accessing an objects data directly breaks encapsulation and should be avoided.  Example: $object->{ some_key }.  (Severity: 5)
# Use of low precedence operators is not allowed at line 143, column 56.  Replace low precedence operators with the high precedence substitutes.  (Severity: 5)
# Variable, subroutine, and package names have to be in CamelCase at line 143, column 60.  (no explanation).  (Severity: 5)
# Variable, subroutine, and package names have to be in CamelCase at line 144, column 12.  (no explanation).  (Severity: 5)
# Variable, subroutine, and package names have to be in CamelCase at line 147, column 1.  (no explanation).  (Severity: 5)
# Variable, subroutine, and package names have to be in CamelCase at line 148, column 8.  (no explanation).  (Severity: 5)
# Variable, subroutine, and package names have to be in CamelCase at line 149, column 5.  (no explanation).  (Severity: 5)
# Variable, subroutine, and package names have to be in CamelCase at line 151, column 16.  (no explanation).  (Severity: 5)
# Variable, subroutine, and package names have to be in CamelCase at line 151, column 37.  (no explanation).  (Severity: 5)
# Use of low precedence operators is not allowed at line 152, column 7.  Replace low precedence operators with the high precedence substitutes.  (Severity: 5)
# Variable, subroutine, and package names have to be in CamelCase at line 155, column 1.  (no explanation).  (Severity: 5)
# Variable, subroutine, and package names have to be in CamelCase at line 156, column 8.  (no explanation).  (Severity: 5)
# Variable, subroutine, and package names have to be in CamelCase at line 158, column 13.  (no explanation).  (Severity: 5)
# Variable, subroutine, and package names have to be in CamelCase at line 159, column 9.  (no explanation).  (Severity: 5)
# Variable, subroutine, and package names have to be in CamelCase at line 159, column 33.  (no explanation).  (Severity: 5)
# Variable, subroutine, and package names have to be in CamelCase at line 166, column 1.  (no explanation).  (Severity: 5)
# Variable, subroutine, and package names have to be in CamelCase at line 167, column 9.  (no explanation).  (Severity: 5)
# Variable, subroutine, and package names have to be in CamelCase at line 168, column 8.  (no explanation).  (Severity: 5)
# Variable, subroutine, and package names have to be in CamelCase at line 170, column 16.  (no explanation).  (Severity: 5)
# Variable, subroutine, and package names have to be in CamelCase at line 170, column 24.  (no explanation).  (Severity: 5)
# Variable, subroutine, and package names have to be in CamelCase at line 171, column 13.  (no explanation).  (Severity: 5)
# Private Member Data shouldn't be accessed directly at line 171, column 13.  Accessing an objects data directly breaks encapsulation and should be avoided.  Example: $object->{ some_key }.  (Severity: 5)
# Use of low precedence operators is not allowed at line 171, column 48.  Replace low precedence operators with the high precedence substitutes.  (Severity: 5)
# Variable, subroutine, and package names have to be in CamelCase at line 171, column 52.  (no explanation).  (Severity: 5)
# Private Member Data shouldn't be accessed directly at line 171, column 52.  Accessing an objects data directly breaks encapsulation and should be avoided.  Example: $object->{ some_key }.  (Severity: 5)
# Variable, subroutine, and package names have to be in CamelCase at line 172, column 16.  (no explanation).  (Severity: 5)
# Variable, subroutine, and package names have to be in CamelCase at line 172, column 58.  (no explanation).  (Severity: 5)
# Private Member Data shouldn't be accessed directly at line 172, column 58.  Accessing an objects data directly breaks encapsulation and should be avoided.  Example: $object->{ some_key }.  (Severity: 5)
# Variable, subroutine, and package names have to be in CamelCase at line 173, column 22.  (no explanation).  (Severity: 5)
# Private Member Data shouldn't be accessed directly at line 173, column 22.  Accessing an objects data directly breaks encapsulation and should be avoided.  Example: $object->{ some_key }.  (Severity: 5)
# Variable, subroutine, and package names have to be in CamelCase at line 174, column 13.  (no explanation).  (Severity: 5)
# Private Member Data shouldn't be accessed directly at line 174, column 13.  Accessing an objects data directly breaks encapsulation and should be avoided.  Example: $object->{ some_key }.  (Severity: 5)
# Variable, subroutine, and package names have to be in CamelCase at line 174, column 25.  (no explanation).  (Severity: 5)
# Private Member Data shouldn't be accessed directly at line 174, column 25.  Accessing an objects data directly breaks encapsulation and should be avoided.  Example: $object->{ some_key }.  (Severity: 5)
# Variable, subroutine, and package names have to be in CamelCase at line 174, column 49.  (no explanation).  (Severity: 5)
# Private Member Data shouldn't be accessed directly at line 174, column 49.  Accessing an objects data directly breaks encapsulation and should be avoided.  Example: $object->{ some_key }.  (Severity: 5)
# Variable, subroutine, and package names have to be in CamelCase at line 178, column 12.  (no explanation).  (Severity: 5)
# Variable, subroutine, and package names have to be in CamelCase at line 181, column 1.  (no explanation).  (Severity: 5)
# Variable, subroutine, and package names have to be in CamelCase at line 182, column 8.  (no explanation).  (Severity: 5)
# Variable, subroutine, and package names have to be in CamelCase at line 183, column 5.  (no explanation).  (Severity: 5)
# Variable, subroutine, and package names have to be in CamelCase at line 185, column 13.  (no explanation).  (Severity: 5)
# Method invocation should use "()" at line 187, column 26.  Use "->MethodName()" instead of "->MethodName".  (Severity: 5)
# Variable, subroutine, and package names have to be in CamelCase at line 190, column 8.  (no explanation).  (Severity: 5)
# Variable, subroutine, and package names have to be in CamelCase at line 192, column 5.  (no explanation).  (Severity: 5)
# Private Member Data shouldn't be accessed directly at line 192, column 5.  Accessing an objects data directly breaks encapsulation and should be avoided.  Example: $object->{ some_key }.  (Severity: 5)
# Method invocation should use "()" at line 192, column 44.  Use "->MethodName()" instead of "->MethodName".  (Severity: 5)
# Variable, subroutine, and package names have to be in CamelCase at line 195, column 5.  (no explanation).  (Severity: 5)
# Private Member Data shouldn't be accessed directly at line 195, column 5.  Accessing an objects data directly breaks encapsulation and should be avoided.  Example: $object->{ some_key }.  (Severity: 5)
# Method invocation should use "()" at line 195, column 45.  Use "->MethodName()" instead of "->MethodName".  (Severity: 5)
# Variable, subroutine, and package names have to be in CamelCase at line 198, column 5.  (no explanation).  (Severity: 5)
# Private Member Data shouldn't be accessed directly at line 198, column 5.  Accessing an objects data directly breaks encapsulation and should be avoided.  Example: $object->{ some_key }.  (Severity: 5)
# Method invocation should use "()" at line 198, column 49.  Use "->MethodName()" instead of "->MethodName".  (Severity: 5)
# Use of low precedence operators is not allowed at line 202, column 14.  Replace low precedence operators with the high precedence substitutes.  (Severity: 5)
# Variable, subroutine, and package names have to be in CamelCase at line 202, column 21.  (no explanation).  (Severity: 5)
# Use of "open" is not allowed at line 203, column 13.  Use file operation methods of MainObject instead.  (Severity: 5)
# Variable, subroutine, and package names have to be in CamelCase at line 203, column 21.  (no explanation).  (Severity: 5)
# Variable, subroutine, and package names have to be in CamelCase at line 203, column 31.  (no explanation).  (Severity: 5)
# Use of low precedence operators is not allowed at line 203, column 41.  Replace low precedence operators with the high precedence substitutes.  (Severity: 5)
# Variable, subroutine, and package names have to be in CamelCase at line 204, column 19.  (no explanation).  (Severity: 5)
# Variable, subroutine, and package names have to be in CamelCase at line 206, column 18.  (no explanation).  (Severity: 5)
# Variable, subroutine, and package names have to be in CamelCase at line 206, column 28.  (no explanation).  (Severity: 5)
# Use of low precedence operators is not allowed at line 207, column 7.  Replace low precedence operators with the high precedence substitutes.  (Severity: 5)
# Variable, subroutine, and package names have to be in CamelCase at line 210, column 1.  (no explanation).  (Severity: 5)
# Variable, subroutine, and package names have to be in CamelCase at line 211, column 8.  (no explanation).  (Severity: 5)
# Variable, subroutine, and package names have to be in CamelCase at line 212, column 5.  (no explanation).  (Severity: 5)
# Variable, subroutine, and package names have to be in CamelCase at line 213, column 12.  (no explanation).  (Severity: 5)
# Variable, subroutine, and package names have to be in CamelCase at line 216, column 1.  (no explanation).  (Severity: 5)
# Variable, subroutine, and package names have to be in CamelCase at line 217, column 8.  (no explanation).  (Severity: 5)
# Variable, subroutine, and package names have to be in CamelCase at line 218, column 11.  (no explanation).  (Severity: 5)
# Variable, subroutine, and package names have to be in CamelCase at line 219, column 12.  (no explanation).  (Severity: 5)
# Looks like you failed 2 tests of 2.
t/02-critic.t .... 
Dubious, test returned 2 (wstat 512, 0x200)
Failed 2/2 subtests 
t/03-packager.t .. ok

Test Summary Report
-------------------
t/02-critic.t  (Wstat: 512 Tests: 2 Failed: 2)
  Failed tests:  1-2
  Non-zero exit status: 2
Files=3, Tests=18,  6 wallclock secs ( 0.02 usr  0.03 sys +  1.83 cusr  0.11 csys =  1.99 CPU)
Result: FAIL
Failed 1/3 test programs. 2/18 subtests failed.

------------------------------
PREREQUISITES
------------------------------

Prerequisite modules loaded:

requires:

    Module              Need   Have    
    ------------------- ------ --------
    DateTime            0      1.09    
    File::Copy          0      2.26    
    Getopt::Long        0      2.42    
    MetaCPAN::API       0      0.44    
    Ouch                0      0.0408  
    Pod::Usage          0      1.63    
    YAML::Any           0      0.90    

build_requires:

    Module              Need   Have    
    ------------------- ------ --------
    Module::Build       0.3601 0.4205  
    Test::More          0      1.001003
    Test::Perl::Critic  0      1.02    

configure_requires:

    Module              Need   Have    
    ------------------- ------ --------
    ExtUtils::MakeMaker 6.30   6.98    
    Module::Build       0.3601 0.4205  


------------------------------
ENVIRONMENT AND OTHER CONTEXT
------------------------------

Environment variables:

    DBIC_NO_WARN_BAD_PERL = 1
    LANG = C
    PATH = /usr/local/bin:/usr/bin:/bin:/usr/local/sbin:/usr/sbin:/sbin:/home/eserte/bin/linux-gnu:/home/eserte/bin/sh:/home/eserte/bin:/usr/games:/home/eserte/devel:/home/eserte/src/cpan-testers-parallelsmoker/utils/synced
    PERL5LIB = 
    PERL5OPT = 
    PERL5_CPANPLUS_IS_RUNNING = 25593
    PERL5_CPAN_IS_RUNNING = 25593
    PERL5_CPAN_IS_RUNNING_IN_RECURSION = 9375,25593
    PERLDOC = -MPod::Perldoc::ToTextOverstrike
    PERL_BATCH = yes
    PERL_CPAN_REPORTER_CONFIG = /var/tmp/cpansmoker-1001/KfQ5EauWjM_config.ini
    PERL_CPAN_REPORTER_DIR = /home/eserte/var/ctps/51911linux/config/perl-5.18.2/cpanreporter
    PERL_EXTUTILS_AUTOINSTALL = --defaultdeps
    PERL_HTML_DISPLAY_CLASS = HTML::Display::Mozilla
    PERL_PARALLEL_SMOKER = yes
    PERL_TEST_UNPATCHED = 1
    PERL_TEST_UNPATCHED = 1
    SHELL = /usr/bin/zsh
    TERM = xterm
    TMPDIR = /var/tmp/cpansmoker-1001

Perl special variables (and OS-specific diagnostics, for MSWin32):

    $^X = /bbbike/ctps/51911linux/install/perl-5.18.2/bin/perl
    $UID/$EUID = 1001 / 1001
    $GID = 1001 109 1001
    $EGID = 1001 109 1001

Perl module toolchain versions installed:

    Module              Have    
    ------------------- --------
    CPAN                2.05    
    CPAN::Meta          2.141170
    Cwd                 3.40    
    ExtUtils::CBuilder  0.280216
    ExtUtils::Command   1.18    
    ExtUtils::Install   1.67    
    ExtUtils::MakeMaker 6.98    
    ExtUtils::Manifest  1.63    
    ExtUtils::ParseXS   3.24    
    File::Spec          3.40    
    JSON                2.90    
    JSON::PP            2.27203 
    Module::Build       0.4205  
    Module::Signature   0.73    
    Parse::CPAN::Meta   1.4414  
    Test::Harness       3.30    
    Test::More          1.001003
    YAML                0.90    
    YAML::Syck          1.27    
    version             0.9908  


--

Summary of my perl5 (revision 5 version 18 subversion 2) configuration:
   
  Platform:
    osname=linux, osvers=2.6.32-5-xen-amd64, archname=x86_64-linux
    uname='linux eserte 2.6.32-5-xen-amd64 #1 smp mon sep 23 23:29:01 utc 2013 x86_64 gnulinux '
    config_args='-ds -e -Uversiononly -Dinstallusrbinperl=n -Dusedevel -Dprefix=/home/eserte/var/ctps/51911linux/install/perl-5.18.2'
    hint=recommended, useposix=true, d_sigaction=define
    useithreads=undef, usemultiplicity=undef
    useperlio=define, d_sfio=undef, uselargefiles=define, usesocks=undef
    use64bitint=define, use64bitall=define, uselongdouble=undef
    usemymalloc=n, bincompat5005=undef
  Compiler:
    cc='cc', ccflags ='-fno-strict-aliasing -pipe -fstack-protector -I/usr/local/include -D_LARGEFILE_SOURCE -D_FILE_OFFSET_BITS=64',
    optimize='-O2',
    cppflags='-fno-strict-aliasing -pipe -fstack-protector -I/usr/local/include'
    ccversion='', gccversion='4.4.5', gccosandvers=''
    intsize=4, longsize=8, ptrsize=8, doublesize=8, byteorder=12345678
    d_longlong=define, longlongsize=8, d_longdbl=define, longdblsize=16
    ivtype='long', ivsize=8, nvtype='double', nvsize=8, Off_t='off_t', lseeksize=8
    alignbytes=8, prototype=define
  Linker and Libraries:
    ld='cc', ldflags =' -fstack-protector -L/usr/local/lib'
    libpth=/usr/local/lib /lib/../lib /usr/lib/../lib /lib /usr/lib /lib64 /usr/lib64
    libs=-lnsl -ldb -ldl -lm -lcrypt -lutil -lc
    perllibs=-lnsl -ldl -lm -lcrypt -lutil -lc
    libc=/lib/libc-2.11.3.so, so=so, useshrplib=false, libperl=libperl.a
    gnulibc_version='2.11.3'
  Dynamic Linking:
    dlsrc=dl_dlopen.xs, dlext=so, d_dlsymun=undef, ccdlflags='-Wl,-E'
    cccdlflags='-fPIC', lddlflags='-shared -O2 -L/usr/local/lib -fstack-protector'


Characteristics of this binary (from libperl): 
  Compile-time options: HAS_TIMES PERLIO_LAYERS PERL_DONT_CREATE_GVSV
                        PERL_HASH_FUNC_ONE_AT_A_TIME_HARD PERL_MALLOC_WRAP
                        PERL_PRESERVE_IVUV PERL_SAWAMPERSAND PERL_USE_DEVEL
                        USE_64_BIT_ALL USE_64_BIT_INT USE_LARGE_FILES
                        USE_LOCALE USE_LOCALE_COLLATE USE_LOCALE_CTYPE
                        USE_LOCALE_NUMERIC USE_PERLIO USE_PERL_ATOF
  Built under linux
  Compiled at Apr 26 2014 15:10:45
  %ENV:
    PERL5LIB=""
    PERL5OPT=""
    PERL5_CPANPLUS_IS_RUNNING="25593"
    PERL5_CPAN_IS_RUNNING="25593"
    PERL5_CPAN_IS_RUNNING_IN_RECURSION="9375,25593"
    PERLDOC="-MPod::Perldoc::ToTextOverstrike"
    PERL_BATCH="yes"
    PERL_CPAN_REPORTER_CONFIG="/var/tmp/cpansmoker-1001/KfQ5EauWjM_config.ini"
    PERL_CPAN_REPORTER_DIR="/home/eserte/var/ctps/51911linux/config/perl-5.18.2/cpanreporter"
    PERL_EXTUTILS_AUTOINSTALL="--defaultdeps"
    PERL_HTML_DISPLAY_CLASS="HTML::Display::Mozilla"
    PERL_PARALLEL_SMOKER="yes"
    PERL_TEST_UNPATCHED="1"
  @INC:
    /home/eserte/var/ctps/51911linux/install/perl-5.18.2/lib/site_perl/5.18.2/x86_64-linux
    /home/eserte/var/ctps/51911linux/install/perl-5.18.2/lib/site_perl/5.18.2
    /home/eserte/var/ctps/51911linux/install/perl-5.18.2/lib/5.18.2/x86_64-linux
    /home/eserte/var/ctps/51911linux/install/perl-5.18.2/lib/5.18.2
    .