Back
From: metabase:user:320bfe00-2aae-11df-837a-5e0a49663a4f
Subject: FAIL AnyEvent-JSONRPC-0.15 v5.13.6 GNU/Linux
Date: 2010-10-28T13:10:21Z
This distribution has been tested as part of the CPAN Testers
project, supporting the Perl programming language. See
http://wiki.cpantesters.org/ for more information or email
questions to cpan-testers-discuss@perl.org
--
Dear Peter Makholm,
This is a computer-generated report for AnyEvent-JSONRPC-0.15
on perl 5.13.6, created by CPAN-Reporter-1.1805.
Thank you for uploading your work to CPAN. However, there was a problem
testing your distribution.
If you think this report is invalid, please consult the CPAN Testers Wiki
for suggestions on how to avoid getting FAIL reports for missing library
or binary dependencies, unsupported operating systems, and so on:
http://wiki.cpantesters.org/wiki/CPANAuthorNotes
Sections of this report:
* Tester comments
* Program output
* Prerequisites
* Environment and other context
------------------------------
TESTER COMMENTS
------------------------------
Additional comments from tester:
this report is from an automated smoke testing program
and was not reviewed by a human for accuracy
------------------------------
PROGRAM OUTPUT
------------------------------
Output from '/usr/bin/make test':
PERL_DL_NONLAZY=1 /home/src/perl/repoperls/installed-perls/perl/v5.13.6-55-gcefd5c7/bin/perl "-MExtUtils::Command::MM" "-e" "test_harness(0, 'inc', 'blib/lib', 'blib/arch')" t/*.t
# Failed test 'use AnyEvent::JSONRPC::HTTP::Server;'
# at t/00_compile.t line 9.
# Tried to use 'AnyEvent::JSONRPC::HTTP::Server'.
# Error: Can't locate AnyEvent/HTTPD.pm in @INC (@INC contains: /home/sand/.cpan/build/AnyEvent-JSONRPC-0.15-8sPI07/inc /home/sand/.cpan/build/AnyEvent-JSONRPC-0.15-8sPI07/blib/lib /home/sand/.cpan/build/AnyEvent-JSONRPC-0.15-8sPI07/blib/arch /home/src/perl/repoperls/installed-perls/perl/v5.13.6-55-gcefd5c7/lib/site_perl/5.13.6/x86_64-linux /home/src/perl/repoperls/installed-perls/perl/v5.13.6-55-gcefd5c7/lib/site_perl/5.13.6 /home/src/perl/repoperls/installed-perls/perl/v5.13.6-55-gcefd5c7/lib/5.13.6/x86_64-linux /home/src/perl/repoperls/installed-perls/perl/v5.13.6-55-gcefd5c7/lib/5.13.6 .) at /home/sand/.cpan/build/AnyEvent-JSONRPC-0.15-8sPI07/blib/lib/AnyEvent/JSONRPC/HTTP/Server.pm line 11.
# BEGIN failed--compilation aborted at /home/sand/.cpan/build/AnyEvent-JSONRPC-0.15-8sPI07/blib/lib/AnyEvent/JSONRPC/HTTP/Server.pm line 11.
# Compilation failed in require at (eval 302) line 2.
# BEGIN failed--compilation aborted at (eval 302) line 2.
# Looks like you failed 1 test of 6.
t/00_compile.t .........
Dubious, test returned 1 (wstat 256, 0x100)
Failed 1/6 subtests
t/client_error.t ....... ok
t/disconnect.t ......... ok
t/disconnect_server.t .. ok
t/mix_request.t ........ ok
t/multi_connection.t ... ok
t/simple_echo.t ........ ok
t/simple_echo_dsl.t .... ok
Test Summary Report
-------------------
t/00_compile.t (Wstat: 256 Tests: 6 Failed: 1)
Failed test: 5
Non-zero exit status: 1
Files=8, Tests=31, 9 wallclock secs ( 0.04 usr 0.02 sys + 3.78 cusr 0.27 csys = 4.11 CPU)
Result: FAIL
Failed 1/8 test programs. 1/31 subtests failed.
make: *** [test_dynamic] Error 255
------------------------------
PREREQUISITES
------------------------------
Prerequisite modules loaded:
requires:
Module Need Have
------------------- ---- -------
Any::Moose 0 0.13
AnyEvent 5.12 5.28
Filter::Util::Call 0 1.08
JSON::RPC::Common 0 0.07
JSON::XS 2.22 2.3
Moose 0 1.17
build_requires:
Module Need Have
------------------- ---- -------
ExtUtils::MakeMaker 6.42 6.57_06
Test::More 0 0.97_01
Test::TCP 0 1.06
configure_requires:
Module Need Have
------------------- ---- -------
ExtUtils::MakeMaker 6.42 6.57_06
------------------------------
ENVIRONMENT AND OTHER CONTEXT
------------------------------
Environment variables:
AUTOMATED_TESTING = 1
LANG = en_US.UTF-8
PATH = /home/sand/bin:/usr/local/bin:/usr/bin:/bin:/usr/bin/X11:/usr/games:/usr/local/perl/bin:/usr/X11/bin:/sbin:/usr/sbin
PERL5LIB =
PERL5OPT =
PERL5_CPANPLUS_IS_RUNNING = 22292
PERL5_CPAN_IS_RUNNING = 22292
PERL_MM_USE_DEFAULT = 1
SHELL = /usr/bin/zsh
TERM = screen
Perl special variables (and OS-specific diagnostics, for MSWin32):
$^X = /home/src/perl/repoperls/installed-perls/perl/v5.13.6-55-gcefd5c7/bin/perl
$UID/$EUID = 1001 / 1001
$GID = 1001 1001
$EGID = 1001 1001
Perl module toolchain versions installed:
Module Have
------------------- -------
CPAN 1.94_62
Cwd 3.34
ExtUtils::CBuilder 0.2703
ExtUtils::Command 1.16
ExtUtils::Install 1.55
ExtUtils::MakeMaker 6.57_06
ExtUtils::Manifest 1.58
ExtUtils::ParseXS 2.2207
File::Spec 3.33
Module::Build 0.36_17
Module::Signature 0.66
Test::Harness 3.22
Test::More 0.97_01
YAML n/a
YAML::Syck 1.15
version 0.85
--
Summary of my perl5 (revision 5 version 13 subversion 6) configuration:
Commit id: cefd5c7c8c45828fd7b3bcc2bfeaeb9773752a05
Platform:
osname=linux, osvers=2.6.32-2-amd64, archname=x86_64-linux
uname='linux k81 2.6.32-2-amd64 #1 smp fri feb 12 00:01:47 utc 2010 x86_64 gnulinux '
config_args='-Dprefix=/home/src/perl/repoperls/installed-perls/perl/v5.13.6-55-gcefd5c7 -Dinstallusrbinperl=n -Uversiononly -Dusedevel -des -Ui_db -Uuseithreads -Uuselongdouble'
hint=recommended, useposix=true, d_sigaction=define
useithreads=undef, usemultiplicity=undef
useperlio=define, d_sfio=undef, uselargefiles=define, usesocks=undef
use64bitint=define, use64bitall=define, uselongdouble=undef
usemymalloc=n, bincompat5005=undef
Compiler:
cc='cc', ccflags ='-fno-strict-aliasing -pipe -fstack-protector -I/usr/local/include -D_LARGEFILE_SOURCE -D_FILE_OFFSET_BITS=64',
optimize='-O2',
cppflags='-fno-strict-aliasing -pipe -fstack-protector -I/usr/local/include'
ccversion='', gccversion='4.4.4', gccosandvers=''
intsize=4, longsize=8, ptrsize=8, doublesize=8, byteorder=12345678
d_longlong=define, longlongsize=8, d_longdbl=define, longdblsize=16
ivtype='long', ivsize=8, nvtype='double', nvsize=8, Off_t='off_t', lseeksize=8
alignbytes=8, prototype=define
Linker and Libraries:
ld='cc', ldflags =' -fstack-protector -L/usr/local/lib'
libpth=/usr/local/lib /lib /usr/lib /lib64 /usr/lib64
libs=-lnsl -lgdbm -ldb -ldl -lm -lcrypt -lutil -lc -lgdbm_compat
perllibs=-lnsl -ldl -lm -lcrypt -lutil -lc
libc=/lib/libc-2.11.2.so, so=so, useshrplib=false, libperl=libperl.a
gnulibc_version='2.11.2'
Dynamic Linking:
dlsrc=dl_dlopen.xs, dlext=so, d_dlsymun=undef, ccdlflags='-Wl,-E'
cccdlflags='-fPIC', lddlflags='-shared -O2 -L/usr/local/lib -fstack-protector'
Characteristics of this binary (from libperl):
Compile-time options: PERL_DONT_CREATE_GVSV PERL_MALLOC_WRAP PERL_USE_DEVEL
USE_64_BIT_ALL USE_64_BIT_INT USE_LARGE_FILES
USE_PERLIO USE_PERL_ATOF
Built under linux
Compiled at Oct 22 2010 05:44:38
%ENV:
PERL5LIB=""
PERL5OPT=""
PERL5_CPANPLUS_IS_RUNNING="22292"
PERL5_CPAN_IS_RUNNING="22292"
PERL_MM_USE_DEFAULT="1"
@INC:
/home/src/perl/repoperls/installed-perls/perl/v5.13.6-55-gcefd5c7/lib/site_perl/5.13.6/x86_64-linux
/home/src/perl/repoperls/installed-perls/perl/v5.13.6-55-gcefd5c7/lib/site_perl/5.13.6
/home/src/perl/repoperls/installed-perls/perl/v5.13.6-55-gcefd5c7/lib/5.13.6/x86_64-linux
/home/src/perl/repoperls/installed-perls/perl/v5.13.6-55-gcefd5c7/lib/5.13.6
.