Report for POE-Component-Client-DNS-1.054

Back
From: metabase:user:30f4dfbe-2aae-11df-837a-5e0a49663a4f
Subject: FAIL POE-Component-Client-DNS-1.054 v5.8.1 GNU/Linux
Date: 2016-02-14T19:47:02Z

This distribution has been tested as part of the CPAN Testers
project, supporting the Perl programming language.  See
http://wiki.cpantesters.org/ for more information or email
questions to cpan-testers-discuss@perl.org


--
Dear Rocco Caputo,

This is a computer-generated report for POE-Component-Client-DNS-1.054
on perl 5.8.1, created by CPAN-Reporter-1.2015.

Thank you for uploading your work to CPAN.  However, there was a problem
testing your distribution.

If you think this report is invalid, please consult the CPAN Testers Wiki
for suggestions on how to avoid getting FAIL reports for missing library
or binary dependencies, unsupported operating systems, and so on:

http://wiki.cpantesters.org/wiki/CPANAuthorNotes

Sections of this report:

    * Tester comments
    * Program output
    * Prerequisites
    * Environment and other context

------------------------------
TESTER COMMENTS
------------------------------

Additional comments from tester:

none provided

------------------------------
PROGRAM OUTPUT
------------------------------

Output from '/usr/bin/make test':

PERL_DL_NONLAZY=1 "/home/njh/perl5/perlbrew/perls/perl-5.8.1/bin/perl" "-MExtUtils::Command::MM" "-MTest::Harness" "-e" "undef *Test::Harness::Switches; test_harness(0, 'blib/lib', 'blib/arch')" t/*.t
# Testing with Perl 5.008001, /home/njh/perl5/perlbrew/perls/perl-5.8.1/bin/perl
#     ExtUtils::MakeMaker version is 7.1
Useless use of a constant in void context at /home/njh/perl5/perlbrew/perls/perl-5.8.1/lib/site_perl/5.8.1/Net/DNS/Domain.pm line 264.
Useless use of a constant in void context at /home/njh/perl5/perlbrew/perls/perl-5.8.1/lib/site_perl/5.8.1/Net/DNS/Domain.pm line 286.
#     Net::DNS version is 1.04
#     POE version is 1.354
#     Test::More version is 1.001014
#     Test::NoWarnings version is 1.04
t/000-report-versions.t .. ok
Useless use of a constant in void context at /home/njh/perl5/perlbrew/perls/perl-5.8.1/lib/site_perl/5.8.1/Net/DNS/Domain.pm line 264.
Useless use of a constant in void context at /home/njh/perl5/perlbrew/perls/perl-5.8.1/lib/site_perl/5.8.1/Net/DNS/Domain.pm line 286.
t/02_tag_args.t .......... ok

#   Failed test 'no warnings'
#   at /home/njh/perl5/perlbrew/perls/perl-5.8.1/lib/site_perl/5.8.1/Test/NoWarnings.pm line 45.
# There were 2 warning(s)
# 	Previous test 0 ''
# 	Useless use of a constant in void context at /home/njh/perl5/perlbrew/perls/perl-5.8.1/lib/site_perl/5.8.1/Net/DNS/Text.pm line 217.
#  at /home/njh/perl5/perlbrew/perls/perl-5.8.1/lib/site_perl/5.8.1/Net/DNS/Text.pm line 217.
# 	require Net/DNS/Text.pm called at /home/njh/perl5/perlbrew/perls/perl-5.8.1/lib/site_perl/5.8.1/Net/DNS/RR/TXT.pm line 25
# 	Net::DNS::RR::TXT::BEGIN() called at /home/njh/perl5/perlbrew/perls/perl-5.8.1/lib/site_perl/5.8.1/Net/DNS/Text.pm line 223
# 	eval {...} called at /home/njh/perl5/perlbrew/perls/perl-5.8.1/lib/site_perl/5.8.1/Net/DNS/Text.pm line 223
# 	require Net/DNS/RR/TXT.pm called at (eval 107) line 3
# 	eval 'require Net::DNS::RR::TXT
# ;' called at /home/njh/perl5/perlbrew/perls/perl-5.8.1/lib/site_perl/5.8.1/Net/DNS/RR.pm line 663
# 	Net::DNS::RR::_subclass("Net::DNS::RR", "TXT") called at /home/njh/perl5/perlbrew/perls/perl-5.8.1/lib/site_perl/5.8.1/Net/DNS/RR.pm line 232
# 	Net::DNS::RR::decode("Net::DNS::RR", SCALAR(0x8eee74), 187, HASH(0xaab7e4)) called at /home/njh/perl5/perlbrew/perls/perl-5.8.1/lib/site_perl/5.8.1/Net/DNS/Packet.pm line 146
# 	eval {...} called at /home/njh/perl5/perlbrew/perls/perl-5.8.1/lib/site_perl/5.8.1/Net/DNS/Packet.pm line 116
# 	Net::DNS::Packet::decode called at /home/njh/perl5/perlbrew/perls/perl-5.8.1/lib/site_perl/5.8.1/Net/DNS/Packet.pm line 62
# 	Net::DNS::Packet::new("Net::DNS::Packet", SCALAR(0x8eee74), 0) called at /home/njh/perl5/perlbrew/perls/perl-5.8.1/lib/site_perl/5.8.1/Net/DNS/Resolver/Base.pm line 764
# 	Net::DNS::Resolver::Base::bgread(Net::DNS::Resolver=HASH(0x33d830), IO::Socket::IP=GLOB(0xaaac38)) called at /home/njh/.cpan/build/POE-Component-Client-DNS-1.054-tla7Jr/blib/lib/POE/Component/Client/DNS.pm line 379
# 	POE::Component::Client::DNS::_dns_response(POE::Component::Client::DNS=ARRAY(0x33d7d0), POE::Session=ARRAY(0xa3d09c), POE::Kernel=ARRAY(0x5535e0), HASH(0xa3d054), "got_dns_response", POE::Session=ARRAY(0xa3d09c), undef, "/home/njh/perl5/perlbrew/perls/perl-5.8.1/lib/site_perl/5.8.1"..., 240, ...) called at /home/njh/perl5/perlbrew/perls/perl-5.8.1/lib/site_perl/5.8.1/POE/Session.pm line 483
# 	POE::Session::_invoke_state(POE::Session=ARRAY(0xa3d09c), POE::Session=ARRAY(0xa3d09c), "got_dns_response", ARRAY(0xb058a4), "/home/njh/perl5/perlbrew/perls/perl-5.8.1/lib/site_perl/5.8.1"..., 240, undef) called at /home/njh/perl5/perlbrew/perls/perl-5.8.1/lib/site_perl/5.8.1/POE/Kernel.pm line 1049
# 	eval {...} called at /home/njh/perl5/perlbrew/perls/perl-5.8.1/lib/site_perl/5.8.1/POE/Kernel.pm line 1048
# 	POE::Kernel::_dispatch_event(POE::Kernel=ARRAY(0x5535e0), POE::Session=ARRAY(0xa3d09c), POE::Session=ARRAY(0xa3d09c), "got_dns_response", 1024, ARRAY(0xb058a4), "/home/njh/perl5/perlbrew/perls/perl-5.8.1/lib/site_perl/5.8.1"..., 240, undef, ...) called at /home/njh/perl5/perlbrew/perls/perl-5.8.1/lib/site_perl/5.8.1/POE/Resource/FileHandles.pm line 238
# 	POE::Kernel::_data_handle_enqueue_ready(undef, undef, 52, 53, 49, 43, 24, 47, 48, ...) called at /home/njh/perl5/perlbrew/perls/perl-5.8.1/lib/site_perl/5.8.1/POE/Loop/Select.pm line 288
# 	POE::Kernel::loop_do_timeslice(POE::Kernel=ARRAY(0x5535e0)) called at /home/njh/perl5/perlbrew/perls/perl-5.8.1/lib/site_perl/5.8.1/POE/Loop/Select.pm line 317
# 	POE::Kernel::loop_run(POE::Kernel=ARRAY(0x5535e0)) called at /home/njh/perl5/perlbrew/perls/perl-5.8.1/lib/site_perl/5.8.1/POE/Kernel.pm line 1235
# 	POE::Kernel::run(POE::Kernel=ARRAY(0x5535e0)) called at t/01_resolve.t line 187
# 
# ----------
# 	Previous test 0 ''
# 	Useless use of a constant in void context at /home/njh/perl5/perlbrew/perls/perl-5.8.1/lib/site_perl/5.8.1/Net/DNS/Text.pm line 235.
#  at /home/njh/perl5/perlbrew/perls/perl-5.8.1/lib/site_perl/5.8.1/Net/DNS/Text.pm line 235.
# 	require Net/DNS/Text.pm called at /home/njh/perl5/perlbrew/perls/perl-5.8.1/lib/site_perl/5.8.1/Net/DNS/RR/TXT.pm line 25
# 	Net::DNS::RR::TXT::BEGIN() called at /home/njh/perl5/perlbrew/perls/perl-5.8.1/lib/site_perl/5.8.1/Net/DNS/Text.pm line 241
# 	eval {...} called at /home/njh/perl5/perlbrew/perls/perl-5.8.1/lib/site_perl/5.8.1/Net/DNS/Text.pm line 241
# 	require Net/DNS/RR/TXT.pm called at (eval 107) line 3
# 	eval 'require Net::DNS::RR::TXT
# ;' called at /home/njh/perl5/perlbrew/perls/perl-5.8.1/lib/site_perl/5.8.1/Net/DNS/RR.pm line 663
# 	Net::DNS::RR::_subclass("Net::DNS::RR", "TXT") called at /home/njh/perl5/perlbrew/perls/perl-5.8.1/lib/site_perl/5.8.1/Net/DNS/RR.pm line 232
# 	Net::DNS::RR::decode("Net::DNS::RR", SCALAR(0x8eee74), 187, HASH(0xaab7e4)) called at /home/njh/perl5/perlbrew/perls/perl-5.8.1/lib/site_perl/5.8.1/Net/DNS/Packet.pm line 146
# 	eval {...} called at /home/njh/perl5/perlbrew/perls/perl-5.8.1/lib/site_perl/5.8.1/Net/DNS/Packet.pm line 116
# 	Net::DNS::Packet::decode called at /home/njh/perl5/perlbrew/perls/perl-5.8.1/lib/site_perl/5.8.1/Net/DNS/Packet.pm line 62
# 	Net::DNS::Packet::new("Net::DNS::Packet", SCALAR(0x8eee74), 0) called at /home/njh/perl5/perlbrew/perls/perl-5.8.1/lib/site_perl/5.8.1/Net/DNS/Resolver/Base.pm line 764
# 	Net::DNS::Resolver::Base::bgread(Net::DNS::Resolver=HASH(0x33d830), IO::Socket::IP=GLOB(0xaaac38)) called at /home/njh/.cpan/build/POE-Component-Client-DNS-1.054-tla7Jr/blib/lib/POE/Component/Client/DNS.pm line 379
# 	POE::Component::Client::DNS::_dns_response(POE::Component::Client::DNS=ARRAY(0x33d7d0), POE::Session=ARRAY(0xa3d09c), POE::Kernel=ARRAY(0x5535e0), HASH(0xa3d054), "got_dns_response", POE::Session=ARRAY(0xa3d09c), undef, "/home/njh/perl5/perlbrew/perls/perl-5.8.1/lib/site_perl/5.8.1"..., 240, ...) called at /home/njh/perl5/perlbrew/perls/perl-5.8.1/lib/site_perl/5.8.1/POE/Session.pm line 483
# 	POE::Session::_invoke_state(POE::Session=ARRAY(0xa3d09c), POE::Session=ARRAY(0xa3d09c), "got_dns_response", ARRAY(0xb058a4), "/home/njh/perl5/perlbrew/perls/perl-5.8.1/lib/site_perl/5.8.1"..., 240, undef) called at /home/njh/perl5/perlbrew/perls/perl-5.8.1/lib/site_perl/5.8.1/POE/Kernel.pm line 1049
# 	eval {...} called at /home/njh/perl5/perlbrew/perls/perl-5.8.1/lib/site_perl/5.8.1/POE/Kernel.pm line 1048
# 	POE::Kernel::_dispatch_event(POE::Kernel=ARRAY(0x5535e0), POE::Session=ARRAY(0xa3d09c), POE::Session=ARRAY(0xa3d09c), "got_dns_response", 1024, ARRAY(0xb058a4), "/home/njh/perl5/perlbrew/perls/perl-5.8.1/lib/site_perl/5.8.1"..., 240, undef, ...) called at /home/njh/perl5/perlbrew/perls/perl-5.8.1/lib/site_perl/5.8.1/POE/Resource/FileHandles.pm line 238
# 	POE::Kernel::_data_handle_enqueue_ready(undef, undef, 52, 53, 49, 43, 24, 47, 48, ...) called at /home/njh/perl5/perlbrew/perls/perl-5.8.1/lib/site_perl/5.8.1/POE/Loop/Select.pm line 288
# 	POE::Kernel::loop_do_timeslice(POE::Kernel=ARRAY(0x5535e0)) called at /home/njh/perl5/perlbrew/perls/perl-5.8.1/lib/site_perl/5.8.1/POE/Loop/Select.pm line 317
# 	POE::Kernel::loop_run(POE::Kernel=ARRAY(0x5535e0)) called at /home/njh/perl5/perlbrew/perls/perl-5.8.1/lib/site_perl/5.8.1/POE/Kernel.pm line 1235
# 	POE::Kernel::run(POE::Kernel=ARRAY(0x5535e0)) called at t/01_resolve.t line 187
# 
# Looks like you failed 1 test of 4.
t/01_resolve.t ........... 
Dubious, test returned 1 (wstat 256, 0x100)
Failed 1/4 subtests 
Useless use of a constant in void context at /home/njh/perl5/perlbrew/perls/perl-5.8.1/lib/site_perl/5.8.1/Net/DNS/Domain.pm line 264.
Useless use of a constant in void context at /home/njh/perl5/perlbrew/perls/perl-5.8.1/lib/site_perl/5.8.1/Net/DNS/Domain.pm line 286.
t/03_api_3.t ............. ok
t/author-pod-coverage.t .. skipped: these tests are for testing by the author
t/author-pod-syntax.t .... skipped: these tests are for testing by the author
Useless use of a constant in void context at /home/njh/perl5/perlbrew/perls/perl-5.8.1/lib/site_perl/5.8.1/Net/DNS/Domain.pm line 264.
Useless use of a constant in void context at /home/njh/perl5/perlbrew/perls/perl-5.8.1/lib/site_perl/5.8.1/Net/DNS/Domain.pm line 286.
Useless use of a constant in void context at /home/njh/perl5/perlbrew/perls/perl-5.8.1/lib/site_perl/5.8.1/Net/DNS/Domain.pm line 264.
Useless use of a constant in void context at /home/njh/perl5/perlbrew/perls/perl-5.8.1/lib/site_perl/5.8.1/Net/DNS/Domain.pm line 286.
t/04_errors.t ............ ok
t/06_hosts.t ............. ok
t/05_api_4.t ............. ok

Test Summary Report
-------------------
t/01_resolve.t         (Wstat: 256 Tests: 4 Failed: 1)
  Failed test:  4
  Non-zero exit status: 1
Files=9, Tests=40,  4 wallclock secs ( 0.25 usr  0.08 sys +  7.93 cusr  0.95 csys =  9.21 CPU)
Result: FAIL
Failed 1/9 test programs. 1/40 subtests failed.
Makefile:844: recipe for target 'test_dynamic' failed
make: *** [test_dynamic] Error 255

------------------------------
PREREQUISITES
------------------------------

Prerequisite modules loaded:

requires:

    Module              Need  Have    
    ------------------- ----- --------
    Net::DNS            0.65  1.04    
    POE                 1.294 1.354   
    Test::More          0.96  1.001014
    Test::NoWarnings    1.02  1.04    

build_requires:

    Module              Need  Have    
    ------------------- ----- --------
    ExtUtils::MakeMaker 0     7.10    

configure_requires:

    Module              Need  Have    
    ------------------- ----- --------
    ExtUtils::MakeMaker 0     7.10    


------------------------------
ENVIRONMENT AND OTHER CONTEXT
------------------------------

Environment variables:

    HARNESS_OPTIONS = j4:c
    LANG = 
    LD_LIBRARY_PATH = /usr/local/lib:
    PATH = /home/njh/perl5/perlbrew/bin:/home/njh/perl5/perlbrew/perls/perl-5.8.1/bin::/home/njh/perl5/perlbrew/bin:/home/njh/bin:/usr/local/sbin:/usr/local/bin:/usr/sbin:/usr/bin:/sbin:/bin:/usr/local/games:/usr/games:/usr/perl5/bin
    PERL5LIB = 
    PERL5OPT = 
    PERL5_CPANPLUS_IS_RUNNING = 15453
    PERL5_CPAN_IS_RUNNING = 15453
    PERLBREW_BASHRC_VERSION = 0.74
    PERLBREW_HOME = /home/njh/.perlbrew
    PERLBREW_LIB = 
    PERLBREW_MANPATH = /home/njh/perl5/perlbrew/perls/perl-5.8.1/man
    PERLBREW_PATH = /home/njh/perl5/perlbrew/bin:/home/njh/perl5/perlbrew/perls/perl-5.8.1/bin
    PERLBREW_PERL = perl-5.8.1
    PERLBREW_ROOT = /home/njh/perl5/perlbrew
    PERLBREW_VERSION = 0.74
    PERL_LOCAL_LIB_ROOT = 
    SHELL = /bin/bash
    TERM = xterm
    TMPDIR = /home/njh/tmp

Perl special variables (and OS-specific diagnostics, for MSWin32):

    $^X = /home/njh/perl5/perlbrew/perls/perl-5.8.1/bin/perl
    $UID/$EUID = 1000 / 1000
    $GID = 1000 1000 200 46 44 30 29 25 24 4
    $EGID = 1000 1000 200 46 44 30 29 25 24 4

Perl module toolchain versions installed:

    Module              Have    
    ------------------- --------
    CPAN                2.10    
    CPAN::Meta          2.150005
    Cwd                 3.47    
    ExtUtils::CBuilder  0.280224
    ExtUtils::Command   7.10    
    ExtUtils::Install   2.04    
    ExtUtils::MakeMaker 7.10    
    ExtUtils::Manifest  1.68    
    ExtUtils::ParseXS   3.30    
    File::Spec          3.47    
    JSON                2.90    
    JSON::PP            2.27300 
    Module::Build       0.4216  
    Module::Signature   n/a     
    Parse::CPAN::Meta   1.4414  
    Test::Harness       3.35    
    Test::More          1.001014
    YAML                1.15    
    YAML::Syck          1.29    
    version             0.9912  


--

Summary of my perl5 (revision 5.0 version 8 subversion 1) configuration:
  Platform:
    osname=linux, osvers=3.6.11+, archname=armv6l-linux-thread-multi
    uname='linux pi 3.6.11+ #371 preempt thu feb 7 16:31:35 gmt 2013 armv6l gnulinux '
    config_args='-de -Dprefix=/home/njh/perl5/perlbrew/perls/perl-5.8.1 -Duseithreads -Dusemultiplicity -Accflags=-Os -W -Wformat=2 -Wswitch -Wshadow -Wwrite-strings -Wuninitialized -Wall -pipe -fomit-frame-pointer -pedantic -D_FORTIFY_SOURCE=2 -Wpointer-arith -Wstrict-prototypes -fstack-protector -Wstack-protector -Wextra -Wbad-function-cast -Wcast-align -Wcast-qual -Wdisabled-optimization -Wendif-labels -Wfloat-equal -Wformat-nonliteral -Winline -Wmissing-declarations -Wmissing-prototypes -Wnested-externs -Wpointer-arith -Wundef -Wformat-security -Aeval:scriptdir=/home/njh/perl5/perlbrew/perls/perl-5.8.1/bin'
    hint=recommended, useposix=true, d_sigaction=define
    usethreads=define use5005threads=undef useithreads=define usemultiplicity=define
    useperlio=define d_sfio=undef uselargefiles=define usesocks=undef
    use64bitint=undef use64bitall=undef uselongdouble=undef
    usemymalloc=n, bincompat5005=undef
  Compiler:
    cc='cc', ccflags ='-D_REENTRANT -D_GNU_SOURCE -Os -W -Wformat=2 -Wswitch -Wshadow -Wwrite-strings -Wuninitialized -Wall -pipe -fomit-frame-pointer -pedantic -D_FORTIFY_SOURCE=2 -Wpointer-arith -Wstrict-prototypes -fstack-protector -Wstack-protector -Wextra -Wbad-function-cast -Wcast-align -Wcast-qual -Wdisabled-optimization -Wendif-labels -Wfloat-equal -Wformat-nonliteral -Winline -Wmissing-declarations -Wmissing-prototypes -Wnested-externs -Wpointer-arith -Wundef -Wformat-security -fno-strict-aliasing -I/usr/local/include -D_LARGEFILE_SOURCE -D_FILE_OFFSET_BITS=64',
    optimize='-O2',
    cppflags='-D_REENTRANT -D_GNU_SOURCE -Os -W -Wformat=2 -Wswitch -Wshadow -Wwrite-strings -Wuninitialized -Wall -pipe -fomit-frame-pointer -pedantic -D_FORTIFY_SOURCE=2 -Wpointer-arith -Wstrict-prototypes -fstack-protector -Wstack-protector -Wextra -Wbad-function-cast -Wcast-align -Wcast-qual -Wdisabled-optimization -Wendif-labels -Wfloat-equal -Wformat-nonliteral -Winline -Wmissing-declarations -Wmissing-prototypes -Wnested-externs -Wpointer-arith -Wundef -Wformat-security -fno-strict-aliasing -I/usr/local/include'
    ccversion='', gccversion='4.6.3', gccosandvers=''
    intsize=4, longsize=4, ptrsize=4, doublesize=8, byteorder=1234
    d_longlong=define, longlongsize=8, d_longdbl=define, longdblsize=8
    ivtype='long', ivsize=4, nvtype='double', nvsize=8, Off_t='off_t', lseeksize=8
    alignbytes=8, prototype=define
  Linker and Libraries:
    ld='cc', ldflags =' -L/usr/local/lib'
    libpth=/usr/local/lib /lib/arm-linux-gnueabihf /lib /usr/lib/arm-linux-gnueabihf /usr/lib
    libs=-lnsl -lgdbm -ldb -ldl -lm -lcrypt -lutil -lpthread -lc -lgdbm_compat
    perllibs=-lnsl -ldl -lm -lcrypt -lutil -lpthread -lc -lgdbm_compat
    libc=, so=so, useshrplib=false, libperl=libperl.a
    gnulibc_version='2.13'
  Dynamic Linking:
    dlsrc=dl_dlopen.xs, dlext=so, d_dlsymun=undef, ccdlflags='-rdynamic'
    cccdlflags='-fpic', lddlflags='-shared -L/usr/local/lib'


Characteristics of this binary (from libperl): 
  Compile-time options: MULTIPLICITY USE_ITHREADS USE_LARGE_FILES PERL_IMPLICIT_CONTEXT
  Built under linux
  Compiled at Feb 21 2013 07:25:38
  %ENV:
    PERL5LIB=""
    PERL5OPT=""
    PERL5_CPANPLUS_IS_RUNNING="15453"
    PERL5_CPAN_IS_RUNNING="15453"
    PERLBREW_BASHRC_VERSION="0.74"
    PERLBREW_HOME="/home/njh/.perlbrew"
    PERLBREW_LIB=""
    PERLBREW_MANPATH="/home/njh/perl5/perlbrew/perls/perl-5.8.1/man"
    PERLBREW_PATH="/home/njh/perl5/perlbrew/bin:/home/njh/perl5/perlbrew/perls/perl-5.8.1/bin"
    PERLBREW_PERL="perl-5.8.1"
    PERLBREW_ROOT="/home/njh/perl5/perlbrew"
    PERLBREW_VERSION="0.74"
    PERL_LOCAL_LIB_ROOT=""
  @INC:
    /home/njh/perl5/perlbrew/perls/perl-5.8.1/lib/5.8.1/armv6l-linux-thread-multi
    /home/njh/perl5/perlbrew/perls/perl-5.8.1/lib/5.8.1
    /home/njh/perl5/perlbrew/perls/perl-5.8.1/lib/site_perl/5.8.1/armv6l-linux-thread-multi
    /home/njh/perl5/perlbrew/perls/perl-5.8.1/lib/site_perl/5.8.1
    /home/njh/perl5/perlbrew/perls/perl-5.8.1/lib/site_perl
    .