Back
From: metabase:user:30977d10-2aae-11df-837a-5e0a49663a4f
Subject: FAIL WebService-Async-UserAgent-0.005 v5.25.8 SunOS/Solaris
Date: 2017-01-07T12:06:27Z
This distribution has been tested as part of the CPAN Testers
project, supporting the Perl programming language. See
http://wiki.cpantesters.org/ for more information or email
questions to cpan-testers-discuss@perl.org
--
Dear Tom Molesworth,
This is a computer-generated report for WebService-Async-UserAgent-0.005
on perl 5.25.8, created by CPAN-Reporter-1.2018.
Thank you for uploading your work to CPAN. However, there was a problem
testing your distribution.
If you think this report is invalid, please consult the CPAN Testers Wiki
for suggestions on how to avoid getting FAIL reports for missing library
or binary dependencies, unsupported operating systems, and so on:
http://wiki.cpantesters.org/wiki/CPANAuthorNotes
Sections of this report:
* Tester comments
* Program output
* Prerequisites
* Environment and other context
------------------------------
TESTER COMMENTS
------------------------------
Additional comments from tester:
this report is from an automated smoke testing program
and was not reviewed by a human for accuracy
------------------------------
PROGRAM OUTPUT
------------------------------
Output from '/usr/bin/make test':
PERL_DL_NONLAZY=1 "/home/stro/perl/5.25.8t/bin/perl" "-MExtUtils::Command::MM" "-MTest::Harness" "-e" "undef *Test::Harness::Switches; test_harness(0, 'blib/lib', 'blib/arch')" t/*.t
t/00-check-deps.t ...... ok
#
# Versions for all modules listed in MYMETA.json (including optional ones):
#
# === Configure Requires ===
#
# Module Want Have
# ------------------- ---- ----
# ExtUtils::MakeMaker 6.48 7.24
#
# === Build Requires ===
#
# Module Want Have
# ------------------- ---- ----
# ExtUtils::MakeMaker any 7.24
#
# === Test Requires ===
#
# Module Want Have
# ------------------- ----- --------
# ExtUtils::MakeMaker any 7.24
# File::Spec any 3.66
# Test::CheckDeps 0.010 0.010
# Test::Fatal 0.010 0.014
# Test::More 0.98 1.302073
# Test::Refcount 0.07 0.08
#
# === Test Recommends ===
#
# Module Want Have
# ---------- -------- --------
# CPAN::Meta 2.120900 2.150010
#
# === Runtime Requires ===
#
# Module Want Have
# -------------- ---- -----
# Future 0.34 0.34
# HTTP::Request any 6.11
# HTTP::Response any 6.11
# URI any 1.71
# parent any 0.236
#
# === Runtime Recommends ===
#
# Module Want Have
# ----------- -------- --------
# Mozilla::CA 20160104 20160104
#
t/00-report-prereqs.t .. ok
t/lwp.t ................ skipped: needs IO::Async and LWP::UserAgent to test
Can't locate Future/Mojo.pm in @INC (you may need to install the Future::Mojo module) (@INC contains: /home/stro/cpan/build/5.25.8t/build/WebService-Async-UserAgent-0.005-0/blib/lib /home/stro/cpan/build/5.25.8t/build/WebService-Async-UserAgent-0.005-0/blib/arch /home/stro/perl/5.25.8t/lib/site_perl/5.25.8/i86pc-solaris-thread-multi /home/stro/perl/5.25.8t/lib/site_perl/5.25.8 /home/stro/perl/5.25.8t/lib/5.25.8/i86pc-solaris-thread-multi /home/stro/perl/5.25.8t/lib/5.25.8 .) at /home/stro/cpan/build/5.25.8t/build/WebService-Async-UserAgent-0.005-0/blib/lib/WebService/Async/UserAgent/MojoUA.pm line 26.
BEGIN failed--compilation aborted at /home/stro/cpan/build/5.25.8t/build/WebService-Async-UserAgent-0.005-0/blib/lib/WebService/Async/UserAgent/MojoUA.pm line 26.
Compilation failed in require at t/mojo.t line 15.
BEGIN failed--compilation aborted at t/mojo.t line 15.
t/mojo.t ...............
Dubious, test returned 2 (wstat 512, 0x200)
No subtests run
t/nahttp.t ............. skipped: needs IO::Async and Net::Async::HTTP
Test Summary Report
-------------------
t/mojo.t (Wstat: 512 Tests: 0 Failed: 0)
Non-zero exit status: 2
Parse errors: No plan found in TAP output
Files=5, Tests=15, 2 wallclock secs ( 0.06 usr 0.02 sys + 1.40 cusr 0.22 csys = 1.70 CPU)
Result: FAIL
Failed 1/5 test programs. 0/15 subtests failed.
*** Error code 255
make: Fatal error: Command failed for target `test_dynamic'
------------------------------
PREREQUISITES
------------------------------
Prerequisite modules loaded:
requires:
Module Need Have
------------------- -------- --------
Future 0.34 0.34
HTTP::Request 0 6.11
HTTP::Response 0 6.11
parent 0 0.236
perl 5.012000 5.025008
URI 0 1.71
build_requires:
Module Need Have
------------------- -------- --------
ExtUtils::MakeMaker 0 7.24
File::Spec 0 3.66
Test::CheckDeps 0.010 0.010
Test::Fatal 0.010 0.014
Test::More 0.98 1.302073
Test::Refcount 0.07 0.08
configure_requires:
Module Need Have
------------------- -------- --------
ExtUtils::MakeMaker 6.48 7.24
opt_requires:
Module Need Have
------------------- -------- --------
Mozilla::CA 20160104 20160104
opt_build_requires:
Module Need Have
------------------- -------- --------
CPAN::Meta 2.120900 2.150010
------------------------------
ENVIRONMENT AND OTHER CONTEXT
------------------------------
Environment variables:
AUTOMATED_TESTING = 1
LANG = en_US.UTF-8
PATH = /usr/gnu/bin:/usr/bin:/usr/sbin:/sbin:/usr/sfw/bin:
PERL5LIB =
PERL5OPT =
PERL5_CPANPLUS_IS_RUNNING = 4000
PERL5_CPAN_IS_RUNNING = 4000
PERL5_CPAN_IS_RUNNING_IN_RECURSION = 8589,4000
PERL_CR_SMOKER_CURRENT = WebService-Async-UserAgent-0.005
PERL_EXTUTILS_AUTOINSTALL = --defaultdeps
PERL_MM_USE_DEFAULT = 1
SHELL = /bin/bash
TERM = xterm
Perl special variables (and OS-specific diagnostics, for MSWin32):
$^X = /home/stro/perl/5.25.8t/bin/perl
$UID/$EUID = 101 / 101
$GID = 10 10
$EGID = 10 10
Perl module toolchain versions installed:
Module Have
------------------- ----------
CPAN 2.14_01
CPAN::Meta 2.150010
Cwd 3.66
ExtUtils::CBuilder 0.280225
ExtUtils::Command 7.24
ExtUtils::Install 2.04
ExtUtils::MakeMaker 7.24
ExtUtils::Manifest 1.70
ExtUtils::ParseXS 3.33
File::Spec 3.66
JSON 2.90
JSON::PP 2.27400_02
Module::Build 0.4220
Module::Signature 0.81
Parse::CPAN::Meta 2.150010
Test::Harness 3.36_01
Test::More 1.302073
YAML 1.21
YAML::Syck 1.29
version 0.9917
--
Summary of my perl5 (revision 5 version 25 subversion 8) configuration:
Platform:
osname=solaris
osvers=2.11
archname=i86pc-solaris-thread-multi
uname='sunos vm-openindiana-001 5.11 illumos-2816291 i86pc i386 i86pc '
config_args='-Dcc=gcc'
hint=recommended
useposix=true
d_sigaction=define
useithreads=define
usemultiplicity=define
use64bitint=undef
use64bitall=undef
uselongdouble=undef
usemymalloc=n
bincompat5005=undef
Compiler:
cc='gcc'
ccflags ='-D_REENTRANT -fno-strict-aliasing -pipe -I/usr/gnu/include -D_LARGEFILE_SOURCE -D_FILE_OFFSET_BITS=64 -DPERL_USE_SAFE_PUTENV'
optimize='-O'
cppflags='-D_REENTRANT -fno-strict-aliasing -pipe -I/usr/gnu/include'
ccversion=''
gccversion='3.4.3 (csl-sol210-3_4-20050802)'
gccosandvers='solaris2.11'
intsize=4
longsize=4
ptrsize=4
doublesize=8
byteorder=1234
doublekind=3
d_longlong=define
longlongsize=8
d_longdbl=define
longdblsize=12
longdblkind=3
ivtype='long'
ivsize=4
nvtype='double'
nvsize=8
Off_t='off_t'
lseeksize=8
alignbytes=4
prototype=define
Linker and Libraries:
ld='gcc'
ldflags =' -L/usr/gnu/lib '
libpth=/usr/gcc/3.4/lib /usr/lib /usr/gnu/lib /usr/ccs/lib
libs=-lpthread -lsocket -lnsl -lgdbm -ldb -ldl -lm -lc
perllibs=-lpthread -lsocket -lnsl -ldl -lm -lc
libc=/lib/libc.so
so=so
useshrplib=true
libperl=libperl.so
gnulibc_version=''
Dynamic Linking:
dlsrc=dl_dlopen.xs
dlext=so
d_dlsymun=undef
ccdlflags=' -R /home/stro/perl/5.25.8t/lib/5.25.8/i86pc-solaris-thread-multi/CORE'
cccdlflags='-fPIC'
lddlflags='-shared -L/usr/gnu/lib'
Characteristics of this binary (from libperl):
Compile-time options:
HAS_TIMES
MULTIPLICITY
PERLIO_LAYERS
PERL_COPY_ON_WRITE
PERL_DONT_CREATE_GVSV
PERL_HASH_FUNC_ONE_AT_A_TIME_HARD
PERL_IMPLICIT_CONTEXT
PERL_MALLOC_WRAP
PERL_OP_PARENT
PERL_PRESERVE_IVUV
PERL_USE_SAFE_PUTENV
USE_ITHREADS
USE_LARGE_FILES
USE_LOCALE
USE_LOCALE_COLLATE
USE_LOCALE_CTYPE
USE_LOCALE_NUMERIC
USE_LOCALE_TIME
USE_PERLIO
USE_PERL_ATOF
USE_REENTRANT_API
Built under solaris
Compiled at Dec 23 2016 23:13:04
%ENV:
PERL5LIB=""
PERL5OPT=""
PERL5_CPANPLUS_IS_RUNNING="4000"
PERL5_CPAN_IS_RUNNING="4000"
PERL5_CPAN_IS_RUNNING_IN_RECURSION="8589,4000"
PERL_CR_SMOKER_CURRENT="WebService-Async-UserAgent-0.005"
PERL_EXTUTILS_AUTOINSTALL="--defaultdeps"
PERL_MM_USE_DEFAULT="1"
@INC:
/home/stro/perl/5.25.8t/lib/site_perl/5.25.8/i86pc-solaris-thread-multi
/home/stro/perl/5.25.8t/lib/site_perl/5.25.8
/home/stro/perl/5.25.8t/lib/5.25.8/i86pc-solaris-thread-multi
/home/stro/perl/5.25.8t/lib/5.25.8
.