Back
From: metabase:user:30f4dfbe-2aae-11df-837a-5e0a49663a4f
Subject: NA PostScript-ScheduleGrid-0.05 v5.8.7 Mac OS X
Date: 2015-08-27T16:50:25Z
This distribution has been tested as part of the CPAN Testers
project, supporting the Perl programming language. See
http://wiki.cpantesters.org/ for more information or email
questions to cpan-testers-discuss@perl.org
--
Dear Christopher J. Madsen,
This is a computer-generated report for PostScript-ScheduleGrid-0.05
on perl 5.8.7, created by CPAN-Reporter-1.2015.
Thank you for uploading your work to CPAN. While attempting to build or test
this distribution, the distribution signaled that support is not available
either for this operating system or this version of Perl. Nevertheless, any
diagnostic output produced is provided below for reference. If this is not
what you expect, you may wish to consult the CPAN Testers Wiki:
http://wiki.cpantesters.org/wiki/CPANAuthorNotes
Sections of this report:
* Tester comments
* Program output
* Prerequisites
* Environment and other context
------------------------------
TESTER COMMENTS
------------------------------
Additional comments from tester:
this report is from an automated smoke testing program
and was not reviewed by a human for accuracy
------------------------------
PROGRAM OUTPUT
------------------------------
Output from '/sw/bin/make test':
PERL_DL_NONLAZY=1 "/Users/hornenj/perl5/perlbrew/perls/perl-5.8.7/bin/perl" "-MExtUtils::Command::MM" "-MTest::Harness" "-e" "undef *Test::Harness::Switches; test_harness(0, 'blib/lib', 'blib/arch')" t/*.t
# Listing %INC
# AutoLoader 5.74
# B 1.09
# B::Hooks::EndOfScope 0.15
# B::Hooks::EndOfScope::XS 0.15
# Carp 1.36
# Carp::Clan 6.04
# Class::C3 0.28
# Class::C3::XS 0.13
# Class::Load 0.23
# Class::Load::XS 0.09
# Class::MOP 2.1600
# Class::MOP::Attribute 2.1600
# Class::MOP::Class 2.1600
# Class::MOP::Class::Immutable::Class::MOP::Class undef
# Class::MOP::Class::Immutable::Trait 2.1600
# Class::MOP::Deprecated 2.1600
# Class::MOP::Instance 2.1600
# Class::MOP::Method 2.1600
# Class::MOP::Method::Accessor 2.1600
# Class::MOP::Method::Constructor 2.1600
# Class::MOP::Method::Generated 2.1600
# Class::MOP::Method::Inlined 2.1600
# Class::MOP::Method::Meta 2.1600
# Class::MOP::Method::Wrapped 2.1600
# Class::MOP::MiniTrait 2.1600
# Class::MOP::Mixin 2.1600
# Class::MOP::Mixin::AttributeCore 2.1600
# Class::MOP::Mixin::HasAttributes 2.1600
# Class::MOP::Mixin::HasMethods 2.1600
# Class::MOP::Mixin::HasOverloads 2.1600
# Class::MOP::Module 2.1600
# Class::MOP::Object 2.1600
# Class::MOP::Overload 2.1600
# Class::MOP::Package 2.1600
# Class::Singleton 1.5
# Config undef
# Data::OptList 0.109
# DateTime 1.20
# DateTime::Duration 1.20
# DateTime::Helpers 1.20
# DateTime::Infinite 1.20
# DateTime::Locale 0.46
# DateTime::Locale::Base 0.46
# DateTime::Locale::Catalog 0.46
# DateTime::Locale::en 0.46
# DateTime::Locale::en_US 0.46
# DateTime::Locale::root 0.46
# DateTime::TimeZone 1.93
# DateTime::TimeZone::Catalog 1.93
# DateTime::TimeZone::Floating 1.93
# DateTime::TimeZone::Local 1.93
# DateTime::TimeZone::OffsetOnly 1.93
# DateTime::TimeZone::OlsonDB::Change 1.93
# DateTime::TimeZone::UTC 1.93
# Devel::GlobalDestruction 0.13
# Devel::GlobalDestruction::XS 0.01
# Devel::OverloadInfo 0.004
# DynaLoader 1.05
# Eval::Closure 0.13
# Exporter 5.72
# Exporter::Tiny 0.042
# File::Spec 3.47
# File::Spec::Unix 3.47
# List::MoreUtils 0.413
# List::MoreUtils::PP 0.413
# List::MoreUtils::XS 0.413
# List::Util 1.41
# MRO::Compat 0.12
# Module::Implementation 0.09
# Module::Runtime 0.014
# Moose 2.1600
# Moose::Deprecated 2.1600
# Moose::Exporter 2.1600
# Moose::Meta::Attribute 2.1600
# Moose::Meta::Attribute::Native 2.1600
# Moose::Meta::Class 2.1600
# Moose::Meta::Class::Immutable::Trait 2.1600
# Moose::Meta::Instance 2.1600
# Moose::Meta::Method 2.1600
# Moose::Meta::Method::Accessor 2.1600
# Moose::Meta::Method::Augmented 2.1600
# Moose::Meta::Method::Constructor 2.1600
# Moose::Meta::Method::Delegation 2.1600
# Moose::Meta::Method::Destructor 2.1600
# Moose::Meta::Method::Meta 2.1600
# Moose::Meta::Method::Overridden 2.1600
# Moose::Meta::Mixin::AttributeCore 2.1600
# Moose::Meta::Object::Trait 2.1600
# Moose::Meta::Role 2.1600
# Moose::Meta::Role::Application 2.1600
# Moose::Meta::Role::Application::RoleSummation 2.1600
# Moose::Meta::Role::Application::ToClass 2.1600
# Moose::Meta::Role::Application::ToInstance 2.1600
# Moose::Meta::Role::Application::ToRole 2.1600
# Moose::Meta::Role::Attribute 2.1600
# Moose::Meta::Role::Composite 2.1600
# Moose::Meta::Role::Method 2.1600
# Moose::Meta::Role::Method::Conflicting 2.1600
# Moose::Meta::Role::Method::Required 2.1600
# Moose::Meta::TypeCoercion 2.1600
# Moose::Meta::TypeCoercion::Union 2.1600
# Moose::Meta::TypeConstraint 2.1600
# Moose::Meta::TypeConstraint::Class 2.1600
# Moose::Meta::TypeConstraint::DuckType 2.1600
# Moose::Meta::TypeConstraint::Enum 2.1600
# Moose::Meta::TypeConstraint::Parameterizable 2.1600
# Moose::Meta::TypeConstraint::Parameterized 2.1600
# Moose::Meta::TypeConstraint::Registry 2.1600
# Moose::Meta::TypeConstraint::Role 2.1600
# Moose::Meta::TypeConstraint::Union 2.1600
# Moose::Object 2.1600
# Moose::Role 2.1600
# Moose::Util 2.1600
# Moose::Util::MetaRole 2.1600
# Moose::Util::TypeConstraints 2.1600
# Moose::Util::TypeConstraints::Builtins 2.1600
# MooseX::Types 0.46
# MooseX::Types::Base 0.46
# MooseX::Types::CheckedUtilExports 0.46
# MooseX::Types::DateTime 0.11
# MooseX::Types::Moose 0.46
# MooseX::Types::TypeDecorator 0.46
# MooseX::Types::UndefinedType 0.46
# MooseX::Types::Util 0.46
# POSIX 1.08
# Package::DeprecationManager 0.14
# Package::Stash 0.37
# Package::Stash::XS 0.28
# Params::Util 1.07
# Params::Validate 1.21
# Params::Validate::Constants 1.21
# Params::Validate::XS 1.21
# PostScript::File 2.22
# Scalar::Util 1.41
# Sub::Exporter 0.987
# Sub::Exporter::ForMethods 0.100052
# Sub::Exporter::Progressive 0.001011
# Sub::Identify 0.10
# Sub::Install 0.928
# Sub::Name 0.14
# Try::Tiny 0.22
# Variable::Magic 0.58
# XSLoader 0.16
# base 2.18
# constant 1.33
# if 0.0601
# integer 1.00
# metaclass 2.1600
# mro undef
# namespace::autoclean 0.26
# namespace::clean 0.25
# overload 1.03
# parent 0.234
# re 0.04
# strict 1.03
# utf8 1.05
# vars 1.01
# warnings 1.03
# warnings::register 1.00
t/00-all_prereqs.t .. ok
# Failed test 'use PostScript::ScheduleGrid;'
# at t/00-load.t line 7.
# Tried to use 'PostScript::ScheduleGrid'.
# Error: Perl v5.10.0 required--this is only v5.8.7, stopped at /Users/hornenj/.cpan/build/PostScript-ScheduleGrid-0.05-fyhat3/blib/lib/PostScript/ScheduleGrid.pm line 23.
# BEGIN failed--compilation aborted at /Users/hornenj/.cpan/build/PostScript-ScheduleGrid-0.05-fyhat3/blib/lib/PostScript/ScheduleGrid.pm line 23.
# Compilation failed in require at t/00-load.t line 7.
# BEGIN failed--compilation aborted at t/00-load.t line 7.
# Testing PostScript::ScheduleGrid
# Looks like you failed 1 test of 1.
t/00-load.t .........
Dubious, test returned 1 (wstat 256, 0x100)
Failed 1/1 subtests
Perl v5.10.0 required--this is only v5.8.7, stopped at t/10-content.t line 19.
BEGIN failed--compilation aborted at t/10-content.t line 19.
t/10-content.t ......
Dubious, test returned 255 (wstat 65280, 0xff00)
No subtests run
Perl v5.10.0 required--this is only v5.8.7, stopped at t/20-wrapping.t line 19.
BEGIN failed--compilation aborted at t/20-wrapping.t line 19.
t/20-wrapping.t .....
Dubious, test returned 255 (wstat 65280, 0xff00)
No subtests run
Test Summary Report
-------------------
t/00-load.t (Wstat: 256 Tests: 1 Failed: 1)
Failed test: 1
Non-zero exit status: 1
t/10-content.t (Wstat: 65280 Tests: 0 Failed: 0)
Non-zero exit status: 255
Parse errors: No plan found in TAP output
t/20-wrapping.t (Wstat: 65280 Tests: 0 Failed: 0)
Non-zero exit status: 255
Parse errors: No plan found in TAP output
Files=4, Tests=51, 1 wallclock secs ( 0.01 usr 0.01 sys + 0.21 cusr 0.03 csys = 0.26 CPU)
Result: FAIL
Failed 3/4 test programs. 1/51 subtests failed.
Makefile:891: recipe for target 'test_dynamic' failed
make: *** [test_dynamic] Error 255
------------------------------
PREREQUISITES
------------------------------
Prerequisite modules loaded:
requires:
Module Need Have
---------------------------- ----- --------
DateTime 0 1.20
DateTime::TimeZone 0 1.93
List::Util 1.20 1.41
Module::Runtime 0 0.014
Moose 0 2.1600
Moose::Role 0 2.1600
Moose::Util::TypeConstraints 0 2.1600
MooseX::Types 0 0.46
MooseX::Types::DateTime 0 0.11
MooseX::Types::Moose 0 0.46
namespace::autoclean 0 0.26
POSIX 0 1.08
PostScript::File 2.20 2.22
build_requires:
Module Need Have
---------------------------- ----- --------
Data::Dumper 0 2.154
Encode 0 2.76
ExtUtils::MakeMaker 0 7.04
Test::More 0.88 1.001014
configure_requires:
Module Need Have
---------------------------- ----- --------
ExtUtils::MakeMaker 6.30 7.04
Moose 0 2.1600
MooseX::Types 0 0.46
perl 5.008 5.008007
version 0.77 0.9912
------------------------------
ENVIRONMENT AND OTHER CONTEXT
------------------------------
Environment variables:
AUTOMATED_TESTING = 1
LANG = en_US.UTF-8
LC_ALL = POSIX
LD_LIBRARY_PATH = :/net/traces01.be-md.ncbi.nlm.nih.gov/trace_software/vdb/mac/release/x86_64/lib
NO_NETWORK_TESTING = 1
PATH = /Users/hornenj/perl5/perlbrew/bin:/Users/hornenj/perl5/perlbrew/perls/perl-5.6.2/bin:/Users/hornenj/perl5/perlbrew/bin:/Users/hornenj/perl5/perlbrew/perls/perl-5.8.7/bin:/Users/hornenj/bin:/sw/lib/perl5/ExtUtils:/sw/bin:/am/ncbiapdata/bin:/usr/bin:/bin:/usr/X11R6/bin:/netopt/ncbi_tools/bin:/usr/local/ncbi/blast/bin:/net/traces01.be-md.ncbi.nlm.nih.gov/trace_software/vdb/mac/release/x86_64/bin
PERL5LIB = /Users/hornenj/.cpan/build/PostScript-File-2.22-FQgWej/blib/arch:/Users/hornenj/.cpan/build/PostScript-File-2.22-FQgWej/blib/lib
PERL5OPT =
PERL5_CPANPLUS_IS_RUNNING = 87977
PERL5_CPAN_IS_RUNNING = 87977
PERL5_MINISMOKEBOX = 0.58
PERLBREW_BASHRC_VERSION = 0.73
PERLBREW_HOME = /Users/hornenj/.perlbrew
PERLBREW_LIB =
PERLBREW_MANPATH = /Users/hornenj/perl5/perlbrew/perls/perl-5.6.2/man
PERLBREW_PATH = /Users/hornenj/perl5/perlbrew/bin:/Users/hornenj/perl5/perlbrew/perls/perl-5.6.2/bin
PERLBREW_PERL = perl-5.6.2
PERLBREW_ROOT = /Users/hornenj/perl5/perlbrew
PERLBREW_VERSION = 0.73
PERL_EXTUTILS_AUTOINSTALL = --defaultdeps
PERL_LOCAL_LIB_ROOT =
PERL_MM_USE_DEFAULT = 1
SHELL = /bin/bash
TERM = xterm-256color
TMPDIR = /var/folders/pz/pd7y1qjs6s3cbk170cw50fjc000c61/T/
VERSIONER_PERL_PREFER_32_BIT = no
VERSIONER_PERL_VERSION = 5.18
ac_cv_path_INTLTOOL_PERL = /usr/bin/perl
Perl special variables (and OS-specific diagnostics, for MSWin32):
$^X = /Users/hornenj/perl5/perlbrew/perls/perl-5.8.7/bin/perl
$UID/$EUID = 12481 / 12481
$GID = 14 241 527 5344 14
$EGID = 14 241 527 5344 14
Perl module toolchain versions installed:
Module Have
------------------- --------
CPAN 2.10
CPAN::Meta 2.150005
Cwd 3.47
ExtUtils::CBuilder 0.280223
ExtUtils::Command 1.20
ExtUtils::Install 2.04
ExtUtils::MakeMaker 7.04
ExtUtils::Manifest 1.70
ExtUtils::ParseXS 3.24
File::Spec 3.47
JSON 2.90
JSON::PP 2.27300
Module::Build 0.4214
Module::Signature 0.79
Parse::CPAN::Meta 1.4417
Test::Harness 3.35
Test::More 1.001014
YAML n/a
YAML::Syck 1.29
version 0.9912
--
Summary of my perl5 (revision 5 version 8 subversion 7) configuration:
Platform:
osname=darwin, osvers=12.5.0, archname=darwin-thread-multi-2level
uname='darwin ncbimac2008.ncbi.nlm.nih.gov 12.5.0 darwin kernel version 12.5.0: sun sep 29 13:33:47 pdt 2013; root:xnu-2050.48.12~1release_x86_64 x86_64 '
config_args='-de -Dprefix=/Users/hornenj/perl5/perlbrew/perls/perl-5.8.7 -Duseithreads -Dusemultiplicity -Accflags=-O2 -W -Wformat=2 -Wswitch -Wshadow -Wwrite-strings -Wuninitialized -Wall -pipe -mtune=native -march=native -fomit-frame-pointer -msse2 -msse -mmmx -pedantic -D_FORTIFY_SOURCE=2 -Wpointer-arith -Wstrict-prototypes -fstack-protector -Wstack-protector -Wextra -Wbad-function-cast -Wcast-align -Wcast-qual -Wdisabled-optimization -Wendif-labels -Wfloat-equal -Wformat-nonliteral -Winline -Wmissing-declarations -Wmissing-prototypes -Wnested-externs -Wpointer-arith -Wundef -Wformat-security -fassociative-math -Acc=cc -Aeval:scriptdir=/Users/hornenj/perl5/perlbrew/perls/perl-5.8.7/bin'
hint=recommended, useposix=true, d_sigaction=define
usethreads=define use5005threads=undef useithreads=define usemultiplicity=define
useperlio=define d_sfio=undef uselargefiles=define usesocks=undef
use64bitint=define use64bitall=define uselongdouble=undef
usemymalloc=n, bincompat5005=undef
Compiler:
cc=' cc', ccflags ='-fno-common -DPERL_DARWIN -O2 -W -Wformat=2 -Wswitch -Wshadow -Wwrite-strings -Wuninitialized -Wall -pipe -mtune=native -march=native -fomit-frame-pointer -msse2 -msse -mmmx -pedantic -D_FORTIFY_SOURCE=2 -Wpointer-arith -Wstrict-prototypes -fstack-protector -Wstack-protector -Wextra -Wbad-function-cast -Wcast-align -Wcast-qual -Wdisabled-optimization -Wendif-labels -Wfloat-equal -Wformat-nonliteral -Winline -Wmissing-declarations -Wmissing-prototypes -Wnested-externs -Wpointer-arith -Wundef -Wformat-security -fassociative-math -fno-strict-aliasing -I/usr/local/include',
optimize='-O3',
cppflags='-fno-common -DPERL_DARWIN -O2 -W -Wformat=2 -Wswitch -Wshadow -Wwrite-strings -Wuninitialized -Wall -pipe -mtune=native -march=native -fomit-frame-pointer -msse2 -msse -mmmx -pedantic -D_FORTIFY_SOURCE=2 -Wpointer-arith -Wstrict-prototypes -fstack-protector -Wstack-protector -Wextra -Wbad-function-cast -Wcast-align -Wcast-qual -Wdisabled-optimization -Wendif-labels -Wfloat-equal -Wformat-nonliteral -Winline -Wmissing-declarations -Wmissing-prototypes -Wnested-externs -Wpointer-arith -Wundef -Wformat-security -fassociative-math -fno-strict-aliasing -I/usr/local/include'
ccversion='', gccversion='4.2.1 Compatible Apple LLVM 4.2 (clang-425.0.24)', gccosandvers=''
intsize=4, longsize=8, ptrsize=8, doublesize=8, byteorder=12345678
d_longlong=define, longlongsize=8, d_longdbl=define, longdblsize=16
ivtype='long', ivsize=8, nvtype='double', nvsize=8, Off_t='off_t', lseeksize=8
alignbytes=8, prototype=define
Linker and Libraries:
ld='env MACOSX_DEPLOYMENT_TARGET=10.3 cc', ldflags =' -L/usr/local/lib'
libpth=/usr/local/lib /usr/lib
libs=-ldbm -ldl -lm -lutil -lc
perllibs=-ldl -lm -lutil -lc
libc=, so=dylib, useshrplib=false, libperl=libperl.a
gnulibc_version=''
Dynamic Linking:
dlsrc=dl_dlopen.xs, dlext=bundle, d_dlsymun=undef, ccdlflags=' '
cccdlflags=' ', lddlflags=' -bundle -undefined dynamic_lookup -L/usr/local/lib'
Characteristics of this binary (from libperl):
Compile-time options: MULTIPLICITY USE_ITHREADS USE_64_BIT_INT
USE_64_BIT_ALL USE_LARGE_FILES
PERL_IMPLICIT_CONTEXT
Built under darwin
Compiled at Sep 17 2014 08:58:08
%ENV:
PERL5LIB="/Users/hornenj/.cpan/build/PostScript-File-2.22-FQgWej/blib/arch:/Users/hornenj/.cpan/build/PostScript-File-2.22-FQgWej/blib/lib"
PERL5OPT=""
PERL5_CPANPLUS_IS_RUNNING="87977"
PERL5_CPAN_IS_RUNNING="87977"
PERL5_MINISMOKEBOX="0.58"
PERLBREW_BASHRC_VERSION="0.73"
PERLBREW_HOME="/Users/hornenj/.perlbrew"
PERLBREW_LIB=""
PERLBREW_MANPATH="/Users/hornenj/perl5/perlbrew/perls/perl-5.6.2/man"
PERLBREW_PATH="/Users/hornenj/perl5/perlbrew/bin:/Users/hornenj/perl5/perlbrew/perls/perl-5.6.2/bin"
PERLBREW_PERL="perl-5.6.2"
PERLBREW_ROOT="/Users/hornenj/perl5/perlbrew"
PERLBREW_VERSION="0.73"
PERL_EXTUTILS_AUTOINSTALL="--defaultdeps"
PERL_LOCAL_LIB_ROOT=""
PERL_MM_USE_DEFAULT="1"
@INC:
/Users/hornenj/.cpan/build/PostScript-File-2.22-FQgWej/blib/arch
/Users/hornenj/.cpan/build/PostScript-File-2.22-FQgWej/blib/lib
/Users/hornenj/perl5/perlbrew/perls/perl-5.8.7/lib/5.8.7/darwin-thread-multi-2level
/Users/hornenj/perl5/perlbrew/perls/perl-5.8.7/lib/5.8.7
/Users/hornenj/perl5/perlbrew/perls/perl-5.8.7/lib/site_perl/5.8.7/darwin-thread-multi-2level
/Users/hornenj/perl5/perlbrew/perls/perl-5.8.7/lib/site_perl/5.8.7
/Users/hornenj/perl5/perlbrew/perls/perl-5.8.7/lib/site_perl
.