CSS-Simple v3224 Perl 5 v5.20.3 amd64-netbsd-thread-multi
- Status
- Fail
- From
- Chris Williams (BINGOS)
- Dist
-
CSS-Simple v3224
- Platform
- Perl 5 v5.20.3 amd64-netbsd-thread-multi
- Date
- 2017-11-19 11:56:45
- ID
- b71868dc-cd20-11e7-abde-b912e8d69c8f
This distribution has been tested as part of the CPAN Testers
project, supporting the Perl programming language. See
http://wiki.cpantesters.org/ for more information or email
questions to cpan-testers-discuss@perl.org
--
Dear KAMELKEV,
This is a computer-generated error report created automatically by
CPANPLUS, version 0.9170. Testers personal comments may appear
at the end of this report.
Thank you for uploading your work to CPAN. However, it appears that
there were some problems testing your distribution.
TEST RESULTS:
Below is the error stack from stage 'make test':
PERL_DL_NONLAZY=1 "/home/cpan/pit/thr/perl-5.20.3/bin/perl" "-MExtUtils::Command::MM" "-MTest::Harness" "-e" "undef *Test::Harness::Switches; test_harness(0, 'blib/lib', 'blib/arch')" t/allow_duplicate_properties.t t/basic.t t/browser_specific_properties.t t/create.t t/fail.t t/hacks.t t/modify.t t/pod.t
# Failed test 'use CSS::Simple;'
# at t/allow_duplicate_properties.t line 9.
# Tried to use 'CSS::Simple'.
# Error: Can't locate Ref/Util.pm in @INC (you may need to install the Ref::Util module) (@INC contains: ./lib ../lib /home/cpan/pit/thr/conf/perl-5.20.3/.cpanplus/5.20.3/build/8ZTnVmjf_d/CSS-Simple-3224/blib/lib /home/cpan/pit/thr/conf/perl-5.20.3/.cpanplus/5.20.3/build/8ZTnVmjf_d/CSS-Simple-3224/blib/arch /home/cpan/pit/thr/conf/perl-5.20.3/.cpanplus/5.20.3/build/ONnRxeSGB5/Tie-IxHash-1.23/blib/lib /home/cpan/pit/thr/conf/perl-5.20.3/.cpanplus/5.20.3/build/ONnRxeSGB5/Tie-IxHash-1.23/blib/arch /home/cpan/pit/thr/perl-5.20.3/lib/site_perl/5.20.3/amd64-netbsd-thread-multi /home/cpan/pit/thr/perl-5.20.3/lib/site_perl/5.20.3 /home/cpan/pit/thr/perl-5.20.3/lib/5.20.3/amd64-netbsd-thread-multi /home/cpan/pit/thr/perl-5.20.3/lib/5.20.3 .) at lib/CSS/Simple.pm line 11.
# BEGIN failed--compilation aborted at lib/CSS/Simple.pm line 11.
# Compilation failed in require at t/allow_duplicate_properties.t line 9.
# BEGIN failed--compilation aborted at t/allow_duplicate_properties.t line 9.
Can't locate object method "new" via package "CSS::Simple" at t/allow_duplicate_properties.t line 22.
# Looks like your test exited with 255 just after 1.
t/allow_duplicate_properties.t ...
Dubious, test returned 255 (wstat 65280, 0xff00)
Failed 13/13 subtests
# Failed test 'use CSS::Simple;'
# at t/basic.t line 8.
# Tried to use 'CSS::Simple'.
# Error: Can't locate Ref/Util.pm in @INC (you may need to install the Ref::Util module) (@INC contains: ./lib ../lib /home/cpan/pit/thr/conf/perl-5.20.3/.cpanplus/5.20.3/build/8ZTnVmjf_d/CSS-Simple-3224/blib/lib /home/cpan/pit/thr/conf/perl-5.20.3/.cpanplus/5.20.3/build/8ZTnVmjf_d/CSS-Simple-3224/blib/arch /home/cpan/pit/thr/conf/perl-5.20.3/.cpanplus/5.20.3/build/ONnRxeSGB5/Tie-IxHash-1.23/blib/lib /home/cpan/pit/thr/conf/perl-5.20.3/.cpanplus/5.20.3/build/ONnRxeSGB5/Tie-IxHash-1.23/blib/arch /home/cpan/pit/thr/perl-5.20.3/lib/site_perl/5.20.3/amd64-netbsd-thread-multi /home/cpan/pit/thr/perl-5.20.3/lib/site_perl/5.20.3 /home/cpan/pit/thr/perl-5.20.3/lib/5.20.3/amd64-netbsd-thread-multi /home/cpan/pit/thr/perl-5.20.3/lib/5.20.3 .) at lib/CSS/Simple.pm line 11.
# BEGIN failed--compilation aborted at lib/CSS/Simple.pm line 11.
# Compilation failed in require at t/basic.t line 8.
# BEGIN failed--compilation aborted at t/basic.t line 8.
Can't locate object method "new" via package "CSS::Simple" at t/basic.t line 134.
# Looks like your test exited with 255 just after 1.
t/basic.t ........................
Dubious, test returned 255 (wstat 65280, 0xff00)
Failed 2/2 subtests
# Failed test 'use CSS::Simple;'
# at t/browser_specific_properties.t line 8.
# Tried to use 'CSS::Simple'.
# Error: Can't locate Ref/Util.pm in @INC (you may need to install the Ref::Util module) (@INC contains: ./lib ../lib /home/cpan/pit/thr/conf/perl-5.20.3/.cpanplus/5.20.3/build/8ZTnVmjf_d/CSS-Simple-3224/blib/lib /home/cpan/pit/thr/conf/perl-5.20.3/.cpanplus/5.20.3/build/8ZTnVmjf_d/CSS-Simple-3224/blib/arch /home/cpan/pit/thr/conf/perl-5.20.3/.cpanplus/5.20.3/build/ONnRxeSGB5/Tie-IxHash-1.23/blib/lib /home/cpan/pit/thr/conf/perl-5.20.3/.cpanplus/5.20.3/build/ONnRxeSGB5/Tie-IxHash-1.23/blib/arch /home/cpan/pit/thr/perl-5.20.3/lib/site_perl/5.20.3/amd64-netbsd-thread-multi /home/cpan/pit/thr/perl-5.20.3/lib/site_perl/5.20.3 /home/cpan/pit/thr/perl-5.20.3/lib/5.20.3/amd64-netbsd-thread-multi /home/cpan/pit/thr/perl-5.20.3/lib/5.20.3 .) at lib/CSS/Simple.pm line 11.
# BEGIN failed--compilation aborted at lib/CSS/Simple.pm line 11.
# Compilation failed in require at t/browser_specific_properties.t line 8.
# BEGIN failed--compilation aborted at t/browser_specific_properties.t line 8.
Can't locate object method "new" via package "CSS::Simple" at t/browser_specific_properties.t line 26.
# Looks like your test exited with 255 just after 1.
t/browser_specific_properties.t ..
Dubious, test returned 255 (wstat 65280, 0xff00)
Failed 4/4 subtests
# Failed test 'use CSS::Simple;'
# at t/create.t line 8.
# Tried to use 'CSS::Simple'.
# Error: Can't locate Ref/Util.pm in @INC (you may need to install the Ref::Util module) (@INC contains: ./lib ../lib /home/cpan/pit/thr/conf/perl-5.20.3/.cpanplus/5.20.3/build/8ZTnVmjf_d/CSS-Simple-3224/blib/lib /home/cpan/pit/thr/conf/perl-5.20.3/.cpanplus/5.20.3/build/8ZTnVmjf_d/CSS-Simple-3224/blib/arch /home/cpan/pit/thr/conf/perl-5.20.3/.cpanplus/5.20.3/build/ONnRxeSGB5/Tie-IxHash-1.23/blib/lib /home/cpan/pit/thr/conf/perl-5.20.3/.cpanplus/5.20.3/build/ONnRxeSGB5/Tie-IxHash-1.23/blib/arch /home/cpan/pit/thr/perl-5.20.3/lib/site_perl/5.20.3/amd64-netbsd-thread-multi /home/cpan/pit/thr/perl-5.20.3/lib/site_perl/5.20.3 /home/cpan/pit/thr/perl-5.20.3/lib/5.20.3/amd64-netbsd-thread-multi /home/cpan/pit/thr/perl-5.20.3/lib/5.20.3 .) at lib/CSS/Simple.pm line 11.
# BEGIN failed--compilation aborted at lib/CSS/Simple.pm line 11.
# Compilation failed in require at t/create.t line 8.
# BEGIN failed--compilation aborted at t/create.t line 8.
Can't locate object method "new" via package "CSS::Simple" at t/create.t line 10.
# Looks like your test exited with 255 just after 1.
t/create.t .......................
Dubious, test returned 255 (wstat 65280, 0xff00)
Failed 2/2 subtests
# Failed test 'use CSS::Simple;'
# at t/fail.t line 10.
# Tried to use 'CSS::Simple'.
# Error: Can't locate Ref/Util.pm in @INC (you may need to install the Ref::Util module) (@INC contains: ./lib ../lib /home/cpan/pit/thr/conf/perl-5.20.3/.cpanplus/5.20.3/build/8ZTnVmjf_d/CSS-Simple-3224/blib/lib /home/cpan/pit/thr/conf/perl-5.20.3/.cpanplus/5.20.3/build/8ZTnVmjf_d/CSS-Simple-3224/blib/arch /home/cpan/pit/thr/conf/perl-5.20.3/.cpanplus/5.20.3/build/ONnRxeSGB5/Tie-IxHash-1.23/blib/lib /home/cpan/pit/thr/conf/perl-5.20.3/.cpanplus/5.20.3/build/ONnRxeSGB5/Tie-IxHash-1.23/blib/arch /home/cpan/pit/thr/perl-5.20.3/lib/site_perl/5.20.3/amd64-netbsd-thread-multi /home/cpan/pit/thr/perl-5.20.3/lib/site_perl/5.20.3 /home/cpan/pit/thr/perl-5.20.3/lib/5.20.3/amd64-netbsd-thread-multi /home/cpan/pit/thr/perl-5.20.3/lib/5.20.3 .) at lib/CSS/Simple.pm line 11.
# BEGIN failed--compilation aborted at lib/CSS/Simple.pm line 11.
# Compilation failed in require at t/fail.t line 10.
# BEGIN failed--compilation aborted at t/fail.t line 10.
Can't locate object method "new" via package "CSS::Simple" at t/fail.t line 23.
# Looks like your test exited with 255 just after 1.
t/fail.t .........................
Dubious, test returned 255 (wstat 65280, 0xff00)
Failed 5/5 subtests
# Failed test 'use CSS::Simple;'
# at t/hacks.t line 8.
# Tried to use 'CSS::Simple'.
# Error: Can't locate Ref/Util.pm in @INC (you may need to install the Ref::Util module) (@INC contains: ./lib ../lib /home/cpan/pit/thr/conf/perl-5.20.3/.cpanplus/5.20.3/build/8ZTnVmjf_d/CSS-Simple-3224/blib/lib /home/cpan/pit/thr/conf/perl-5.20.3/.cpanplus/5.20.3/build/8ZTnVmjf_d/CSS-Simple-3224/blib/arch /home/cpan/pit/thr/conf/perl-5.20.3/.cpanplus/5.20.3/build/ONnRxeSGB5/Tie-IxHash-1.23/blib/lib /home/cpan/pit/thr/conf/perl-5.20.3/.cpanplus/5.20.3/build/ONnRxeSGB5/Tie-IxHash-1.23/blib/arch /home/cpan/pit/thr/perl-5.20.3/lib/site_perl/5.20.3/amd64-netbsd-thread-multi /home/cpan/pit/thr/perl-5.20.3/lib/site_perl/5.20.3 /home/cpan/pit/thr/perl-5.20.3/lib/5.20.3/amd64-netbsd-thread-multi /home/cpan/pit/thr/perl-5.20.3/lib/5.20.3 .) at lib/CSS/Simple.pm line 11.
# BEGIN failed--compilation aborted at lib/CSS/Simple.pm line 11.
# Compilation failed in require at t/hacks.t line 8.
# BEGIN failed--compilation aborted at t/hacks.t line 8.
Can't locate object method "new" via package "CSS::Simple" at t/hacks.t line 32.
# Looks like your test exited with 255 just after 1.
t/hacks.t ........................
Dubious, test returned 255 (wstat 65280, 0xff00)
Failed 2/2 subtests
# Failed test 'use CSS::Simple;'
# at t/modify.t line 8.
# Tried to use 'CSS::Simple'.
# Error: Can't locate Ref/Util.pm in @INC (you may need to install the Ref::Util module) (@INC contains: ./lib ../lib /home/cpan/pit/thr/conf/perl-5.20.3/.cpanplus/5.20.3/build/8ZTnVmjf_d/CSS-Simple-3224/blib/lib /home/cpan/pit/thr/conf/perl-5.20.3/.cpanplus/5.20.3/build/8ZTnVmjf_d/CSS-Simple-3224/blib/arch /home/cpan/pit/thr/conf/perl-5.20.3/.cpanplus/5.20.3/build/ONnRxeSGB5/Tie-IxHash-1.23/blib/lib /home/cpan/pit/thr/conf/perl-5.20.3/.cpanplus/5.20.3/build/ONnRxeSGB5/Tie-IxHash-1.23/blib/arch /home/cpan/pit/thr/perl-5.20.3/lib/site_perl/5.20.3/amd64-netbsd-thread-multi /home/cpan/pit/thr/perl-5.20.3/lib/site_perl/5.20.3 /home/cpan/pit/thr/perl-5.20.3/lib/5.20.3/amd64-netbsd-thread-multi /home/cpan/pit/thr/perl-5.20.3/lib/5.20.3 .) at lib/CSS/Simple.pm line 11.
# BEGIN failed--compilation aborted at lib/CSS/Simple.pm line 11.
# Compilation failed in require at t/modify.t line 8.
# BEGIN failed--compilation aborted at t/modify.t line 8.
Can't locate object method "new" via package "CSS::Simple" at t/modify.t line 10.
# Looks like your test exited with 255 just after 1.
t/modify.t .......................
Dubious, test returned 255 (wstat 65280, 0xff00)
Failed 2/2 subtests
t/pod.t .......................... skipped: Test::Pod 1.00 required for testing POD
Test Summary Report
-------------------
t/allow_duplicate_properties.t (Wstat: 65280 Tests: 1 Failed: 1)
Failed test: 1
Non-zero exit status: 255
Parse errors: Bad plan. You planned 13 tests but ran 1.
t/basic.t (Wstat: 65280 Tests: 1 Failed: 1)
Failed test: 1
Non-zero exit status: 255
Parse errors: Bad plan. You planned 2 tests but ran 1.
t/browser_specific_properties.t (Wstat: 65280 Tests: 1 Failed: 1)
Failed test: 1
Non-zero exit status: 255
Parse errors: Bad plan. You planned 4 tests but ran 1.
t/create.t (Wstat: 65280 Tests: 1 Failed: 1)
Failed test: 1
Non-zero exit status: 255
Parse errors: Bad plan. You planned 2 tests but ran 1.
t/fail.t (Wstat: 65280 Tests: 1 Failed: 1)
Failed test: 1
Non-zero exit status: 255
Parse errors: Bad plan. You planned 5 tests but ran 1.
t/hacks.t (Wstat: 65280 Tests: 1 Failed: 1)
Failed test: 1
Non-zero exit status: 255
Parse errors: Bad plan. You planned 2 tests but ran 1.
t/modify.t (Wstat: 65280 Tests: 1 Failed: 1)
Failed test: 1
Non-zero exit status: 255
Parse errors: Bad plan. You planned 2 tests but ran 1.
Files=8, Tests=7, 1 wallclock secs ( 0.02 usr 0.03 sys + 0.59 cusr 0.12 csys = 0.76 CPU)
Result: FAIL
Failed 7/8 test programs. 7/7 subtests failed.
*** Error code 255
Stop.
make: stopped in /home/cpan/pit/thr/conf/perl-5.20.3/.cpanplus/5.20.3/build/8ZTnVmjf_d/CSS-Simple-3224
MISSING PREREQUISITES:
It was observed that the test suite seem to fail without these modules:
Ref::Util
As such, adding the prerequisite module(s) to 'PREREQ_PM' in your
Makefile.PL should solve this problem. For example:
WriteMakefile(
AUTHOR => 'KAMELKEV (cpanplus-info@lists.sf.net)',
... # other information
PREREQ_PM => {
'Ref::Util' => '0', # or a minimum working version
}
);
Thanks! :-)
PREREQUISITES:
Here is a list of prerequisites you specified and versions we
managed to load:
Module Name Have Want
Carp 1.3301 0
ExtUtils::MakeMaker 7.30 0
Tie::IxHash 1.23 0
Perl module toolchain versions installed:
Module Name Have
CPANPLUS 0.9170
CPANPLUS::Dist::Build 0.88
Cwd 3.62
ExtUtils::CBuilder 0.280226
ExtUtils::Command 7.30
ExtUtils::Install 2.14
ExtUtils::MakeMaker 7.30
ExtUtils::Manifest 1.70
ExtUtils::ParseXS 3.35
File::Spec 3.62
Module::Build 0.4224
Pod::Parser 1.62
Pod::Simple 3.28
Test2 1.302096
Test::Harness 3.39
Test::More 1.302096
version 0.9918
******************************** NOTE ********************************
The comments above are created mechanically, possibly without manual
checking by the sender. As there are many people performing automatic
tests on each upload to CPAN, it is likely that you will receive
identical messages about the same problem.
If you believe that the message is mistaken, please reply to the first
one with correction and/or additional informations, and do not take
it personally. We appreciate your patience. :)
**********************************************************************
Additional comments:
This report was machine-generated by CPANPLUS::Dist::YACSmoke 1.02.
Powered by minismokebox version 0.68
------------------------------
ENVIRONMENT AND OTHER CONTEXT
------------------------------
Environment variables:
AUTOMATED_TESTING = 1
NONINTERACTIVE_TESTING = 1
PATH = /home/cpan/bin:/bin:/sbin:/usr/bin:/usr/sbin:/usr/X11R7/bin:/usr/X11R6/bin:/usr/pkg/bin:/usr/pkg/sbin:/usr/games:/usr/local/bin:/usr/local/sbin
PERL5LIB = :/home/cpan/pit/thr/conf/perl-5.20.3/.cpanplus/5.20.3/build/ONnRxeSGB5/Tie-IxHash-1.23/blib/lib:/home/cpan/pit/thr/conf/perl-5.20.3/.cpanplus/5.20.3/build/ONnRxeSGB5/Tie-IxHash-1.23/blib/arch:/home/cpan/pit/thr/conf/perl-5.20.3/.cpanplus/5.20.3/build/8ZTnVmjf_d/CSS-Simple-3224/blib/lib:/home/cpan/pit/thr/conf/perl-5.20.3/.cpanplus/5.20.3/build/8ZTnVmjf_d/CSS-Simple-3224/blib/arch
PERL5_CPANPLUS_IS_RUNNING = 2244
PERL5_CPANPLUS_IS_VERSION = 0.9170
PERL5_MINISMOKEBOX = 0.68
PERL5_YACSMOKE_BASE = /home/cpan/pit/thr/conf/perl-5.20.3
PERL_EXTUTILS_AUTOINSTALL = --defaultdeps
PERL_MM_USE_DEFAULT = 1
SHELL = /usr/pkg/bin/bash
TERM = screen
Perl special variables (and OS-specific diagnostics, for MSWin32):
Perl: $^X = /home/cpan/pit/thr/perl-5.20.3/bin/perl
UID: $< = 1002
EUID: $> = 1002
GID: $( = 100 100
EGID: $) = 100 100
-------------------------------
--
Summary of my perl5 (revision 5 version 20 subversion 3) configuration:
Platform:
osname=netbsd, osvers=6.1.4, archname=amd64-netbsd-thread-multi
uname='netbsd naboo.bingosnet.co.uk 6.1.4 netbsd 6.1.4 (generic) amd64 '
config_args='-des -Dprefix=/home/cpan/pit/thr/perl-5.20.3 -Dusethreads'
hint=recommended, useposix=true, d_sigaction=define
useithreads=define, usemultiplicity=define
use64bitint=define, use64bitall=define, uselongdouble=undef
usemymalloc=n, bincompat5005=undef
Compiler:
cc='cc', ccflags ='-fwrapv -fno-strict-aliasing -pipe -fstack-protector -I/usr/pkg/include',
optimize='-O',
cppflags='-fwrapv -fno-strict-aliasing -pipe -fstack-protector -I/usr/pkg/include'
ccversion='', gccversion='4.5.3', gccosandvers=''
intsize=4, longsize=8, ptrsize=8, doublesize=8, byteorder=12345678
d_longlong=define, longlongsize=8, d_longdbl=define, longdblsize=16
ivtype='long', ivsize=8, nvtype='double', nvsize=8, Off_t='off_t', lseeksize=8
alignbytes=8, prototype=define
Linker and Libraries:
ld='cc', ldflags =' -Wl,-rpath,/usr/pkg/lib -Wl,-rpath,/usr/local/lib -fstack-protector -L/usr/pkg/lib'
libpth=/usr/include/gcc-4.5 /usr/lib /usr/pkg/lib /lib
libs=-lpthread -lgdbm -lm -lcrypt -lutil -lc -lposix
perllibs=-lpthread -lm -lcrypt -lutil -lc -lposix
libc=/lib/libc.so, so=so, useshrplib=false, libperl=libperl.a
gnulibc_version=''
Dynamic Linking:
dlsrc=dl_dlopen.xs, dlext=so, d_dlsymun=undef, ccdlflags='-Wl,-E '
cccdlflags='-DPIC -fPIC ', lddlflags='--whole-archive -shared -L/usr/pkg/lib -fstack-protector'
Characteristics of this binary (from libperl):
Compile-time options: HAS_TIMES MULTIPLICITY PERLIO_LAYERS
PERL_DONT_CREATE_GVSV
PERL_HASH_FUNC_ONE_AT_A_TIME_HARD
PERL_IMPLICIT_CONTEXT PERL_MALLOC_WRAP
PERL_NEW_COPY_ON_WRITE PERL_PRESERVE_IVUV
USE_64_BIT_ALL USE_64_BIT_INT USE_ITHREADS
USE_LARGE_FILES USE_LOCALE USE_LOCALE_COLLATE
USE_LOCALE_CTYPE USE_LOCALE_NUMERIC USE_PERLIO
USE_PERL_ATOF USE_REENTRANT_API
Locally applied patches:
Devel::PatchPerl 1.38
Built under netbsd
Compiled at Sep 14 2015 13:41:57
%ENV:
PERL5LIB=":/home/cpan/pit/thr/conf/perl-5.20.3/.cpanplus/5.20.3/build/ONnRxeSGB5/Tie-IxHash-1.23/blib/lib:/home/cpan/pit/thr/conf/perl-5.20.3/.cpanplus/5.20.3/build/ONnRxeSGB5/Tie-IxHash-1.23/blib/arch:/home/cpan/pit/thr/conf/perl-5.20.3/.cpanplus/5.20.3/build/8ZTnVmjf_d/CSS-Simple-3224/blib/lib:/home/cpan/pit/thr/conf/perl-5.20.3/.cpanplus/5.20.3/build/8ZTnVmjf_d/CSS-Simple-3224/blib/arch"
PERL5_CPANPLUS_IS_RUNNING="2244"
PERL5_CPANPLUS_IS_VERSION="0.9170"
PERL5_MINISMOKEBOX="0.68"
PERL5_YACSMOKE_BASE="/home/cpan/pit/thr/conf/perl-5.20.3"
PERL_EXTUTILS_AUTOINSTALL="--defaultdeps"
PERL_MM_USE_DEFAULT="1"
@INC:
/home/cpan/pit/thr/conf/perl-5.20.3/.cpanplus/5.20.3/build/ONnRxeSGB5/Tie-IxHash-1.23/blib/lib
/home/cpan/pit/thr/conf/perl-5.20.3/.cpanplus/5.20.3/build/ONnRxeSGB5/Tie-IxHash-1.23/blib/arch
/home/cpan/pit/thr/conf/perl-5.20.3/.cpanplus/5.20.3/build/8ZTnVmjf_d/CSS-Simple-3224/blib/lib
/home/cpan/pit/thr/conf/perl-5.20.3/.cpanplus/5.20.3/build/8ZTnVmjf_d/CSS-Simple-3224/blib/arch
/home/cpan/pit/thr/perl-5.20.3/lib/site_perl/5.20.3/amd64-netbsd-thread-multi
/home/cpan/pit/thr/perl-5.20.3/lib/site_perl/5.20.3
/home/cpan/pit/thr/perl-5.20.3/lib/5.20.3/amd64-netbsd-thread-multi
/home/cpan/pit/thr/perl-5.20.3/lib/5.20.3
.