Report for Sledge-Plugin-Paginate-0.01

Back
From: metabase:user:c2f5ff8c-3c8f-11e3-bf27-fc60afd260fb
Subject: FAIL Sledge-Plugin-Paginate-0.01 v5.16.3 GNU/Linux
Date: 2013-12-16T23:13:46Z

This distribution has been tested as part of the CPAN Testers
project, supporting the Perl programming language.  See
http://wiki.cpantesters.org/ for more information or email
questions to cpan-testers-discuss@perl.org


--
Dear Atsushi Kobayashi,

This is a computer-generated report for Sledge-Plugin-Paginate-0.01
on perl 5.16.3, created by CPAN-Reporter-1.2010.

Thank you for uploading your work to CPAN.  However, there was a problem
testing your distribution.

If you think this report is invalid, please consult the CPAN Testers Wiki
for suggestions on how to avoid getting FAIL reports for missing library
or binary dependencies, unsupported operating systems, and so on:

http://wiki.cpantesters.org/wiki/CPANAuthorNotes

Sections of this report:

    * Tester comments
    * Program output
    * Prerequisites
    * Environment and other context

------------------------------
TESTER COMMENTS
------------------------------

Additional comments from tester:

this report is from an automated smoke testing program
and was not reviewed by a human for accuracy

------------------------------
PROGRAM OUTPUT
------------------------------

Output from '/usr/bin/make test':

PERL_DL_NONLAZY=1 /home/perltest/perl5/perlbrew/perls/perl-5.16.3-thread-multi/bin/perl "-MExtUtils::Command::MM" "-e" "test_harness(0, 'blib/lib', 'blib/arch')" t/*.t

#   Failed test 'use Sledge::Plugin::Paginate;'
#   at t/00-load.t line 6.
#     Tried to use 'Sledge::Plugin::Paginate'.
#     Error:  Can't locate Data/Page.pm in @INC (@INC contains: /home/perltest/.cpan/build/Sledge-Plugin-Paginate-0.01-j7DQEe/blib/lib /home/perltest/.cpan/build/Sledge-Plugin-Paginate-0.01-j7DQEe/blib/arch /home/perltest/perl5/perlbrew/perls/perl-5.16.3-thread-multi/lib/site_perl/5.16.3/x86_64-linux-thread-multi /home/perltest/perl5/perlbrew/perls/perl-5.16.3-thread-multi/lib/site_perl/5.16.3 /home/perltest/perl5/perlbrew/perls/perl-5.16.3-thread-multi/lib/5.16.3/x86_64-linux-thread-multi /home/perltest/perl5/perlbrew/perls/perl-5.16.3-thread-multi/lib/5.16.3) at /home/perltest/.cpan/build/Sledge-Plugin-Paginate-0.01-j7DQEe/blib/lib/Sledge/Plugin/Paginate.pm line 8.
# BEGIN failed--compilation aborted at /home/perltest/.cpan/build/Sledge-Plugin-Paginate-0.01-j7DQEe/blib/lib/Sledge/Plugin/Paginate.pm line 8.
# Compilation failed in require at (eval 4) line 2.
# BEGIN failed--compilation aborted at (eval 4) line 2.
Use of uninitialized value $Sledge::Plugin::Paginate::VERSION in concatenation (.) or string at t/00-load.t line 9.
# Testing Sledge::Plugin::Paginate , Perl 5.016003, /home/perltest/perl5/perlbrew/perls/perl-5.16.3-thread-multi/bin/perl
# Looks like you failed 1 test of 1.
t/00-load.t ....... 
Dubious, test returned 1 (wstat 256, 0x100)
Failed 1/1 subtests 
t/boilerplate.t ... ok

#   Failed test 'Pod coverage on Sledge::Plugin::Paginate'
#   at /home/perltest/perl5/perlbrew/perls/perl-5.16.3-thread-multi/lib/site_perl/5.16.3/Test/Pod/Coverage.pm line 126.
# Sledge::Plugin::Paginate: requiring 'Sledge::Plugin::Paginate' failed
# Looks like you failed 1 test of 1.
t/pod-coverage.t .. 
Dubious, test returned 1 (wstat 256, 0x100)
Failed 1/1 subtests 
t/pod.t ........... ok

Test Summary Report
-------------------
t/00-load.t     (Wstat: 256 Tests: 1 Failed: 1)
  Failed test:  1
  Non-zero exit status: 1
t/pod-coverage.t (Wstat: 256 Tests: 1 Failed: 1)
  Failed test:  1
  Non-zero exit status: 1
Files=4, Tests=6,  0 wallclock secs ( 0.06 usr  0.04 sys +  0.21 cusr  0.09 csys =  0.40 CPU)
Result: FAIL
Failed 2/4 test programs. 2/6 subtests failed.
make: *** [test_dynamic] Ошибка 255

------------------------------
PREREQUISITES
------------------------------

Prerequisite modules loaded:

requires:

    Module              Need Have   
    ------------------- ---- -------
    Test::More          0    0.98   

build_requires:

    Module              Need Have   
    ------------------- ---- -------
    ExtUtils::MakeMaker 0    6.63_02


------------------------------
ENVIRONMENT AND OTHER CONTEXT
------------------------------

Environment variables:

    AUTOMATED_TESTING = 1
    LANG = ru_RU
    LANGUAGE = ru_RU:ru
    LC_ADDRESS = en_US.UTF-8
    LC_ALL = ru_RU.utf8
    LC_IDENTIFICATION = en_US.UTF-8
    LC_MEASUREMENT = en_US.UTF-8
    LC_MONETARY = en_US.UTF-8
    LC_NAME = en_US.UTF-8
    LC_NUMERIC = en_US.UTF-8
    LC_PAPER = en_US.UTF-8
    LC_TELEPHONE = en_US.UTF-8
    LC_TIME = en_US.UTF-8
    PATH = /home/perltest/perl5/perlbrew/bin:/home/perltest/perl5/perlbrew/perls/perl-5.16.3-thread-multi/bin:/usr/local/sbin:/usr/local/bin:/usr/sbin:/usr/bin:/sbin:/bin:/usr/games:/usr/local/games
    PERL5LIB = 
    PERL5OPT = 
    PERL5_CPANPLUS_IS_RUNNING = 23346
    PERL5_CPAN_IS_RUNNING = 23346
    PERL5_CPAN_IS_RUNNING_IN_RECURSION = 3056,23346
    PERLBREW_BASHRC_VERSION = 0.66
    PERLBREW_HOME = /home/perltest/.perlbrew
    PERLBREW_MANPATH = /home/perltest/perl5/perlbrew/perls/perl-5.16.3-thread-multi/man
    PERLBREW_PATH = /home/perltest/perl5/perlbrew/bin:/home/perltest/perl5/perlbrew/perls/perl-5.16.3-thread-multi/bin
    PERLBREW_PERL = perl-5.16.3-thread-multi
    PERLBREW_ROOT = /home/perltest/perl5/perlbrew
    PERLBREW_VERSION = 0.66
    PERL_CR_SMOKER_CURRENT = Sledge-Plugin-Paginate-0.01
    PERL_EXTUTILS_AUTOINSTALL = --defaultdeps
    PERL_MM_USE_DEFAULT = 1
    SHELL = /bin/bash
    TERM = xterm

Perl special variables (and OS-specific diagnostics, for MSWin32):

    $^X = /home/perltest/perl5/perlbrew/perls/perl-5.16.3-thread-multi/bin/perl
    $UID/$EUID = 1001 / 1001
    $GID = 1001 1001
    $EGID = 1001 1001

Perl module toolchain versions installed:

    Module              Have    
    ------------------- --------
    CPAN                2.00    
    CPAN::Meta          2.133380
    Cwd                 3.40    
    ExtUtils::CBuilder  0.280212
    ExtUtils::Command   1.17    
    ExtUtils::Install   1.58    
    ExtUtils::MakeMaker 6.63_02 
    ExtUtils::Manifest  1.61    
    ExtUtils::ParseXS   3.16    
    File::Spec          3.40    
    JSON                2.61    
    JSON::PP            2.27203 
    Module::Build       0.4007  
    Module::Signature   n/a     
    Parse::CPAN::Meta   1.4409  
    Test::Harness       3.30    
    Test::More          0.98    
    YAML                0.84    
    YAML::Syck          1.27    
    version             0.9904  


--

Summary of my perl5 (revision 5 version 16 subversion 3) configuration:
   
  Platform:
    osname=linux, osvers=3.8.0-32-generic, archname=x86_64-linux-thread-multi
    uname='linux vm22-ubuntu 3.8.0-32-generic #47-ubuntu smp tue oct 1 22:35:23 utc 2013 x86_64 x86_64 x86_64 gnulinux '
    config_args='-de -Dprefix=/home/perltest/perl5/perlbrew/perls/perl-5.16.3-thread-multi -Dusethreads -Dusemultiplicity -Aeval:scriptdir=/home/perltest/perl5/perlbrew/perls/perl-5.16.3-thread-multi/bin'
    hint=recommended, useposix=true, d_sigaction=define
    useithreads=define, usemultiplicity=define
    useperlio=define, d_sfio=undef, uselargefiles=define, usesocks=undef
    use64bitint=define, use64bitall=define, uselongdouble=undef
    usemymalloc=n, bincompat5005=undef
  Compiler:
    cc='cc', ccflags ='-D_REENTRANT -D_GNU_SOURCE -fno-strict-aliasing -pipe -fstack-protector -I/usr/local/include -D_LARGEFILE_SOURCE -D_FILE_OFFSET_BITS=64',
    optimize='-O2',
    cppflags='-D_REENTRANT -D_GNU_SOURCE -fno-strict-aliasing -pipe -fstack-protector -I/usr/local/include'
    ccversion='', gccversion='4.7.3', gccosandvers=''
    intsize=4, longsize=8, ptrsize=8, doublesize=8, byteorder=12345678
    d_longlong=define, longlongsize=8, d_longdbl=define, longdblsize=16
    ivtype='long', ivsize=8, nvtype='double', nvsize=8, Off_t='off_t', lseeksize=8
    alignbytes=8, prototype=define
  Linker and Libraries:
    ld='cc', ldflags =' -fstack-protector -L/usr/local/lib'
    libpth=/usr/local/lib /lib/x86_64-linux-gnu /lib/../lib /usr/lib/x86_64-linux-gnu /usr/lib/../lib /lib /usr/lib
    libs=-lnsl -ldl -lm -lcrypt -lutil -lpthread -lc
    perllibs=-lnsl -ldl -lm -lcrypt -lutil -lpthread -lc
    libc=, so=so, useshrplib=false, libperl=libperl.a
    gnulibc_version='2.17'
  Dynamic Linking:
    dlsrc=dl_dlopen.xs, dlext=so, d_dlsymun=undef, ccdlflags='-Wl,-E'
    cccdlflags='-fPIC', lddlflags='-shared -O2 -L/usr/local/lib -fstack-protector'


Characteristics of this binary (from libperl): 
  Compile-time options: HAS_TIMES MULTIPLICITY PERLIO_LAYERS
                        PERL_DONT_CREATE_GVSV PERL_IMPLICIT_CONTEXT
                        PERL_MALLOC_WRAP PERL_PRESERVE_IVUV USE_64_BIT_ALL
                        USE_64_BIT_INT USE_ITHREADS USE_LARGE_FILES
                        USE_LOCALE USE_LOCALE_COLLATE USE_LOCALE_CTYPE
                        USE_LOCALE_NUMERIC USE_PERLIO USE_PERL_ATOF
                        USE_REENTRANT_API
  Built under linux
  Compiled at Oct 24 2013 08:45:12
  %ENV:
    PERL5LIB=""
    PERL5OPT=""
    PERL5_CPANPLUS_IS_RUNNING="23346"
    PERL5_CPAN_IS_RUNNING="23346"
    PERL5_CPAN_IS_RUNNING_IN_RECURSION="3056,23346"
    PERLBREW_BASHRC_VERSION="0.66"
    PERLBREW_HOME="/home/perltest/.perlbrew"
    PERLBREW_MANPATH="/home/perltest/perl5/perlbrew/perls/perl-5.16.3-thread-multi/man"
    PERLBREW_PATH="/home/perltest/perl5/perlbrew/bin:/home/perltest/perl5/perlbrew/perls/perl-5.16.3-thread-multi/bin"
    PERLBREW_PERL="perl-5.16.3-thread-multi"
    PERLBREW_ROOT="/home/perltest/perl5/perlbrew"
    PERLBREW_VERSION="0.66"
    PERL_CR_SMOKER_CURRENT="Sledge-Plugin-Paginate-0.01"
    PERL_EXTUTILS_AUTOINSTALL="--defaultdeps"
    PERL_MM_USE_DEFAULT="1"
  @INC:
    /home/perltest/perl5/perlbrew/perls/perl-5.16.3-thread-multi/lib/site_perl/5.16.3/x86_64-linux-thread-multi
    /home/perltest/perl5/perlbrew/perls/perl-5.16.3-thread-multi/lib/site_perl/5.16.3
    /home/perltest/perl5/perlbrew/perls/perl-5.16.3-thread-multi/lib/5.16.3/x86_64-linux-thread-multi
    /home/perltest/perl5/perlbrew/perls/perl-5.16.3-thread-multi/lib/5.16.3
    .