DBD-Redbase v0.22 Perl 5 v5.12.1 i686-linux

Status
Fail
From
Graham Crookham (GRAHAMC)
Dist
DBD-Redbase v0.22
Platform
Perl 5 v5.12.1 i686-linux
Date
2010-08-12 22:05:26
ID
b6937ef2-a65d-11df-b2d2-e236cde02489
This distribution has been tested as part of the CPAN Testers
project, supporting the Perl programming language.  See
http://wiki.cpantesters.org/ for more information or email
questions to cpan-testers-discuss@perl.org


--
Dear Ilya Verlinsky,

This is a computer-generated report for DBD-Redbase-0.22
on perl 5.12.1, created by CPAN-Reporter-1.18.

Thank you for uploading your work to CPAN.  However, there was a problem
testing your distribution.

If you think this report is invalid, please consult the CPAN Testers Wiki
for suggestions on how to avoid getting FAIL reports for missing library
or binary dependencies, unsupported operating systems, and so on:

http://wiki.cpantesters.org/wiki/CPANAuthorNotes

Sections of this report:

    * Tester comments
    * Program output
    * Prerequisites
    * Environment and other context

------------------------------
TESTER COMMENTS
------------------------------

Additional comments from tester:

this report is from an automated smoke testing program
and was not reviewed by a human for accuracy

------------------------------
PROGRAM OUTPUT
------------------------------

Output from 'make test':

PERL_DL_NONLAZY=1 /home/graham/perltest/perl5121/perl/bin/perl "-MExtUtils::Command::MM" "-e" "test_harness(0, 'blib/lib', 'blib/arch')" t/*.t
t/00base.t ......... ok
t/10dsnlist.t ...... 
Dubious, test returned 10 (wstat 2560, 0xa00)
Failed 3/3 subtests 
t/20createdrop.t ... 
Dubious, test returned 10 (wstat 2560, 0xa00)
Failed 5/5 subtests 
t/30insertfetch.t .. 
Dubious, test returned 10 (wstat 2560, 0xa00)
Failed 17/17 subtests 
t/40bindparam.t .... 
Dubious, test returned 10 (wstat 2560, 0xa00)
Failed 28/28 subtests 
t/40listfields.t ... 
Dubious, test returned 10 (wstat 2560, 0xa00)
Failed 13/13 subtests 
t/40nulls.t ........ 
Dubious, test returned 10 (wstat 2560, 0xa00)
Failed 11/11 subtests 
t/40numrows.t ...... 
Dubious, test returned 10 (wstat 2560, 0xa00)
Failed 25/25 subtests 
t/50chopblanks.t ... 
Dubious, test returned 10 (wstat 2560, 0xa00)
Failed 35/35 subtests 
t/50commit.t ....... 
Dubious, test returned 255 (wstat 65280, 0xff00)
Failed 30/30 subtests 

Test Summary Report
-------------------
t/10dsnlist.t    (Wstat: 2560 Tests: 1 Failed: 1)
  Failed test:  1
  Non-zero exit status: 10
  Parse errors: Bad plan.  You planned 3 tests but ran 1.
t/20createdrop.t (Wstat: 2560 Tests: 1 Failed: 1)
  Failed test:  1
  Non-zero exit status: 10
  Parse errors: Bad plan.  You planned 5 tests but ran 1.
t/30insertfetch.t (Wstat: 2560 Tests: 1 Failed: 1)
  Failed test:  1
  Non-zero exit status: 10
  Parse errors: Bad plan.  You planned 17 tests but ran 1.
t/40bindparam.t  (Wstat: 2560 Tests: 1 Failed: 1)
  Failed test:  1
  Non-zero exit status: 10
  Parse errors: Bad plan.  You planned 28 tests but ran 1.
t/40listfields.t (Wstat: 2560 Tests: 1 Failed: 1)
  Failed test:  1
  Non-zero exit status: 10
  Parse errors: Bad plan.  You planned 13 tests but ran 1.
t/40nulls.t      (Wstat: 2560 Tests: 1 Failed: 1)
  Failed test:  1
  Non-zero exit status: 10
  Parse errors: Bad plan.  You planned 11 tests but ran 1.
t/40numrows.t    (Wstat: 2560 Tests: 1 Failed: 1)
  Failed test:  1
  Non-zero exit status: 10
  Parse errors: Bad plan.  You planned 25 tests but ran 1.
t/50chopblanks.t (Wstat: 2560 Tests: 1 Failed: 1)
  Failed test:  1
  Non-zero exit status: 10
  Parse errors: Bad plan.  You planned 35 tests but ran 1.
t/50commit.t     (Wstat: 65280 Tests: 1 Failed: 1)
  Failed test:  1
  Non-zero exit status: 255
  Parse errors: Bad plan.  You planned 30 tests but ran 1.
Files=10, Tests=14,  4 wallclock secs ( 0.16 usr  0.01 sys +  2.94 cusr  0.28 csys =  3.39 CPU)
Result: FAIL
Failed 9/10 test programs. 9/14 subtests failed.
make: *** [test_dynamic] Error 255

------------------------------
PREREQUISITES
------------------------------

Prerequisite modules loaded:

requires:

    Module                Need Have
    --------------------- ---- ----
    Bit::Vector           6.1  7.1 
    Bit::Vector::Overload 6.1  7.1 
    Unicode::String       2.06 2.09


------------------------------
ENVIRONMENT AND OTHER CONTEXT
------------------------------

Environment variables:

    AUTOMATED_TESTING = 1
    LANG = C
    PATH = /home/graham/perltest/perl5121/perl/bin:/bin:/usr/bin:/sbin:/usr/sbin:/opt/java/bin:/opt/java/jre/bin:/opt/kde/bin:/usr/bin/perlbin/site:/usr/bin/perlbin/vendor:/usr/bin/perlbin/core:/opt/qt/bin
    PERL5LIB = 
    PERL5OPT = 
    PERL5_CPANPLUS_IS_RUNNING = 30808
    PERL5_CPAN_IS_RUNNING = 30808
    PERL5_CPAN_IS_RUNNING_IN_RECURSION = 4067,30808
    PERL_CR_SMOKER_CURRENT = DBD-Redbase-0.22
    PERL_EXTUTILS_AUTOINSTALL = --defaultdeps
    PERL_MM_USE_DEFAULT = 1
    SHELL = /bin/bash
    TERM = xterm

Perl special variables (and OS-specific diagnostics, for MSWin32):

    $^X = /home/graham/perltest/perl5121/perl/bin/perl
    $UID/$EUID = 1000 / 1000
    $GID = 1000 7 10 91 92 93 95 98 100 108 1000 1001
    $EGID = 1000 7 10 91 92 93 95 98 100 108 1000 1001

Perl module toolchain versions installed:

    Module              Have   
    ------------------- -------
    CPAN                1.9402 
    Cwd                 3.31   
    ExtUtils::CBuilder  0.27_05
    ExtUtils::Command   1.16   
    ExtUtils::Install   1.52   
    ExtUtils::MakeMaker 6.56   
    ExtUtils::Manifest  1.58   
    ExtUtils::ParseXS   2.2206 
    File::Spec          3.31   
    Module::Build       0.36_13
    Module::Signature   0.64   
    Test::Harness       3.21   
    Test::More          0.96   
    YAML                0.71   
    YAML::Syck          1.12   
    version             0.82   


--

Summary of my perl5 (revision 5 version 12 subversion 1) configuration:
   
  Platform:
    osname=linux, osvers=2.6.33-arch, archname=i686-linux
    uname='linux lorant 2.6.33-arch #1 smp preempt thu may 13 12:06:25 cest 2010 i686 intel(r) pentium(r) 4 cpu 2.80ghz genuineintel gnulinux '
    config_args=''
    hint=recommended, useposix=true, d_sigaction=define
    useithreads=undef, usemultiplicity=undef
    useperlio=define, d_sfio=undef, uselargefiles=define, usesocks=undef
    use64bitint=undef, use64bitall=undef, uselongdouble=undef
    usemymalloc=n, bincompat5005=undef
  Compiler:
    cc='cc', ccflags ='-fno-strict-aliasing -pipe -fstack-protector -I/usr/local/include -D_LARGEFILE_SOURCE -D_FILE_OFFSET_BITS=64',
    optimize='-O2',
    cppflags='-fno-strict-aliasing -pipe -fstack-protector -I/usr/local/include'
    ccversion='', gccversion='4.5.0 20100520 (prerelease)', gccosandvers=''
    intsize=4, longsize=4, ptrsize=4, doublesize=8, byteorder=1234
    d_longlong=define, longlongsize=8, d_longdbl=define, longdblsize=12
    ivtype='long', ivsize=4, nvtype='double', nvsize=8, Off_t='off_t', lseeksize=8
    alignbytes=4, prototype=define
  Linker and Libraries:
    ld='cc', ldflags =' -fstack-protector -L/usr/local/lib'
    libpth=/usr/local/lib /lib /usr/lib
    libs=-lnsl -lgdbm -ldb -ldl -lm -lcrypt -lutil -lc -lgdbm_compat
    perllibs=-lnsl -ldl -lm -lcrypt -lutil -lc
    libc=/lib/libc-2.12.so, so=so, useshrplib=true, libperl=libperl.so
    gnulibc_version='2.12'
  Dynamic Linking:
    dlsrc=dl_dlopen.xs, dlext=so, d_dlsymun=undef, ccdlflags='-Wl,-E -Wl,-rpath,/home/graham/perltest/perl5121/perl/lib/5.12.1/i686-linux/CORE'
    cccdlflags='-fPIC', lddlflags='-shared -O2 -L/usr/local/lib -fstack-protector'


Characteristics of this binary (from libperl): 
  Compile-time options: PERL_DONT_CREATE_GVSV PERL_MALLOC_WRAP
                        USE_LARGE_FILES USE_PERLIO USE_PERL_ATOF
  Built under linux
  Compiled at Jul 20 2010 13:38:07
  %ENV:
    PERL5LIB=""
    PERL5OPT=""
    PERL5_CPANPLUS_IS_RUNNING="30808"
    PERL5_CPAN_IS_RUNNING="30808"
    PERL5_CPAN_IS_RUNNING_IN_RECURSION="4067,30808"
    PERL_CR_SMOKER_CURRENT="DBD-Redbase-0.22"
    PERL_EXTUTILS_AUTOINSTALL="--defaultdeps"
    PERL_MM_USE_DEFAULT="1"
  @INC:
    /home/graham/perltest/perl5121/perl/lib/site_perl/5.12.1/i686-linux
    /home/graham/perltest/perl5121/perl/lib/site_perl/5.12.1
    /home/graham/perltest/perl5121/perl/lib/5.12.1/i686-linux
    /home/graham/perltest/perl5121/perl/lib/5.12.1
    .