Back
From: metabase:user:314402c4-2aae-11df-837a-5e0a49663a4f
Subject: FAIL DBIx-DataFactory-0.0.5 v5.14.4 GNU/Linux
Date: 2016-07-22T06:37:07Z
This distribution has been tested as part of the CPAN Testers
project, supporting the Perl programming language. See
http://wiki.cpantesters.org/ for more information or email
questions to cpan-testers-discuss@perl.org
--
Dear Yuki Shibazaki,
This is a computer-generated report for DBIx-DataFactory-0.0.5
on perl 5.14.4, created by CPAN-Reporter-1.2018.
Thank you for uploading your work to CPAN. However, there was a problem
testing your distribution.
If you think this report is invalid, please consult the CPAN Testers Wiki
for suggestions on how to avoid getting FAIL reports for missing library
or binary dependencies, unsupported operating systems, and so on:
http://wiki.cpantesters.org/wiki/CPANAuthorNotes
Sections of this report:
* Tester comments
* Program output
* Prerequisites
* Environment and other context
------------------------------
TESTER COMMENTS
------------------------------
Additional comments from tester:
none provided
------------------------------
PROGRAM OUTPUT
------------------------------
Output from '/usr/bin/make test':
PERL_DL_NONLAZY=1 "/bbbike/perl-5.14.4/bin/perl" "-MExtUtils::Command::MM" "-MTest::Harness" "-e" "undef *Test::Harness::Switches; test_harness(0, 'inc', 'blib/lib', 'blib/arch')" t/*.t
# Testing DBIx::DataFactory 0.0.5
t/00-load.t ................... ok
DBI connect('dbname=test_factory;mysql_socket=/run/user/1023/cpansmoker/2016072118/b0SbTX89yV/tmp/mysql.sock;user=root','root',...) failed: Out of memory; check if mysqld or some other process uses all available memory; if not, you may have to use 'ulimit' to allow mysqld to use more memory or you can add more swap space at t/01-dbix-datafactory.t line 124.
# Failed test '_create_factory_method_specify_sub died (Can't call method "selectrow_hashref" on an undefined value at t/01-dbix-datafactory.t line 127.)'
# at t/01-dbix-datafactory.t line 336.
# (in test::DBIx::DataFactory->_create_factory_method_specify_sub)
# Looks like you failed 1 test of 67.
t/01-dbix-datafactory.t .......
Dubious, test returned 1 (wstat 256, 0x100)
Failed 1/67 subtests
(less 6 skipped subtests: 60 okay)
t/02-dbix-datafactory-type.t .. ok
Test Summary Report
-------------------
t/01-dbix-datafactory.t (Wstat: 256 Tests: 67 Failed: 1)
Failed test: 61
Non-zero exit status: 1
Files=3, Tests=81, 6 wallclock secs ( 0.02 usr 0.02 sys + 0.32 cusr 0.22 csys = 0.58 CPU)
Result: FAIL
Failed 1/3 test programs. 1/81 subtests failed.
Makefile:786: recipe for target 'test_dynamic' failed
make: *** [test_dynamic] Error 255
------------------------------
PREREQUISITES
------------------------------
Prerequisite modules loaded:
requires:
Module Need Have
------------------------ ---- --------
Carp 0 1.38
Class::Accessor::Fast 0 0.34
Class::Data::Inheritable 0 0.08
Class::Load 0 0.23
DBI 0 1.636
DBIx::Inspector 0 0.12
Smart::Args 0 0.13
SQL::Maker 0 1.21
String::Random 0 0.29
Sub::Install 0 0.928
build_requires:
Module Need Have
------------------------ ---- --------
ExtUtils::MakeMaker 6.36 7.16
Path::Class 0 0.36
Test::Class 0 0.50
Test::More 0 1.302037
Test::mysqld 0 0.17
Test::TypeConstraints 0 0.07
configure_requires:
Module Need Have
------------------------ ---- --------
ExtUtils::MakeMaker 6.36 7.16
------------------------------
ENVIRONMENT AND OTHER CONTEXT
------------------------------
Environment variables:
LANG = C
PATH = /usr/local/bin:/usr/bin:/bin:/usr/local/sbin:/usr/sbin:/sbin:/home/cpansand/bin/linux-gnu:/home/cpansand/bin/sh:/home/cpansand/bin:/usr/games:/home/cpansand/devel:/home/eserte/src/srezic-misc/scripts
PERL5LIB = /home/cpansand/.cpan/build/2016072121/Test-TypeConstraints-0.07-3/blib/arch:/home/cpansand/.cpan/build/2016072121/Test-TypeConstraints-0.07-3/blib/lib
PERL5OPT =
PERL5_CPANPLUS_IS_RUNNING = 16043
PERL5_CPAN_IS_RUNNING = 16043
PERL5_CPAN_IS_RUNNING_IN_RECURSION = 5210,16043
PERLDOC = -MPod::Perldoc::ToTextOverstrike
PERL_BATCH = yes
PERL_CANARY_STABILITY_NOPROMPT = 1
PERL_CPAN_REPORTER_CONFIG = /run/user/1023/cpansmoker/2016072118/cpanreporter_006_config.ini
PERL_EXTUTILS_AUTOINSTALL = --defaultdeps
SHELL = /bin/zsh
TERM = screen
TMPDIR = /run/user/1023/cpansmoker/2016072118
Perl special variables (and OS-specific diagnostics, for MSWin32):
$^X = /bbbike/perl-5.14.4/bin/perl
$UID/$EUID = 1023 / 1023
$GID = 1023 1023
$EGID = 1023 1023
Perl module toolchain versions installed:
Module Have
------------------- --------
CPAN 2.14
CPAN::Meta 2.143240
Cwd 3.62
ExtUtils::CBuilder 0.280224
ExtUtils::Command 7.16
ExtUtils::Install 1.56
ExtUtils::MakeMaker 7.16
ExtUtils::Manifest 1.70
ExtUtils::ParseXS 3.30
File::Spec 3.62
JSON 2.90
JSON::PP 2.27400
Module::Build 0.4218
Module::Signature 0.80
Parse::CPAN::Meta 1.4422
Test::Harness 3.36
Test::More 1.302037
YAML 1.15
YAML::Syck 1.29
version 0.9916
--
Summary of my perl5 (revision 5 version 14 subversion 4) configuration:
Platform:
osname=linux, osvers=3.16.0-4-amd64, archname=x86_64-linux
uname='linux eserte 3.16.0-4-amd64 #1 smp debian 3.16.7-ckt25-2 (2016-04-08) x86_64 gnulinux '
config_args='-ds -e -Dprefix=/opt/perl-5.14.4 -Dcf_email=srezic@cpan.org'
hint=recommended, useposix=true, d_sigaction=define
useithreads=undef, usemultiplicity=undef
useperlio=define, d_sfio=undef, uselargefiles=define, usesocks=undef
use64bitint=define, use64bitall=define, uselongdouble=undef
usemymalloc=n, bincompat5005=undef
Compiler:
cc='cc', ccflags ='-fno-strict-aliasing -pipe -fstack-protector -I/usr/local/include -D_LARGEFILE_SOURCE -D_FILE_OFFSET_BITS=64',
optimize='-O2',
cppflags='-fno-strict-aliasing -pipe -fstack-protector -I/usr/local/include'
ccversion='', gccversion='4.9.2', gccosandvers=''
intsize=4, longsize=8, ptrsize=8, doublesize=8, byteorder=12345678
d_longlong=define, longlongsize=8, d_longdbl=define, longdblsize=16
ivtype='long', ivsize=8, nvtype='double', nvsize=8, Off_t='off_t', lseeksize=8
alignbytes=8, prototype=define
Linker and Libraries:
ld='cc', ldflags =' -fstack-protector -L/usr/local/lib'
libpth=/usr/local/lib /lib/x86_64-linux-gnu /lib/../lib /usr/lib/x86_64-linux-gnu /usr/lib/../lib /lib /usr/lib
libs=-lnsl -lgdbm -ldb -ldl -lm -lcrypt -lutil -lc -lgdbm_compat
perllibs=-lnsl -ldl -lm -lcrypt -lutil -lc
libc=libc-2.19.so, so=so, useshrplib=false, libperl=libperl.a
gnulibc_version='2.19'
Dynamic Linking:
dlsrc=dl_dlopen.xs, dlext=so, d_dlsymun=undef, ccdlflags='-Wl,-E'
cccdlflags='-fPIC', lddlflags='-shared -O2 -L/usr/local/lib -fstack-protector'
Characteristics of this binary (from libperl):
Compile-time options: PERL_DONT_CREATE_GVSV PERL_MALLOC_WRAP
PERL_PRESERVE_IVUV USE_64_BIT_ALL USE_64_BIT_INT
USE_LARGE_FILES USE_PERLIO USE_PERL_ATOF
Locally applied patches:
Devel::PatchPerl 1.42
Built under linux
Compiled at May 7 2016 10:35:43
%ENV:
PERL5LIB="/home/cpansand/.cpan/build/2016072121/Test-TypeConstraints-0.07-3/blib/arch:/home/cpansand/.cpan/build/2016072121/Test-TypeConstraints-0.07-3/blib/lib"
PERL5OPT=""
PERL5_CPANPLUS_IS_RUNNING="16043"
PERL5_CPAN_IS_RUNNING="16043"
PERL5_CPAN_IS_RUNNING_IN_RECURSION="5210,16043"
PERLDOC="-MPod::Perldoc::ToTextOverstrike"
PERL_BATCH="yes"
PERL_CANARY_STABILITY_NOPROMPT="1"
PERL_CPAN_REPORTER_CONFIG="/run/user/1023/cpansmoker/2016072118/cpanreporter_006_config.ini"
PERL_EXTUTILS_AUTOINSTALL="--defaultdeps"
@INC:
/home/cpansand/.cpan/build/2016072121/Test-TypeConstraints-0.07-3/blib/arch
/home/cpansand/.cpan/build/2016072121/Test-TypeConstraints-0.07-3/blib/lib
/opt/perl-5.14.4/lib/site_perl/5.14.4/x86_64-linux
/opt/perl-5.14.4/lib/site_perl/5.14.4
/opt/perl-5.14.4/lib/5.14.4/x86_64-linux
/opt/perl-5.14.4/lib/5.14.4
.