Sque v0.010 Perl 5 v5.14.4 x86_64-linux

Status
Fail
From
Slaven Rezić (SREZIC)
Dist
Sque v0.010
Platform
Perl 5 v5.14.4 x86_64-linux
Date
2019-03-05 22:26:24
ID
b5c05f4c-3f95-11e9-bd76-65741f24ea8f
This distribution has been tested as part of the CPAN Testers
project, supporting the Perl programming language.  See
http://wiki.cpantesters.org/ for more information or email
questions to cpan-testers-discuss@perl.org


--
Dear William Wolf,

This is a computer-generated report for Sque-0.010
on perl 5.14.4, created by CPAN-Reporter-1.2018.

Thank you for uploading your work to CPAN.  However, there was a problem
testing your distribution.

If you think this report is invalid, please consult the CPAN Testers Wiki
for suggestions on how to avoid getting FAIL reports for missing library
or binary dependencies, unsupported operating systems, and so on:

http://wiki.cpantesters.org/wiki/CPANAuthorNotes

Sections of this report:

    * Tester comments
    * Program output
    * Prerequisites
    * Environment and other context

------------------------------
TESTER COMMENTS
------------------------------

Additional comments from tester:

none provided

------------------------------
PROGRAM OUTPUT
------------------------------

Output from '/usr/bin/make test':

PERL_DL_NONLAZY=1 "/opt/perl-5.14.4/bin/perl" "-MExtUtils::Command::MM" "-MTest::Harness" "-e" "undef *Test::Harness::Switches; test_harness(0, 'blib/lib', 'blib/arch')" t/*.t
Any::Moose is deprecated. Please use Moo instead at /home/cpansand/.cpan/build/2019030522/Sque-0.010-6Tlv8E/blib/lib/Sque.pm line 5.
# Testing Resque 0.010, Perl 5.014004, /opt/perl-5.14.4/bin/perl
t/00-load.t ......... ok
Any::Moose is deprecated. Please use Moo instead at /home/cpansand/.cpan/build/2019030522/Sque-0.010-6Tlv8E/blib/lib/Sque.pm line 5.
t/01-namespace.t .... ok
Any::Moose is deprecated. Please use Moo instead at /home/cpansand/.cpan/build/2019030522/Sque-0.010-6Tlv8E/blib/lib/Sque.pm line 5.
Could not fork(): Illegal seek at t/lib/Test/SpawnMq.pm line 41.
Error connecting to 127.0.0.1:11051: Connection refused at /home/cpansand/.cpan/build/2019030522/Net-Stomp-0.57-oVKWxM/blib/lib/Net/Stomp.pm line 26.
Failed to connect: Error connecting to 127.0.0.1:11051: Connection refused at /home/cpansand/.cpan/build/2019030522/Net-Stomp-0.57-oVKWxM/blib/lib/Net/Stomp.pm line 27.; giving up at /home/cpansand/.cpan/build/2019030522/Net-Stomp-0.57-oVKWxM/blib/lib/Net/Stomp.pm line 26.

#   Failed test 'Sque->new() died'
#   at t/02-worker.t line 10.
#     Error was:  Failed to connect: Error connecting to 127.0.0.1:11051: Connection refused at /home/cpansand/.cpan/build/2019030522/Net-Stomp-0.57-oVKWxM/blib/lib/Net/Stomp.pm line 27.; giving up at /home/cpansand/.cpan/build/2019030522/Net-Stomp-0.57-oVKWxM/blib/lib/Net/Stomp.pm line 27.
Can't call method "worker" on an undefined value at t/02-worker.t line 13.
# Tests were run but no plan was declared and done_testing() was not seen.
t/02-worker.t ....... 
Dubious, test returned 1 (wstat 256, 0x100)
Failed 1/1 subtests 
Any::Moose is deprecated. Please use Moo instead at /home/cpansand/.cpan/build/2019030522/Sque-0.010-6Tlv8E/blib/lib/Sque.pm line 5.
Could not fork(): Illegal seek at t/lib/Test/SpawnMq.pm line 41.
Error connecting to 127.0.0.1:11034: Connection refused at /home/cpansand/.cpan/build/2019030522/Net-Stomp-0.57-oVKWxM/blib/lib/Net/Stomp.pm line 26.
Failed to connect: Error connecting to 127.0.0.1:11034: Connection refused at /home/cpansand/.cpan/build/2019030522/Net-Stomp-0.57-oVKWxM/blib/lib/Net/Stomp.pm line 27.; retrying at /home/cpansand/.cpan/build/2019030522/Net-Stomp-0.57-oVKWxM/blib/lib/Net/Stomp.pm line 90.
Error connecting to 127.0.0.1:11034: Connection refused at /home/cpansand/.cpan/build/2019030522/Net-Stomp-0.57-oVKWxM/blib/lib/Net/Stomp.pm line 26.
Failed to connect: Error connecting to 127.0.0.1:11034: Connection refused at /home/cpansand/.cpan/build/2019030522/Net-Stomp-0.57-oVKWxM/blib/lib/Net/Stomp.pm line 27.; giving up at /home/cpansand/.cpan/build/2019030522/Net-Stomp-0.57-oVKWxM/blib/lib/Net/Stomp.pm line 26.

#   Failed test 'Sque->new() died'
#   at t/03-failover.t line 13.
#     Error was:  Failed to connect: Error connecting to 127.0.0.1:11034: Connection refused at /home/cpansand/.cpan/build/2019030522/Net-Stomp-0.57-oVKWxM/blib/lib/Net/Stomp.pm line 27.; giving up at /home/cpansand/.cpan/build/2019030522/Net-Stomp-0.57-oVKWxM/blib/lib/Net/Stomp.pm line 27.
Can't call method "worker" on an undefined value at t/03-failover.t line 16.
# Tests were run but no plan was declared and done_testing() was not seen.
t/03-failover.t ..... 
Dubious, test returned 1 (wstat 256, 0x100)
Failed 1/1 subtests 
Any::Moose is deprecated. Please use Moo instead at /home/cpansand/.cpan/build/2019030522/Sque-0.010-6Tlv8E/blib/lib/Sque.pm line 5.
t/04-sighandling.t .. ok

Test Summary Report
-------------------
t/02-worker.t     (Wstat: 256 Tests: 1 Failed: 1)
  Failed test:  1
  Non-zero exit status: 1
  Parse errors: No plan found in TAP output
t/03-failover.t   (Wstat: 256 Tests: 1 Failed: 1)
  Failed test:  1
  Non-zero exit status: 1
  Parse errors: No plan found in TAP output
Files=5, Tests=11, 15 wallclock secs ( 0.01 usr  0.03 sys +  0.90 cusr  0.38 csys =  1.32 CPU)
Result: FAIL
Failed 2/5 test programs. 2/11 subtests failed.
Makefile:922: recipe for target 'test_dynamic' failed
make: *** [test_dynamic] Error 255

------------------------------
PREREQUISITES
------------------------------

Prerequisite modules loaded:

requires:

    Module                       Need Have    
    ---------------------------- ---- --------
    Any::Moose                   0    0.27    
    App::Cmd::Setup              0    0.331   
    JSON                         0    4.01    
    Net::Stomp                   0    0.57    
    Parallel::ForkManager        0    2.02    
    strict                       0    1.04    
    Try::Tiny                    0    0.30    
    UNIVERSAL::require           0    0.18    
    warnings                     0    1.12    

build_requires:

    Module                       Need Have    
    ---------------------------- ---- --------
    base                         0    2.23    
    Capture::Tiny                0    0.48    
    Exporter                     0    5.73    
    File::Temp                   0    0.2309  
    lib                          0    0.63    
    Moose                        0    2.2011  
    POE::Component::MessageQueue 0    0.3004  
    POSIX                        0    1.24    
    Test::More                   0    1.302162

configure_requires:

    Module                       Need Have    
    ---------------------------- ---- --------
    ExtUtils::MakeMaker          6.30 7.34    


------------------------------
ENVIRONMENT AND OTHER CONTEXT
------------------------------

Environment variables:

    LANG = C
    PATH = /usr/local/bin:/usr/bin:/bin:/usr/local/sbin:/usr/sbin:/sbin:/home/cpansand/bin/linux-gnu:/home/cpansand/bin/sh:/home/cpansand/bin:/usr/games:/home/cpansand/devel:/home/eserte/src/srezic-misc/scripts
    PERL5LIB = /home/cpansand/.cpan/build/2019030522/POE-Component-MessageQueue-0.3004-U2Nl8M/blib/arch:/home/cpansand/.cpan/build/2019030522/POE-Component-MessageQueue-0.3004-U2Nl8M/blib/lib:/home/cpansand/.cpan/build/2019030522/MooseX-MultiInitArg-0.02-9akTli/blib/arch:/home/cpansand/.cpan/build/2019030522/MooseX-MultiInitArg-0.02-9akTli/blib/lib:/home/cpansand/.cpan/build/2019030522/POE-Component-Generic-0.1403-CCVmbr/blib/arch:/home/cpansand/.cpan/build/2019030522/POE-Component-Generic-0.1403-CCVmbr/blib/lib:/home/cpansand/.cpan/build/2019030522/Event-Notify-0.00005-WX94F3/blib/arch:/home/cpansand/.cpan/build/2019030522/Event-Notify-0.00005-WX94F3/blib/lib:/home/cpansand/.cpan/build/2019030522/POE-Component-Logger-1.10-qrDy5E/blib/arch:/home/cpansand/.cpan/build/2019030522/POE-Component-Logger-1.10-qrDy5E/blib/lib:/home/cpansand/.cpan/build/2019030522/Log-Dispatch-Config-1.04-05KBXe/blib/arch:/home/cpansand/.cpan/build/2019030522/Log-Dispatch-Config-1.04-05KBXe/blib/lib:/home/cpansand/.cpan/build/2019030522/Exception-Class-DBI-1.01-E7aMLR/blib/arch:/home/cpansand/.cpan/build/2019030522/Exception-Class-DBI-1.01-E7aMLR/blib/lib:/home/cpansand/.cpan/build/2019030522/POE-Filter-Stomp-0.04-4k4tiW/blib/arch:/home/cpansand/.cpan/build/2019030522/POE-Filter-Stomp-0.04-4k4tiW/blib/lib:/home/cpansand/.cpan/build/2019030522/Net-Stomp-0.57-oVKWxM/blib/arch:/home/cpansand/.cpan/build/2019030522/Net-Stomp-0.57-oVKWxM/blib/lib
    PERL5OPT = 
    PERL5_CPANPLUS_IS_RUNNING = 5721
    PERL5_CPAN_IS_RUNNING = 5721
    PERL5_CPAN_IS_RUNNING_IN_RECURSION = 13467,5721
    PERLDOC = -MPod::Perldoc::ToTextOverstrike
    PERL_BATCH = yes
    PERL_CANARY_STABILITY_NOPROMPT = 1
    PERL_CPAN_REPORTER_CONFIG = /var/tmp/cpansmoker-1023/2019030521/cpanreporter_003_config.ini
    PERL_EXTUTILS_AUTOINSTALL = --defaultdeps
    SHELL = /usr/bin/zsh
    TERM = screen
    TMPDIR = /var/tmp/cpansmoker-1023/2019030521

Perl special variables (and OS-specific diagnostics, for MSWin32):

    $^X = /opt/perl-5.14.4/bin/perl
    $UID/$EUID = 1023 / 1023
    $GID = 1023 1023
    $EGID = 1023 1023

Perl module toolchain versions installed:

    Module              Have     
    ------------------- ---------
    CPAN                1.9600_01
    CPAN::Meta          2.150010 
    Cwd                 3.75     
    ExtUtils::CBuilder  0.280230 
    ExtUtils::Command   7.34     
    ExtUtils::Install   2.06     
    ExtUtils::MakeMaker 7.34     
    ExtUtils::Manifest  1.70     
    ExtUtils::ParseXS   3.35     
    File::Spec          3.75     
    JSON                4.01     
    JSON::PP            4.01     
    Module::Build       0.4224   
    Module::Signature   0.83     
    Parse::CPAN::Meta   2.150010 
    Test::Harness       3.42     
    Test::More          1.302162 
    YAML                1.27     
    YAML::Syck          1.31     
    version             0.9924   


--

Summary of my perl5 (revision 5 version 14 subversion 4) configuration:
   
  Platform:
    osname=linux, osvers=4.9.0-8-amd64, archname=x86_64-linux
    uname='linux eserte 4.9.0-8-amd64 #1 smp debian 4.9.130-2 (2018-10-27) x86_64 gnulinux '
    config_args='-ds -e -Dprefix=/opt/perl-5.14.4 -Dcf_email=srezic@cpan.org'
    hint=recommended, useposix=true, d_sigaction=define
    useithreads=undef, usemultiplicity=undef
    useperlio=define, d_sfio=undef, uselargefiles=define, usesocks=undef
    use64bitint=define, use64bitall=define, uselongdouble=undef
    usemymalloc=n, bincompat5005=undef
  Compiler:
    cc='cc', ccflags ='-fno-strict-aliasing -pipe -fstack-protector -I/usr/local/include -D_LARGEFILE_SOURCE -D_FILE_OFFSET_BITS=64',
    optimize='-O2',
    cppflags='-fno-strict-aliasing -pipe -fstack-protector -I/usr/local/include'
    ccversion='', gccversion='6.3.0 20170516', gccosandvers=''
    intsize=4, longsize=8, ptrsize=8, doublesize=8, byteorder=12345678
    d_longlong=define, longlongsize=8, d_longdbl=define, longdblsize=16
    ivtype='long', ivsize=8, nvtype='double', nvsize=8, Off_t='off_t', lseeksize=8
    alignbytes=8, prototype=define
  Linker and Libraries:
    ld='cc', ldflags =' -fstack-protector -L/usr/local/lib'
    libpth=/usr/local/lib /lib/x86_64-linux-gnu /lib/../lib /usr/lib/x86_64-linux-gnu /usr/lib/../lib /lib /usr/lib
    libs=-lnsl -ldb -ldl -lm -lcrypt -lutil -lc
    perllibs=-lnsl -ldl -lm -lcrypt -lutil -lc
    libc=libc-2.24.so, so=so, useshrplib=false, libperl=libperl.a
    gnulibc_version='2.24'
  Dynamic Linking:
    dlsrc=dl_dlopen.xs, dlext=so, d_dlsymun=undef, ccdlflags='-Wl,-E'
    cccdlflags='-fPIC', lddlflags='-shared -O2 -L/usr/local/lib -fstack-protector'


Characteristics of this binary (from libperl): 
  Compile-time options: PERL_DONT_CREATE_GVSV PERL_MALLOC_WRAP
                        PERL_PRESERVE_IVUV USE_64_BIT_ALL USE_64_BIT_INT
                        USE_LARGE_FILES USE_PERLIO USE_PERL_ATOF
  Locally applied patches:
	Devel::PatchPerl 1.46
  Built under linux
  Compiled at Jan  4 2019 19:32:45
  %ENV:
    PERL5LIB="/home/cpansand/.cpan/build/2019030522/POE-Component-MessageQueue-0.3004-U2Nl8M/blib/arch:/home/cpansand/.cpan/build/2019030522/POE-Component-MessageQueue-0.3004-U2Nl8M/blib/lib:/home/cpansand/.cpan/build/2019030522/MooseX-MultiInitArg-0.02-9akTli/blib/arch:/home/cpansand/.cpan/build/2019030522/MooseX-MultiInitArg-0.02-9akTli/blib/lib:/home/cpansand/.cpan/build/2019030522/POE-Component-Generic-0.1403-CCVmbr/blib/arch:/home/cpansand/.cpan/build/2019030522/POE-Component-Generic-0.1403-CCVmbr/blib/lib:/home/cpansand/.cpan/build/2019030522/Event-Notify-0.00005-WX94F3/blib/arch:/home/cpansand/.cpan/build/2019030522/Event-Notify-0.00005-WX94F3/blib/lib:/home/cpansand/.cpan/build/2019030522/POE-Component-Logger-1.10-qrDy5E/blib/arch:/home/cpansand/.cpan/build/2019030522/POE-Component-Logger-1.10-qrDy5E/blib/lib:/home/cpansand/.cpan/build/2019030522/Log-Dispatch-Config-1.04-05KBXe/blib/arch:/home/cpansand/.cpan/build/2019030522/Log-Dispatch-Config-1.04-05KBXe/blib/lib:/home/cpansand/.cpan/build/2019030522/Exception-Class-DBI-1.01-E7aMLR/blib/arch:/home/cpansand/.cpan/build/2019030522/Exception-Class-DBI-1.01-E7aMLR/blib/lib:/home/cpansand/.cpan/build/2019030522/POE-Filter-Stomp-0.04-4k4tiW/blib/arch:/home/cpansand/.cpan/build/2019030522/POE-Filter-Stomp-0.04-4k4tiW/blib/lib:/home/cpansand/.cpan/build/2019030522/Net-Stomp-0.57-oVKWxM/blib/arch:/home/cpansand/.cpan/build/2019030522/Net-Stomp-0.57-oVKWxM/blib/lib"
    PERL5OPT=""
    PERL5_CPANPLUS_IS_RUNNING="5721"
    PERL5_CPAN_IS_RUNNING="5721"
    PERL5_CPAN_IS_RUNNING_IN_RECURSION="13467,5721"
    PERLDOC="-MPod::Perldoc::ToTextOverstrike"
    PERL_BATCH="yes"
    PERL_CANARY_STABILITY_NOPROMPT="1"
    PERL_CPAN_REPORTER_CONFIG="/var/tmp/cpansmoker-1023/2019030521/cpanreporter_003_config.ini"
    PERL_EXTUTILS_AUTOINSTALL="--defaultdeps"
  @INC:
    /home/cpansand/.cpan/build/2019030522/POE-Component-MessageQueue-0.3004-U2Nl8M/blib/arch
    /home/cpansand/.cpan/build/2019030522/POE-Component-MessageQueue-0.3004-U2Nl8M/blib/lib
    /home/cpansand/.cpan/build/2019030522/MooseX-MultiInitArg-0.02-9akTli/blib/arch
    /home/cpansand/.cpan/build/2019030522/MooseX-MultiInitArg-0.02-9akTli/blib/lib
    /home/cpansand/.cpan/build/2019030522/POE-Component-Generic-0.1403-CCVmbr/blib/arch
    /home/cpansand/.cpan/build/2019030522/POE-Component-Generic-0.1403-CCVmbr/blib/lib
    /home/cpansand/.cpan/build/2019030522/Event-Notify-0.00005-WX94F3/blib/arch
    /home/cpansand/.cpan/build/2019030522/Event-Notify-0.00005-WX94F3/blib/lib
    /home/cpansand/.cpan/build/2019030522/POE-Component-Logger-1.10-qrDy5E/blib/arch
    /home/cpansand/.cpan/build/2019030522/POE-Component-Logger-1.10-qrDy5E/blib/lib
    /home/cpansand/.cpan/build/2019030522/Log-Dispatch-Config-1.04-05KBXe/blib/arch
    /home/cpansand/.cpan/build/2019030522/Log-Dispatch-Config-1.04-05KBXe/blib/lib
    /home/cpansand/.cpan/build/2019030522/Exception-Class-DBI-1.01-E7aMLR/blib/arch
    /home/cpansand/.cpan/build/2019030522/Exception-Class-DBI-1.01-E7aMLR/blib/lib
    /home/cpansand/.cpan/build/2019030522/POE-Filter-Stomp-0.04-4k4tiW/blib/arch
    /home/cpansand/.cpan/build/2019030522/POE-Filter-Stomp-0.04-4k4tiW/blib/lib
    /home/cpansand/.cpan/build/2019030522/Net-Stomp-0.57-oVKWxM/blib/arch
    /home/cpansand/.cpan/build/2019030522/Net-Stomp-0.57-oVKWxM/blib/lib
    /opt/perl-5.14.4/lib/site_perl/5.14.4/x86_64-linux
    /opt/perl-5.14.4/lib/site_perl/5.14.4
    /opt/perl-5.14.4/lib/5.14.4/x86_64-linux
    /opt/perl-5.14.4/lib/5.14.4
    .