Gtk2 v1.24993 Perl 5 v5.30.2 amd64-freebsd-thread-multi

Status
Fail
From
Slaven Rezić (SREZIC)
Dist
Gtk2 v1.24993
Platform
Perl 5 v5.30.2 amd64-freebsd-thread-multi
Date
2020-05-03 14:45:19
ID
b5ae19ee-8d4c-11ea-bb4c-fc501f24ea8f
This distribution has been tested as part of the CPAN Testers
project, supporting the Perl programming language.  See
http://wiki.cpantesters.org/ for more information or email
questions to cpan-testers-discuss@perl.org


--
Dear Brian Manning,

This is a computer-generated report for Gtk2-1.24993
on perl 5.30.2, created by CPAN-Reporter-1.2018.

Thank you for uploading your work to CPAN.  However, there was a problem
testing your distribution.

If you think this report is invalid, please consult the CPAN Testers Wiki
for suggestions on how to avoid getting FAIL reports for missing library
or binary dependencies, unsupported operating systems, and so on:

http://wiki.cpantesters.org/wiki/CPANAuthorNotes

Sections of this report:

    * Tester comments
    * Program output
    * Prerequisites
    * Environment and other context

------------------------------
TESTER COMMENTS
------------------------------

Additional comments from tester:

none provided

------------------------------
PROGRAM OUTPUT
------------------------------

Output from '/usr/bin/make test':

"/usr/local/bin/perl" -MExtUtils::Command::MM -e 'cp_nonempty' -- Gtk2.bs blib/arch/auto/Gtk2/Gtk2.bs 644
PERL_DL_NONLAZY=1 "/usr/local/bin/perl" "-MExtUtils::Command::MM" "-MTest::Harness" "-e" "undef *Test::Harness::Switches; test_harness(0, 'blib/lib', 'blib/arch')" t/*.t
# Testing Gtk2 1.24993
#    Running against gtk+ 2.24.32
#   Compiled against gtk+ 2.24.32
Xlib:  extension "RANDR" missing on display ":75".
t/00.Gtk2.t ........................ ok
Xlib:  extension "RANDR" missing on display ":75".
t/01.GtkWindow.t ................... ok
Xlib:  extension "RANDR" missing on display ":75".
t/02.GtkContainer.t ................ ok
t/constants.t ...................... ok
Xlib:  extension "RANDR" missing on display ":75".
t/Gdk.t ............................ ok
Xlib:  extension "RANDR" missing on display ":75".
t/GdkCairo.t ....................... ok
Xlib:  extension "RANDR" missing on display ":75".
t/GdkColor.t ....................... ok
Xlib:  extension "RANDR" missing on display ":75".
t/GdkCursor.t ...................... ok
Xlib:  extension "RANDR" missing on display ":75".
Xlib:  extension "RANDR" missing on display ":75".
Xlib:  extension "RANDR" missing on display ":75".
t/GdkDisplay.t ..................... ok
Xlib:  extension "RANDR" missing on display ":75".
t/GdkDisplayManager.t .............. ok
Xlib:  extension "RANDR" missing on display ":75".
t/GdkDrawable.t .................... ok
Xlib:  extension "RANDR" missing on display ":75".
t/GdkEvent.t ....................... ok
Xlib:  extension "RANDR" missing on display ":75".
t/GdkGC.t .......................... ok
Xlib:  extension "RANDR" missing on display ":75".
t/GdkImage.t ....................... ok
Xlib:  extension "RANDR" missing on display ":75".
t/GdkInput.t ....................... ok
Xlib:  extension "RANDR" missing on display ":75".
t/GdkKeys.t ........................ ok
Xlib:  extension "RANDR" missing on display ":75".
t/GdkPango.t ....................... ok

#   Failed test 'Don't crash on partial pixmap data'
#   at t/GdkPixbuf.t line 126.
GdkPixbuf-LOG **: gdk_pixbuf_from_pixdata() called on: at t/GdkPixbuf.t line 185.
GdkPixbuf-LOG **: 	Encoding rle at t/GdkPixbuf.t line 185.
GdkPixbuf-LOG **: 	Dimensions: 4 x 5 at t/GdkPixbuf.t line 185.
GdkPixbuf-LOG **: 	Rowstride: 16, Length: 91 at t/GdkPixbuf.t line 185.
GdkPixbuf-LOG **: 	Copy pixels == true at t/GdkPixbuf.t line 185.
Xlib:  extension "RANDR" missing on display ":75".
# Looks like you failed 1 test of 112.
t/GdkPixbuf.t ...................... 
Dubious, test returned 1 (wstat 256, 0x100)
Failed 1/112 subtests 
t/GdkPixbufLoader.t ................ ok
t/GdkPixbufSimpleAnim.t ............ ok
Xlib:  extension "RANDR" missing on display ":75".
Gdk-WARNING **: XID collision, trouble ahead at t/GdkPixmap.t line 16.
Gdk-WARNING **: XID collision, trouble ahead at t/GdkPixmap.t line 25.
Gdk-WARNING **: XID collision, trouble ahead at t/GdkPixmap.t line 40.
t/GdkPixmap.t ...................... ok
Xlib:  extension "RANDR" missing on display ":75".
t/GdkProperty.t .................... ok
t/GdkRegion.t ...................... ok
Xlib:  extension "RANDR" missing on display ":75".
t/GdkRgb.t ......................... ok
Xlib:  extension "RANDR" missing on display ":75".
t/GdkScreen.t ...................... ok
Xlib:  extension "RANDR" missing on display ":75".
t/GdkSelection.t ................... ok
Xlib:  extension "RANDR" missing on display ":75".
t/GdkVisual.t ...................... ok
Xlib:  extension "RANDR" missing on display ":75".
t/GdkWindow.t ...................... ok
Xlib:  extension "RANDR" missing on display ":75".
t/GdkX11.t ......................... ok
Xlib:  extension "RANDR" missing on display ":75".
t/GtkAboutDialog.t ................. ok
Xlib:  extension "RANDR" missing on display ":75".
t/GtkAccelGroup.t .................. ok
Xlib:  extension "RANDR" missing on display ":75".
t/GtkAccelLabel.t .................. ok
Xlib:  extension "RANDR" missing on display ":75".
t/GtkAccelMap.t .................... ok
Xlib:  extension "RANDR" missing on display ":75".
t/GtkAction.t ...................... ok
Xlib:  extension "RANDR" missing on display ":75".
t/GtkActionGroup.t ................. ok
Xlib:  extension "RANDR" missing on display ":75".
t/GtkActivatable.t ................. ok
t/GtkAdjustment.t .................. ok
t/GtkAlignment.t ................... ok
t/GtkArrow.t ....................... ok
t/GtkAspectFrame.t ................. ok
Xlib:  extension "RANDR" missing on display ":75".
t/GtkAssistant.t ................... ok
Xlib:  extension "RANDR" missing on display ":75".
t/GtkBin.t ......................... ok
Xlib:  extension "RANDR" missing on display ":75".
t/GtkBindings.t .................... ok
Xlib:  extension "RANDR" missing on display ":75".
t/GtkBox.t ......................... ok
Xlib:  extension "RANDR" missing on display ":75".
t/GtkBuildable.t ................... ok
Xlib:  extension "RANDR" missing on display ":75".
GLib-GObject-WARNING **: gsignal.c:1249: unable to lookup signal "changed" for non instantiatable type 'GtkBuildable' at /home/cpansand/.cpan/build/2020050313/Glib-1.3292-0/blib/lib/Glib/Object/Subclass.pm line 235.
t/GtkBuildableIface.t .............. ok
Xlib:  extension "RANDR" missing on display ":75".
t/GtkBuilder.t ..................... ok
Xlib:  extension "RANDR" missing on display ":75".
t/GtkButton.t ...................... ok
Xlib:  extension "RANDR" missing on display ":75".
t/GtkButtonBox.t ................... ok
Xlib:  extension "RANDR" missing on display ":75".
t/GtkCalendar.t .................... ok
Xlib:  extension "RANDR" missing on display ":75".
GLib-GObject-CRITICAL **: Object class EditableTest doesn't implement property 'editing-canceled' from interface 'GtkCellEditable' at /home/cpansand/.cpan/build/2020050313/Glib-1.3292-0/blib/lib/Glib/Object/Subclass.pm line 235.
t/GtkCellEditable.t ................ ok
Xlib:  extension "RANDR" missing on display ":75".
t/GtkCellLayout.t .................. ok
Xlib:  extension "RANDR" missing on display ":75".
t/GtkCellLayoutIface.t ............. ok
Xlib:  extension "RANDR" missing on display ":75".
t/GtkCellRenderer.t ................ ok
t/GtkCellRendererAccel.t ........... ok
t/GtkCellRendererCombo.t ........... ok
Xlib:  extension "RANDR" missing on display ":75".
t/GtkCellRendererIface-Chaining.t .. ok
t/GtkCellRendererPixbuf.t .......... ok
t/GtkCellRendererProgress.t ........ ok
t/GtkCellRendererSpin.t ............ ok
t/GtkCellRendererSpinner.t ......... ok
t/GtkCellRendererText.t ............ ok
t/GtkCellRendererToggle.t .......... ok
Xlib:  extension "RANDR" missing on display ":75".
t/GtkCellView.t .................... ok
Xlib:  extension "RANDR" missing on display ":75".
t/GtkCheckButton.t ................. ok
Xlib:  extension "RANDR" missing on display ":75".
t/GtkCheckMenuItem.t ............... ok
Xlib:  extension "RANDR" missing on display ":75".
t/GtkClipboard.t ................... ok
Xlib:  extension "RANDR" missing on display ":75".
t/GtkColorButton.t ................. ok
Xlib:  extension "RANDR" missing on display ":75".
t/GtkColorSelection.t .............. ok
Xlib:  extension "RANDR" missing on display ":75".
t/GtkColorSelectionDialog.t ........ ok
Xlib:  extension "RANDR" missing on display ":75".
t/GtkCombo.t ....................... ok
Xlib:  extension "RANDR" missing on display ":75".
t/GtkComboBox.t .................... ok
Xlib:  extension "RANDR" missing on display ":75".
t/GtkComboBoxEntry.t ............... ok
Xlib:  extension "RANDR" missing on display ":75".
t/GtkCurve.t ....................... ok
Xlib:  extension "RANDR" missing on display ":75".
t/GtkDialog.t ...................... ok
t/GtkDrawingArea.t ................. ok
Xlib:  extension "RANDR" missing on display ":75".
t/GtkEditable.t .................... ok
Xlib:  extension "RANDR" missing on display ":75".
t/GtkEntry.t ....................... ok
Xlib:  extension "RANDR" missing on display ":75".
t/GtkEntryBuffer.t ................. ok
Xlib:  extension "RANDR" missing on display ":75".
t/GtkEntryCompletion.t ............. ok
t/GtkEventBox.t .................... ok
Xlib:  extension "RANDR" missing on display ":75".
t/GtkExpander.t .................... ok
t/GtkFileChooser.t ................. skipped: this test is unreliable
Xlib:  extension "RANDR" missing on display ":75".
t/GtkFileChooserButton.t ........... ok
Xlib:  extension "RANDR" missing on display ":75".
t/GtkFileChooserDialog.t ........... ok
Xlib:  extension "RANDR" missing on display ":75".
t/GtkFileChooserWidget.t ........... ok
t/GtkFileFilter.t .................. ok
Xlib:  extension "RANDR" missing on display ":75".
t/GtkFileSelection.t ............... ok
t/GtkFixed.t ....................... ok
Xlib:  extension "RANDR" missing on display ":75".
t/GtkFontButton.t .................. ok
Xlib:  extension "RANDR" missing on display ":75".
t/GtkFontSelection.t ............... ok
t/GtkFrame.t ....................... ok
Xlib:  extension "RANDR" missing on display ":75".
GdkPixbuf-LOG **: gdk_pixbuf_from_pixdata() called on: at t/GtkGammaCurve.t line 20.
GdkPixbuf-LOG **: 	Encoding rle at t/GtkGammaCurve.t line 20.
GdkPixbuf-LOG **: 	Dimensions: 16 x 16 at t/GtkGammaCurve.t line 20.
GdkPixbuf-LOG **: 	Rowstride: 64, Length: 347 at t/GtkGammaCurve.t line 20.
GdkPixbuf-LOG **: 	Copy pixels == true at t/GtkGammaCurve.t line 20.
GdkPixbuf-LOG **: gdk_pixbuf_from_pixdata() called on: at t/GtkGammaCurve.t line 20.
GdkPixbuf-LOG **: 	Encoding rle at t/GtkGammaCurve.t line 20.
GdkPixbuf-LOG **: 	Dimensions: 16 x 16 at t/GtkGammaCurve.t line 20.
GdkPixbuf-LOG **: 	Rowstride: 64, Length: 206 at t/GtkGammaCurve.t line 20.
GdkPixbuf-LOG **: 	Copy pixels == true at t/GtkGammaCurve.t line 20.
GdkPixbuf-LOG **: gdk_pixbuf_from_pixdata() called on: at t/GtkGammaCurve.t line 20.
GdkPixbuf-LOG **: 	Encoding rle at t/GtkGammaCurve.t line 20.
GdkPixbuf-LOG **: 	Dimensions: 16 x 16 at t/GtkGammaCurve.t line 20.
GdkPixbuf-LOG **: 	Rowstride: 64, Length: 228 at t/GtkGammaCurve.t line 20.
GdkPixbuf-LOG **: 	Copy pixels == true at t/GtkGammaCurve.t line 20.
GdkPixbuf-LOG **: gdk_pixbuf_from_pixdata() called on: at t/GtkGammaCurve.t line 20.
GdkPixbuf-LOG **: 	Encoding rle at t/GtkGammaCurve.t line 20.
GdkPixbuf-LOG **: 	Dimensions: 16 x 16 at t/GtkGammaCurve.t line 20.
GdkPixbuf-LOG **: 	Rowstride: 64, Length: 242 at t/GtkGammaCurve.t line 20.
GdkPixbuf-LOG **: 	Copy pixels == true at t/GtkGammaCurve.t line 20.
GdkPixbuf-LOG **: gdk_pixbuf_from_pixdata() called on: at t/GtkGammaCurve.t line 20.
GdkPixbuf-LOG **: 	Encoding rle at t/GtkGammaCurve.t line 20.
GdkPixbuf-LOG **: 	Dimensions: 16 x 16 at t/GtkGammaCurve.t line 20.
GdkPixbuf-LOG **: 	Rowstride: 64, Length: 197 at t/GtkGammaCurve.t line 20.
GdkPixbuf-LOG **: 	Copy pixels == true at t/GtkGammaCurve.t line 20.
t/GtkGammaCurve.t .................. ok
Xlib:  extension "RANDR" missing on display ":75".
t/GtkGC.t .......................... ok
t/GtkHandleBox.t ................... ok
t/GtkHBox.t ........................ ok
t/GtkHButtonBox.t .................. ok
t/GtkHPaned.t ...................... ok
t/GtkHRuler.t ...................... ok
Xlib:  extension "RANDR" missing on display ":75".
t/GtkHScale.t ...................... ok
t/GtkHScrollbar.t .................. ok
t/GtkHSeparator.t .................. ok
t/GtkHSV.t ......................... ok
Xlib:  extension "RANDR" missing on display ":75".
t/GtkIconFactory.t ................. ok
Xlib:  extension "RANDR" missing on display ":75".
t/GtkIconTheme.t ................... ok
Xlib:  extension "RANDR" missing on display ":75".
t/GtkIconView.t .................... ok
Xlib:  extension "RANDR" missing on display ":75".
t/GtkImage.t ....................... ok
Xlib:  extension "RANDR" missing on display ":75".
t/GtkImageMenuItem.t ............... ok
Xlib:  extension "RANDR" missing on display ":75".
t/GtkIMContext.t ................... ok
Xlib:  extension "RANDR" missing on display ":75".
t/GtkInfoBar.t ..................... ok
Xlib:  extension "RANDR" missing on display ":75".
t/GtkInputDialog.t ................. ok
Xlib:  extension "RANDR" missing on display ":75".
t/GtkInvisible.t ................... ok
Xlib:  extension "RANDR" missing on display ":75".
t/GtkItemFactory.t ................. ok
Xlib:  extension "RANDR" missing on display ":75".
t/GtkLabel.t ....................... ok
Xlib:  extension "RANDR" missing on display ":75".
t/GtkLayout.t ...................... ok
Xlib:  extension "RANDR" missing on display ":75".
t/GtkLinkButton.t .................. ok
Xlib:  extension "RANDR" missing on display ":75".
t/GtkListStore.t ................... ok
Xlib:  extension "RANDR" missing on display ":75".
t/GtkMenu.t ........................ ok
t/GtkMenuBar.t ..................... ok
Xlib:  extension "RANDR" missing on display ":75".
t/GtkMenuItem.t .................... ok
Xlib:  extension "RANDR" missing on display ":75".
t/GtkMenuShell.t ................... ok
Xlib:  extension "RANDR" missing on display ":75".
t/GtkMenuToolButton.t .............. ok
Xlib:  extension "RANDR" missing on display ":75".
t/GtkMessageDialog.t ............... ok
t/GtkMisc.t ........................ ok
Xlib:  extension "RANDR" missing on display ":75".
t/GtkNotebook.t .................... ok
t/GtkObject.t ...................... ok
Xlib:  extension "RANDR" missing on display ":75".
t/GtkOffscreenWindow.t ............. ok
Xlib:  extension "RANDR" missing on display ":75".
t/GtkOptionMenu.t .................. ok
Xlib:  extension "RANDR" missing on display ":75".
t/GtkOrientable.t .................. ok
Xlib:  extension "RANDR" missing on display ":75".
t/GtkPageSetup.t ................... ok
Xlib:  extension "RANDR" missing on display ":75".
t/GtkPaned.t ....................... ok
Xlib:  extension "RANDR" missing on display ":75".
t/GtkPaperSize.t ................... ok
Xlib:  extension "RANDR" missing on display ":75".
t/GtkPrintContext.t ................ ok
Xlib:  extension "RANDR" missing on display ":75".
t/GtkPrintOperation.t .............. ok
Xlib:  extension "RANDR" missing on display ":75".
t/GtkPrintOperationPreview.t ....... ok
Xlib:  extension "RANDR" missing on display ":75".
t/GtkPrintSettings.t ............... ok
t/GtkProgressBar.t ................. ok
t/GtkRadioAction.t ................. ok
Xlib:  extension "RANDR" missing on display ":75".
t/GtkRadioButton.t ................. ok
Xlib:  extension "RANDR" missing on display ":75".
t/GtkRadioMenuItem.t ............... ok
Xlib:  extension "RANDR" missing on display ":75".
t/GtkRadioToolButton.t ............. ok
Xlib:  extension "RANDR" missing on display ":75".
t/GtkRange.t ....................... ok
Xlib:  extension "RANDR" missing on display ":75".
t/GtkRc.t .......................... ok
Xlib:  extension "RANDR" missing on display ":75".
t/GtkRecentAction.t ................ ok
Xlib:  extension "RANDR" missing on display ":75".
GLib-CRITICAL **: Source ID 5 was not found when attempting to remove it at t/GtkRecentChooser.t line 67.
GLib-CRITICAL **: Source ID 12 was not found when attempting to remove it at t/GtkRecentChooser.t line 103.
t/GtkRecentChooser.t ............... ok
Xlib:  extension "RANDR" missing on display ":75".
t/GtkRecentChooserDialog.t ......... ok
Xlib:  extension "RANDR" missing on display ":75".
t/GtkRecentChooserMenu.t ........... ok
Xlib:  extension "RANDR" missing on display ":75".
t/GtkRecentChooserWidget.t ......... ok
Xlib:  extension "RANDR" missing on display ":75".
t/GtkRecentFilter.t ................ ok
Xlib:  extension "RANDR" missing on display ":75".
t/GtkRecentManager.t ............... ok
t/GtkRuler.t ....................... ok
Xlib:  extension "RANDR" missing on display ":75".
t/GtkScale.t ....................... ok
Xlib:  extension "RANDR" missing on display ":75".
t/GtkScaleButton.t ................. ok
Xlib:  extension "RANDR" missing on display ":75".
t/GtkScrolledWindow.t .............. ok
Xlib:  extension "RANDR" missing on display ":75".
t/GtkSelection.t ................... ok
t/GtkSeparatorMenuItem.t ........... ok
Xlib:  extension "RANDR" missing on display ":75".
t/GtkSeparatorToolItem.t ........... ok
t/GtkShow.t ........................ skipped: can only test interactively
Xlib:  extension "RANDR" missing on display ":75".
t/GtkSimpleList.t .................. ok
Xlib:  extension "RANDR" missing on display ":75".
t/GtkSimpleMenu.t .................. ok
t/GtkSizeGroup.t ................... ok
Xlib:  extension "RANDR" missing on display ":75".
t/GtkSpinButton.t .................. ok
t/GtkSpinner.t ..................... ok
t/GtkStatusbar.t ................... ok
Xlib:  extension "RANDR" missing on display ":75".
t/GtkStatusIcon.t .................. ok
t/GtkStock.t ....................... ok
Xlib:  extension "RANDR" missing on display ":75".
t/GtkStyle.t ....................... ok
Xlib:  extension "RANDR" missing on display ":75".
t/GtkTable.t ....................... ok
t/GtkTearoffMenuItem.t ............. ok
Xlib:  extension "RANDR" missing on display ":75".
t/GtkTextBuffer.t .................. ok
Xlib:  extension "RANDR" missing on display ":75".
GLib-WARNING **: (gerror.c:407):g_error_new_valist: runtime check failed: (domain != 0) at t/GtkTextBufferRichText.t line 210, <DATA> line 1.
t/GtkTextBufferRichText.t .......... ok
Xlib:  extension "RANDR" missing on display ":75".
t/GtkTextChildAnchor.t ............. ok
t/GtkTextIter.t .................... ok
t/GtkTextMark.t .................... ok
Xlib:  extension "RANDR" missing on display ":75".
t/GtkTextTag.t ..................... ok
t/GtkTextTagTable.t ................ ok
Xlib:  extension "RANDR" missing on display ":75".
t/GtkTextView.t .................... ok
Xlib:  extension "RANDR" missing on display ":75".
t/GtkToggleAction.t ................ ok
Xlib:  extension "RANDR" missing on display ":75".
t/GtkToggleButton.t ................ ok
Xlib:  extension "RANDR" missing on display ":75".
t/GtkToggleToolButton.t ............ ok
Xlib:  extension "RANDR" missing on display ":75".
t/GtkToolbar.t ..................... ok
Xlib:  extension "RANDR" missing on display ":75".
t/GtkToolButton.t .................. ok
Xlib:  extension "RANDR" missing on display ":75".
t/GtkToolItem.t .................... ok
Xlib:  extension "RANDR" missing on display ":75".
t/GtkToolItemGroup.t ............... ok
Xlib:  extension "RANDR" missing on display ":75".
t/GtkToolPalette.t ................. ok
Xlib:  extension "RANDR" missing on display ":75".
t/GtkToolShell.t ................... ok
Xlib:  extension "RANDR" missing on display ":75".
t/GtkTooltip.t ..................... ok
Xlib:  extension "RANDR" missing on display ":75".
t/GtkTooltips.t .................... ok
t/GtkTreeDnd.t ..................... ok
t/GtkTreeModel.t ................... ok
t/GtkTreeModelFilter.t ............. ok
t/GtkTreeModelIface.t .............. ok
t/GtkTreeModelSort.t ............... ok
Xlib:  extension "RANDR" missing on display ":75".
t/GtkTreeSelection.t ............... ok
t/GtkTreeSortable.t ................ ok
t/GtkTreeStore.t ................... ok
t/GtkTreeView-Dnd.t ................ skipped: this test is interactive
Xlib:  extension "RANDR" missing on display ":75".
t/GtkTreeView.t .................... ok
Xlib:  extension "RANDR" missing on display ":75".
t/GtkUIManager.t ................... ok
t/GtkVBox.t ........................ ok
t/GtkVButtonBox.t .................. ok
Xlib:  extension "RANDR" missing on display ":75".
t/GtkViewport.t .................... ok
Xlib:  extension "RANDR" missing on display ":75".
t/GtkVolumeButton.t ................ ok
t/GtkVPaned.t ...................... ok
t/GtkVRuler.t ...................... ok
Xlib:  extension "RANDR" missing on display ":75".
t/GtkVScale.t ...................... ok
t/GtkVScrollbar.t .................. ok
t/GtkVSeparator.t .................. ok
Xlib:  extension "RANDR" missing on display ":75".
t/GtkWidget.t ...................... ok
Xlib:  extension "RANDR" missing on display ":75".
t/options.t ........................ ok
Xlib:  extension "RANDR" missing on display ":75".
t/pango-compat.t ................... ok
Xlib:  extension "RANDR" missing on display ":75".
t/PangoAttributes.t ................ ok
t/PangoCairo.t ..................... ok
Xlib:  extension "RANDR" missing on display ":75".
t/PangoContext.t ................... ok
Xlib:  extension "RANDR" missing on display ":75".
t/PangoFont.t ...................... ok
Xlib:  extension "RANDR" missing on display ":75".
t/PangoFontMap.t ................... ok
Xlib:  extension "RANDR" missing on display ":75".
t/PangoFontset.t ................... ok
t/PangoGravity.t ................... ok
Xlib:  extension "RANDR" missing on display ":75".
t/PangoLayout.t .................... ok
t/PangoMatrix.t .................... ok
Xlib:  extension "RANDR" missing on display ":75".
t/PangoRenderer.t .................. ok
Xlib:  extension "RANDR" missing on display ":75".
t/PangoScript.t .................... ok
t/PangoTabs.t ...................... ok
t/PangoTypes.t ..................... ok
Xlib:  extension "RANDR" missing on display ":75".
t/set-scroll-adjustments-signal.t .. ok
Xlib:  extension "RANDR" missing on display ":75".
t/signal-chaining.t ................ ok
Xlib:  extension "RANDR" missing on display ":75".
t/tied-objects.t ................... ok
t/version-checks.t ................. ok

Test Summary Report
-------------------
t/GdkPixbuf.t                    (Wstat: 256 Tests: 112 Failed: 1)
  Failed test:  44
  Non-zero exit status: 1
Files=228, Tests=5065, 64 wallclock secs ( 1.78 usr  1.41 sys + 39.45 cusr 22.36 csys = 65.00 CPU)
Result: FAIL
Failed 1/228 test programs. 1/5065 subtests failed.
*** Error code 255

Stop.
make: stopped in /usr/home/cpansand/.cpan/build/2020050313/Gtk2-1.24993-1

------------------------------
PREREQUISITES
------------------------------

Prerequisite modules loaded:

requires:

    Module              Need  Have  
    ------------------- ----- ------
    Cairo               1.000 1.107 
    ExtUtils::Depends   0.300 0.8000
    ExtUtils::PkgConfig 1.030 1.16  
    Glib                1.280 1.3292
    Pango               1.220 1.227 

build_requires:

    Module              Need  Have  
    ------------------- ----- ------
    ExtUtils::MakeMaker 0     7.34  

configure_requires:

    Module              Need  Have  
    ------------------- ----- ------
    Cairo               1.000 1.107 
    ExtUtils::Depends   0.300 0.8000
    ExtUtils::MakeMaker 0     7.34  
    ExtUtils::PkgConfig 1.030 1.16  
    Glib                1.280 1.3292
    Pango               1.220 1.227 


------------------------------
ENVIRONMENT AND OTHER CONTEXT
------------------------------

Environment variables:

    PATH = /usr/local/bin:/usr/bin:/bin:/usr/local/sbin:/usr/sbin:/sbin:/home/cpansand/bin/sh:/home/cpansand/bin:/usr/games:/home/cpansand/devel:/usr/home/eserte/src/srezic-misc/scripts
    PERL5LIB = /home/cpansand/.cpan/build/2020050313/Pango-1.227-0/blib/arch:/home/cpansand/.cpan/build/2020050313/Pango-1.227-0/blib/lib:/home/cpansand/.cpan/build/2020050313/Cairo-1.107-0/blib/arch:/home/cpansand/.cpan/build/2020050313/Cairo-1.107-0/blib/lib:/home/cpansand/.cpan/build/2020050313/Glib-Ex-ConnectProperties-20-0/blib/arch:/home/cpansand/.cpan/build/2020050313/Glib-Ex-ConnectProperties-20-0/blib/lib:/home/cpansand/.cpan/build/2020050313/Glib-Ex-ObjectBits-16-0/blib/arch:/home/cpansand/.cpan/build/2020050313/Glib-Ex-ObjectBits-16-0/blib/lib:/home/cpansand/.cpan/build/2020050313/Devel-GlobalDestruction-0.14-0/blib/arch:/home/cpansand/.cpan/build/2020050313/Devel-GlobalDestruction-0.14-0/blib/lib:/home/cpansand/.cpan/build/2020050313/Glib-1.3292-0/blib/arch:/home/cpansand/.cpan/build/2020050313/Glib-1.3292-0/blib/lib:/home/cpansand/.cpan/build/2020050313/ExtUtils-PkgConfig-1.16-0/blib/arch:/home/cpansand/.cpan/build/2020050313/ExtUtils-PkgConfig-1.16-0/blib/lib:/home/cpansand/.cpan/build/2020050313/ExtUtils-Depends-0.8000-0/blib/arch:/home/cpansand/.cpan/build/2020050313/ExtUtils-Depends-0.8000-0/blib/lib:/home/cpansand/.cpan/build/2020050313/Geometry-AffineTransform-1.4-2/blib/arch:/home/cpansand/.cpan/build/2020050313/Geometry-AffineTransform-1.4-2/blib/lib:/home/cpansand/.cpan/build/2020050313/Test-Class-0.50-0/blib/arch:/home/cpansand/.cpan/build/2020050313/Test-Class-0.50-0/blib/lib:/home/cpansand/.cpan/build/2020050313/Test-Exception-0.43-0/blib/arch:/home/cpansand/.cpan/build/2020050313/Test-Exception-0.43-0/blib/lib:/home/cpansand/.cpan/build/2020050313/Sub-Uplevel-0.2800-1/blib/arch:/home/cpansand/.cpan/build/2020050313/Sub-Uplevel-0.2800-1/blib/lib:/home/cpansand/.cpan/build/2020050313/Clone-PP-1.07-0/blib/arch:/home/cpansand/.cpan/build/2020050313/Clone-PP-1.07-0/blib/lib
    PERL5OPT = 
    PERL5_CPANPLUS_IS_RUNNING = 56027
    PERL5_CPAN_IS_RUNNING = 56027
    PERL5_CPAN_IS_RUNNING_IN_RECURSION = 55366,56027
    PERL_BATCH = yes
    PERL_CANARY_STABILITY_NOPROMPT = 1
    PERL_CPAN_REPORTER_CONFIG = /var/tmp/cpansmoker-1023/2020050313/cpanreporter_000_config.ini
    PERL_EXTUTILS_AUTOINSTALL = --defaultdeps
    PERL_USE_UNSAFE_INC = 1
    SHELL = /bin/sh
    TMPDIR = /var/tmp/cpansmoker-1023/2020050313

Perl special variables (and OS-specific diagnostics, for MSWin32):

    $^X = /usr/local/bin/perl
    $UID/$EUID = 1023 / 1023
    $GID = 1023 1023
    $EGID = 1023 1023

Perl module toolchain versions installed:

    Module              Have    
    ------------------- --------
    CPAN                2.22    
    CPAN::Meta          2.150010
    Cwd                 3.78    
    ExtUtils::CBuilder  0.280231
    ExtUtils::Command   7.34    
    ExtUtils::Install   2.14    
    ExtUtils::MakeMaker 7.34    
    ExtUtils::Manifest  1.72    
    ExtUtils::ParseXS   3.40    
    File::Spec          3.78    
    JSON                n/a     
    JSON::PP            4.02    
    Module::Build       0.4231  
    Module::Signature   n/a     
    Parse::CPAN::Meta   2.150010
    Test::Harness       3.42    
    Test::More          1.302162
    YAML                n/a     
    YAML::Syck          1.32    
    version             0.9924  


--

Summary of my perl5 (revision 5 version 30 subversion 2) configuration:
   
  Platform:
    osname=freebsd
    osvers=13.0-current
    archname=amd64-freebsd-thread-multi
    uname='freebsd head-amd64-default-job-01 13.0-current freebsd 13.0-current 1300084 amd64 '
    config_args='-sde -Dprefix=/usr/local -Dlibperl=libperl.so.5.30.2 -Darchlib=/usr/local/lib/perl5/5.30/mach -Dprivlib=/usr/local/lib/perl5/5.30 -Dman3dir=/usr/local/lib/perl5/5.30/perl/man/man3 -Dman1dir=/usr/local/lib/perl5/5.30/perl/man/man1 -Dsitearch=/usr/local/lib/perl5/site_perl/mach/5.30 -Dsitelib=/usr/local/lib/perl5/site_perl -Dscriptdir=/usr/local/bin -Dsiteman3dir=/usr/local/lib/perl5/site_perl/man/man3 -Dsiteman1dir=/usr/local/lib/perl5/site_perl/man/man1 -Ui_malloc -Ui_iconv -Uinstallusrbinperl -Dusenm=n -Dcc=cc -Duseshrplib -Dinc_version_list=none -Dcf_by=mat -Dcf_email=mat@FreeBSD.org -Dcf_time=Sat Mar 14 17:05:13 UTC 2020 -Alddlflags=-L/wrkdirs/usr/ports/lang/perl5.30/work/perl-5.30.2 -L/usr/local/lib/perl5/5.30/mach/CORE -lperl -Dshrpldflags=$(LDDLFLAGS:N-L/wrkdirs/usr/ports/lang/perl5.30/work/perl-5.30.2:N-L/usr/local/lib/perl5/5.30/mach/CORE:N-lperl) -Wl,-soname,$(LIBPERL:R) -Doptimize=-O2 -pipe  -fstack-protector-strong -fno-strict-aliasing  -Dusedtrace -Ui_gdbm -Dusemultiplicity=y -Duse64bitint -Dusemymalloc=n -Dusethreads=y -Accflags=-DUSE_THREAD_SAFE_LOCALE'
    hint=recommended
    useposix=true
    d_sigaction=define
    useithreads=define
    usemultiplicity=define
    use64bitint=define
    use64bitall=define
    uselongdouble=undef
    usemymalloc=n
    default_inc_excludes_dot=define
    bincompat5005=undef
  Compiler:
    cc='cc'
    ccflags ='-DHAS_FPSETMASK -DHAS_FLOATINGPOINT_H -DUSE_THREAD_SAFE_LOCALE -fno-strict-aliasing -pipe -fstack-protector-strong -I/usr/local/include'
    optimize='-O2 -pipe -fstack-protector-strong -fno-strict-aliasing '
    cppflags='-DHAS_FPSETMASK -DHAS_FLOATINGPOINT_H -DUSE_THREAD_SAFE_LOCALE -fno-strict-aliasing -pipe -fstack-protector-strong -I/usr/local/include'
    ccversion=''
    gccversion='FreeBSD Clang 10.0.0 (git@github.com:llvm/llvm-project.git llvmorg-10.0.0-rc4-5-g52c365aa9ca)'
    gccosandvers=''
    intsize=4
    longsize=8
    ptrsize=8
    doublesize=8
    byteorder=12345678
    doublekind=3
    d_longlong=define
    longlongsize=8
    d_longdbl=define
    longdblsize=16
    longdblkind=3
    ivtype='long'
    ivsize=8
    nvtype='double'
    nvsize=8
    Off_t='off_t'
    lseeksize=8
    alignbytes=8
    prototype=define
  Linker and Libraries:
    ld='cc'
    ldflags ='-pthread -Wl,-E  -fstack-protector-strong -L/usr/local/lib'
    libpth=/usr/lib /usr/local/lib /usr/lib/clang/10.0.0/lib /usr/lib
    libs=-lpthread -lm -lcrypt -lutil
    perllibs=-lpthread -lm -lcrypt -lutil
    libc=
    so=so
    useshrplib=true
    libperl=libperl.so.5.30.2
    gnulibc_version=''
  Dynamic Linking:
    dlsrc=dl_dlopen.xs
    dlext=so
    d_dlsymun=undef
    ccdlflags='  -Wl,-R/usr/local/lib/perl5/5.30/mach/CORE'
    cccdlflags='-DPIC -fPIC'
    lddlflags='-shared  -L/usr/local/lib/perl5/5.30/mach/CORE -lperl -L/usr/local/lib -fstack-protector-strong'


Characteristics of this binary (from libperl): 
  Compile-time options:
    HAS_TIMES
    MULTIPLICITY
    PERLIO_LAYERS
    PERL_COPY_ON_WRITE
    PERL_DONT_CREATE_GVSV
    PERL_IMPLICIT_CONTEXT
    PERL_MALLOC_WRAP
    PERL_OP_PARENT
    PERL_PRESERVE_IVUV
    USE_64_BIT_ALL
    USE_64_BIT_INT
    USE_ITHREADS
    USE_LARGE_FILES
    USE_LOCALE
    USE_LOCALE_COLLATE
    USE_LOCALE_CTYPE
    USE_LOCALE_NUMERIC
    USE_LOCALE_TIME
    USE_PERLIO
    USE_PERL_ATOF
    USE_REENTRANT_API
    USE_THREAD_SAFE_LOCALE
  Built under freebsd
  %ENV:
    PERL5LIB="/home/cpansand/.cpan/build/2020050313/Pango-1.227-0/blib/arch:/home/cpansand/.cpan/build/2020050313/Pango-1.227-0/blib/lib:/home/cpansand/.cpan/build/2020050313/Cairo-1.107-0/blib/arch:/home/cpansand/.cpan/build/2020050313/Cairo-1.107-0/blib/lib:/home/cpansand/.cpan/build/2020050313/Glib-Ex-ConnectProperties-20-0/blib/arch:/home/cpansand/.cpan/build/2020050313/Glib-Ex-ConnectProperties-20-0/blib/lib:/home/cpansand/.cpan/build/2020050313/Glib-Ex-ObjectBits-16-0/blib/arch:/home/cpansand/.cpan/build/2020050313/Glib-Ex-ObjectBits-16-0/blib/lib:/home/cpansand/.cpan/build/2020050313/Devel-GlobalDestruction-0.14-0/blib/arch:/home/cpansand/.cpan/build/2020050313/Devel-GlobalDestruction-0.14-0/blib/lib:/home/cpansand/.cpan/build/2020050313/Glib-1.3292-0/blib/arch:/home/cpansand/.cpan/build/2020050313/Glib-1.3292-0/blib/lib:/home/cpansand/.cpan/build/2020050313/ExtUtils-PkgConfig-1.16-0/blib/arch:/home/cpansand/.cpan/build/2020050313/ExtUtils-PkgConfig-1.16-0/blib/lib:/home/cpansand/.cpan/build/2020050313/ExtUtils-Depends-0.8000-0/blib/arch:/home/cpansand/.cpan/build/2020050313/ExtUtils-Depends-0.8000-0/blib/lib:/home/cpansand/.cpan/build/2020050313/Geometry-AffineTransform-1.4-2/blib/arch:/home/cpansand/.cpan/build/2020050313/Geometry-AffineTransform-1.4-2/blib/lib:/home/cpansand/.cpan/build/2020050313/Test-Class-0.50-0/blib/arch:/home/cpansand/.cpan/build/2020050313/Test-Class-0.50-0/blib/lib:/home/cpansand/.cpan/build/2020050313/Test-Exception-0.43-0/blib/arch:/home/cpansand/.cpan/build/2020050313/Test-Exception-0.43-0/blib/lib:/home/cpansand/.cpan/build/2020050313/Sub-Uplevel-0.2800-1/blib/arch:/home/cpansand/.cpan/build/2020050313/Sub-Uplevel-0.2800-1/blib/lib:/home/cpansand/.cpan/build/2020050313/Clone-PP-1.07-0/blib/arch:/home/cpansand/.cpan/build/2020050313/Clone-PP-1.07-0/blib/lib"
    PERL5OPT=""
    PERL5_CPANPLUS_IS_RUNNING="56027"
    PERL5_CPAN_IS_RUNNING="56027"
    PERL5_CPAN_IS_RUNNING_IN_RECURSION="55366,56027"
    PERL_BATCH="yes"
    PERL_CANARY_STABILITY_NOPROMPT="1"
    PERL_CPAN_REPORTER_CONFIG="/var/tmp/cpansmoker-1023/2020050313/cpanreporter_000_config.ini"
    PERL_EXTUTILS_AUTOINSTALL="--defaultdeps"
    PERL_USE_UNSAFE_INC="1"
  @INC:
    /home/cpansand/.cpan/build/2020050313/Pango-1.227-0/blib/arch
    /home/cpansand/.cpan/build/2020050313/Pango-1.227-0/blib/lib
    /home/cpansand/.cpan/build/2020050313/Cairo-1.107-0/blib/arch
    /home/cpansand/.cpan/build/2020050313/Cairo-1.107-0/blib/lib
    /home/cpansand/.cpan/build/2020050313/Glib-Ex-ConnectProperties-20-0/blib/arch
    /home/cpansand/.cpan/build/2020050313/Glib-Ex-ConnectProperties-20-0/blib/lib
    /home/cpansand/.cpan/build/2020050313/Glib-Ex-ObjectBits-16-0/blib/arch
    /home/cpansand/.cpan/build/2020050313/Glib-Ex-ObjectBits-16-0/blib/lib
    /home/cpansand/.cpan/build/2020050313/Devel-GlobalDestruction-0.14-0/blib/arch
    /home/cpansand/.cpan/build/2020050313/Devel-GlobalDestruction-0.14-0/blib/lib
    /home/cpansand/.cpan/build/2020050313/Glib-1.3292-0/blib/arch
    /home/cpansand/.cpan/build/2020050313/Glib-1.3292-0/blib/lib
    /home/cpansand/.cpan/build/2020050313/ExtUtils-PkgConfig-1.16-0/blib/arch
    /home/cpansand/.cpan/build/2020050313/ExtUtils-PkgConfig-1.16-0/blib/lib
    /home/cpansand/.cpan/build/2020050313/ExtUtils-Depends-0.8000-0/blib/arch
    /home/cpansand/.cpan/build/2020050313/ExtUtils-Depends-0.8000-0/blib/lib
    /home/cpansand/.cpan/build/2020050313/Geometry-AffineTransform-1.4-2/blib/arch
    /home/cpansand/.cpan/build/2020050313/Geometry-AffineTransform-1.4-2/blib/lib
    /home/cpansand/.cpan/build/2020050313/Test-Class-0.50-0/blib/arch
    /home/cpansand/.cpan/build/2020050313/Test-Class-0.50-0/blib/lib
    /home/cpansand/.cpan/build/2020050313/Test-Exception-0.43-0/blib/arch
    /home/cpansand/.cpan/build/2020050313/Test-Exception-0.43-0/blib/lib
    /home/cpansand/.cpan/build/2020050313/Sub-Uplevel-0.2800-1/blib/arch
    /home/cpansand/.cpan/build/2020050313/Sub-Uplevel-0.2800-1/blib/lib
    /home/cpansand/.cpan/build/2020050313/Clone-PP-1.07-0/blib/arch
    /home/cpansand/.cpan/build/2020050313/Clone-PP-1.07-0/blib/lib
    /usr/local/lib/perl5/site_perl/mach/5.30
    /usr/local/lib/perl5/site_perl
    /usr/local/lib/perl5/5.30/mach
    /usr/local/lib/perl5/5.30
    .