Back
From: metabase:user:9820532a-708b-1014-9a05-b18a96298da1
Subject: FAIL HTML-DBTable-0.05 v5.14.2 GNU/Linux
Date: 2011-11-23T14:01:58Z
This distribution has been tested as part of the CPAN Testers
project, supporting the Perl programming language. See
http://wiki.cpantesters.org/ for more information or email
questions to cpan-testers-discuss@perl.org
--
Dear Bruni Emiliano,
This is a computer-generated report for HTML-DBTable-0.05
on perl 5.14.2, created by CPAN-Reporter-1.2002.
Thank you for uploading your work to CPAN. However, there was a problem
testing your distribution.
If you think this report is invalid, please consult the CPAN Testers Wiki
for suggestions on how to avoid getting FAIL reports for missing library
or binary dependencies, unsupported operating systems, and so on:
http://wiki.cpantesters.org/wiki/CPANAuthorNotes
Sections of this report:
* Tester comments
* Program output
* Prerequisites
* Environment and other context
------------------------------
TESTER COMMENTS
------------------------------
Additional comments from tester:
this report is from an automated smoke testing program
and was not reviewed by a human for accuracy
------------------------------
PROGRAM OUTPUT
------------------------------
Output from '/usr/bin/make test':
PERL_DL_NONLAZY=1 /home/bri/perl5/perlbrew/perls/perl-5.14.2/bin/perl5.14.2 "-MExtUtils::Command::MM" "-e" "test_harness(0, 'blib/lib', 'blib/arch')" t/*.t
Old-style DBIx::DBSchema::Table creation without named parameters is deprecated! at t/01__DBSchema.t line 32
t/01__DBSchema.t ......... ok
# Tests were run but no plan was declared and done_testing() was not seen.
t/02__DBSchemaPatched.t .. skipped: You haven't patched DBIx::DBSchema. If you think to use Mysql datbase take a look to INSTALL file of this distribution and patch you DBIx::DBSchema modules
install_driver(mysql) failed: Can't locate DBD/mysql.pm in @INC (@INC contains: /home/bri/.cpan/build/HTML-DBTable-0.05-G5KFcx/blib/lib /home/bri/.cpan/build/HTML-DBTable-0.05-G5KFcx/blib/arch /home/bri/perl5/perlbrew/perls/perl-5.14.2/lib/site_perl/5.14.2/i686-linux /home/bri/perl5/perlbrew/perls/perl-5.14.2/lib/site_perl/5.14.2 /home/bri/perl5/perlbrew/perls/perl-5.14.2/lib/5.14.2/i686-linux /home/bri/perl5/perlbrew/perls/perl-5.14.2/lib/5.14.2 .) at (eval 11) line 3.
Perhaps the DBD::mysql perl module hasn't been fully installed,
or perhaps the capitalisation of 'mysql' isn't right.
Available drivers: AnyData, CSV, DBM, ExampleP, Excel, File, Gofer, JDBC, Log, MVS_FTPSQL, Mock, Multi, PgLite, PgPP, Proxy, SQLAnywhere, SQLite, Sponge, Sys, TSM, Wire10, XBase, mysqlPP.
at t/03__DBTable.t line 22
# Looks like you planned 10 tests but ran 2.
# Looks like your test exited with 2 just after 2.
t/03__DBTable.t ..........
Dubious, test returned 2 (wstat 512, 0x200)
Failed 8/10 subtests
Test Summary Report
-------------------
t/02__DBSchemaPatched.t (Wstat: 0 Tests: 1 Failed: 0)
Parse errors: Bad plan. You planned 0 tests but ran 1.
t/03__DBTable.t (Wstat: 512 Tests: 2 Failed: 0)
Non-zero exit status: 2
Parse errors: Plan (1..10) must be at the beginning or end of the TAP output
Bad plan. You planned 10 tests but ran 2.
Files=3, Tests=14, 1 wallclock secs ( 0.04 usr 0.00 sys + 0.26 cusr 0.02 csys = 0.32 CPU)
Result: FAIL
Failed 2/3 test programs. 0/14 subtests failed.
make: *** [test_dynamic] Error 2
------------------------------
PREREQUISITES
------------------------------
Prerequisite modules loaded:
requires:
Module Need Have
------------------- ---- -------
DBI 0 1.616
DBIx::DBSchema 0 0.39
HTML::Template 0 2.9
Params::Validate 0 1.00
build_requires:
Module Need Have
------------------- ---- -------
ExtUtils::MakeMaker 0 6.63_02
------------------------------
ENVIRONMENT AND OTHER CONTEXT
------------------------------
Environment variables:
AUTOMATED_TESTING = 1
LANG = C
LANGUAGE = en_GB:en
LC_ALL = C
PATH = /home/bri/bin:/home/bri/perl5/perlbrew/bin:/home/bri/perl5/perlbrew/perls/perl-5.14.2/bin:~/bin:/usr/local/sbin:/usr/local/bin:/usr/sbin:/usr/bin:/sbin:/bin:/usr/games
PATH_WITHOUT_PERLBREW = ~/bin:/usr/local/sbin:/usr/local/bin:/usr/sbin:/usr/bin:/sbin:/bin:/usr/games
PERL5LIB =
PERL5OPT =
PERL5_CPANPLUS_IS_RUNNING = 6677
PERL5_CPAN_IS_RUNNING = 6677
PERL5_CPAN_IS_RUNNING_IN_RECURSION = 1889,6677
PERLBREW_BASHRC_VERSION = 0.33
PERLBREW_HOME = /home/bri/.perlbrew
PERLBREW_PATH = /home/bri/perl5/perlbrew/bin:/home/bri/perl5/perlbrew/perls/perl-5.14.2/bin
PERLBREW_PERL = perl-5.14.2
PERLBREW_ROOT = /home/bri/perl5/perlbrew
PERLBREW_VERSION = 0.33
PERL_CPANM_OPT = --prompt --mirror http://172.16.1.3/cpan/
PERL_CR_SMOKER_CURRENT = HTML-DBTable-0.05
PERL_EXTUTILS_AUTOINSTALL = --defaultdeps
PERL_MM_USE_DEFAULT = 1
SHELL = /bin/bash
TERM = linux
Perl special variables (and OS-specific diagnostics, for MSWin32):
$^X = /home/bri/perl5/perlbrew/perls/perl-5.14.2/bin/perl5.14.2
$UID/$EUID = 1000 / 1000
$GID = 1000 4 20 24 46 112 120 122 1000
$EGID = 1000 4 20 24 46 112 120 122 1000
Perl module toolchain versions installed:
Module Have
------------------- --------
CPAN 1.9800
CPAN::Meta 2.112621
Cwd 3.33
ExtUtils::CBuilder 0.280202
ExtUtils::Command 1.17
ExtUtils::Install 1.52
ExtUtils::MakeMaker 6.63_02
ExtUtils::Manifest 1.60
ExtUtils::ParseXS 3.05
File::Spec 3.33
JSON 2.53
JSON::PP 2.27008
Module::Build 0.3800
Module::Signature n/a
Parse::CPAN::Meta 1.4401
Test::Harness 3.23
Test::More 0.98
YAML 0.77
YAML::Syck 1.19
version 0.95
--
Summary of my perl5 (revision 5 version 14 subversion 2) configuration:
Platform:
osname=linux, osvers=2.6.38-11-generic, archname=i686-linux
uname='linux lappy 2.6.38-11-generic #48-ubuntu smp fri jul 29 19:05:14 utc 2011 i686 i686 i386 gnulinux '
config_args='-de -Dprefix=/home/bri/perl5/perlbrew/perls/perl-5.14.2'
hint=recommended, useposix=true, d_sigaction=define
useithreads=undef, usemultiplicity=undef
useperlio=define, d_sfio=undef, uselargefiles=define, usesocks=undef
use64bitint=undef, use64bitall=undef, uselongdouble=undef
usemymalloc=n, bincompat5005=undef
Compiler:
cc='cc', ccflags ='-fno-strict-aliasing -pipe -fstack-protector -I/usr/local/include -D_LARGEFILE_SOURCE -D_FILE_OFFSET_BITS=64',
optimize='-O2',
cppflags='-fno-strict-aliasing -pipe -fstack-protector -I/usr/local/include'
ccversion='', gccversion='4.5.2', gccosandvers=''
intsize=4, longsize=4, ptrsize=4, doublesize=8, byteorder=1234
d_longlong=define, longlongsize=8, d_longdbl=define, longdblsize=12
ivtype='long', ivsize=4, nvtype='double', nvsize=8, Off_t='off_t', lseeksize=8
alignbytes=4, prototype=define
Linker and Libraries:
ld='cc', ldflags =' -fstack-protector -L/usr/local/lib'
libpth=/usr/local/lib /lib /usr/lib /usr/lib/i386-linux-gnu /usr/lib64
libs=-lnsl -ldl -lm -lcrypt -lutil -lc
perllibs=-lnsl -ldl -lm -lcrypt -lutil -lc
libc=, so=so, useshrplib=false, libperl=libperl.a
gnulibc_version='2.13'
Dynamic Linking:
dlsrc=dl_dlopen.xs, dlext=so, d_dlsymun=undef, ccdlflags='-Wl,-E'
cccdlflags='-fPIC', lddlflags='-shared -O2 -L/usr/local/lib -fstack-protector'
Characteristics of this binary (from libperl):
Compile-time options: PERL_DONT_CREATE_GVSV PERL_MALLOC_WRAP
PERL_PRESERVE_IVUV USE_LARGE_FILES USE_PERLIO
USE_PERL_ATOF
Built under linux
Compiled at Nov 15 2011 23:23:28
%ENV:
PERL5LIB=""
PERL5OPT=""
PERL5_CPANPLUS_IS_RUNNING="6677"
PERL5_CPAN_IS_RUNNING="6677"
PERL5_CPAN_IS_RUNNING_IN_RECURSION="1889,6677"
PERLBREW_BASHRC_VERSION="0.33"
PERLBREW_HOME="/home/bri/.perlbrew"
PERLBREW_PATH="/home/bri/perl5/perlbrew/bin:/home/bri/perl5/perlbrew/perls/perl-5.14.2/bin"
PERLBREW_PERL="perl-5.14.2"
PERLBREW_ROOT="/home/bri/perl5/perlbrew"
PERLBREW_VERSION="0.33"
PERL_CPANM_OPT="--prompt --mirror http://172.16.1.3/cpan/"
PERL_CR_SMOKER_CURRENT="HTML-DBTable-0.05"
PERL_EXTUTILS_AUTOINSTALL="--defaultdeps"
PERL_MM_USE_DEFAULT="1"
@INC:
/home/bri/perl5/perlbrew/perls/perl-5.14.2/lib/site_perl/5.14.2/i686-linux
/home/bri/perl5/perlbrew/perls/perl-5.14.2/lib/site_perl/5.14.2
/home/bri/perl5/perlbrew/perls/perl-5.14.2/lib/5.14.2/i686-linux
/home/bri/perl5/perlbrew/perls/perl-5.14.2/lib/5.14.2
.