Back
From: metabase:user:cba5269c-6e58-1014-92a6-0387276d408b
Subject: FAIL StaticVolt-1.00 v5.16.3
Date: 2013-10-16T17:02:15Z
This distribution has been tested as part of the CPAN Testers
project, supporting the Perl programming language. See
http://wiki.cpantesters.org/ for more information or email
questions to cpan-testers-discuss@perl.org
--
Dear Alan Haggai Alavi,
This is a computer-generated report for StaticVolt-1.00
on perl 5.16.3, created by CPAN-Reporter-1.2010.
Thank you for uploading your work to CPAN. However, there was a problem
testing your distribution.
If you think this report is invalid, please consult the CPAN Testers Wiki
for suggestions on how to avoid getting FAIL reports for missing library
or binary dependencies, unsupported operating systems, and so on:
http://wiki.cpantesters.org/wiki/CPANAuthorNotes
Sections of this report:
* Tester comments
* Program output
* Prerequisites
* Environment and other context
------------------------------
TESTER COMMENTS
------------------------------
Additional comments from tester:
this report is from an automated smoke testing program
and was not reviewed by a human for accuracy
------------------------------
PROGRAM OUTPUT
------------------------------
Output from 'C:\strawberry\perl\bin\perl.exe ./Build test':
t/00.load.t ..... ok
t/01.config.t ... ok
file error - C: not found# Looks like you planned 4 tests but ran 1.
# Looks like your test exited with 2 just after 1.
t/02.compile.t ..
Dubious, test returned 2 (wstat 512, 0x200)
Failed 3/4 subtests
't\_source/foo.html' and 't\_source/foo.html' are identical (not copied) at C:\strawberry\cpan\build\StaticVolt-1.00-2GACRZ\blib\lib/StaticVolt.pm line 109.
file error - C: not found# Looks like you planned 11 tests but ran 1.
# Looks like your test exited with 2 just after 1.
t/03.relbase.t ..
Dubious, test returned 2 (wstat 512, 0x200)
Failed 10/11 subtests
Test Summary Report
-------------------
t/02.compile.t (Wstat: 512 Tests: 1 Failed: 0)
Non-zero exit status: 2
Parse errors: Bad plan. You planned 4 tests but ran 1.
t/03.relbase.t (Wstat: 512 Tests: 1 Failed: 0)
Non-zero exit status: 2
Parse errors: Bad plan. You planned 11 tests but ran 1.
Files=4, Tests=9, 1 wallclock secs ( 0.06 usr + 0.02 sys = 0.08 CPU)
Result: FAIL
Failed 2/4 test programs. 0/9 subtests failed.
------------------------------
PREREQUISITES
------------------------------
Prerequisite modules loaded:
requires:
Module Need Have
------------------- ------ --------
Cwd 0 3.40
File::Copy 0 2.23
File::Find 0 1.20
File::Path 0 2.09
File::Spec 0 3.40
FindBin 0 1.51
Template 0 2.24
Text::Markdown 0 1.000031
Text::Textile 0 2.12
YAML 0 0.84
build_requires:
Module Need Have
------------------- ------ --------
ExtUtils::MakeMaker 6.31 6.64
Module::Build 0.3601 0.4004
Test::More 0 0.98
configure_requires:
Module Need Have
------------------- ------ --------
ExtUtils::MakeMaker 6.30 6.64
Module::Build 0.3601 0.4004
------------------------------
ENVIRONMENT AND OTHER CONTEXT
------------------------------
Environment variables:
AUTOMATED_TESTING = 1
COMSPEC = C:\Windows\system32\cmd.exe
NUMBER_OF_PROCESSORS = 2
PATH = %SystemRoot%\system32\WindowsPowerShell\v1.0\;C:\Windows\system32;C:\Windows;C:\Windows\System32\Wbem;C:\Windows\System32\WindowsPowerShell\v1.0\;C:\strawberry\c\bin;C:\strawberry\perl\site\bin;C:\strawberry\perl\bin
PERL5LIB = C:\strawberry\cpan\build\Text-Markdown-1.000031-BVhzEU/blib/arch;C:\strawberry\cpan\build\Text-Markdown-1.000031-BVhzEU/blib/lib;C:\strawberry\cpan\build\Text-Textile-2.12-iNvBaP/blib/arch;C:\strawberry\cpan\build\Text-Textile-2.12-iNvBaP/blib/lib
PERL5OPT =
PERL5_CPANPLUS_IS_RUNNING = 1580
PERL5_CPAN_IS_RUNNING = 1580
PERL5_CPAN_IS_RUNNING_IN_RECURSION = 1652,1580
PERL_CR_SMOKER_CURRENT = StaticVolt-1.00
PERL_EXTUTILS_AUTOINSTALL = --defaultdeps
PERL_MM_USE_DEFAULT = 1
PROCESSOR_IDENTIFIER = Intel64 Family 6 Model 42 Stepping 1, GenuineIntel
TEMP = C:\Users\wose\AppData\Local\Temp
TERM = dumb
Perl special variables (and OS-specific diagnostics, for MSWin32):
$^X = C:\strawberry\perl\bin\perl.exe
$UID/$EUID = 0 / 0
$GID = 0
$EGID = 0
Win32::GetOSName = Win7
Win32::GetOSVersion = Service Pack 1, 6, 1, 7601, 2, 1, 0, 256, 1
Win32::FsType = NTFS
Win32::IsAdminUser = 0
Perl module toolchain versions installed:
Module Have
------------------- --------
CPAN 2.00
CPAN::Meta 2.120921
Cwd 3.40
ExtUtils::CBuilder 0.280206
ExtUtils::Command 1.17
ExtUtils::Install 1.58
ExtUtils::MakeMaker 6.64
ExtUtils::Manifest 1.61
ExtUtils::ParseXS 3.18
File::Spec 3.40
JSON 2.53
JSON::PP 2.27200
Module::Build 0.4004
Module::Signature 0.70
Parse::CPAN::Meta 1.4404
Test::Harness 3.26
Test::More 0.98
YAML 0.84
YAML::Syck 1.24
version 0.9902
--
Summary of my perl5 (revision 5 version 16 subversion 3) configuration:
Platform:
osname=MSWin32, osvers=4.0, archname=MSWin32-x86-multi-thread
uname='Win32 strawberry-perl 5.16.3.1 #1 Tue Mar 12 13:55:20 2013 i386'
config_args='undef'
hint=recommended, useposix=true, d_sigaction=undef
useithreads=define, usemultiplicity=define
useperlio=define, d_sfio=undef, uselargefiles=define, usesocks=undef
use64bitint=undef, use64bitall=undef, uselongdouble=undef
usemymalloc=n, bincompat5005=undef
Compiler:
cc='gcc', ccflags =' -s -O2 -DWIN32 -DPERL_TEXTMODE_SCRIPTS -DPERL_IMPLICIT_CONTEXT -DPERL_IMPLICIT_SYS -fno-strict-aliasing -mms-bitfields',
optimize='-s -O2',
cppflags='-DWIN32'
ccversion='', gccversion='4.6.3', gccosandvers=''
intsize=4, longsize=4, ptrsize=4, doublesize=8, byteorder=1234
d_longlong=undef, longlongsize=8, d_longdbl=define, longdblsize=12
ivtype='long', ivsize=4, nvtype='double', nvsize=8, Off_t='long long', lseeksize=8
alignbytes=8, prototype=define
Linker and Libraries:
ld='g++', ldflags ='-s -L"C:\strawberry\perl\lib\CORE" -L"C:\strawberry\c\lib"'
libpth=C:\strawberry\c\lib C:\strawberry\c\i686-w64-mingw32\lib
libs=-lmoldname -lkernel32 -luser32 -lgdi32 -lwinspool -lcomdlg32 -ladvapi32 -lshell32 -lole32 -loleaut32 -lnetapi32 -luuid -lws2_32 -lmpr -lwinmm -lversion -lodbc32 -lodbccp32 -lcomctl32
perllibs=-lmoldname -lkernel32 -luser32 -lgdi32 -lwinspool -lcomdlg32 -ladvapi32 -lshell32 -lole32 -loleaut32 -lnetapi32 -luuid -lws2_32 -lmpr -lwinmm -lversion -lodbc32 -lodbccp32 -lcomctl32
libc=, so=dll, useshrplib=true, libperl=libperl516.a
gnulibc_version=''
Dynamic Linking:
dlsrc=dl_win32.xs, dlext=dll, d_dlsymun=undef, ccdlflags=' '
cccdlflags=' ', lddlflags='-mdll -s -L"C:\strawberry\perl\lib\CORE" -L"C:\strawberry\c\lib"'
Characteristics of this binary (from libperl):
Compile-time options: HAS_TIMES HAVE_INTERP_INTERN MULTIPLICITY
PERLIO_LAYERS PERL_DONT_CREATE_GVSV
PERL_IMPLICIT_CONTEXT PERL_IMPLICIT_SYS
PERL_MALLOC_WRAP PERL_PRESERVE_IVUV PL_OP_SLAB_ALLOC
USE_ITHREADS USE_LARGE_FILES USE_LOCALE
USE_LOCALE_COLLATE USE_LOCALE_CTYPE
USE_LOCALE_NUMERIC USE_PERLIO USE_PERL_ATOF
Built under MSWin32
Compiled at Mar 12 2013 14:01:07
%ENV:
PERL5LIB="C:\strawberry\cpan\build\Text-Markdown-1.000031-BVhzEU/blib/arch;C:\strawberry\cpan\build\Text-Markdown-1.000031-BVhzEU/blib/lib;C:\strawberry\cpan\build\Text-Textile-2.12-iNvBaP/blib/arch;C:\strawberry\cpan\build\Text-Textile-2.12-iNvBaP/blib/lib"
PERL5_CPANPLUS_IS_RUNNING="1580"
PERL5_CPAN_IS_RUNNING="1580"
PERL5_CPAN_IS_RUNNING_IN_RECURSION="1652,1580"
PERL_CR_SMOKER_CURRENT="StaticVolt-1.00"
PERL_EXTUTILS_AUTOINSTALL="--defaultdeps"
PERL_MM_USE_DEFAULT="1"
@INC:
C:\strawberry\cpan\build\Text-Markdown-1.000031-BVhzEU/blib/arch
C:\strawberry\cpan\build\Text-Markdown-1.000031-BVhzEU/blib/lib
C:\strawberry\cpan\build\Text-Textile-2.12-iNvBaP/blib/arch
C:\strawberry\cpan\build\Text-Textile-2.12-iNvBaP/blib/lib
C:/strawberry/perl/site/lib
C:/strawberry/perl/vendor/lib
C:/strawberry/perl/lib
.