Ethereum-RPC-Client v0.05 Perl 5 v5.22.3 amd64-freebsd-thread-multi

Status
Fail
From
Chris Williams (BINGOS)
Dist
Ethereum-RPC-Client v0.05
Platform
Perl 5 v5.22.3 amd64-freebsd-thread-multi
Date
2023-03-04 11:57:15
ID
b4dfab74-ba83-11ed-aba6-9a79f339625c
This distribution has been tested as part of the CPAN Testers
project, supporting the Perl programming language.  See
http://wiki.cpantesters.org/ for more information or email
questions to cpan-testers-discuss@perl.org


--

Dear BINARY,

This is a computer-generated error report created automatically by
CPANPLUS, version 0.9914. Testers personal comments may appear
at the end of this report.


Thank you for uploading your work to CPAN.  However, it appears that
there were some problems testing your distribution.

TEST RESULTS:

Below is the error stack from stage 'make test':

PERL_DL_NONLAZY=1 "/usr/home/cpan/pit/thr/perl-5.22.3/bin/perl" "-MExtUtils::Command::MM" "-MTest::Harness" "-e" "undef *Test::Harness::Switches; test_harness(0, 'blib/lib', 'blib/arch')" t/*.t

#   Failed test 'Mojolicious satisfies '== 7.29''
#   at t/00-check-deps.t line 9.
# Installed version (9.31) of Mojolicious is not in range '== 7.29'
# Looks like you failed 1 test of 25.
t/00-check-deps.t .......... 
Dubious, test returned 1 (wstat 256, 0x100)
Failed 1/25 subtests 

#   Failed test 'Ethereum/RPC/Client.pm loaded ok'
#   at t/00-compile.t line 48.
#          got: '65280'
#     expected: '0'
Array found where operator expected at /usr/home/cpan/pit/thr/conf/perl-5.22.3/.cpanplus/5.22.3/build/t6U1mVOyJ3/Ethereum-RPC-Client-0.05/blib/lib/Ethereum/RPC/Contract.pm line 245, near "->@*"
	(Missing operator before @*?)
Array found where operator expected at /usr/home/cpan/pit/thr/conf/perl-5.22.3/.cpanplus/5.22.3/build/t6U1mVOyJ3/Ethereum-RPC-Client-0.05/blib/lib/Ethereum/RPC/Contract.pm line 248, near "->@*"
	(Missing operator before @*?)
Array found where operator expected at /usr/home/cpan/pit/thr/conf/perl-5.22.3/.cpanplus/5.22.3/build/t6U1mVOyJ3/Ethereum-RPC-Client-0.05/blib/lib/Ethereum/RPC/Contract.pm line 249, near "->@*"
	(Missing operator before @*?)
Array found where operator expected at /usr/home/cpan/pit/thr/conf/perl-5.22.3/.cpanplus/5.22.3/build/t6U1mVOyJ3/Ethereum-RPC-Client-0.05/blib/lib/Ethereum/RPC/Contract.pm line 250, near "->@*"
	(Missing operator before @*?)
Array found where operator expected at /usr/home/cpan/pit/thr/conf/perl-5.22.3/.cpanplus/5.22.3/build/t6U1mVOyJ3/Ethereum-RPC-Client-0.05/blib/lib/Ethereum/RPC/Contract.pm line 282, near "->@*"
	(Missing operator before @*?)
syntax error at /usr/home/cpan/pit/thr/conf/perl-5.22.3/.cpanplus/5.22.3/build/t6U1mVOyJ3/Ethereum-RPC-Client-0.05/blib/lib/Ethereum/RPC/Contract.pm line 245, near "->@*"
Global symbol "@inputs" requires explicit package name (did you forget to declare "my @inputs"?) at /usr/home/cpan/pit/thr/conf/perl-5.22.3/.cpanplus/5.22.3/build/t6U1mVOyJ3/Ethereum-RPC-Client-0.05/blib/lib/Ethereum/RPC/Contract.pm line 246.
Global symbol "@inputs" requires explicit package name (did you forget to declare "my @inputs"?) at /usr/home/cpan/pit/thr/conf/perl-5.22.3/.cpanplus/5.22.3/build/t6U1mVOyJ3/Ethereum-RPC-Client-0.05/blib/lib/Ethereum/RPC/Contract.pm line 247.
syntax error at /usr/home/cpan/pit/thr/conf/perl-5.22.3/.cpanplus/5.22.3/build/t6U1mVOyJ3/Ethereum-RPC-Client-0.05/blib/lib/Ethereum/RPC/Contract.pm line 248, near "->@*"
syntax error at /usr/home/cpan/pit/thr/conf/perl-5.22.3/.cpanplus/5.22.3/build/t6U1mVOyJ3/Ethereum-RPC-Client-0.05/blib/lib/Ethereum/RPC/Contract.pm line 249, near "->@*"
syntax error at /usr/home/cpan/pit/thr/conf/perl-5.22.3/.cpanplus/5.22.3/build/t6U1mVOyJ3/Ethereum-RPC-Client-0.05/blib/lib/Ethereum/RPC/Contract.pm line 250, near "->@*"
syntax error at /usr/home/cpan/pit/thr/conf/perl-5.22.3/.cpanplus/5.22.3/build/t6U1mVOyJ3/Ethereum-RPC-Client-0.05/blib/lib/Ethereum/RPC/Contract.pm line 282, near "->@*"
Global symbol "$input" requires explicit package name (did you forget to declare "my $input"?) at /usr/home/cpan/pit/thr/conf/perl-5.22.3/.cpanplus/5.22.3/build/t6U1mVOyJ3/Ethereum-RPC-Client-0.05/blib/lib/Ethereum/RPC/Contract.pm line 283.
Global symbol "$offset" requires explicit package name (did you forget to declare "my $offset"?) at /usr/home/cpan/pit/thr/conf/perl-5.22.3/.cpanplus/5.22.3/build/t6U1mVOyJ3/Ethereum-RPC-Client-0.05/blib/lib/Ethereum/RPC/Contract.pm line 288.
Global symbol "$offset" requires explicit package name (did you forget to declare "my $offset"?) at /usr/home/cpan/pit/thr/conf/perl-5.22.3/.cpanplus/5.22.3/build/t6U1mVOyJ3/Ethereum-RPC-Client-0.05/blib/lib/Ethereum/RPC/Contract.pm line 291.
syntax error at /usr/home/cpan/pit/thr/conf/perl-5.22.3/.cpanplus/5.22.3/build/t6U1mVOyJ3/Ethereum-RPC-Client-0.05/blib/lib/Ethereum/RPC/Contract.pm line 292, near "}"
/usr/home/cpan/pit/thr/conf/perl-5.22.3/.cpanplus/5.22.3/build/t6U1mVOyJ3/Ethereum-RPC-Client-0.05/blib/lib/Ethereum/RPC/Contract.pm has too many errors.
Compilation failed in require at /usr/home/cpan/pit/thr/conf/perl-5.22.3/.cpanplus/5.22.3/build/t6U1mVOyJ3/Ethereum-RPC-Client-0.05/blib/lib/Ethereum/RPC/Client.pm line 9.
BEGIN failed--compilation aborted at /usr/home/cpan/pit/thr/conf/perl-5.22.3/.cpanplus/5.22.3/build/t6U1mVOyJ3/Ethereum-RPC-Client-0.05/blib/lib/Ethereum/RPC/Client.pm line 9.
Compilation failed in require at -e line 1.

#   Failed test 'Ethereum/RPC/Contract.pm loaded ok'
#   at t/00-compile.t line 48.
#          got: '65280'
#     expected: '0'
Array found where operator expected at /usr/home/cpan/pit/thr/conf/perl-5.22.3/.cpanplus/5.22.3/build/t6U1mVOyJ3/Ethereum-RPC-Client-0.05/blib/lib/Ethereum/RPC/Contract.pm line 245, near "->@*"
	(Missing operator before @*?)
Array found where operator expected at /usr/home/cpan/pit/thr/conf/perl-5.22.3/.cpanplus/5.22.3/build/t6U1mVOyJ3/Ethereum-RPC-Client-0.05/blib/lib/Ethereum/RPC/Contract.pm line 248, near "->@*"
	(Missing operator before @*?)
Array found where operator expected at /usr/home/cpan/pit/thr/conf/perl-5.22.3/.cpanplus/5.22.3/build/t6U1mVOyJ3/Ethereum-RPC-Client-0.05/blib/lib/Ethereum/RPC/Contract.pm line 249, near "->@*"
	(Missing operator before @*?)
Array found where operator expected at /usr/home/cpan/pit/thr/conf/perl-5.22.3/.cpanplus/5.22.3/build/t6U1mVOyJ3/Ethereum-RPC-Client-0.05/blib/lib/Ethereum/RPC/Contract.pm line 250, near "->@*"
	(Missing operator before @*?)
Array found where operator expected at /usr/home/cpan/pit/thr/conf/perl-5.22.3/.cpanplus/5.22.3/build/t6U1mVOyJ3/Ethereum-RPC-Client-0.05/blib/lib/Ethereum/RPC/Contract.pm line 282, near "->@*"
	(Missing operator before @*?)
syntax error at /usr/home/cpan/pit/thr/conf/perl-5.22.3/.cpanplus/5.22.3/build/t6U1mVOyJ3/Ethereum-RPC-Client-0.05/blib/lib/Ethereum/RPC/Contract.pm line 245, near "->@*"
Global symbol "@inputs" requires explicit package name (did you forget to declare "my @inputs"?) at /usr/home/cpan/pit/thr/conf/perl-5.22.3/.cpanplus/5.22.3/build/t6U1mVOyJ3/Ethereum-RPC-Client-0.05/blib/lib/Ethereum/RPC/Contract.pm line 246.
Global symbol "@inputs" requires explicit package name (did you forget to declare "my @inputs"?) at /usr/home/cpan/pit/thr/conf/perl-5.22.3/.cpanplus/5.22.3/build/t6U1mVOyJ3/Ethereum-RPC-Client-0.05/blib/lib/Ethereum/RPC/Contract.pm line 247.
syntax error at /usr/home/cpan/pit/thr/conf/perl-5.22.3/.cpanplus/5.22.3/build/t6U1mVOyJ3/Ethereum-RPC-Client-0.05/blib/lib/Ethereum/RPC/Contract.pm line 248, near "->@*"
syntax error at /usr/home/cpan/pit/thr/conf/perl-5.22.3/.cpanplus/5.22.3/build/t6U1mVOyJ3/Ethereum-RPC-Client-0.05/blib/lib/Ethereum/RPC/Contract.pm line 249, near "->@*"
syntax error at /usr/home/cpan/pit/thr/conf/perl-5.22.3/.cpanplus/5.22.3/build/t6U1mVOyJ3/Ethereum-RPC-Client-0.05/blib/lib/Ethereum/RPC/Contract.pm line 250, near "->@*"
syntax error at /usr/home/cpan/pit/thr/conf/perl-5.22.3/.cpanplus/5.22.3/build/t6U1mVOyJ3/Ethereum-RPC-Client-0.05/blib/lib/Ethereum/RPC/Contract.pm line 282, near "->@*"
Global symbol "$input" requires explicit package name (did you forget to declare "my $input"?) at /usr/home/cpan/pit/thr/conf/perl-5.22.3/.cpanplus/5.22.3/build/t6U1mVOyJ3/Ethereum-RPC-Client-0.05/blib/lib/Ethereum/RPC/Contract.pm line 283.
Global symbol "$offset" requires explicit package name (did you forget to declare "my $offset"?) at /usr/home/cpan/pit/thr/conf/perl-5.22.3/.cpanplus/5.22.3/build/t6U1mVOyJ3/Ethereum-RPC-Client-0.05/blib/lib/Ethereum/RPC/Contract.pm line 288.
Global symbol "$offset" requires explicit package name (did you forget to declare "my $offset"?) at /usr/home/cpan/pit/thr/conf/perl-5.22.3/.cpanplus/5.22.3/build/t6U1mVOyJ3/Ethereum-RPC-Client-0.05/blib/lib/Ethereum/RPC/Contract.pm line 291.
syntax error at /usr/home/cpan/pit/thr/conf/perl-5.22.3/.cpanplus/5.22.3/build/t6U1mVOyJ3/Ethereum-RPC-Client-0.05/blib/lib/Ethereum/RPC/Contract.pm line 292, near "}"
/usr/home/cpan/pit/thr/conf/perl-5.22.3/.cpanplus/5.22.3/build/t6U1mVOyJ3/Ethereum-RPC-Client-0.05/blib/lib/Ethereum/RPC/Contract.pm has too many errors.
Compilation failed in require at -e line 1.
# Looks like you failed 2 tests of 6.
t/00-compile.t ............. 
Dubious, test returned 2 (wstat 512, 0x200)
Failed 2/6 subtests 
# 
# Versions for all modules listed in MYMETA.json (including optional ones):
# 
# === Configure Requires ===
# 
#     Module              Want Have
#     ------------------- ---- ----
#     ExtUtils::MakeMaker 7.64 7.64
# 
# === Build Requires ===
# 
#     Module              Want Have
#     ------------------- ---- ----
#     ExtUtils::MakeMaker  any 7.64
# 
# === Test Requires ===
# 
#     Module                 Want     Have
#     ------------------- ------- --------
#     ExtUtils::MakeMaker     any     7.64
#     File::Spec              any     3.75
#     IO::Handle              any     1.35
#     IPC::Open3              any     1.18
#     JSON                2.97001     4.10
#     Test::CheckDeps       0.010    0.010
#     Test::More             0.96 1.302191
# 
# === Test Recommends ===
# 
#     Module         Want     Have
#     ---------- -------- --------
#     CPAN::Meta 2.120900 2.150010
# 
# === Runtime Requires ===
# 
#     Module              Want     Have
#     --------------- -------- --------
#     Digest::Keccak      0.05     0.05
#     Encode               any  2.72_01
#     Future              0.37     0.49
#     JSON             2.97001     4.10
#     JSON::MaybeXS   1.003008 1.004004
#     List::Util           any     1.41
#     Math::BigFloat  1.999814 1.999837
#     Math::BigInt    1.999814 1.999837
#     Mojo::UserAgent      any    undef
#     Mojolicious      == 7.29     9.31
#     Moo                  any 2.005005
#     Path::Tiny           any    0.144
#     Scalar::Util         any     1.41
#     strict               any     1.09
#     warnings             any     1.34
# 
# 
# *** WARNING WARNING WARNING WARNING WARNING WARNING WARNING WARNING ***
# 
# The following REQUIRED prerequisites were not satisfied:
# 
# Mojolicious version '9.31' is not in required range '== 7.29'
# 
t/00-report-prereqs.t ...... ok
Array found where operator expected at /usr/home/cpan/pit/thr/conf/perl-5.22.3/.cpanplus/5.22.3/build/t6U1mVOyJ3/Ethereum-RPC-Client-0.05/blib/lib/Ethereum/RPC/Contract.pm line 245, near "->@*"
	(Missing operator before @*?)
Array found where operator expected at /usr/home/cpan/pit/thr/conf/perl-5.22.3/.cpanplus/5.22.3/build/t6U1mVOyJ3/Ethereum-RPC-Client-0.05/blib/lib/Ethereum/RPC/Contract.pm line 248, near "->@*"
	(Missing operator before @*?)
Array found where operator expected at /usr/home/cpan/pit/thr/conf/perl-5.22.3/.cpanplus/5.22.3/build/t6U1mVOyJ3/Ethereum-RPC-Client-0.05/blib/lib/Ethereum/RPC/Contract.pm line 249, near "->@*"
	(Missing operator before @*?)
Array found where operator expected at /usr/home/cpan/pit/thr/conf/perl-5.22.3/.cpanplus/5.22.3/build/t6U1mVOyJ3/Ethereum-RPC-Client-0.05/blib/lib/Ethereum/RPC/Contract.pm line 250, near "->@*"
	(Missing operator before @*?)
Array found where operator expected at /usr/home/cpan/pit/thr/conf/perl-5.22.3/.cpanplus/5.22.3/build/t6U1mVOyJ3/Ethereum-RPC-Client-0.05/blib/lib/Ethereum/RPC/Contract.pm line 282, near "->@*"
	(Missing operator before @*?)
syntax error at /usr/home/cpan/pit/thr/conf/perl-5.22.3/.cpanplus/5.22.3/build/t6U1mVOyJ3/Ethereum-RPC-Client-0.05/blib/lib/Ethereum/RPC/Contract.pm line 245, near "->@*"
Global symbol "@inputs" requires explicit package name (did you forget to declare "my @inputs"?) at /usr/home/cpan/pit/thr/conf/perl-5.22.3/.cpanplus/5.22.3/build/t6U1mVOyJ3/Ethereum-RPC-Client-0.05/blib/lib/Ethereum/RPC/Contract.pm line 246.
Global symbol "@inputs" requires explicit package name (did you forget to declare "my @inputs"?) at /usr/home/cpan/pit/thr/conf/perl-5.22.3/.cpanplus/5.22.3/build/t6U1mVOyJ3/Ethereum-RPC-Client-0.05/blib/lib/Ethereum/RPC/Contract.pm line 247.
syntax error at /usr/home/cpan/pit/thr/conf/perl-5.22.3/.cpanplus/5.22.3/build/t6U1mVOyJ3/Ethereum-RPC-Client-0.05/blib/lib/Ethereum/RPC/Contract.pm line 248, near "->@*"
syntax error at /usr/home/cpan/pit/thr/conf/perl-5.22.3/.cpanplus/5.22.3/build/t6U1mVOyJ3/Ethereum-RPC-Client-0.05/blib/lib/Ethereum/RPC/Contract.pm line 249, near "->@*"
syntax error at /usr/home/cpan/pit/thr/conf/perl-5.22.3/.cpanplus/5.22.3/build/t6U1mVOyJ3/Ethereum-RPC-Client-0.05/blib/lib/Ethereum/RPC/Contract.pm line 250, near "->@*"
syntax error at /usr/home/cpan/pit/thr/conf/perl-5.22.3/.cpanplus/5.22.3/build/t6U1mVOyJ3/Ethereum-RPC-Client-0.05/blib/lib/Ethereum/RPC/Contract.pm line 282, near "->@*"
Global symbol "$input" requires explicit package name (did you forget to declare "my $input"?) at /usr/home/cpan/pit/thr/conf/perl-5.22.3/.cpanplus/5.22.3/build/t6U1mVOyJ3/Ethereum-RPC-Client-0.05/blib/lib/Ethereum/RPC/Contract.pm line 283.
Global symbol "$offset" requires explicit package name (did you forget to declare "my $offset"?) at /usr/home/cpan/pit/thr/conf/perl-5.22.3/.cpanplus/5.22.3/build/t6U1mVOyJ3/Ethereum-RPC-Client-0.05/blib/lib/Ethereum/RPC/Contract.pm line 288.
Global symbol "$offset" requires explicit package name (did you forget to declare "my $offset"?) at /usr/home/cpan/pit/thr/conf/perl-5.22.3/.cpanplus/5.22.3/build/t6U1mVOyJ3/Ethereum-RPC-Client-0.05/blib/lib/Ethereum/RPC/Contract.pm line 291.
syntax error at /usr/home/cpan/pit/thr/conf/perl-5.22.3/.cpanplus/5.22.3/build/t6U1mVOyJ3/Ethereum-RPC-Client-0.05/blib/lib/Ethereum/RPC/Contract.pm line 292, near "}"
/usr/home/cpan/pit/thr/conf/perl-5.22.3/.cpanplus/5.22.3/build/t6U1mVOyJ3/Ethereum-RPC-Client-0.05/blib/lib/Ethereum/RPC/Contract.pm has too many errors.
Compilation failed in require at /usr/home/cpan/pit/thr/conf/perl-5.22.3/.cpanplus/5.22.3/build/t6U1mVOyJ3/Ethereum-RPC-Client-0.05/blib/lib/Ethereum/RPC/Client.pm line 9.
BEGIN failed--compilation aborted at /usr/home/cpan/pit/thr/conf/perl-5.22.3/.cpanplus/5.22.3/build/t6U1mVOyJ3/Ethereum-RPC-Client-0.05/blib/lib/Ethereum/RPC/Client.pm line 9.
Compilation failed in require at t/00_web3_clientVersion.t line 4.
BEGIN failed--compilation aborted at t/00_web3_clientVersion.t line 4.
t/00_web3_clientVersion.t .. 
Dubious, test returned 255 (wstat 65280, 0xff00)
No subtests run 
Array found where operator expected at /usr/home/cpan/pit/thr/conf/perl-5.22.3/.cpanplus/5.22.3/build/t6U1mVOyJ3/Ethereum-RPC-Client-0.05/blib/lib/Ethereum/RPC/Contract.pm line 245, near "->@*"
	(Missing operator before @*?)
Array found where operator expected at /usr/home/cpan/pit/thr/conf/perl-5.22.3/.cpanplus/5.22.3/build/t6U1mVOyJ3/Ethereum-RPC-Client-0.05/blib/lib/Ethereum/RPC/Contract.pm line 248, near "->@*"
	(Missing operator before @*?)
Array found where operator expected at /usr/home/cpan/pit/thr/conf/perl-5.22.3/.cpanplus/5.22.3/build/t6U1mVOyJ3/Ethereum-RPC-Client-0.05/blib/lib/Ethereum/RPC/Contract.pm line 249, near "->@*"
	(Missing operator before @*?)
Array found where operator expected at /usr/home/cpan/pit/thr/conf/perl-5.22.3/.cpanplus/5.22.3/build/t6U1mVOyJ3/Ethereum-RPC-Client-0.05/blib/lib/Ethereum/RPC/Contract.pm line 250, near "->@*"
	(Missing operator before @*?)
Array found where operator expected at /usr/home/cpan/pit/thr/conf/perl-5.22.3/.cpanplus/5.22.3/build/t6U1mVOyJ3/Ethereum-RPC-Client-0.05/blib/lib/Ethereum/RPC/Contract.pm line 282, near "->@*"
	(Missing operator before @*?)
syntax error at /usr/home/cpan/pit/thr/conf/perl-5.22.3/.cpanplus/5.22.3/build/t6U1mVOyJ3/Ethereum-RPC-Client-0.05/blib/lib/Ethereum/RPC/Contract.pm line 245, near "->@*"
Global symbol "@inputs" requires explicit package name (did you forget to declare "my @inputs"?) at /usr/home/cpan/pit/thr/conf/perl-5.22.3/.cpanplus/5.22.3/build/t6U1mVOyJ3/Ethereum-RPC-Client-0.05/blib/lib/Ethereum/RPC/Contract.pm line 246.
Global symbol "@inputs" requires explicit package name (did you forget to declare "my @inputs"?) at /usr/home/cpan/pit/thr/conf/perl-5.22.3/.cpanplus/5.22.3/build/t6U1mVOyJ3/Ethereum-RPC-Client-0.05/blib/lib/Ethereum/RPC/Contract.pm line 247.
syntax error at /usr/home/cpan/pit/thr/conf/perl-5.22.3/.cpanplus/5.22.3/build/t6U1mVOyJ3/Ethereum-RPC-Client-0.05/blib/lib/Ethereum/RPC/Contract.pm line 248, near "->@*"
syntax error at /usr/home/cpan/pit/thr/conf/perl-5.22.3/.cpanplus/5.22.3/build/t6U1mVOyJ3/Ethereum-RPC-Client-0.05/blib/lib/Ethereum/RPC/Contract.pm line 249, near "->@*"
syntax error at /usr/home/cpan/pit/thr/conf/perl-5.22.3/.cpanplus/5.22.3/build/t6U1mVOyJ3/Ethereum-RPC-Client-0.05/blib/lib/Ethereum/RPC/Contract.pm line 250, near "->@*"
syntax error at /usr/home/cpan/pit/thr/conf/perl-5.22.3/.cpanplus/5.22.3/build/t6U1mVOyJ3/Ethereum-RPC-Client-0.05/blib/lib/Ethereum/RPC/Contract.pm line 282, near "->@*"
Global symbol "$input" requires explicit package name (did you forget to declare "my $input"?) at /usr/home/cpan/pit/thr/conf/perl-5.22.3/.cpanplus/5.22.3/build/t6U1mVOyJ3/Ethereum-RPC-Client-0.05/blib/lib/Ethereum/RPC/Contract.pm line 283.
Global symbol "$offset" requires explicit package name (did you forget to declare "my $offset"?) at /usr/home/cpan/pit/thr/conf/perl-5.22.3/.cpanplus/5.22.3/build/t6U1mVOyJ3/Ethereum-RPC-Client-0.05/blib/lib/Ethereum/RPC/Contract.pm line 288.
Global symbol "$offset" requires explicit package name (did you forget to declare "my $offset"?) at /usr/home/cpan/pit/thr/conf/perl-5.22.3/.cpanplus/5.22.3/build/t6U1mVOyJ3/Ethereum-RPC-Client-0.05/blib/lib/Ethereum/RPC/Contract.pm line 291.
syntax error at /usr/home/cpan/pit/thr/conf/perl-5.22.3/.cpanplus/5.22.3/build/t6U1mVOyJ3/Ethereum-RPC-Client-0.05/blib/lib/Ethereum/RPC/Contract.pm line 292, near "}"
/usr/home/cpan/pit/thr/conf/perl-5.22.3/.cpanplus/5.22.3/build/t6U1mVOyJ3/Ethereum-RPC-Client-0.05/blib/lib/Ethereum/RPC/Contract.pm has too many errors.
Compilation failed in require at /usr/home/cpan/pit/thr/conf/perl-5.22.3/.cpanplus/5.22.3/build/t6U1mVOyJ3/Ethereum-RPC-Client-0.05/blib/lib/Ethereum/RPC/Client.pm line 9.
BEGIN failed--compilation aborted at /usr/home/cpan/pit/thr/conf/perl-5.22.3/.cpanplus/5.22.3/build/t6U1mVOyJ3/Ethereum-RPC-Client-0.05/blib/lib/Ethereum/RPC/Client.pm line 9.
Compilation failed in require at t/ABI_encoding.t line 10.
BEGIN failed--compilation aborted at t/ABI_encoding.t line 10.
t/ABI_encoding.t ........... 
Dubious, test returned 255 (wstat 65280, 0xff00)
No subtests run 
Array found where operator expected at /usr/home/cpan/pit/thr/conf/perl-5.22.3/.cpanplus/5.22.3/build/t6U1mVOyJ3/Ethereum-RPC-Client-0.05/blib/lib/Ethereum/RPC/Contract.pm line 245, near "->@*"
	(Missing operator before @*?)
Array found where operator expected at /usr/home/cpan/pit/thr/conf/perl-5.22.3/.cpanplus/5.22.3/build/t6U1mVOyJ3/Ethereum-RPC-Client-0.05/blib/lib/Ethereum/RPC/Contract.pm line 248, near "->@*"
	(Missing operator before @*?)
Array found where operator expected at /usr/home/cpan/pit/thr/conf/perl-5.22.3/.cpanplus/5.22.3/build/t6U1mVOyJ3/Ethereum-RPC-Client-0.05/blib/lib/Ethereum/RPC/Contract.pm line 249, near "->@*"
	(Missing operator before @*?)
Array found where operator expected at /usr/home/cpan/pit/thr/conf/perl-5.22.3/.cpanplus/5.22.3/build/t6U1mVOyJ3/Ethereum-RPC-Client-0.05/blib/lib/Ethereum/RPC/Contract.pm line 250, near "->@*"
	(Missing operator before @*?)
Array found where operator expected at /usr/home/cpan/pit/thr/conf/perl-5.22.3/.cpanplus/5.22.3/build/t6U1mVOyJ3/Ethereum-RPC-Client-0.05/blib/lib/Ethereum/RPC/Contract.pm line 282, near "->@*"
	(Missing operator before @*?)
syntax error at /usr/home/cpan/pit/thr/conf/perl-5.22.3/.cpanplus/5.22.3/build/t6U1mVOyJ3/Ethereum-RPC-Client-0.05/blib/lib/Ethereum/RPC/Contract.pm line 245, near "->@*"
Global symbol "@inputs" requires explicit package name (did you forget to declare "my @inputs"?) at /usr/home/cpan/pit/thr/conf/perl-5.22.3/.cpanplus/5.22.3/build/t6U1mVOyJ3/Ethereum-RPC-Client-0.05/blib/lib/Ethereum/RPC/Contract.pm line 246.
Global symbol "@inputs" requires explicit package name (did you forget to declare "my @inputs"?) at /usr/home/cpan/pit/thr/conf/perl-5.22.3/.cpanplus/5.22.3/build/t6U1mVOyJ3/Ethereum-RPC-Client-0.05/blib/lib/Ethereum/RPC/Contract.pm line 247.
syntax error at /usr/home/cpan/pit/thr/conf/perl-5.22.3/.cpanplus/5.22.3/build/t6U1mVOyJ3/Ethereum-RPC-Client-0.05/blib/lib/Ethereum/RPC/Contract.pm line 248, near "->@*"
syntax error at /usr/home/cpan/pit/thr/conf/perl-5.22.3/.cpanplus/5.22.3/build/t6U1mVOyJ3/Ethereum-RPC-Client-0.05/blib/lib/Ethereum/RPC/Contract.pm line 249, near "->@*"
syntax error at /usr/home/cpan/pit/thr/conf/perl-5.22.3/.cpanplus/5.22.3/build/t6U1mVOyJ3/Ethereum-RPC-Client-0.05/blib/lib/Ethereum/RPC/Contract.pm line 250, near "->@*"
syntax error at /usr/home/cpan/pit/thr/conf/perl-5.22.3/.cpanplus/5.22.3/build/t6U1mVOyJ3/Ethereum-RPC-Client-0.05/blib/lib/Ethereum/RPC/Contract.pm line 282, near "->@*"
Global symbol "$input" requires explicit package name (did you forget to declare "my $input"?) at /usr/home/cpan/pit/thr/conf/perl-5.22.3/.cpanplus/5.22.3/build/t6U1mVOyJ3/Ethereum-RPC-Client-0.05/blib/lib/Ethereum/RPC/Contract.pm line 283.
Global symbol "$offset" requires explicit package name (did you forget to declare "my $offset"?) at /usr/home/cpan/pit/thr/conf/perl-5.22.3/.cpanplus/5.22.3/build/t6U1mVOyJ3/Ethereum-RPC-Client-0.05/blib/lib/Ethereum/RPC/Contract.pm line 288.
Global symbol "$offset" requires explicit package name (did you forget to declare "my $offset"?) at /usr/home/cpan/pit/thr/conf/perl-5.22.3/.cpanplus/5.22.3/build/t6U1mVOyJ3/Ethereum-RPC-Client-0.05/blib/lib/Ethereum/RPC/Contract.pm line 291.
syntax error at /usr/home/cpan/pit/thr/conf/perl-5.22.3/.cpanplus/5.22.3/build/t6U1mVOyJ3/Ethereum-RPC-Client-0.05/blib/lib/Ethereum/RPC/Contract.pm line 292, near "}"
/usr/home/cpan/pit/thr/conf/perl-5.22.3/.cpanplus/5.22.3/build/t6U1mVOyJ3/Ethereum-RPC-Client-0.05/blib/lib/Ethereum/RPC/Contract.pm has too many errors.
Compilation failed in require at /usr/home/cpan/pit/thr/conf/perl-5.22.3/.cpanplus/5.22.3/build/t6U1mVOyJ3/Ethereum-RPC-Client-0.05/blib/lib/Ethereum/RPC/Client.pm line 9.
BEGIN failed--compilation aborted at /usr/home/cpan/pit/thr/conf/perl-5.22.3/.cpanplus/5.22.3/build/t6U1mVOyJ3/Ethereum-RPC-Client-0.05/blib/lib/Ethereum/RPC/Client.pm line 9.
Compilation failed in require at t/Crowdsale.t line 4.
BEGIN failed--compilation aborted at t/Crowdsale.t line 4.
t/Crowdsale.t .............. 
Dubious, test returned 255 (wstat 65280, 0xff00)
No subtests run 
Array found where operator expected at /usr/home/cpan/pit/thr/conf/perl-5.22.3/.cpanplus/5.22.3/build/t6U1mVOyJ3/Ethereum-RPC-Client-0.05/blib/lib/Ethereum/RPC/Contract.pm line 245, near "->@*"
	(Missing operator before @*?)
Array found where operator expected at /usr/home/cpan/pit/thr/conf/perl-5.22.3/.cpanplus/5.22.3/build/t6U1mVOyJ3/Ethereum-RPC-Client-0.05/blib/lib/Ethereum/RPC/Contract.pm line 248, near "->@*"
	(Missing operator before @*?)
Array found where operator expected at /usr/home/cpan/pit/thr/conf/perl-5.22.3/.cpanplus/5.22.3/build/t6U1mVOyJ3/Ethereum-RPC-Client-0.05/blib/lib/Ethereum/RPC/Contract.pm line 249, near "->@*"
	(Missing operator before @*?)
Array found where operator expected at /usr/home/cpan/pit/thr/conf/perl-5.22.3/.cpanplus/5.22.3/build/t6U1mVOyJ3/Ethereum-RPC-Client-0.05/blib/lib/Ethereum/RPC/Contract.pm line 250, near "->@*"
	(Missing operator before @*?)
Array found where operator expected at /usr/home/cpan/pit/thr/conf/perl-5.22.3/.cpanplus/5.22.3/build/t6U1mVOyJ3/Ethereum-RPC-Client-0.05/blib/lib/Ethereum/RPC/Contract.pm line 282, near "->@*"
	(Missing operator before @*?)
syntax error at /usr/home/cpan/pit/thr/conf/perl-5.22.3/.cpanplus/5.22.3/build/t6U1mVOyJ3/Ethereum-RPC-Client-0.05/blib/lib/Ethereum/RPC/Contract.pm line 245, near "->@*"
Global symbol "@inputs" requires explicit package name (did you forget to declare "my @inputs"?) at /usr/home/cpan/pit/thr/conf/perl-5.22.3/.cpanplus/5.22.3/build/t6U1mVOyJ3/Ethereum-RPC-Client-0.05/blib/lib/Ethereum/RPC/Contract.pm line 246.
Global symbol "@inputs" requires explicit package name (did you forget to declare "my @inputs"?) at /usr/home/cpan/pit/thr/conf/perl-5.22.3/.cpanplus/5.22.3/build/t6U1mVOyJ3/Ethereum-RPC-Client-0.05/blib/lib/Ethereum/RPC/Contract.pm line 247.
syntax error at /usr/home/cpan/pit/thr/conf/perl-5.22.3/.cpanplus/5.22.3/build/t6U1mVOyJ3/Ethereum-RPC-Client-0.05/blib/lib/Ethereum/RPC/Contract.pm line 248, near "->@*"
syntax error at /usr/home/cpan/pit/thr/conf/perl-5.22.3/.cpanplus/5.22.3/build/t6U1mVOyJ3/Ethereum-RPC-Client-0.05/blib/lib/Ethereum/RPC/Contract.pm line 249, near "->@*"
syntax error at /usr/home/cpan/pit/thr/conf/perl-5.22.3/.cpanplus/5.22.3/build/t6U1mVOyJ3/Ethereum-RPC-Client-0.05/blib/lib/Ethereum/RPC/Contract.pm line 250, near "->@*"
syntax error at /usr/home/cpan/pit/thr/conf/perl-5.22.3/.cpanplus/5.22.3/build/t6U1mVOyJ3/Ethereum-RPC-Client-0.05/blib/lib/Ethereum/RPC/Contract.pm line 282, near "->@*"
Global symbol "$input" requires explicit package name (did you forget to declare "my $input"?) at /usr/home/cpan/pit/thr/conf/perl-5.22.3/.cpanplus/5.22.3/build/t6U1mVOyJ3/Ethereum-RPC-Client-0.05/blib/lib/Ethereum/RPC/Contract.pm line 283.
Global symbol "$offset" requires explicit package name (did you forget to declare "my $offset"?) at /usr/home/cpan/pit/thr/conf/perl-5.22.3/.cpanplus/5.22.3/build/t6U1mVOyJ3/Ethereum-RPC-Client-0.05/blib/lib/Ethereum/RPC/Contract.pm line 288.
Global symbol "$offset" requires explicit package name (did you forget to declare "my $offset"?) at /usr/home/cpan/pit/thr/conf/perl-5.22.3/.cpanplus/5.22.3/build/t6U1mVOyJ3/Ethereum-RPC-Client-0.05/blib/lib/Ethereum/RPC/Contract.pm line 291.
syntax error at /usr/home/cpan/pit/thr/conf/perl-5.22.3/.cpanplus/5.22.3/build/t6U1mVOyJ3/Ethereum-RPC-Client-0.05/blib/lib/Ethereum/RPC/Contract.pm line 292, near "}"
/usr/home/cpan/pit/thr/conf/perl-5.22.3/.cpanplus/5.22.3/build/t6U1mVOyJ3/Ethereum-RPC-Client-0.05/blib/lib/Ethereum/RPC/Contract.pm has too many errors.
Compilation failed in require at /usr/home/cpan/pit/thr/conf/perl-5.22.3/.cpanplus/5.22.3/build/t6U1mVOyJ3/Ethereum-RPC-Client-0.05/blib/lib/Ethereum/RPC/Client.pm line 9.
BEGIN failed--compilation aborted at /usr/home/cpan/pit/thr/conf/perl-5.22.3/.cpanplus/5.22.3/build/t6U1mVOyJ3/Ethereum-RPC-Client-0.05/blib/lib/Ethereum/RPC/Client.pm line 9.
Compilation failed in require at t/ERC20.t line 7.
BEGIN failed--compilation aborted at t/ERC20.t line 7.
t/ERC20.t .................. 
Dubious, test returned 255 (wstat 65280, 0xff00)
No subtests run 

Test Summary Report
-------------------
t/00-check-deps.t        (Wstat: 256 (exited 1) Tests: 25 Failed: 1)
  Failed test:  19
  Non-zero exit status: 1
t/00-compile.t           (Wstat: 512 (exited 2) Tests: 6 Failed: 2)
  Failed tests:  1-2
  Non-zero exit status: 2
t/00_web3_clientVersion.t (Wstat: 65280 (exited 255) Tests: 0 Failed: 0)
  Non-zero exit status: 255
  Parse errors: No plan found in TAP output
t/ABI_encoding.t         (Wstat: 65280 (exited 255) Tests: 0 Failed: 0)
  Non-zero exit status: 255
  Parse errors: No plan found in TAP output
t/Crowdsale.t            (Wstat: 65280 (exited 255) Tests: 0 Failed: 0)
  Non-zero exit status: 255
  Parse errors: No plan found in TAP output
t/ERC20.t                (Wstat: 65280 (exited 255) Tests: 0 Failed: 0)
  Non-zero exit status: 255
  Parse errors: No plan found in TAP output
Files=7, Tests=32,  4 wallclock secs ( 0.00 usr  0.05 sys +  2.60 cusr  0.84 csys =  3.50 CPU)
Result: FAIL
Failed 6/7 test programs. 3/32 subtests failed.
*** Error code 255

Stop.
make: stopped in /usr/home/cpan/pit/thr/conf/perl-5.22.3/.cpanplus/5.22.3/build/t6U1mVOyJ3/Ethereum-RPC-Client-0.05


PREREQUISITES:

Here is a list of prerequisites you specified and versions we
managed to load:

	  Module Name                        Have     Want
	  Digest::Keccak                     0.05     0.05
	  Encode                          2.72_01        0
	  ExtUtils::MakeMaker                7.64        0
	  File::Spec                         3.75        0
	  Future                             0.49     0.37
	  IO::Handle                         1.35        0
	  IPC::Open3                         1.18        0
	  JSON                               4.10  2.97001
	  JSON::MaybeXS                  1.004004 1.003008
	  List::Util                         1.41        0
	  Math::BigFloat                 1.999837 1.999814
	  Math::BigInt                   1.999837 1.999814
	  Mojo::UserAgent                       0        0
	! Mojolicious                        9.31  == 7.29
	  Moo                            2.005005        0
	  Path::Tiny                        0.144        0
	  Scalar::Util                       1.41        0
	  Test::CheckDeps                   0.010    0.010
	  Test::More                     1.302191     0.96
	  strict                             1.09        0
	  warnings                           1.34        0

Perl module toolchain versions installed:
	Module Name                        Have
	CPANPLUS                         0.9914
	CPANPLUS::Dist::Build              0.90
	Cwd                                3.75
	ExtUtils::CBuilder             0.280236
	ExtUtils::Command                  7.64
	ExtUtils::Install                  2.20
	ExtUtils::MakeMaker                7.64
	ExtUtils::Manifest                 1.73
	ExtUtils::ParseXS                  3.44
	File::Spec                         3.75
	Module::Build                    0.4231
	Pod::Parser                        1.63
	Pod::Simple                        3.29
	Test2                          1.302191
	Test::Harness                      3.44
	Test::More                     1.302191
	version                          0.9929

******************************** NOTE ********************************
The comments above are created mechanically, possibly without manual
checking by the sender.  As there are many people performing automatic
tests on each upload to CPAN, it is likely that you will receive
identical messages about the same problem.

If you believe that the message is mistaken, please reply to the first
one with correction and/or additional informations, and do not take
it personally.  We appreciate your patience. :)
**********************************************************************

Additional comments:


This report was machine-generated by CPANPLUS::Dist::YACSmoke 1.08.
Powered by minismokebox version 0.68

CPANPLUS is prefering Build.PL

------------------------------
ENVIRONMENT AND OTHER CONTEXT
------------------------------

Environment variables:

    AUTOMATED_TESTING = 1
    LANG = C.UTF-8
    NONINTERACTIVE_TESTING = 1
    PATH = /sbin:/bin:/usr/sbin:/usr/bin:/usr/local/sbin:/usr/local/bin:/home/cpan/bin
    PERL5LIB = /usr/home/cpan/pit/jail/91pzaTQCDx/lib/perl5:/usr/home/cpan/pit/thr/conf/perl-5.22.3/.cpanplus/5.22.3/build/t6U1mVOyJ3/Ethereum-RPC-Client-0.05/blib/lib:/usr/home/cpan/pit/thr/conf/perl-5.22.3/.cpanplus/5.22.3/build/t6U1mVOyJ3/Ethereum-RPC-Client-0.05/blib/arch
    PERL5_CPANPLUS_IS_RUNNING = 60767
    PERL5_CPANPLUS_IS_VERSION = 0.9914
    PERL5_MINISMOKEBOX = 0.68
    PERL5_YACSMOKE_BASE = /usr/home/cpan/pit/thr/conf/perl-5.22.3
    PERL_EXTUTILS_AUTOINSTALL = --defaultdeps
    PERL_LOCAL_LIB_ROOT = /usr/home/cpan/pit/jail/91pzaTQCDx
    PERL_MB_OPT = --install_base "/usr/home/cpan/pit/jail/91pzaTQCDx"
    PERL_MM_OPT = INSTALL_BASE=/usr/home/cpan/pit/jail/91pzaTQCDx
    PERL_MM_USE_DEFAULT = 1
    SHELL = /usr/local/bin/bash
    TERM = screen

Perl special variables (and OS-specific diagnostics, for MSWin32):

    Perl: $^X = /usr/home/cpan/pit/thr/perl-5.22.3/bin/perl
    UID:  $<  = 1002
    EUID: $>  = 1002
    GID:  $(  = 1002 1002
    EGID: $)  = 1002 1002


-------------------------------


--

Summary of my perl5 (revision 5 version 22 subversion 3) configuration:
   
  Platform:
    osname=freebsd, osvers=13.1-release, archname=amd64-freebsd-thread-multi
    uname='freebsd frantic 13.1-release freebsd 13.1-release releng13.1-n250148-fc952ac2212 generic amd64 '
    config_args='-des -Dprefix=/usr/home/cpan/pit/thr/perl-5.22.3 -Dusethreads'
    hint=recommended, useposix=true, d_sigaction=define
    useithreads=define, usemultiplicity=define
    use64bitint=define, use64bitall=define, uselongdouble=undef
    usemymalloc=n, bincompat5005=undef
  Compiler:
    cc='cc', ccflags ='-DHAS_FPSETMASK -DHAS_FLOATINGPOINT_H -fno-strict-aliasing -pipe -fstack-protector-strong -I/usr/local/include',
    optimize='-O2',
    cppflags='-DHAS_FPSETMASK -DHAS_FLOATINGPOINT_H -fno-strict-aliasing -pipe -fstack-protector-strong -I/usr/local/include'
    ccversion='', gccversion='FreeBSD Clang 13.0.0 (git@github.com:llvm/llvm-project.git llvmorg-13.0.0-0-gd7b669b3a303)', gccosandvers=''
    intsize=4, longsize=8, ptrsize=8, doublesize=8, byteorder=12345678, doublekind=3
    d_longlong=define, longlongsize=8, d_longdbl=define, longdblsize=16, longdblkind=3
    ivtype='long', ivsize=8, nvtype='double', nvsize=8, Off_t='off_t', lseeksize=8
    alignbytes=8, prototype=define
  Linker and Libraries:
    ld='cc', ldflags ='-pthread -Wl,-E  -fstack-protector-strong -L/usr/local/lib'
    libpth=/usr/lib /usr/local/lib /usr/lib/clang/13.0.0/lib /usr/lib
    libs=-lpthread -lgdbm -ldl -lm -lcrypt -lutil
    perllibs=-lpthread -ldl -lm -lcrypt -lutil
    libc=, so=so, useshrplib=false, libperl=libperl.a
    gnulibc_version=''
  Dynamic Linking:
    dlsrc=dl_dlopen.xs, dlext=so, d_dlsymun=undef, ccdlflags=' '
    cccdlflags='-DPIC -fPIC', lddlflags='-shared  -L/usr/local/lib -fstack-protector-strong'


Characteristics of this binary (from libperl): 
  Compile-time options: HAS_TIMES MULTIPLICITY PERLIO_LAYERS
                        PERL_DONT_CREATE_GVSV
                        PERL_HASH_FUNC_ONE_AT_A_TIME_HARD
                        PERL_IMPLICIT_CONTEXT PERL_MALLOC_WRAP
                        PERL_NEW_COPY_ON_WRITE PERL_PRESERVE_IVUV
                        USE_64_BIT_ALL USE_64_BIT_INT USE_ITHREADS
                        USE_LARGE_FILES USE_LOCALE USE_LOCALE_COLLATE
                        USE_LOCALE_CTYPE USE_LOCALE_NUMERIC USE_LOCALE_TIME
                        USE_PERLIO USE_PERL_ATOF USE_REENTRANT_API
  Locally applied patches:
	Devel::PatchPerl 2.08
  Built under freebsd
  Compiled at Jul 25 2022 08:53:36
  %ENV:
    PERL5LIB="/usr/home/cpan/pit/jail/91pzaTQCDx/lib/perl5:/usr/home/cpan/pit/thr/conf/perl-5.22.3/.cpanplus/5.22.3/build/t6U1mVOyJ3/Ethereum-RPC-Client-0.05/blib/lib:/usr/home/cpan/pit/thr/conf/perl-5.22.3/.cpanplus/5.22.3/build/t6U1mVOyJ3/Ethereum-RPC-Client-0.05/blib/arch"
    PERL5_CPANPLUS_IS_RUNNING="60767"
    PERL5_CPANPLUS_IS_VERSION="0.9914"
    PERL5_MINISMOKEBOX="0.68"
    PERL5_YACSMOKE_BASE="/usr/home/cpan/pit/thr/conf/perl-5.22.3"
    PERL_EXTUTILS_AUTOINSTALL="--defaultdeps"
    PERL_LOCAL_LIB_ROOT="/usr/home/cpan/pit/jail/91pzaTQCDx"
    PERL_MB_OPT="--install_base "/usr/home/cpan/pit/jail/91pzaTQCDx""
    PERL_MM_OPT="INSTALL_BASE=/usr/home/cpan/pit/jail/91pzaTQCDx"
    PERL_MM_USE_DEFAULT="1"
  @INC:
    /usr/home/cpan/pit/jail/91pzaTQCDx/lib/perl5/5.22.3/amd64-freebsd-thread-multi
    /usr/home/cpan/pit/jail/91pzaTQCDx/lib/perl5/5.22.3
    /usr/home/cpan/pit/jail/91pzaTQCDx/lib/perl5/amd64-freebsd-thread-multi
    /usr/home/cpan/pit/jail/91pzaTQCDx/lib/perl5
    /usr/home/cpan/pit/thr/conf/perl-5.22.3/.cpanplus/5.22.3/build/t6U1mVOyJ3/Ethereum-RPC-Client-0.05/blib/lib
    /usr/home/cpan/pit/thr/conf/perl-5.22.3/.cpanplus/5.22.3/build/t6U1mVOyJ3/Ethereum-RPC-Client-0.05/blib/arch
    /usr/home/cpan/pit/thr/perl-5.22.3/lib/site_perl/5.22.3/amd64-freebsd-thread-multi
    /usr/home/cpan/pit/thr/perl-5.22.3/lib/site_perl/5.22.3
    /usr/home/cpan/pit/thr/perl-5.22.3/lib/5.22.3/amd64-freebsd-thread-multi
    /usr/home/cpan/pit/thr/perl-5.22.3/lib/5.22.3
    .