AWS-CLIWrapper v1.27 Perl 5 v5.40.2 MSWin32-x64-multi-thread
- Status
- Fail
- From
- LNATION
- Dist
-
AWS-CLIWrapper v1.27
- Platform
- Perl 5 v5.40.2 MSWin32-x64-multi-thread
- Date
- 2025-05-22 20:03:44
- ID
- b4cb57f1-6c44-1014-b6db-82bb4c88ec58
This distribution has been tested as part of the CPAN Testers
project, supporting the Perl programming language. See
http://wiki.cpantesters.org/ for more information or email
questions to cpan-testers-discuss@perl.org
--
Dear HIROSE Masaaki,
This is a computer-generated report for AWS-CLIWrapper-1.27
on perl 5.40.2, created by CPAN-Reporter-1.2020.
Thank you for uploading your work to CPAN. However, there was a problem
testing your distribution.
If you think this report is invalid, please consult the CPAN Testers Wiki
for suggestions on how to avoid getting FAIL reports for missing library
or binary dependencies, unsupported operating systems, and so on:
http://wiki.cpantesters.org/wiki/CPANAuthorNotes
Sections of this report:
* Tester comments
* Program output
* Prerequisites
* Environment and other context
------------------------------
TESTER COMMENTS
------------------------------
Additional comments from tester:
this report is from an automated smoke testing program
and was not reviewed by a human for accuracy
------------------------------
PROGRAM OUTPUT
------------------------------
Output from 'C:\Strawberry\c\bin\gmake.EXE test':
"C:\Strawberry\perl\bin\perl.exe" "-MExtUtils::Command::MM" "-MTest::Harness" "-e" "undef *Test::Harness::Switches; test_harness(0, 'blib\lib', 'blib\arch')" t/*.t
t/00_compile.t .............. ok
t/01_new.t .................. ok
t/03_awscli_path.t .......... ok
t/03_awscli_timeout.t ....... ok
t/03_awscli_version.t ....... ok
t/03_region.t ............... ok
t/04_errors.t ............... skipped: not found aws command
# Failed test 'mock-aws version'
# at t/05_catch_error_options.t line 33.
# got: '0'
# expected: '2.42.4242'
# Looks like you failed 1 test of 25.
t/05_catch_error_options.t ..
Dubious, test returned 1 (wstat 256, 0x100)
Failed 1/25 subtests
run_forked is not available: at C:\Users\Administrator\AppData\Local\.cpan\build\AWS-CLIWrapper-1.27-0\blib\lib/AWS/CLIWrapper.pm line 320.
Use of uninitialized value in numeric eq (==) at C:\Users\Administrator\AppData\Local\.cpan\build\AWS-CLIWrapper-1.27-0\blib\lib/AWS/CLIWrapper.pm line 329, <DATA> line 74.
Use of uninitialized value in numeric eq (==) at C:\Users\Administrator\AppData\Local\.cpan\build\AWS-CLIWrapper-1.27-0\blib\lib/AWS/CLIWrapper.pm line 329, <DATA> line 74.
Use of uninitialized value in subroutine entry at C:\Users\Administrator\AppData\Local\.cpan\build\AWS-CLIWrapper-1.27-0\blib\lib/AWS/CLIWrapper.pm line 343, <DATA> line 74.
# Failed test 'no-croak error message'
# at t/06_catch_errors.t line 52.
# ''
# doesn't match '(?^:uh-oh)'
# Failed test 'no-croak result'
# at t/06_catch_errors.t line 54.
# got: 'success'
# expected: undef
run_forked is not available: at C:\Users\Administrator\AppData\Local\.cpan\build\AWS-CLIWrapper-1.27-0\blib\lib/AWS/CLIWrapper.pm line 320.
Use of uninitialized value in numeric eq (==) at C:\Users\Administrator\AppData\Local\.cpan\build\AWS-CLIWrapper-1.27-0\blib\lib/AWS/CLIWrapper.pm line 329, <DATA> line 74.
Use of uninitialized value in numeric eq (==) at C:\Users\Administrator\AppData\Local\.cpan\build\AWS-CLIWrapper-1.27-0\blib\lib/AWS/CLIWrapper.pm line 329, <DATA> line 74.
Use of uninitialized value in subroutine entry at C:\Users\Administrator\AppData\Local\.cpan\build\AWS-CLIWrapper-1.27-0\blib\lib/AWS/CLIWrapper.pm line 343, <DATA> line 74.
# Failed test 'with-croak exception'
# at t/06_catch_errors.t line 50.
# ''
# doesn't match '(?^:foobaroo)'
# Failed test 'with-croak error message'
# at t/06_catch_errors.t line 52.
# ''
# doesn't match '(?^:foobaroo)'
# Failed test 'with-croak result'
# at t/06_catch_errors.t line 54.
# got: 'success'
# expected: undef
run_forked is not available: at C:\Users\Administrator\AppData\Local\.cpan\build\AWS-CLIWrapper-1.27-0\blib\lib/AWS/CLIWrapper.pm line 320.
Use of uninitialized value in numeric eq (==) at C:\Users\Administrator\AppData\Local\.cpan\build\AWS-CLIWrapper-1.27-0\blib\lib/AWS/CLIWrapper.pm line 329, <DATA> line 74.
Use of uninitialized value in numeric eq (==) at C:\Users\Administrator\AppData\Local\.cpan\build\AWS-CLIWrapper-1.27-0\blib\lib/AWS/CLIWrapper.pm line 329, <DATA> line 74.
Use of uninitialized value in subroutine entry at C:\Users\Administrator\AppData\Local\.cpan\build\AWS-CLIWrapper-1.27-0\blib\lib/AWS/CLIWrapper.pm line 343, <DATA> line 74.
# Failed test 'no-error result'
# at t/06_catch_errors.t line 54.
# Structures begin differing at:
# $got = 'success'
# $expected = HASH(0x284381b3798)
run_forked is not available: at C:\Users\Administrator\AppData\Local\.cpan\build\AWS-CLIWrapper-1.27-0\blib\lib/AWS/CLIWrapper.pm line 320.
Use of uninitialized value in numeric eq (==) at C:\Users\Administrator\AppData\Local\.cpan\build\AWS-CLIWrapper-1.27-0\blib\lib/AWS/CLIWrapper.pm line 329, <DATA> line 74.
Use of uninitialized value in numeric eq (==) at C:\Users\Administrator\AppData\Local\.cpan\build\AWS-CLIWrapper-1.27-0\blib\lib/AWS/CLIWrapper.pm line 329, <DATA> line 74.
Use of uninitialized value in subroutine entry at C:\Users\Administrator\AppData\Local\.cpan\build\AWS-CLIWrapper-1.27-0\blib\lib/AWS/CLIWrapper.pm line 343, <DATA> line 74.
# Failed test 'catch-with-croak retry counter exhausted'
# at t/06_catch_errors.t line 47.
# got: '3'
# expected: '0'
# Failed test 'catch-with-croak result'
# at t/06_catch_errors.t line 54.
# Structures begin differing at:
# $got = 'success'
# $expected = HASH(0x2843ae3b4c0)
run_forked is not available: at C:\Users\Administrator\AppData\Local\.cpan\build\AWS-CLIWrapper-1.27-0\blib\lib/AWS/CLIWrapper.pm line 320.
Use of uninitialized value in numeric eq (==) at C:\Users\Administrator\AppData\Local\.cpan\build\AWS-CLIWrapper-1.27-0\blib\lib/AWS/CLIWrapper.pm line 329.
Use of uninitialized value in numeric eq (==) at C:\Users\Administrator\AppData\Local\.cpan\build\AWS-CLIWrapper-1.27-0\blib\lib/AWS/CLIWrapper.pm line 329.
Use of uninitialized value in subroutine entry at C:\Users\Administrator\AppData\Local\.cpan\build\AWS-CLIWrapper-1.27-0\blib\lib/AWS/CLIWrapper.pm line 343.
# Failed test 'catch-no-croak retry counter exhausted'
# at t/06_catch_errors.t line 47.
# got: '2'
# expected: '0'
# Failed test 'catch-no-croak result'
# at t/06_catch_errors.t line 54.
# Structures begin differing at:
# $got = 'success'
# $expected = HASH(0x2843a5df870)
# Looks like you failed 10 tests of 17.
t/06_catch_errors.t .........
Dubious, test returned 10 (wstat 2560, 0xa00)
Failed 10/17 subtests
Test Summary Report
-------------------
t/05_catch_error_options.t (Wstat: 256 (exited 1) Tests: 25 Failed: 1)
Failed test: 9
Non-zero exit status: 1
t/06_catch_errors.t (Wstat: 2560 (exited 10) Tests: 17 Failed: 10)
Failed tests: 2-6, 9-10, 13-14, 17
Non-zero exit status: 10
Files=9, Tests=50, 4 wallclock secs ( 0.12 usr + 0.03 sys = 0.16 CPU)
Result: FAIL
Failed 2/9 test programs. 11/50 subtests failed.
gmake.EXE: *** [makefile:872: test_dynamic] Error 10
------------------------------
PREREQUISITES
------------------------------
Prerequisite modules loaded:
requires:
Module Need Have
------------------- -------- --------
IPC::Cmd 0 1.04
JSON 2 4.10
perl 5.008001 5.040002
String::ShellQuote 0 1.04
version 0.77 0.9933
build_requires:
Module Need Have
------------------- -------- --------
Test::More 0 1.302213
configure_requires:
Module Need Have
------------------- -------- --------
ExtUtils::MakeMaker 6.30 7.74
------------------------------
ENVIRONMENT AND OTHER CONTEXT
------------------------------
Environment variables:
AUTOMATED_TESTING = 1
COMSPEC = C:\Windows\system32\cmd.exe
NUMBER_OF_PROCESSORS = 2
PATH = C:\Windows\system32;C:\Windows;C:\Windows\System32\Wbem;C:\Windows\System32\WindowsPowerShell\v1.0\;C:\Windows\System32\OpenSSH\;C:\Program Files\Amazon\cfn-bootstrap\;C:\Strawberry\c\bin;C:\Strawberry\perl\site\bin;C:\Strawberry\perl\bin;C:\Users\Administrator\AppData\Local\Microsoft\WindowsApps;C:\Users\Administrator\AppData\Local\Microsoft\WinGet\Links;
PERL5LIB =
PERL5OPT =
PERL5_CPANPLUS_IS_RUNNING = 3552
PERL5_CPAN_IS_RUNNING = 3552
PERL5_CPAN_IS_RUNNING_IN_RECURSION = 4336,3552
PERL_CR_SMOKER_CURRENT = AWS-Lambda-Quick-1.0002
PERL_EXTUTILS_AUTOINSTALL = --defaultdeps
PERL_MM_USE_DEFAULT = 1
PERL_USE_UNSAFE_INC = 1
PROCESSOR_IDENTIFIER = Intel64 Family 6 Model 85 Stepping 7, GenuineIntel
TEMP = C:\Users\ADMINI~1\AppData\Local\Temp\2
Perl special variables (and OS-specific diagnostics, for MSWin32):
$^X = C:\Strawberry\perl\bin\perl.exe
$UID/$EUID = 0 / 0
$GID = 0
$EGID = 0
Win32::GetOSName = WinServer
Win32::GetOSVersion = , 10, 0, 26100, 2, 0, 0, 400, 3
Win32::FsType = NTFS
Win32::IsAdminUser = 1
Perl module toolchain versions installed:
Module Have
------------------- --------
CPAN 2.38
CPAN::Meta 2.150010
Cwd 3.91
ExtUtils::CBuilder 0.280240
ExtUtils::Command 7.74
ExtUtils::Install 2.22
ExtUtils::MakeMaker 7.74
ExtUtils::Manifest 1.75
ExtUtils::ParseXS 3.57
File::Spec 3.91
JSON 4.10
JSON::PP 4.16
Module::Build 0.4234
Module::Signature n/a
Parse::CPAN::Meta 2.150010
Test2 1.302213
Test::Harness 3.52
Test::More 1.302213
YAML 1.31
YAML::Syck 1.34
version 0.9933
--
Summary of my perl5 (revision 5 version 40 subversion 2) configuration:
Platform:
osname=MSWin32
osvers=10.0.22631.5189
archname=MSWin32-x64-multi-thread
uname='Win32 strawberry-perl 5.40.2.1 # 05:42:50 Sun May 11 2025 x64'
config_args='undef'
hint=recommended
useposix=true
d_sigaction=undef
useithreads=define
usemultiplicity=define
use64bitint=define
use64bitall=undef
uselongdouble=undef
usemymalloc=n
default_inc_excludes_dot=define
Compiler:
cc='gcc'
ccflags ='-std=c99 -DWIN32 -DWIN64 -DPERL_TEXTMODE_SCRIPTS -DMULTIPLICITY -DPERL_IMPLICIT_SYS -DUSE_PERLIO -D__USE_MINGW_ANSI_STDIO -fwrapv -fno-strict-aliasing -mms-bitfields'
optimize='-O2'
cppflags='-DWIN32'
ccversion=''
gccversion='13.2.0'
gccosandvers=''
intsize=4
longsize=4
ptrsize=8
doublesize=8
byteorder=12345678
doublekind=3
d_longlong=define
longlongsize=8
d_longdbl=define
longdblsize=16
longdblkind=3
ivtype='long long'
ivsize=8
nvtype='double'
nvsize=8
Off_t='long long'
lseeksize=8
alignbytes=8
prototype=define
Linker and Libraries:
ld='g++'
ldflags ='-s -L"C:\STRAWB~1\perl\lib\CORE" -L"C:\STRAWB~1\c\lib" -L"C:\STRAWB~1\c\x86_64-w64-mingw32\lib" -L"C:\STRAWB~1\c\lib\gcc\x86_64-w64-mingw32\13.2.0"'
libpth=C:\STRAWB~1\c\lib C:\STRAWB~1\c\x86_64-w64-mingw32\lib C:\STRAWB~1\c\lib\gcc\x86_64-w64-mingw32\13.2.0 C:\STRAWB~1\c\x86_64-w64-mingw32\lib C:\STRAWB~1\c\lib\gcc\x86_64-w64-mingw32\13.2.0
libs= -lmoldname -lkernel32 -luser32 -lgdi32 -lwinspool -lcomdlg32 -ladvapi32 -lshell32 -lole32 -loleaut32 -lnetapi32 -luuid -lws2_32 -lmpr -lwinmm -lversion -lodbc32 -lodbccp32 -lcomctl32
perllibs= -lmoldname -lkernel32 -luser32 -lgdi32 -lwinspool -lcomdlg32 -ladvapi32 -lshell32 -lole32 -loleaut32 -lnetapi32 -luuid -lws2_32 -lmpr -lwinmm -lversion -lodbc32 -lodbccp32 -lcomctl32
libc=-lucrt
so=dll
useshrplib=true
libperl=libperl540.a
gnulibc_version=''
Dynamic Linking:
dlsrc=dl_win32.xs
dlext=xs.dll
d_dlsymun=undef
ccdlflags=' '
cccdlflags=' '
lddlflags='-shared -s -L"C:\STRAWB~1\perl\lib\CORE" -L"C:\STRAWB~1\c\lib" -L"C:\STRAWB~1\c\x86_64-w64-mingw32\lib" -L"C:\STRAWB~1\c\lib\gcc\x86_64-w64-mingw32\13.2.0"'
Characteristics of this binary (from libperl):
Compile-time options:
HAS_LONG_DOUBLE
HAS_TIMES
HAVE_INTERP_INTERN
MULTIPLICITY
PERLIO_LAYERS
PERL_COPY_ON_WRITE
PERL_DONT_CREATE_GVSV
PERL_HASH_FUNC_SIPHASH13
PERL_HASH_USE_SBOX32
PERL_IMPLICIT_SYS
PERL_MALLOC_WRAP
PERL_OP_PARENT
PERL_PRESERVE_IVUV
PERL_USE_SAFE_PUTENV
USE_64_BIT_INT
USE_ITHREADS
USE_LARGE_FILES
USE_LOCALE
USE_LOCALE_COLLATE
USE_LOCALE_CTYPE
USE_LOCALE_NUMERIC
USE_LOCALE_TIME
USE_PERLIO
USE_PERL_ATOF
USE_THREAD_SAFE_LOCALE
Built under MSWin32
Compiled at May 11 2025 15:48:20
%ENV:
PERL5_CPANPLUS_IS_RUNNING="3552"
PERL5_CPAN_IS_RUNNING="3552"
PERL5_CPAN_IS_RUNNING_IN_RECURSION="4336,3552"
PERL_CR_SMOKER_CURRENT="AWS-Lambda-Quick-1.0002"
PERL_EXTUTILS_AUTOINSTALL="--defaultdeps"
PERL_MM_USE_DEFAULT="1"
PERL_USE_UNSAFE_INC="1"
@INC:
C:/Strawberry/perl/site/lib
C:/Strawberry/perl/vendor/lib
C:/Strawberry/perl/lib
.