GOBO v0.03 Perl 5 v5.29.8 OpenBSD.amd64-openbsd-thread-multi
- Status
- Fail
- From
- Alceu Rodrigues de Freitas Junior
- Dist
-
GOBO v0.03
- Platform
- Perl 5 v5.29.8 OpenBSD.amd64-openbsd-thread-multi
- Date
- 2019-03-16 09:27:22
- ID
- b44338e8-47cd-11e9-b973-858d9287ade7
This distribution has been tested as part of the CPAN Testers
project, supporting the Perl programming language. See
http://wiki.cpantesters.org/ for more information or email
questions to cpan-testers-discuss@perl.org
--
Dear Chris Mungall,
This is a computer-generated report for GOBO-0.03
on perl 5.29.8, created by CPAN-Reporter-1.2018.
Thank you for uploading your work to CPAN. However, there was a problem
testing your distribution.
If you think this report is invalid, please consult the CPAN Testers Wiki
for suggestions on how to avoid getting FAIL reports for missing library
or binary dependencies, unsupported operating systems, and so on:
http://wiki.cpantesters.org/wiki/CPANAuthorNotes
Sections of this report:
* Tester comments
* Program output
* Prerequisites
* Environment and other context
------------------------------
TESTER COMMENTS
------------------------------
Additional comments from tester:
this report is from an automated smoke testing program
and was not reviewed by a human for accuracy
------------------------------
PROGRAM OUTPUT
------------------------------
Output from '/usr/bin/make test':
PERL_DL_NONLAZY=1 "/home/vegeta/perl5/perlbrew/perls/perl-blead/bin/perl5.29.8" "-MExtUtils::Command::MM" "-MTest::Harness" "-e" "undef *Test::Harness::Switches; test_harness(0, 'blib/lib', 'blib/arch')" t/*.t
You cannot coerce an attribute (source) unless its type (GOBO::Node) has a coercion at /home/vegeta/perl5/perlbrew/perls/perl-blead/lib/site_perl/5.29.8/OpenBSD.amd64-openbsd-thread-multi/Moose/Exporter.pm line 419
Moose::with('GOBO::Attributed') called at /mnt/cpan_build_dir/vegeta/GOBO-0.03-0/blib/lib/GOBO/Synonym.pm line 17
require GOBO/Synonym.pm at /mnt/cpan_build_dir/vegeta/GOBO-0.03-0/blib/lib/GOBO/Labeled.pm line 23
GOBO::Labeled::BEGIN at /mnt/cpan_build_dir/vegeta/GOBO-0.03-0/blib/lib/GOBO/Synonym.pm line 0
eval {...} at /mnt/cpan_build_dir/vegeta/GOBO-0.03-0/blib/lib/GOBO/Synonym.pm line 0
require GOBO/Labeled.pm at /home/vegeta/perl5/perlbrew/perls/perl-blead/lib/site_perl/5.29.8/Module/Runtime.pm line 314
Module::Runtime::require_module('GOBO::Labeled') called at /home/vegeta/perl5/perlbrew/perls/perl-blead/lib/site_perl/5.29.8/Module/Runtime.pm line 391
eval {...} at /home/vegeta/perl5/perlbrew/perls/perl-blead/lib/site_perl/5.29.8/Module/Runtime.pm line 391
Module::Runtime::use_package_optimistically('GOBO::Labeled') called at /home/vegeta/perl5/perlbrew/perls/perl-blead/lib/site_perl/5.29.8/OpenBSD.amd64-openbsd-thread-multi/Moose/Util.pm line 351
Moose::Util::_load_user_class('GOBO::Labeled', undef) called at /home/vegeta/perl5/perlbrew/perls/perl-blead/lib/site_perl/5.29.8/OpenBSD.amd64-openbsd-thread-multi/Moose/Util.pm line 146
Moose::Util::_apply_all_roles('Moose::Meta::Class=HASH(0x1a78074583b8)', undef, 'GOBO::Labeled') called at /home/vegeta/perl5/perlbrew/perls/perl-blead/lib/site_perl/5.29.8/OpenBSD.amd64-openbsd-thread-multi/Moose/Util.pm line 113
Moose::Util::apply_all_roles('Moose::Meta::Class=HASH(0x1a78074583b8)', 'GOBO::Labeled') called at /home/vegeta/perl5/perlbrew/perls/perl-blead/lib/site_perl/5.29.8/OpenBSD.amd64-openbsd-thread-multi/Moose.pm line 57
Moose::with('Moose::Meta::Class=HASH(0x1a78074583b8)', 'GOBO::Labeled') called at /home/vegeta/perl5/perlbrew/perls/perl-blead/lib/site_perl/5.29.8/OpenBSD.amd64-openbsd-thread-multi/Moose/Exporter.pm line 419
Moose::with('GOBO::Labeled') called at /mnt/cpan_build_dir/vegeta/GOBO-0.03-0/blib/lib/GOBO/Node.pm line 6
require GOBO/Node.pm at /home/vegeta/perl5/perlbrew/perls/perl-blead/lib/site_perl/5.29.8/Module/Runtime.pm line 314
Module::Runtime::require_module('GOBO::Node') called at /home/vegeta/perl5/perlbrew/perls/perl-blead/lib/site_perl/5.29.8/Module/Runtime.pm line 391
eval {...} at /home/vegeta/perl5/perlbrew/perls/perl-blead/lib/site_perl/5.29.8/Module/Runtime.pm line 391
Module::Runtime::use_package_optimistically('GOBO::Node') called at /home/vegeta/perl5/perlbrew/perls/perl-blead/lib/site_perl/5.29.8/OpenBSD.amd64-openbsd-thread-multi/Moose/Util.pm line 351
Moose::Util::_load_user_class('GOBO::Node', undef) called at /home/vegeta/perl5/perlbrew/perls/perl-blead/lib/site_perl/5.29.8/OpenBSD.amd64-openbsd-thread-multi/Moose/Meta/Class.pm line 569
Moose::Meta::Class::superclasses(undef, 'GOBO::Node') called at /home/vegeta/perl5/perlbrew/perls/perl-blead/lib/site_perl/5.29.8/OpenBSD.amd64-openbsd-thread-multi/Moose.pm line 53
Moose::extends('Moose::Meta::Class=HASH(0x1a777fca9d18)', 'GOBO::Node') called at /home/vegeta/perl5/perlbrew/perls/perl-blead/lib/site_perl/5.29.8/OpenBSD.amd64-openbsd-thread-multi/Moose/Exporter.pm line 419
Moose::extends('GOBO::Node') called at /mnt/cpan_build_dir/vegeta/GOBO-0.03-0/blib/lib/GOBO/Evidence.pm line 4
require GOBO/Evidence.pm at /mnt/cpan_build_dir/vegeta/GOBO-0.03-0/blib/lib/GOBO/Annotation.pm line 5
GOBO::Annotation::BEGIN at /mnt/cpan_build_dir/vegeta/GOBO-0.03-0/blib/lib/GOBO/Synonym.pm line 0
eval {...} at /mnt/cpan_build_dir/vegeta/GOBO-0.03-0/blib/lib/GOBO/Synonym.pm line 0
require GOBO/Annotation.pm at /mnt/cpan_build_dir/vegeta/GOBO-0.03-0/blib/lib/GOBO/Graph.pm line 55
GOBO::Graph::BEGIN at /mnt/cpan_build_dir/vegeta/GOBO-0.03-0/blib/lib/GOBO/Synonym.pm line 0
eval {...} at /mnt/cpan_build_dir/vegeta/GOBO-0.03-0/blib/lib/GOBO/Synonym.pm line 0
require GOBO/Graph.pm at t/analysis_test.t line 4
main::BEGIN at /mnt/cpan_build_dir/vegeta/GOBO-0.03-0/blib/lib/GOBO/Synonym.pm line 0
eval {...} at /mnt/cpan_build_dir/vegeta/GOBO-0.03-0/blib/lib/GOBO/Synonym.pm line 0
Compilation failed in require at /mnt/cpan_build_dir/vegeta/GOBO-0.03-0/blib/lib/GOBO/Labeled.pm line 23.
BEGIN failed--compilation aborted at /mnt/cpan_build_dir/vegeta/GOBO-0.03-0/blib/lib/GOBO/Labeled.pm line 23.
Compilation failed in require at /home/vegeta/perl5/perlbrew/perls/perl-blead/lib/site_perl/5.29.8/Module/Runtime.pm line 314.
Compilation failed in require at /home/vegeta/perl5/perlbrew/perls/perl-blead/lib/site_perl/5.29.8/Module/Runtime.pm line 314.
Compilation failed in require at /mnt/cpan_build_dir/vegeta/GOBO-0.03-0/blib/lib/GOBO/Annotation.pm line 5.
BEGIN failed--compilation aborted at /mnt/cpan_build_dir/vegeta/GOBO-0.03-0/blib/lib/GOBO/Annotation.pm line 5.
Compilation failed in require at /mnt/cpan_build_dir/vegeta/GOBO-0.03-0/blib/lib/GOBO/Graph.pm line 55.
BEGIN failed--compilation aborted at /mnt/cpan_build_dir/vegeta/GOBO-0.03-0/blib/lib/GOBO/Graph.pm line 55.
Compilation failed in require at t/analysis_test.t line 4.
BEGIN failed--compilation aborted at t/analysis_test.t line 4.
t/analysis_test.t ............
Dubious, test returned 255 (wstat 65280, 0xff00)
No subtests run
You cannot coerce an attribute (provenance) unless its type (GOBO::Node) has a coercion at /home/vegeta/perl5/perlbrew/perls/perl-blead/lib/site_perl/5.29.8/OpenBSD.amd64-openbsd-thread-multi/Moose/Exporter.pm line 419
Moose::with('GOBO::Attributed') called at /mnt/cpan_build_dir/vegeta/GOBO-0.03-0/blib/lib/GOBO/Synonym.pm line 17
require GOBO/Synonym.pm at /mnt/cpan_build_dir/vegeta/GOBO-0.03-0/blib/lib/GOBO/Labeled.pm line 23
GOBO::Labeled::BEGIN at /mnt/cpan_build_dir/vegeta/GOBO-0.03-0/blib/lib/GOBO/Synonym.pm line 0
eval {...} at /mnt/cpan_build_dir/vegeta/GOBO-0.03-0/blib/lib/GOBO/Synonym.pm line 0
require GOBO/Labeled.pm at /home/vegeta/perl5/perlbrew/perls/perl-blead/lib/site_perl/5.29.8/Module/Runtime.pm line 314
Module::Runtime::require_module('GOBO::Labeled') called at /home/vegeta/perl5/perlbrew/perls/perl-blead/lib/site_perl/5.29.8/Module/Runtime.pm line 391
eval {...} at /home/vegeta/perl5/perlbrew/perls/perl-blead/lib/site_perl/5.29.8/Module/Runtime.pm line 391
Module::Runtime::use_package_optimistically('GOBO::Labeled') called at /home/vegeta/perl5/perlbrew/perls/perl-blead/lib/site_perl/5.29.8/OpenBSD.amd64-openbsd-thread-multi/Moose/Util.pm line 351
Moose::Util::_load_user_class('GOBO::Labeled', undef) called at /home/vegeta/perl5/perlbrew/perls/perl-blead/lib/site_perl/5.29.8/OpenBSD.amd64-openbsd-thread-multi/Moose/Util.pm line 146
Moose::Util::_apply_all_roles('Moose::Meta::Class=HASH(0x66ee29f2520)', undef, 'GOBO::Labeled') called at /home/vegeta/perl5/perlbrew/perls/perl-blead/lib/site_perl/5.29.8/OpenBSD.amd64-openbsd-thread-multi/Moose/Util.pm line 113
Moose::Util::apply_all_roles('Moose::Meta::Class=HASH(0x66ee29f2520)', 'GOBO::Labeled') called at /home/vegeta/perl5/perlbrew/perls/perl-blead/lib/site_perl/5.29.8/OpenBSD.amd64-openbsd-thread-multi/Moose.pm line 57
Moose::with('Moose::Meta::Class=HASH(0x66ee29f2520)', 'GOBO::Labeled') called at /home/vegeta/perl5/perlbrew/perls/perl-blead/lib/site_perl/5.29.8/OpenBSD.amd64-openbsd-thread-multi/Moose/Exporter.pm line 419
Moose::with('GOBO::Labeled') called at /mnt/cpan_build_dir/vegeta/GOBO-0.03-0/blib/lib/GOBO/Node.pm line 6
require GOBO/Node.pm at /mnt/cpan_build_dir/vegeta/GOBO-0.03-0/blib/lib/GOBO/Statement.pm line 7
GOBO::Statement::BEGIN at /mnt/cpan_build_dir/vegeta/GOBO-0.03-0/blib/lib/GOBO/Synonym.pm line 0
eval {...} at /mnt/cpan_build_dir/vegeta/GOBO-0.03-0/blib/lib/GOBO/Synonym.pm line 0
require GOBO/Statement.pm at /mnt/cpan_build_dir/vegeta/GOBO-0.03-0/blib/lib/GOBO/ClassExpression/RelationalExpression.pm line 5
GOBO::ClassExpression::RelationalExpression::BEGIN at /mnt/cpan_build_dir/vegeta/GOBO-0.03-0/blib/lib/GOBO/Synonym.pm line 0
eval {...} at /mnt/cpan_build_dir/vegeta/GOBO-0.03-0/blib/lib/GOBO/Synonym.pm line 0
require GOBO/ClassExpression/RelationalExpression.pm at /mnt/cpan_build_dir/vegeta/GOBO-0.03-0/blib/lib/GOBO/ClassExpression.pm line 80
GOBO::ClassExpression::BEGIN at /mnt/cpan_build_dir/vegeta/GOBO-0.03-0/blib/lib/GOBO/Synonym.pm line 0
eval {...} at /mnt/cpan_build_dir/vegeta/GOBO-0.03-0/blib/lib/GOBO/Synonym.pm line 0
require GOBO/ClassExpression.pm at t/classexpr.t line 3
main::BEGIN at /mnt/cpan_build_dir/vegeta/GOBO-0.03-0/blib/lib/GOBO/Synonym.pm line 0
eval {...} at /mnt/cpan_build_dir/vegeta/GOBO-0.03-0/blib/lib/GOBO/Synonym.pm line 0
Compilation failed in require at /mnt/cpan_build_dir/vegeta/GOBO-0.03-0/blib/lib/GOBO/Labeled.pm line 23.
BEGIN failed--compilation aborted at /mnt/cpan_build_dir/vegeta/GOBO-0.03-0/blib/lib/GOBO/Labeled.pm line 23.
Compilation failed in require at /home/vegeta/perl5/perlbrew/perls/perl-blead/lib/site_perl/5.29.8/Module/Runtime.pm line 314.
Compilation failed in require at /mnt/cpan_build_dir/vegeta/GOBO-0.03-0/blib/lib/GOBO/Statement.pm line 7.
BEGIN failed--compilation aborted at /mnt/cpan_build_dir/vegeta/GOBO-0.03-0/blib/lib/GOBO/Statement.pm line 7.
Compilation failed in require at /mnt/cpan_build_dir/vegeta/GOBO-0.03-0/blib/lib/GOBO/ClassExpression/RelationalExpression.pm line 5.
BEGIN failed--compilation aborted at /mnt/cpan_build_dir/vegeta/GOBO-0.03-0/blib/lib/GOBO/ClassExpression/RelationalExpression.pm line 5.
Compilation failed in require at /mnt/cpan_build_dir/vegeta/GOBO-0.03-0/blib/lib/GOBO/ClassExpression.pm line 80.
BEGIN failed--compilation aborted at /mnt/cpan_build_dir/vegeta/GOBO-0.03-0/blib/lib/GOBO/ClassExpression.pm line 80.
Compilation failed in require at t/classexpr.t line 3.
BEGIN failed--compilation aborted at t/classexpr.t line 3.
t/classexpr.t ................
Dubious, test returned 255 (wstat 65280, 0xff00)
No subtests run
You cannot coerce an attribute (source) unless its type (GOBO::Node) has a coercion at /home/vegeta/perl5/perlbrew/perls/perl-blead/lib/site_perl/5.29.8/OpenBSD.amd64-openbsd-thread-multi/Moose/Exporter.pm line 419
Moose::with('GOBO::Attributed') called at /mnt/cpan_build_dir/vegeta/GOBO-0.03-0/blib/lib/GOBO/Synonym.pm line 17
require GOBO/Synonym.pm at /mnt/cpan_build_dir/vegeta/GOBO-0.03-0/blib/lib/GOBO/Labeled.pm line 23
GOBO::Labeled::BEGIN at /mnt/cpan_build_dir/vegeta/GOBO-0.03-0/blib/lib/GOBO/Synonym.pm line 0
eval {...} at /mnt/cpan_build_dir/vegeta/GOBO-0.03-0/blib/lib/GOBO/Synonym.pm line 0
require GOBO/Labeled.pm at /home/vegeta/perl5/perlbrew/perls/perl-blead/lib/site_perl/5.29.8/Module/Runtime.pm line 314
Module::Runtime::require_module('GOBO::Labeled') called at /home/vegeta/perl5/perlbrew/perls/perl-blead/lib/site_perl/5.29.8/Module/Runtime.pm line 391
eval {...} at /home/vegeta/perl5/perlbrew/perls/perl-blead/lib/site_perl/5.29.8/Module/Runtime.pm line 391
Module::Runtime::use_package_optimistically('GOBO::Labeled') called at /home/vegeta/perl5/perlbrew/perls/perl-blead/lib/site_perl/5.29.8/OpenBSD.amd64-openbsd-thread-multi/Moose/Util.pm line 351
Moose::Util::_load_user_class('GOBO::Labeled', undef) called at /home/vegeta/perl5/perlbrew/perls/perl-blead/lib/site_perl/5.29.8/OpenBSD.amd64-openbsd-thread-multi/Moose/Util.pm line 146
Moose::Util::_apply_all_roles('Moose::Meta::Class=HASH(0x14abcfad6490)', undef, 'GOBO::Labeled') called at /home/vegeta/perl5/perlbrew/perls/perl-blead/lib/site_perl/5.29.8/OpenBSD.amd64-openbsd-thread-multi/Moose/Util.pm line 113
Moose::Util::apply_all_roles('Moose::Meta::Class=HASH(0x14abcfad6490)', 'GOBO::Labeled') called at /home/vegeta/perl5/perlbrew/perls/perl-blead/lib/site_perl/5.29.8/OpenBSD.amd64-openbsd-thread-multi/Moose.pm line 57
Moose::with('Moose::Meta::Class=HASH(0x14abcfad6490)', 'GOBO::Labeled') called at /home/vegeta/perl5/perlbrew/perls/perl-blead/lib/site_perl/5.29.8/OpenBSD.amd64-openbsd-thread-multi/Moose/Exporter.pm line 419
Moose::with('GOBO::Labeled') called at /mnt/cpan_build_dir/vegeta/GOBO-0.03-0/blib/lib/GOBO/Node.pm line 6
require GOBO/Node.pm at /home/vegeta/perl5/perlbrew/perls/perl-blead/lib/site_perl/5.29.8/Module/Runtime.pm line 314
Module::Runtime::require_module('GOBO::Node') called at /home/vegeta/perl5/perlbrew/perls/perl-blead/lib/site_perl/5.29.8/Module/Runtime.pm line 391
eval {...} at /home/vegeta/perl5/perlbrew/perls/perl-blead/lib/site_perl/5.29.8/Module/Runtime.pm line 391
Module::Runtime::use_package_optimistically('GOBO::Node') called at /home/vegeta/perl5/perlbrew/perls/perl-blead/lib/site_perl/5.29.8/OpenBSD.amd64-openbsd-thread-multi/Moose/Util.pm line 351
Moose::Util::_load_user_class('GOBO::Node', undef) called at /home/vegeta/perl5/perlbrew/perls/perl-blead/lib/site_perl/5.29.8/OpenBSD.amd64-openbsd-thread-multi/Moose/Meta/Class.pm line 569
Moose::Meta::Class::superclasses(undef, 'GOBO::Node') called at /home/vegeta/perl5/perlbrew/perls/perl-blead/lib/site_perl/5.29.8/OpenBSD.amd64-openbsd-thread-multi/Moose.pm line 53
Moose::extends('Moose::Meta::Class=HASH(0x14ab887e3d18)', 'GOBO::Node') called at /home/vegeta/perl5/perlbrew/perls/perl-blead/lib/site_perl/5.29.8/OpenBSD.amd64-openbsd-thread-multi/Moose/Exporter.pm line 419
Moose::extends('GOBO::Node') called at /mnt/cpan_build_dir/vegeta/GOBO-0.03-0/blib/lib/GOBO/Evidence.pm line 4
require GOBO/Evidence.pm at /mnt/cpan_build_dir/vegeta/GOBO-0.03-0/blib/lib/GOBO/Annotation.pm line 5
GOBO::Annotation::BEGIN at /mnt/cpan_build_dir/vegeta/GOBO-0.03-0/blib/lib/GOBO/Synonym.pm line 0
eval {...} at /mnt/cpan_build_dir/vegeta/GOBO-0.03-0/blib/lib/GOBO/Synonym.pm line 0
require GOBO/Annotation.pm at /mnt/cpan_build_dir/vegeta/GOBO-0.03-0/blib/lib/GOBO/Graph.pm line 55
GOBO::Graph::BEGIN at /mnt/cpan_build_dir/vegeta/GOBO-0.03-0/blib/lib/GOBO/Synonym.pm line 0
eval {...} at /mnt/cpan_build_dir/vegeta/GOBO-0.03-0/blib/lib/GOBO/Synonym.pm line 0
require GOBO/Graph.pm at t/dbconnect.t line 4
main::BEGIN at /mnt/cpan_build_dir/vegeta/GOBO-0.03-0/blib/lib/GOBO/Synonym.pm line 0
eval {...} at /mnt/cpan_build_dir/vegeta/GOBO-0.03-0/blib/lib/GOBO/Synonym.pm line 0
Compilation failed in require at /mnt/cpan_build_dir/vegeta/GOBO-0.03-0/blib/lib/GOBO/Labeled.pm line 23.
BEGIN failed--compilation aborted at /mnt/cpan_build_dir/vegeta/GOBO-0.03-0/blib/lib/GOBO/Labeled.pm line 23.
Compilation failed in require at /home/vegeta/perl5/perlbrew/perls/perl-blead/lib/site_perl/5.29.8/Module/Runtime.pm line 314.
Compilation failed in require at /home/vegeta/perl5/perlbrew/perls/perl-blead/lib/site_perl/5.29.8/Module/Runtime.pm line 314.
Compilation failed in require at /mnt/cpan_build_dir/vegeta/GOBO-0.03-0/blib/lib/GOBO/Annotation.pm line 5.
BEGIN failed--compilation aborted at /mnt/cpan_build_dir/vegeta/GOBO-0.03-0/blib/lib/GOBO/Annotation.pm line 5.
Compilation failed in require at /mnt/cpan_build_dir/vegeta/GOBO-0.03-0/blib/lib/GOBO/Graph.pm line 55.
BEGIN failed--compilation aborted at /mnt/cpan_build_dir/vegeta/GOBO-0.03-0/blib/lib/GOBO/Graph.pm line 55.
Compilation failed in require at t/dbconnect.t line 4.
BEGIN failed--compilation aborted at t/dbconnect.t line 4.
t/dbconnect.t ................
Dubious, test returned 255 (wstat 65280, 0xff00)
No subtests run
You cannot coerce an attribute (source) unless its type (GOBO::Node) has a coercion at /home/vegeta/perl5/perlbrew/perls/perl-blead/lib/site_perl/5.29.8/OpenBSD.amd64-openbsd-thread-multi/Moose/Exporter.pm line 419
Moose::with('GOBO::Attributed') called at /mnt/cpan_build_dir/vegeta/GOBO-0.03-0/blib/lib/GOBO/Synonym.pm line 17
require GOBO/Synonym.pm at /mnt/cpan_build_dir/vegeta/GOBO-0.03-0/blib/lib/GOBO/Labeled.pm line 23
GOBO::Labeled::BEGIN at /mnt/cpan_build_dir/vegeta/GOBO-0.03-0/blib/lib/GOBO/Synonym.pm line 0
eval {...} at /mnt/cpan_build_dir/vegeta/GOBO-0.03-0/blib/lib/GOBO/Synonym.pm line 0
require GOBO/Labeled.pm at /home/vegeta/perl5/perlbrew/perls/perl-blead/lib/site_perl/5.29.8/Module/Runtime.pm line 314
Module::Runtime::require_module('GOBO::Labeled') called at /home/vegeta/perl5/perlbrew/perls/perl-blead/lib/site_perl/5.29.8/Module/Runtime.pm line 391
eval {...} at /home/vegeta/perl5/perlbrew/perls/perl-blead/lib/site_perl/5.29.8/Module/Runtime.pm line 391
Module::Runtime::use_package_optimistically('GOBO::Labeled') called at /home/vegeta/perl5/perlbrew/perls/perl-blead/lib/site_perl/5.29.8/OpenBSD.amd64-openbsd-thread-multi/Moose/Util.pm line 351
Moose::Util::_load_user_class('GOBO::Labeled', undef) called at /home/vegeta/perl5/perlbrew/perls/perl-blead/lib/site_perl/5.29.8/OpenBSD.amd64-openbsd-thread-multi/Moose/Util.pm line 146
Moose::Util::_apply_all_roles('Moose::Meta::Class=HASH(0x53a0576c4d8)', undef, 'GOBO::Labeled') called at /home/vegeta/perl5/perlbrew/perls/perl-blead/lib/site_perl/5.29.8/OpenBSD.amd64-openbsd-thread-multi/Moose/Util.pm line 113
Moose::Util::apply_all_roles('Moose::Meta::Class=HASH(0x53a0576c4d8)', 'GOBO::Labeled') called at /home/vegeta/perl5/perlbrew/perls/perl-blead/lib/site_perl/5.29.8/OpenBSD.amd64-openbsd-thread-multi/Moose.pm line 57
Moose::with('Moose::Meta::Class=HASH(0x53a0576c4d8)', 'GOBO::Labeled') called at /home/vegeta/perl5/perlbrew/perls/perl-blead/lib/site_perl/5.29.8/OpenBSD.amd64-openbsd-thread-multi/Moose/Exporter.pm line 419
Moose::with('GOBO::Labeled') called at /mnt/cpan_build_dir/vegeta/GOBO-0.03-0/blib/lib/GOBO/Node.pm line 6
require GOBO/Node.pm at /home/vegeta/perl5/perlbrew/perls/perl-blead/lib/site_perl/5.29.8/Module/Runtime.pm line 314
Module::Runtime::require_module('GOBO::Node') called at /home/vegeta/perl5/perlbrew/perls/perl-blead/lib/site_perl/5.29.8/Module/Runtime.pm line 391
eval {...} at /home/vegeta/perl5/perlbrew/perls/perl-blead/lib/site_perl/5.29.8/Module/Runtime.pm line 391
Module::Runtime::use_package_optimistically('GOBO::Node') called at /home/vegeta/perl5/perlbrew/perls/perl-blead/lib/site_perl/5.29.8/OpenBSD.amd64-openbsd-thread-multi/Moose/Util.pm line 351
Moose::Util::_load_user_class('GOBO::Node', undef) called at /home/vegeta/perl5/perlbrew/perls/perl-blead/lib/site_perl/5.29.8/OpenBSD.amd64-openbsd-thread-multi/Moose/Meta/Class.pm line 569
Moose::Meta::Class::superclasses(undef, 'GOBO::Node') called at /home/vegeta/perl5/perlbrew/perls/perl-blead/lib/site_perl/5.29.8/OpenBSD.amd64-openbsd-thread-multi/Moose.pm line 53
Moose::extends('Moose::Meta::Class=HASH(0x53aef219d18)', 'GOBO::Node') called at /home/vegeta/perl5/perlbrew/perls/perl-blead/lib/site_perl/5.29.8/OpenBSD.amd64-openbsd-thread-multi/Moose/Exporter.pm line 419
Moose::extends('GOBO::Node') called at /mnt/cpan_build_dir/vegeta/GOBO-0.03-0/blib/lib/GOBO/Evidence.pm line 4
require GOBO/Evidence.pm at /mnt/cpan_build_dir/vegeta/GOBO-0.03-0/blib/lib/GOBO/Annotation.pm line 5
GOBO::Annotation::BEGIN at /mnt/cpan_build_dir/vegeta/GOBO-0.03-0/blib/lib/GOBO/Synonym.pm line 0
eval {...} at /mnt/cpan_build_dir/vegeta/GOBO-0.03-0/blib/lib/GOBO/Synonym.pm line 0
require GOBO/Annotation.pm at /mnt/cpan_build_dir/vegeta/GOBO-0.03-0/blib/lib/GOBO/Graph.pm line 55
GOBO::Graph::BEGIN at /mnt/cpan_build_dir/vegeta/GOBO-0.03-0/blib/lib/GOBO/Synonym.pm line 0
eval {...} at /mnt/cpan_build_dir/vegeta/GOBO-0.03-0/blib/lib/GOBO/Synonym.pm line 0
require GOBO/Graph.pm at t/gaf_inference_test.t line 4
main::BEGIN at /mnt/cpan_build_dir/vegeta/GOBO-0.03-0/blib/lib/GOBO/Synonym.pm line 0
eval {...} at /mnt/cpan_build_dir/vegeta/GOBO-0.03-0/blib/lib/GOBO/Synonym.pm line 0
Compilation failed in require at /mnt/cpan_build_dir/vegeta/GOBO-0.03-0/blib/lib/GOBO/Labeled.pm line 23.
BEGIN failed--compilation aborted at /mnt/cpan_build_dir/vegeta/GOBO-0.03-0/blib/lib/GOBO/Labeled.pm line 23.
Compilation failed in require at /home/vegeta/perl5/perlbrew/perls/perl-blead/lib/site_perl/5.29.8/Module/Runtime.pm line 314.
Compilation failed in require at /home/vegeta/perl5/perlbrew/perls/perl-blead/lib/site_perl/5.29.8/Module/Runtime.pm line 314.
Compilation failed in require at /mnt/cpan_build_dir/vegeta/GOBO-0.03-0/blib/lib/GOBO/Annotation.pm line 5.
BEGIN failed--compilation aborted at /mnt/cpan_build_dir/vegeta/GOBO-0.03-0/blib/lib/GOBO/Annotation.pm line 5.
Compilation failed in require at /mnt/cpan_build_dir/vegeta/GOBO-0.03-0/blib/lib/GOBO/Graph.pm line 55.
BEGIN failed--compilation aborted at /mnt/cpan_build_dir/vegeta/GOBO-0.03-0/blib/lib/GOBO/Graph.pm line 55.
Compilation failed in require at t/gaf_inference_test.t line 4.
BEGIN failed--compilation aborted at t/gaf_inference_test.t line 4.
t/gaf_inference_test.t .......
Dubious, test returned 255 (wstat 65280, 0xff00)
No subtests run
You cannot coerce an attribute (source) unless its type (GOBO::Node) has a coercion at /home/vegeta/perl5/perlbrew/perls/perl-blead/lib/site_perl/5.29.8/OpenBSD.amd64-openbsd-thread-multi/Moose/Exporter.pm line 419
Moose::with('GOBO::Attributed') called at /mnt/cpan_build_dir/vegeta/GOBO-0.03-0/blib/lib/GOBO/Synonym.pm line 17
require GOBO/Synonym.pm at /mnt/cpan_build_dir/vegeta/GOBO-0.03-0/blib/lib/GOBO/Labeled.pm line 23
GOBO::Labeled::BEGIN at /mnt/cpan_build_dir/vegeta/GOBO-0.03-0/blib/lib/GOBO/Synonym.pm line 0
eval {...} at /mnt/cpan_build_dir/vegeta/GOBO-0.03-0/blib/lib/GOBO/Synonym.pm line 0
require GOBO/Labeled.pm at /home/vegeta/perl5/perlbrew/perls/perl-blead/lib/site_perl/5.29.8/Module/Runtime.pm line 314
Module::Runtime::require_module('GOBO::Labeled') called at /home/vegeta/perl5/perlbrew/perls/perl-blead/lib/site_perl/5.29.8/Module/Runtime.pm line 391
eval {...} at /home/vegeta/perl5/perlbrew/perls/perl-blead/lib/site_perl/5.29.8/Module/Runtime.pm line 391
Module::Runtime::use_package_optimistically('GOBO::Labeled') called at /home/vegeta/perl5/perlbrew/perls/perl-blead/lib/site_perl/5.29.8/OpenBSD.amd64-openbsd-thread-multi/Moose/Util.pm line 351
Moose::Util::_load_user_class('GOBO::Labeled', undef) called at /home/vegeta/perl5/perlbrew/perls/perl-blead/lib/site_perl/5.29.8/OpenBSD.amd64-openbsd-thread-multi/Moose/Util.pm line 146
Moose::Util::_apply_all_roles('Moose::Meta::Class=HASH(0x70a79aad400)', undef, 'GOBO::Labeled') called at /home/vegeta/perl5/perlbrew/perls/perl-blead/lib/site_perl/5.29.8/OpenBSD.amd64-openbsd-thread-multi/Moose/Util.pm line 113
Moose::Util::apply_all_roles('Moose::Meta::Class=HASH(0x70a79aad400)', 'GOBO::Labeled') called at /home/vegeta/perl5/perlbrew/perls/perl-blead/lib/site_perl/5.29.8/OpenBSD.amd64-openbsd-thread-multi/Moose.pm line 57
Moose::with('Moose::Meta::Class=HASH(0x70a79aad400)', 'GOBO::Labeled') called at /home/vegeta/perl5/perlbrew/perls/perl-blead/lib/site_perl/5.29.8/OpenBSD.amd64-openbsd-thread-multi/Moose/Exporter.pm line 419
Moose::with('GOBO::Labeled') called at /mnt/cpan_build_dir/vegeta/GOBO-0.03-0/blib/lib/GOBO/Node.pm line 6
require GOBO/Node.pm at /home/vegeta/perl5/perlbrew/perls/perl-blead/lib/site_perl/5.29.8/Module/Runtime.pm line 314
Module::Runtime::require_module('GOBO::Node') called at /home/vegeta/perl5/perlbrew/perls/perl-blead/lib/site_perl/5.29.8/Module/Runtime.pm line 391
eval {...} at /home/vegeta/perl5/perlbrew/perls/perl-blead/lib/site_perl/5.29.8/Module/Runtime.pm line 391
Module::Runtime::use_package_optimistically('GOBO::Node') called at /home/vegeta/perl5/perlbrew/perls/perl-blead/lib/site_perl/5.29.8/OpenBSD.amd64-openbsd-thread-multi/Moose/Util.pm line 351
Moose::Util::_load_user_class('GOBO::Node', undef) called at /home/vegeta/perl5/perlbrew/perls/perl-blead/lib/site_perl/5.29.8/OpenBSD.amd64-openbsd-thread-multi/Moose/Meta/Class.pm line 569
Moose::Meta::Class::superclasses(undef, 'GOBO::Node') called at /home/vegeta/perl5/perlbrew/perls/perl-blead/lib/site_perl/5.29.8/OpenBSD.amd64-openbsd-thread-multi/Moose.pm line 53
Moose::extends('Moose::Meta::Class=HASH(0x70ab5a5ed18)', 'GOBO::Node') called at /home/vegeta/perl5/perlbrew/perls/perl-blead/lib/site_perl/5.29.8/OpenBSD.amd64-openbsd-thread-multi/Moose/Exporter.pm line 419
Moose::extends('GOBO::Node') called at /mnt/cpan_build_dir/vegeta/GOBO-0.03-0/blib/lib/GOBO/Evidence.pm line 4
require GOBO/Evidence.pm at /mnt/cpan_build_dir/vegeta/GOBO-0.03-0/blib/lib/GOBO/Annotation.pm line 5
GOBO::Annotation::BEGIN at /mnt/cpan_build_dir/vegeta/GOBO-0.03-0/blib/lib/GOBO/Synonym.pm line 0
eval {...} at /mnt/cpan_build_dir/vegeta/GOBO-0.03-0/blib/lib/GOBO/Synonym.pm line 0
require GOBO/Annotation.pm at /mnt/cpan_build_dir/vegeta/GOBO-0.03-0/blib/lib/GOBO/Graph.pm line 55
GOBO::Graph::BEGIN at /mnt/cpan_build_dir/vegeta/GOBO-0.03-0/blib/lib/GOBO/Synonym.pm line 0
eval {...} at /mnt/cpan_build_dir/vegeta/GOBO-0.03-0/blib/lib/GOBO/Synonym.pm line 0
require GOBO/Graph.pm at t/gaftest.t line 3
main::BEGIN at /mnt/cpan_build_dir/vegeta/GOBO-0.03-0/blib/lib/GOBO/Synonym.pm line 0
eval {...} at /mnt/cpan_build_dir/vegeta/GOBO-0.03-0/blib/lib/GOBO/Synonym.pm line 0
Compilation failed in require at /mnt/cpan_build_dir/vegeta/GOBO-0.03-0/blib/lib/GOBO/Labeled.pm line 23.
BEGIN failed--compilation aborted at /mnt/cpan_build_dir/vegeta/GOBO-0.03-0/blib/lib/GOBO/Labeled.pm line 23.
Compilation failed in require at /home/vegeta/perl5/perlbrew/perls/perl-blead/lib/site_perl/5.29.8/Module/Runtime.pm line 314.
Compilation failed in require at /home/vegeta/perl5/perlbrew/perls/perl-blead/lib/site_perl/5.29.8/Module/Runtime.pm line 314.
Compilation failed in require at /mnt/cpan_build_dir/vegeta/GOBO-0.03-0/blib/lib/GOBO/Annotation.pm line 5.
BEGIN failed--compilation aborted at /mnt/cpan_build_dir/vegeta/GOBO-0.03-0/blib/lib/GOBO/Annotation.pm line 5.
Compilation failed in require at /mnt/cpan_build_dir/vegeta/GOBO-0.03-0/blib/lib/GOBO/Graph.pm line 55.
BEGIN failed--compilation aborted at /mnt/cpan_build_dir/vegeta/GOBO-0.03-0/blib/lib/GOBO/Graph.pm line 55.
Compilation failed in require at t/gaftest.t line 3.
BEGIN failed--compilation aborted at t/gaftest.t line 3.
t/gaftest.t ..................
Dubious, test returned 255 (wstat 65280, 0xff00)
No subtests run
You cannot coerce an attribute (source) unless its type (GOBO::Node) has a coercion at /home/vegeta/perl5/perlbrew/perls/perl-blead/lib/site_perl/5.29.8/OpenBSD.amd64-openbsd-thread-multi/Moose/Exporter.pm line 419
Moose::with('GOBO::Attributed') called at /mnt/cpan_build_dir/vegeta/GOBO-0.03-0/blib/lib/GOBO/Synonym.pm line 17
require GOBO/Synonym.pm at /mnt/cpan_build_dir/vegeta/GOBO-0.03-0/blib/lib/GOBO/Labeled.pm line 23
GOBO::Labeled::BEGIN at /mnt/cpan_build_dir/vegeta/GOBO-0.03-0/blib/lib/GOBO/Synonym.pm line 0
eval {...} at /mnt/cpan_build_dir/vegeta/GOBO-0.03-0/blib/lib/GOBO/Synonym.pm line 0
require GOBO/Labeled.pm at /home/vegeta/perl5/perlbrew/perls/perl-blead/lib/site_perl/5.29.8/Module/Runtime.pm line 314
Module::Runtime::require_module('GOBO::Labeled') called at /home/vegeta/perl5/perlbrew/perls/perl-blead/lib/site_perl/5.29.8/Module/Runtime.pm line 391
eval {...} at /home/vegeta/perl5/perlbrew/perls/perl-blead/lib/site_perl/5.29.8/Module/Runtime.pm line 391
Module::Runtime::use_package_optimistically('GOBO::Labeled') called at /home/vegeta/perl5/perlbrew/perls/perl-blead/lib/site_perl/5.29.8/OpenBSD.amd64-openbsd-thread-multi/Moose/Util.pm line 351
Moose::Util::_load_user_class('GOBO::Labeled', undef) called at /home/vegeta/perl5/perlbrew/perls/perl-blead/lib/site_perl/5.29.8/OpenBSD.amd64-openbsd-thread-multi/Moose/Util.pm line 146
Moose::Util::_apply_all_roles('Moose::Meta::Class=HASH(0x171069dcd298)', undef, 'GOBO::Labeled') called at /home/vegeta/perl5/perlbrew/perls/perl-blead/lib/site_perl/5.29.8/OpenBSD.amd64-openbsd-thread-multi/Moose/Util.pm line 113
Moose::Util::apply_all_roles('Moose::Meta::Class=HASH(0x171069dcd298)', 'GOBO::Labeled') called at /home/vegeta/perl5/perlbrew/perls/perl-blead/lib/site_perl/5.29.8/OpenBSD.amd64-openbsd-thread-multi/Moose.pm line 57
Moose::with('Moose::Meta::Class=HASH(0x171069dcd298)', 'GOBO::Labeled') called at /home/vegeta/perl5/perlbrew/perls/perl-blead/lib/site_perl/5.29.8/OpenBSD.amd64-openbsd-thread-multi/Moose/Exporter.pm line 419
Moose::with('GOBO::Labeled') called at /mnt/cpan_build_dir/vegeta/GOBO-0.03-0/blib/lib/GOBO/Node.pm line 6
require GOBO/Node.pm at /home/vegeta/perl5/perlbrew/perls/perl-blead/lib/site_perl/5.29.8/Module/Runtime.pm line 314
Module::Runtime::require_module('GOBO::Node') called at /home/vegeta/perl5/perlbrew/perls/perl-blead/lib/site_perl/5.29.8/Module/Runtime.pm line 391
eval {...} at /home/vegeta/perl5/perlbrew/perls/perl-blead/lib/site_perl/5.29.8/Module/Runtime.pm line 391
Module::Runtime::use_package_optimistically('GOBO::Node') called at /home/vegeta/perl5/perlbrew/perls/perl-blead/lib/site_perl/5.29.8/OpenBSD.amd64-openbsd-thread-multi/Moose/Util.pm line 351
Moose::Util::_load_user_class('GOBO::Node', undef) called at /home/vegeta/perl5/perlbrew/perls/perl-blead/lib/site_perl/5.29.8/OpenBSD.amd64-openbsd-thread-multi/Moose/Meta/Class.pm line 569
Moose::Meta::Class::superclasses(undef, 'GOBO::Node') called at /home/vegeta/perl5/perlbrew/perls/perl-blead/lib/site_perl/5.29.8/OpenBSD.amd64-openbsd-thread-multi/Moose.pm line 53
Moose::extends('Moose::Meta::Class=HASH(0x17103d9add18)', 'GOBO::Node') called at /home/vegeta/perl5/perlbrew/perls/perl-blead/lib/site_perl/5.29.8/OpenBSD.amd64-openbsd-thread-multi/Moose/Exporter.pm line 419
Moose::extends('GOBO::Node') called at /mnt/cpan_build_dir/vegeta/GOBO-0.03-0/blib/lib/GOBO/Evidence.pm line 4
require GOBO/Evidence.pm at /mnt/cpan_build_dir/vegeta/GOBO-0.03-0/blib/lib/GOBO/Annotation.pm line 5
GOBO::Annotation::BEGIN at /mnt/cpan_build_dir/vegeta/GOBO-0.03-0/blib/lib/GOBO/Synonym.pm line 0
eval {...} at /mnt/cpan_build_dir/vegeta/GOBO-0.03-0/blib/lib/GOBO/Synonym.pm line 0
require GOBO/Annotation.pm at /mnt/cpan_build_dir/vegeta/GOBO-0.03-0/blib/lib/GOBO/Graph.pm line 55
GOBO::Graph::BEGIN at /mnt/cpan_build_dir/vegeta/GOBO-0.03-0/blib/lib/GOBO/Synonym.pm line 0
eval {...} at /mnt/cpan_build_dir/vegeta/GOBO-0.03-0/blib/lib/GOBO/Synonym.pm line 0
require GOBO/Graph.pm at t/gaftest_chunked.t line 3
main::BEGIN at /mnt/cpan_build_dir/vegeta/GOBO-0.03-0/blib/lib/GOBO/Synonym.pm line 0
eval {...} at /mnt/cpan_build_dir/vegeta/GOBO-0.03-0/blib/lib/GOBO/Synonym.pm line 0
Compilation failed in require at /mnt/cpan_build_dir/vegeta/GOBO-0.03-0/blib/lib/GOBO/Labeled.pm line 23.
BEGIN failed--compilation aborted at /mnt/cpan_build_dir/vegeta/GOBO-0.03-0/blib/lib/GOBO/Labeled.pm line 23.
Compilation failed in require at /home/vegeta/perl5/perlbrew/perls/perl-blead/lib/site_perl/5.29.8/Module/Runtime.pm line 314.
Compilation failed in require at /home/vegeta/perl5/perlbrew/perls/perl-blead/lib/site_perl/5.29.8/Module/Runtime.pm line 314.
Compilation failed in require at /mnt/cpan_build_dir/vegeta/GOBO-0.03-0/blib/lib/GOBO/Annotation.pm line 5.
BEGIN failed--compilation aborted at /mnt/cpan_build_dir/vegeta/GOBO-0.03-0/blib/lib/GOBO/Annotation.pm line 5.
Compilation failed in require at /mnt/cpan_build_dir/vegeta/GOBO-0.03-0/blib/lib/GOBO/Graph.pm line 55.
BEGIN failed--compilation aborted at /mnt/cpan_build_dir/vegeta/GOBO-0.03-0/blib/lib/GOBO/Graph.pm line 55.
Compilation failed in require at t/gaftest_chunked.t line 3.
BEGIN failed--compilation aborted at t/gaftest_chunked.t line 3.
t/gaftest_chunked.t ..........
Dubious, test returned 255 (wstat 65280, 0xff00)
No subtests run
You cannot coerce an attribute (provenance) unless its type (GOBO::Node) has a coercion at /home/vegeta/perl5/perlbrew/perls/perl-blead/lib/site_perl/5.29.8/OpenBSD.amd64-openbsd-thread-multi/Moose/Exporter.pm line 419
Moose::with('GOBO::Attributed') called at /mnt/cpan_build_dir/vegeta/GOBO-0.03-0/blib/lib/GOBO/Synonym.pm line 17
require GOBO/Synonym.pm at /mnt/cpan_build_dir/vegeta/GOBO-0.03-0/blib/lib/GOBO/Labeled.pm line 23
GOBO::Labeled::BEGIN at /mnt/cpan_build_dir/vegeta/GOBO-0.03-0/blib/lib/GOBO/Synonym.pm line 0
eval {...} at /mnt/cpan_build_dir/vegeta/GOBO-0.03-0/blib/lib/GOBO/Synonym.pm line 0
require GOBO/Labeled.pm at /home/vegeta/perl5/perlbrew/perls/perl-blead/lib/site_perl/5.29.8/Module/Runtime.pm line 314
Module::Runtime::require_module('GOBO::Labeled') called at /home/vegeta/perl5/perlbrew/perls/perl-blead/lib/site_perl/5.29.8/Module/Runtime.pm line 391
eval {...} at /home/vegeta/perl5/perlbrew/perls/perl-blead/lib/site_perl/5.29.8/Module/Runtime.pm line 391
Module::Runtime::use_package_optimistically('GOBO::Labeled') called at /home/vegeta/perl5/perlbrew/perls/perl-blead/lib/site_perl/5.29.8/OpenBSD.amd64-openbsd-thread-multi/Moose/Util.pm line 351
Moose::Util::_load_user_class('GOBO::Labeled', undef) called at /home/vegeta/perl5/perlbrew/perls/perl-blead/lib/site_perl/5.29.8/OpenBSD.amd64-openbsd-thread-multi/Moose/Util.pm line 146
Moose::Util::_apply_all_roles('Moose::Meta::Class=HASH(0x1f18823bc3b8)', undef, 'GOBO::Labeled') called at /home/vegeta/perl5/perlbrew/perls/perl-blead/lib/site_perl/5.29.8/OpenBSD.amd64-openbsd-thread-multi/Moose/Util.pm line 113
Moose::Util::apply_all_roles('Moose::Meta::Class=HASH(0x1f18823bc3b8)', 'GOBO::Labeled') called at /home/vegeta/perl5/perlbrew/perls/perl-blead/lib/site_perl/5.29.8/OpenBSD.amd64-openbsd-thread-multi/Moose.pm line 57
Moose::with('Moose::Meta::Class=HASH(0x1f18823bc3b8)', 'GOBO::Labeled') called at /home/vegeta/perl5/perlbrew/perls/perl-blead/lib/site_perl/5.29.8/OpenBSD.amd64-openbsd-thread-multi/Moose/Exporter.pm line 419
Moose::with('GOBO::Labeled') called at /mnt/cpan_build_dir/vegeta/GOBO-0.03-0/blib/lib/GOBO/Node.pm line 6
require GOBO/Node.pm at /home/vegeta/perl5/perlbrew/perls/perl-blead/lib/site_perl/5.29.8/Module/Runtime.pm line 314
Module::Runtime::require_module('GOBO::Node') called at /home/vegeta/perl5/perlbrew/perls/perl-blead/lib/site_perl/5.29.8/Module/Runtime.pm line 391
eval {...} at /home/vegeta/perl5/perlbrew/perls/perl-blead/lib/site_perl/5.29.8/Module/Runtime.pm line 391
Module::Runtime::use_package_optimistically('GOBO::Node') called at /home/vegeta/perl5/perlbrew/perls/perl-blead/lib/site_perl/5.29.8/OpenBSD.amd64-openbsd-thread-multi/Moose/Util.pm line 351
Moose::Util::_load_user_class('GOBO::Node', undef) called at /home/vegeta/perl5/perlbrew/perls/perl-blead/lib/site_perl/5.29.8/OpenBSD.amd64-openbsd-thread-multi/Moose/Meta/Class.pm line 569
Moose::Meta::Class::superclasses(undef, 'GOBO::Node') called at /home/vegeta/perl5/perlbrew/perls/perl-blead/lib/site_perl/5.29.8/OpenBSD.amd64-openbsd-thread-multi/Moose.pm line 53
Moose::extends('Moose::Meta::Class=HASH(0x1f17e6408d18)', 'GOBO::Node') called at /home/vegeta/perl5/perlbrew/perls/perl-blead/lib/site_perl/5.29.8/OpenBSD.amd64-openbsd-thread-multi/Moose/Exporter.pm line 419
Moose::extends('GOBO::Node') called at /mnt/cpan_build_dir/vegeta/GOBO-0.03-0/blib/lib/GOBO/Evidence.pm line 4
require GOBO/Evidence.pm at /mnt/cpan_build_dir/vegeta/GOBO-0.03-0/blib/lib/GOBO/Annotation.pm line 5
GOBO::Annotation::BEGIN at /mnt/cpan_build_dir/vegeta/GOBO-0.03-0/blib/lib/GOBO/Synonym.pm line 0
eval {...} at /mnt/cpan_build_dir/vegeta/GOBO-0.03-0/blib/lib/GOBO/Synonym.pm line 0
require GOBO/Annotation.pm at /mnt/cpan_build_dir/vegeta/GOBO-0.03-0/blib/lib/GOBO/Graph.pm line 55
GOBO::Graph::BEGIN at /mnt/cpan_build_dir/vegeta/GOBO-0.03-0/blib/lib/GOBO/Synonym.pm line 0
eval {...} at /mnt/cpan_build_dir/vegeta/GOBO-0.03-0/blib/lib/GOBO/Synonym.pm line 0
require GOBO/Graph.pm at t/gaftest_chunked_gzipped.t line 3
main::BEGIN at /mnt/cpan_build_dir/vegeta/GOBO-0.03-0/blib/lib/GOBO/Synonym.pm line 0
eval {...} at /mnt/cpan_build_dir/vegeta/GOBO-0.03-0/blib/lib/GOBO/Synonym.pm line 0
Compilation failed in require at /mnt/cpan_build_dir/vegeta/GOBO-0.03-0/blib/lib/GOBO/Labeled.pm line 23.
BEGIN failed--compilation aborted at /mnt/cpan_build_dir/vegeta/GOBO-0.03-0/blib/lib/GOBO/Labeled.pm line 23.
Compilation failed in require at /home/vegeta/perl5/perlbrew/perls/perl-blead/lib/site_perl/5.29.8/Module/Runtime.pm line 314.
Compilation failed in require at /home/vegeta/perl5/perlbrew/perls/perl-blead/lib/site_perl/5.29.8/Module/Runtime.pm line 314.
Compilation failed in require at /mnt/cpan_build_dir/vegeta/GOBO-0.03-0/blib/lib/GOBO/Annotation.pm line 5.
BEGIN failed--compilation aborted at /mnt/cpan_build_dir/vegeta/GOBO-0.03-0/blib/lib/GOBO/Annotation.pm line 5.
Compilation failed in require at /mnt/cpan_build_dir/vegeta/GOBO-0.03-0/blib/lib/GOBO/Graph.pm line 55.
BEGIN failed--compilation aborted at /mnt/cpan_build_dir/vegeta/GOBO-0.03-0/blib/lib/GOBO/Graph.pm line 55.
Compilation failed in require at t/gaftest_chunked_gzipped.t line 3.
BEGIN failed--compilation aborted at t/gaftest_chunked_gzipped.t line 3.
t/gaftest_chunked_gzipped.t ..
Dubious, test returned 255 (wstat 65280, 0xff00)
No subtests run
You cannot coerce an attribute (source) unless its type (GOBO::Node) has a coercion at /home/vegeta/perl5/perlbrew/perls/perl-blead/lib/site_perl/5.29.8/OpenBSD.amd64-openbsd-thread-multi/Moose/Exporter.pm line 419
Moose::with('GOBO::Attributed') called at /mnt/cpan_build_dir/vegeta/GOBO-0.03-0/blib/lib/GOBO/Synonym.pm line 17
require GOBO/Synonym.pm at /mnt/cpan_build_dir/vegeta/GOBO-0.03-0/blib/lib/GOBO/Labeled.pm line 23
GOBO::Labeled::BEGIN at /mnt/cpan_build_dir/vegeta/GOBO-0.03-0/blib/lib/GOBO/Synonym.pm line 0
eval {...} at /mnt/cpan_build_dir/vegeta/GOBO-0.03-0/blib/lib/GOBO/Synonym.pm line 0
require GOBO/Labeled.pm at /home/vegeta/perl5/perlbrew/perls/perl-blead/lib/site_perl/5.29.8/Module/Runtime.pm line 314
Module::Runtime::require_module('GOBO::Labeled') called at /home/vegeta/perl5/perlbrew/perls/perl-blead/lib/site_perl/5.29.8/Module/Runtime.pm line 391
eval {...} at /home/vegeta/perl5/perlbrew/perls/perl-blead/lib/site_perl/5.29.8/Module/Runtime.pm line 391
Module::Runtime::use_package_optimistically('GOBO::Labeled') called at /home/vegeta/perl5/perlbrew/perls/perl-blead/lib/site_perl/5.29.8/OpenBSD.amd64-openbsd-thread-multi/Moose/Util.pm line 351
Moose::Util::_load_user_class('GOBO::Labeled', undef) called at /home/vegeta/perl5/perlbrew/perls/perl-blead/lib/site_perl/5.29.8/OpenBSD.amd64-openbsd-thread-multi/Moose/Util.pm line 146
Moose::Util::_apply_all_roles('Moose::Meta::Class=HASH(0xf9773450520)', undef, 'GOBO::Labeled') called at /home/vegeta/perl5/perlbrew/perls/perl-blead/lib/site_perl/5.29.8/OpenBSD.amd64-openbsd-thread-multi/Moose/Util.pm line 113
Moose::Util::apply_all_roles('Moose::Meta::Class=HASH(0xf9773450520)', 'GOBO::Labeled') called at /home/vegeta/perl5/perlbrew/perls/perl-blead/lib/site_perl/5.29.8/OpenBSD.amd64-openbsd-thread-multi/Moose.pm line 57
Moose::with('Moose::Meta::Class=HASH(0xf9773450520)', 'GOBO::Labeled') called at /home/vegeta/perl5/perlbrew/perls/perl-blead/lib/site_perl/5.29.8/OpenBSD.amd64-openbsd-thread-multi/Moose/Exporter.pm line 419
Moose::with('GOBO::Labeled') called at /mnt/cpan_build_dir/vegeta/GOBO-0.03-0/blib/lib/GOBO/Node.pm line 6
require GOBO/Node.pm at /home/vegeta/perl5/perlbrew/perls/perl-blead/lib/site_perl/5.29.8/Module/Runtime.pm line 314
Module::Runtime::require_module('GOBO::Node') called at /home/vegeta/perl5/perlbrew/perls/perl-blead/lib/site_perl/5.29.8/Module/Runtime.pm line 391
eval {...} at /home/vegeta/perl5/perlbrew/perls/perl-blead/lib/site_perl/5.29.8/Module/Runtime.pm line 391
Module::Runtime::use_package_optimistically('GOBO::Node') called at /home/vegeta/perl5/perlbrew/perls/perl-blead/lib/site_perl/5.29.8/OpenBSD.amd64-openbsd-thread-multi/Moose/Util.pm line 351
Moose::Util::_load_user_class('GOBO::Node', undef) called at /home/vegeta/perl5/perlbrew/perls/perl-blead/lib/site_perl/5.29.8/OpenBSD.amd64-openbsd-thread-multi/Moose/Meta/Class.pm line 569
Moose::Meta::Class::superclasses(undef, 'GOBO::Node') called at /home/vegeta/perl5/perlbrew/perls/perl-blead/lib/site_perl/5.29.8/OpenBSD.amd64-openbsd-thread-multi/Moose.pm line 53
Moose::extends('Moose::Meta::Class=HASH(0xf9838534f10)', 'GOBO::Node') called at /home/vegeta/perl5/perlbrew/perls/perl-blead/lib/site_perl/5.29.8/OpenBSD.amd64-openbsd-thread-multi/Moose/Exporter.pm line 419
Moose::extends('GOBO::Node') called at /mnt/cpan_build_dir/vegeta/GOBO-0.03-0/blib/lib/GOBO/Evidence.pm line 4
require GOBO/Evidence.pm at /mnt/cpan_build_dir/vegeta/GOBO-0.03-0/blib/lib/GOBO/Annotation.pm line 5
GOBO::Annotation::BEGIN at /mnt/cpan_build_dir/vegeta/GOBO-0.03-0/blib/lib/GOBO/Synonym.pm line 0
eval {...} at /mnt/cpan_build_dir/vegeta/GOBO-0.03-0/blib/lib/GOBO/Synonym.pm line 0
require GOBO/Annotation.pm at /mnt/cpan_build_dir/vegeta/GOBO-0.03-0/blib/lib/GOBO/Graph.pm line 55
GOBO::Graph::BEGIN at /mnt/cpan_build_dir/vegeta/GOBO-0.03-0/blib/lib/GOBO/Synonym.pm line 0
eval {...} at /mnt/cpan_build_dir/vegeta/GOBO-0.03-0/blib/lib/GOBO/Synonym.pm line 0
require GOBO/Graph.pm at t/graph_creation.t line 11
main::BEGIN at /mnt/cpan_build_dir/vegeta/GOBO-0.03-0/blib/lib/GOBO/Synonym.pm line 0
eval {...} at /mnt/cpan_build_dir/vegeta/GOBO-0.03-0/blib/lib/GOBO/Synonym.pm line 0
Compilation failed in require at /mnt/cpan_build_dir/vegeta/GOBO-0.03-0/blib/lib/GOBO/Labeled.pm line 23.
BEGIN failed--compilation aborted at /mnt/cpan_build_dir/vegeta/GOBO-0.03-0/blib/lib/GOBO/Labeled.pm line 23.
Compilation failed in require at /home/vegeta/perl5/perlbrew/perls/perl-blead/lib/site_perl/5.29.8/Module/Runtime.pm line 314.
Compilation failed in require at /home/vegeta/perl5/perlbrew/perls/perl-blead/lib/site_perl/5.29.8/Module/Runtime.pm line 314.
Compilation failed in require at /mnt/cpan_build_dir/vegeta/GOBO-0.03-0/blib/lib/GOBO/Annotation.pm line 5.
BEGIN failed--compilation aborted at /mnt/cpan_build_dir/vegeta/GOBO-0.03-0/blib/lib/GOBO/Annotation.pm line 5.
Compilation failed in require at /mnt/cpan_build_dir/vegeta/GOBO-0.03-0/blib/lib/GOBO/Graph.pm line 55.
BEGIN failed--compilation aborted at /mnt/cpan_build_dir/vegeta/GOBO-0.03-0/blib/lib/GOBO/Graph.pm line 55.
Compilation failed in require at t/graph_creation.t line 11.
BEGIN failed--compilation aborted at t/graph_creation.t line 11.
t/graph_creation.t ...........
Dubious, test returned 255 (wstat 65280, 0xff00)
No subtests run
You cannot coerce an attribute (provenance) unless its type (GOBO::Node) has a coercion at /home/vegeta/perl5/perlbrew/perls/perl-blead/lib/site_perl/5.29.8/OpenBSD.amd64-openbsd-thread-multi/Moose/Exporter.pm line 419
Moose::with('GOBO::Attributed') called at /mnt/cpan_build_dir/vegeta/GOBO-0.03-0/blib/lib/GOBO/Synonym.pm line 17
require GOBO/Synonym.pm at /mnt/cpan_build_dir/vegeta/GOBO-0.03-0/blib/lib/GOBO/Labeled.pm line 23
GOBO::Labeled::BEGIN at /mnt/cpan_build_dir/vegeta/GOBO-0.03-0/blib/lib/GOBO/Synonym.pm line 0
eval {...} at /mnt/cpan_build_dir/vegeta/GOBO-0.03-0/blib/lib/GOBO/Synonym.pm line 0
require GOBO/Labeled.pm at /home/vegeta/perl5/perlbrew/perls/perl-blead/lib/site_perl/5.29.8/Module/Runtime.pm line 314
Module::Runtime::require_module('GOBO::Labeled') called at /home/vegeta/perl5/perlbrew/perls/perl-blead/lib/site_perl/5.29.8/Module/Runtime.pm line 391
eval {...} at /home/vegeta/perl5/perlbrew/perls/perl-blead/lib/site_perl/5.29.8/Module/Runtime.pm line 391
Module::Runtime::use_package_optimistically('GOBO::Labeled') called at /home/vegeta/perl5/perlbrew/perls/perl-blead/lib/site_perl/5.29.8/OpenBSD.amd64-openbsd-thread-multi/Moose/Util.pm line 351
Moose::Util::_load_user_class('GOBO::Labeled', undef) called at /home/vegeta/perl5/perlbrew/perls/perl-blead/lib/site_perl/5.29.8/OpenBSD.amd64-openbsd-thread-multi/Moose/Util.pm line 146
Moose::Util::_apply_all_roles('Moose::Meta::Class=HASH(0x152341205448)', undef, 'GOBO::Labeled') called at /home/vegeta/perl5/perlbrew/perls/perl-blead/lib/site_perl/5.29.8/OpenBSD.amd64-openbsd-thread-multi/Moose/Util.pm line 113
Moose::Util::apply_all_roles('Moose::Meta::Class=HASH(0x152341205448)', 'GOBO::Labeled') called at /home/vegeta/perl5/perlbrew/perls/perl-blead/lib/site_perl/5.29.8/OpenBSD.amd64-openbsd-thread-multi/Moose.pm line 57
Moose::with('Moose::Meta::Class=HASH(0x152341205448)', 'GOBO::Labeled') called at /home/vegeta/perl5/perlbrew/perls/perl-blead/lib/site_perl/5.29.8/OpenBSD.amd64-openbsd-thread-multi/Moose/Exporter.pm line 419
Moose::with('GOBO::Labeled') called at /mnt/cpan_build_dir/vegeta/GOBO-0.03-0/blib/lib/GOBO/Node.pm line 6
require GOBO/Node.pm at /home/vegeta/perl5/perlbrew/perls/perl-blead/lib/site_perl/5.29.8/Module/Runtime.pm line 314
Module::Runtime::require_module('GOBO::Node') called at /home/vegeta/perl5/perlbrew/perls/perl-blead/lib/site_perl/5.29.8/Module/Runtime.pm line 391
eval {...} at /home/vegeta/perl5/perlbrew/perls/perl-blead/lib/site_perl/5.29.8/Module/Runtime.pm line 391
Module::Runtime::use_package_optimistically('GOBO::Node') called at /home/vegeta/perl5/perlbrew/perls/perl-blead/lib/site_perl/5.29.8/OpenBSD.amd64-openbsd-thread-multi/Moose/Util.pm line 351
Moose::Util::_load_user_class('GOBO::Node', undef) called at /home/vegeta/perl5/perlbrew/perls/perl-blead/lib/site_perl/5.29.8/OpenBSD.amd64-openbsd-thread-multi/Moose/Meta/Class.pm line 569
Moose::Meta::Class::superclasses(undef, 'GOBO::Node') called at /home/vegeta/perl5/perlbrew/perls/perl-blead/lib/site_perl/5.29.8/OpenBSD.amd64-openbsd-thread-multi/Moose.pm line 53
Moose::extends('Moose::Meta::Class=HASH(0x15231d8ced18)', 'GOBO::Node') called at /home/vegeta/perl5/perlbrew/perls/perl-blead/lib/site_perl/5.29.8/OpenBSD.amd64-openbsd-thread-multi/Moose/Exporter.pm line 419
Moose::extends('GOBO::Node') called at /mnt/cpan_build_dir/vegeta/GOBO-0.03-0/blib/lib/GOBO/Evidence.pm line 4
require GOBO/Evidence.pm at /mnt/cpan_build_dir/vegeta/GOBO-0.03-0/blib/lib/GOBO/Annotation.pm line 5
GOBO::Annotation::BEGIN at /mnt/cpan_build_dir/vegeta/GOBO-0.03-0/blib/lib/GOBO/Synonym.pm line 0
eval {...} at /mnt/cpan_build_dir/vegeta/GOBO-0.03-0/blib/lib/GOBO/Synonym.pm line 0
require GOBO/Annotation.pm at /mnt/cpan_build_dir/vegeta/GOBO-0.03-0/blib/lib/GOBO/Graph.pm line 55
GOBO::Graph::BEGIN at /mnt/cpan_build_dir/vegeta/GOBO-0.03-0/blib/lib/GOBO/Synonym.pm line 0
eval {...} at /mnt/cpan_build_dir/vegeta/GOBO-0.03-0/blib/lib/GOBO/Synonym.pm line 0
require GOBO/Graph.pm at t/inference_engine_test.t line 4
main::BEGIN at /mnt/cpan_build_dir/vegeta/GOBO-0.03-0/blib/lib/GOBO/Synonym.pm line 0
eval {...} at /mnt/cpan_build_dir/vegeta/GOBO-0.03-0/blib/lib/GOBO/Synonym.pm line 0
Compilation failed in require at /mnt/cpan_build_dir/vegeta/GOBO-0.03-0/blib/lib/GOBO/Labeled.pm line 23.
BEGIN failed--compilation aborted at /mnt/cpan_build_dir/vegeta/GOBO-0.03-0/blib/lib/GOBO/Labeled.pm line 23.
Compilation failed in require at /home/vegeta/perl5/perlbrew/perls/perl-blead/lib/site_perl/5.29.8/Module/Runtime.pm line 314.
Compilation failed in require at /home/vegeta/perl5/perlbrew/perls/perl-blead/lib/site_perl/5.29.8/Module/Runtime.pm line 314.
Compilation failed in require at /mnt/cpan_build_dir/vegeta/GOBO-0.03-0/blib/lib/GOBO/Annotation.pm line 5.
BEGIN failed--compilation aborted at /mnt/cpan_build_dir/vegeta/GOBO-0.03-0/blib/lib/GOBO/Annotation.pm line 5.
Compilation failed in require at /mnt/cpan_build_dir/vegeta/GOBO-0.03-0/blib/lib/GOBO/Graph.pm line 55.
BEGIN failed--compilation aborted at /mnt/cpan_build_dir/vegeta/GOBO-0.03-0/blib/lib/GOBO/Graph.pm line 55.
Compilation failed in require at t/inference_engine_test.t line 4.
BEGIN failed--compilation aborted at t/inference_engine_test.t line 4.
t/inference_engine_test.t ....
Dubious, test returned 255 (wstat 65280, 0xff00)
No subtests run
You cannot coerce an attribute (source) unless its type (GOBO::Node) has a coercion at /home/vegeta/perl5/perlbrew/perls/perl-blead/lib/site_perl/5.29.8/OpenBSD.amd64-openbsd-thread-multi/Moose/Exporter.pm line 419
Moose::with('GOBO::Attributed') called at /mnt/cpan_build_dir/vegeta/GOBO-0.03-0/blib/lib/GOBO/Synonym.pm line 17
require GOBO/Synonym.pm at /mnt/cpan_build_dir/vegeta/GOBO-0.03-0/blib/lib/GOBO/Labeled.pm line 23
GOBO::Labeled::BEGIN at /mnt/cpan_build_dir/vegeta/GOBO-0.03-0/blib/lib/GOBO/Synonym.pm line 0
eval {...} at /mnt/cpan_build_dir/vegeta/GOBO-0.03-0/blib/lib/GOBO/Synonym.pm line 0
require GOBO/Labeled.pm at /home/vegeta/perl5/perlbrew/perls/perl-blead/lib/site_perl/5.29.8/Module/Runtime.pm line 314
Module::Runtime::require_module('GOBO::Labeled') called at /home/vegeta/perl5/perlbrew/perls/perl-blead/lib/site_perl/5.29.8/Module/Runtime.pm line 391
eval {...} at /home/vegeta/perl5/perlbrew/perls/perl-blead/lib/site_perl/5.29.8/Module/Runtime.pm line 391
Module::Runtime::use_package_optimistically('GOBO::Labeled') called at /home/vegeta/perl5/perlbrew/perls/perl-blead/lib/site_perl/5.29.8/OpenBSD.amd64-openbsd-thread-multi/Moose/Util.pm line 351
Moose::Util::_load_user_class('GOBO::Labeled', undef) called at /home/vegeta/perl5/perlbrew/perls/perl-blead/lib/site_perl/5.29.8/OpenBSD.amd64-openbsd-thread-multi/Moose/Util.pm line 146
Moose::Util::_apply_all_roles('Moose::Meta::Class=HASH(0x18fe839813b8)', undef, 'GOBO::Labeled') called at /home/vegeta/perl5/perlbrew/perls/perl-blead/lib/site_perl/5.29.8/OpenBSD.amd64-openbsd-thread-multi/Moose/Util.pm line 113
Moose::Util::apply_all_roles('Moose::Meta::Class=HASH(0x18fe839813b8)', 'GOBO::Labeled') called at /home/vegeta/perl5/perlbrew/perls/perl-blead/lib/site_perl/5.29.8/OpenBSD.amd64-openbsd-thread-multi/Moose.pm line 57
Moose::with('Moose::Meta::Class=HASH(0x18fe839813b8)', 'GOBO::Labeled') called at /home/vegeta/perl5/perlbrew/perls/perl-blead/lib/site_perl/5.29.8/OpenBSD.amd64-openbsd-thread-multi/Moose/Exporter.pm line 419
Moose::with('GOBO::Labeled') called at /mnt/cpan_build_dir/vegeta/GOBO-0.03-0/blib/lib/GOBO/Node.pm line 6
require GOBO/Node.pm at /home/vegeta/perl5/perlbrew/perls/perl-blead/lib/site_perl/5.29.8/Module/Runtime.pm line 314
Module::Runtime::require_module('GOBO::Node') called at /home/vegeta/perl5/perlbrew/perls/perl-blead/lib/site_perl/5.29.8/Module/Runtime.pm line 391
eval {...} at /home/vegeta/perl5/perlbrew/perls/perl-blead/lib/site_perl/5.29.8/Module/Runtime.pm line 391
Module::Runtime::use_package_optimistically('GOBO::Node') called at /home/vegeta/perl5/perlbrew/perls/perl-blead/lib/site_perl/5.29.8/OpenBSD.amd64-openbsd-thread-multi/Moose/Util.pm line 351
Moose::Util::_load_user_class('GOBO::Node', undef) called at /home/vegeta/perl5/perlbrew/perls/perl-blead/lib/site_perl/5.29.8/OpenBSD.amd64-openbsd-thread-multi/Moose/Meta/Class.pm line 569
Moose::Meta::Class::superclasses(undef, 'GOBO::Node') called at /home/vegeta/perl5/perlbrew/perls/perl-blead/lib/site_perl/5.29.8/OpenBSD.amd64-openbsd-thread-multi/Moose.pm line 53
Moose::extends('Moose::Meta::Class=HASH(0x18ff59820d18)', 'GOBO::Node') called at /home/vegeta/perl5/perlbrew/perls/perl-blead/lib/site_perl/5.29.8/OpenBSD.amd64-openbsd-thread-multi/Moose/Exporter.pm line 419
Moose::extends('GOBO::Node') called at /mnt/cpan_build_dir/vegeta/GOBO-0.03-0/blib/lib/GOBO/Evidence.pm line 4
require GOBO/Evidence.pm at /mnt/cpan_build_dir/vegeta/GOBO-0.03-0/blib/lib/GOBO/Annotation.pm line 5
GOBO::Annotation::BEGIN at /mnt/cpan_build_dir/vegeta/GOBO-0.03-0/blib/lib/GOBO/Synonym.pm line 0
eval {...} at /mnt/cpan_build_dir/vegeta/GOBO-0.03-0/blib/lib/GOBO/Synonym.pm line 0
require GOBO/Annotation.pm at /mnt/cpan_build_dir/vegeta/GOBO-0.03-0/blib/lib/GOBO/Graph.pm line 55
GOBO::Graph::BEGIN at /mnt/cpan_build_dir/vegeta/GOBO-0.03-0/blib/lib/GOBO/Synonym.pm line 0
eval {...} at /mnt/cpan_build_dir/vegeta/GOBO-0.03-0/blib/lib/GOBO/Synonym.pm line 0
require GOBO/Graph.pm at t/logical_definition_test.t line 4
main::BEGIN at /mnt/cpan_build_dir/vegeta/GOBO-0.03-0/blib/lib/GOBO/Synonym.pm line 0
eval {...} at /mnt/cpan_build_dir/vegeta/GOBO-0.03-0/blib/lib/GOBO/Synonym.pm line 0
Compilation failed in require at /mnt/cpan_build_dir/vegeta/GOBO-0.03-0/blib/lib/GOBO/Labeled.pm line 23.
BEGIN failed--compilation aborted at /mnt/cpan_build_dir/vegeta/GOBO-0.03-0/blib/lib/GOBO/Labeled.pm line 23.
Compilation failed in require at /home/vegeta/perl5/perlbrew/perls/perl-blead/lib/site_perl/5.29.8/Module/Runtime.pm line 314.
Compilation failed in require at /home/vegeta/perl5/perlbrew/perls/perl-blead/lib/site_perl/5.29.8/Module/Runtime.pm line 314.
Compilation failed in require at /mnt/cpan_build_dir/vegeta/GOBO-0.03-0/blib/lib/GOBO/Annotation.pm line 5.
BEGIN failed--compilation aborted at /mnt/cpan_build_dir/vegeta/GOBO-0.03-0/blib/lib/GOBO/Annotation.pm line 5.
Compilation failed in require at /mnt/cpan_build_dir/vegeta/GOBO-0.03-0/blib/lib/GOBO/Graph.pm line 55.
BEGIN failed--compilation aborted at /mnt/cpan_build_dir/vegeta/GOBO-0.03-0/blib/lib/GOBO/Graph.pm line 55.
Compilation failed in require at t/logical_definition_test.t line 4.
BEGIN failed--compilation aborted at t/logical_definition_test.t line 4.
t/logical_definition_test.t ..
Dubious, test returned 255 (wstat 65280, 0xff00)
No subtests run
You cannot coerce an attribute (provenance) unless its type (GOBO::Node) has a coercion at /home/vegeta/perl5/perlbrew/perls/perl-blead/lib/site_perl/5.29.8/OpenBSD.amd64-openbsd-thread-multi/Moose/Exporter.pm line 419
Moose::with('GOBO::Attributed') called at /mnt/cpan_build_dir/vegeta/GOBO-0.03-0/blib/lib/GOBO/Synonym.pm line 17
require GOBO/Synonym.pm at /mnt/cpan_build_dir/vegeta/GOBO-0.03-0/blib/lib/GOBO/Labeled.pm line 23
GOBO::Labeled::BEGIN at /mnt/cpan_build_dir/vegeta/GOBO-0.03-0/blib/lib/GOBO/Synonym.pm line 0
eval {...} at /mnt/cpan_build_dir/vegeta/GOBO-0.03-0/blib/lib/GOBO/Synonym.pm line 0
require GOBO/Labeled.pm at /home/vegeta/perl5/perlbrew/perls/perl-blead/lib/site_perl/5.29.8/Module/Runtime.pm line 314
Module::Runtime::require_module('GOBO::Labeled') called at /home/vegeta/perl5/perlbrew/perls/perl-blead/lib/site_perl/5.29.8/Module/Runtime.pm line 391
eval {...} at /home/vegeta/perl5/perlbrew/perls/perl-blead/lib/site_perl/5.29.8/Module/Runtime.pm line 391
Module::Runtime::use_package_optimistically('GOBO::Labeled') called at /home/vegeta/perl5/perlbrew/perls/perl-blead/lib/site_perl/5.29.8/OpenBSD.amd64-openbsd-thread-multi/Moose/Util.pm line 351
Moose::Util::_load_user_class('GOBO::Labeled', undef) called at /home/vegeta/perl5/perlbrew/perls/perl-blead/lib/site_perl/5.29.8/OpenBSD.amd64-openbsd-thread-multi/Moose/Util.pm line 146
Moose::Util::_apply_all_roles('Moose::Meta::Class=HASH(0xb5d05805ec8)', undef, 'GOBO::Labeled') called at /home/vegeta/perl5/perlbrew/perls/perl-blead/lib/site_perl/5.29.8/OpenBSD.amd64-openbsd-thread-multi/Moose/Util.pm line 113
Moose::Util::apply_all_roles('Moose::Meta::Class=HASH(0xb5d05805ec8)', 'GOBO::Labeled') called at /home/vegeta/perl5/perlbrew/perls/perl-blead/lib/site_perl/5.29.8/OpenBSD.amd64-openbsd-thread-multi/Moose.pm line 57
Moose::with('Moose::Meta::Class=HASH(0xb5d05805ec8)', 'GOBO::Labeled') called at /home/vegeta/perl5/perlbrew/perls/perl-blead/lib/site_perl/5.29.8/OpenBSD.amd64-openbsd-thread-multi/Moose/Exporter.pm line 419
Moose::with('GOBO::Labeled') called at /mnt/cpan_build_dir/vegeta/GOBO-0.03-0/blib/lib/GOBO/Node.pm line 6
require GOBO/Node.pm at /home/vegeta/perl5/perlbrew/perls/perl-blead/lib/site_perl/5.29.8/Module/Runtime.pm line 314
Module::Runtime::require_module('GOBO::Node') called at /home/vegeta/perl5/perlbrew/perls/perl-blead/lib/site_perl/5.29.8/Module/Runtime.pm line 391
eval {...} at /home/vegeta/perl5/perlbrew/perls/perl-blead/lib/site_perl/5.29.8/Module/Runtime.pm line 391
Module::Runtime::use_package_optimistically('GOBO::Node') called at /home/vegeta/perl5/perlbrew/perls/perl-blead/lib/site_perl/5.29.8/OpenBSD.amd64-openbsd-thread-multi/Moose/Util.pm line 351
Moose::Util::_load_user_class('GOBO::Node', undef) called at /home/vegeta/perl5/perlbrew/perls/perl-blead/lib/site_perl/5.29.8/OpenBSD.amd64-openbsd-thread-multi/Moose/Meta/Class.pm line 569
Moose::Meta::Class::superclasses(undef, 'GOBO::Node') called at /home/vegeta/perl5/perlbrew/perls/perl-blead/lib/site_perl/5.29.8/OpenBSD.amd64-openbsd-thread-multi/Moose.pm line 53
Moose::extends('Moose::Meta::Class=HASH(0xb5d93b34898)', 'GOBO::Node') called at /home/vegeta/perl5/perlbrew/perls/perl-blead/lib/site_perl/5.29.8/OpenBSD.amd64-openbsd-thread-multi/Moose/Exporter.pm line 419
Moose::extends('GOBO::Node') called at /mnt/cpan_build_dir/vegeta/GOBO-0.03-0/blib/lib/GOBO/Evidence.pm line 4
require GOBO/Evidence.pm at /mnt/cpan_build_dir/vegeta/GOBO-0.03-0/blib/lib/GOBO/Annotation.pm line 5
GOBO::Annotation::BEGIN at /mnt/cpan_build_dir/vegeta/GOBO-0.03-0/blib/lib/GOBO/Synonym.pm line 0
eval {...} at /mnt/cpan_build_dir/vegeta/GOBO-0.03-0/blib/lib/GOBO/Synonym.pm line 0
require GOBO/Annotation.pm at /mnt/cpan_build_dir/vegeta/GOBO-0.03-0/blib/lib/GOBO/Graph.pm line 55
GOBO::Graph::BEGIN at /mnt/cpan_build_dir/vegeta/GOBO-0.03-0/blib/lib/GOBO/Synonym.pm line 0
eval {...} at /mnt/cpan_build_dir/vegeta/GOBO-0.03-0/blib/lib/GOBO/Synonym.pm line 0
require GOBO/Graph.pm at t/node_removal.t line 8
main::BEGIN at /mnt/cpan_build_dir/vegeta/GOBO-0.03-0/blib/lib/GOBO/Synonym.pm line 0
eval {...} at /mnt/cpan_build_dir/vegeta/GOBO-0.03-0/blib/lib/GOBO/Synonym.pm line 0
Compilation failed in require at /mnt/cpan_build_dir/vegeta/GOBO-0.03-0/blib/lib/GOBO/Labeled.pm line 23.
BEGIN failed--compilation aborted at /mnt/cpan_build_dir/vegeta/GOBO-0.03-0/blib/lib/GOBO/Labeled.pm line 23.
Compilation failed in require at /home/vegeta/perl5/perlbrew/perls/perl-blead/lib/site_perl/5.29.8/Module/Runtime.pm line 314.
Compilation failed in require at /home/vegeta/perl5/perlbrew/perls/perl-blead/lib/site_perl/5.29.8/Module/Runtime.pm line 314.
Compilation failed in require at /mnt/cpan_build_dir/vegeta/GOBO-0.03-0/blib/lib/GOBO/Annotation.pm line 5.
BEGIN failed--compilation aborted at /mnt/cpan_build_dir/vegeta/GOBO-0.03-0/blib/lib/GOBO/Annotation.pm line 5.
Compilation failed in require at /mnt/cpan_build_dir/vegeta/GOBO-0.03-0/blib/lib/GOBO/Graph.pm line 55.
BEGIN failed--compilation aborted at /mnt/cpan_build_dir/vegeta/GOBO-0.03-0/blib/lib/GOBO/Graph.pm line 55.
Compilation failed in require at t/node_removal.t line 8.
BEGIN failed--compilation aborted at t/node_removal.t line 8.
t/node_removal.t .............
Dubious, test returned 255 (wstat 65280, 0xff00)
No subtests run
You cannot coerce an attribute (source) unless its type (GOBO::Node) has a coercion at /home/vegeta/perl5/perlbrew/perls/perl-blead/lib/site_perl/5.29.8/OpenBSD.amd64-openbsd-thread-multi/Moose/Exporter.pm line 419
Moose::with('GOBO::Attributed') called at /mnt/cpan_build_dir/vegeta/GOBO-0.03-0/blib/lib/GOBO/Synonym.pm line 17
require GOBO/Synonym.pm at /mnt/cpan_build_dir/vegeta/GOBO-0.03-0/blib/lib/GOBO/Labeled.pm line 23
GOBO::Labeled::BEGIN at /mnt/cpan_build_dir/vegeta/GOBO-0.03-0/blib/lib/GOBO/Synonym.pm line 0
eval {...} at /mnt/cpan_build_dir/vegeta/GOBO-0.03-0/blib/lib/GOBO/Synonym.pm line 0
require GOBO/Labeled.pm at /home/vegeta/perl5/perlbrew/perls/perl-blead/lib/site_perl/5.29.8/Module/Runtime.pm line 314
Module::Runtime::require_module('GOBO::Labeled') called at /home/vegeta/perl5/perlbrew/perls/perl-blead/lib/site_perl/5.29.8/Module/Runtime.pm line 391
eval {...} at /home/vegeta/perl5/perlbrew/perls/perl-blead/lib/site_perl/5.29.8/Module/Runtime.pm line 391
Module::Runtime::use_package_optimistically('GOBO::Labeled') called at /home/vegeta/perl5/perlbrew/perls/perl-blead/lib/site_perl/5.29.8/OpenBSD.amd64-openbsd-thread-multi/Moose/Util.pm line 351
Moose::Util::_load_user_class('GOBO::Labeled', undef) called at /home/vegeta/perl5/perlbrew/perls/perl-blead/lib/site_perl/5.29.8/OpenBSD.amd64-openbsd-thread-multi/Moose/Util.pm line 146
Moose::Util::_apply_all_roles('Moose::Meta::Class=HASH(0xc50cfe45370)', undef, 'GOBO::Labeled') called at /home/vegeta/perl5/perlbrew/perls/perl-blead/lib/site_perl/5.29.8/OpenBSD.amd64-openbsd-thread-multi/Moose/Util.pm line 113
Moose::Util::apply_all_roles('Moose::Meta::Class=HASH(0xc50cfe45370)', 'GOBO::Labeled') called at /home/vegeta/perl5/perlbrew/perls/perl-blead/lib/site_perl/5.29.8/OpenBSD.amd64-openbsd-thread-multi/Moose.pm line 57
Moose::with('Moose::Meta::Class=HASH(0xc50cfe45370)', 'GOBO::Labeled') called at /home/vegeta/perl5/perlbrew/perls/perl-blead/lib/site_perl/5.29.8/OpenBSD.amd64-openbsd-thread-multi/Moose/Exporter.pm line 419
Moose::with('GOBO::Labeled') called at /mnt/cpan_build_dir/vegeta/GOBO-0.03-0/blib/lib/GOBO/Node.pm line 6
require GOBO/Node.pm at /home/vegeta/perl5/perlbrew/perls/perl-blead/lib/site_perl/5.29.8/Module/Runtime.pm line 314
Module::Runtime::require_module('GOBO::Node') called at /home/vegeta/perl5/perlbrew/perls/perl-blead/lib/site_perl/5.29.8/Module/Runtime.pm line 391
eval {...} at /home/vegeta/perl5/perlbrew/perls/perl-blead/lib/site_perl/5.29.8/Module/Runtime.pm line 391
Module::Runtime::use_package_optimistically('GOBO::Node') called at /home/vegeta/perl5/perlbrew/perls/perl-blead/lib/site_perl/5.29.8/OpenBSD.amd64-openbsd-thread-multi/Moose/Util.pm line 351
Moose::Util::_load_user_class('GOBO::Node', undef) called at /home/vegeta/perl5/perlbrew/perls/perl-blead/lib/site_perl/5.29.8/OpenBSD.amd64-openbsd-thread-multi/Moose/Meta/Class.pm line 569
Moose::Meta::Class::superclasses(undef, 'GOBO::Node') called at /home/vegeta/perl5/perlbrew/perls/perl-blead/lib/site_perl/5.29.8/OpenBSD.amd64-openbsd-thread-multi/Moose.pm line 53
Moose::extends('Moose::Meta::Class=HASH(0xc506095bd18)', 'GOBO::Node') called at /home/vegeta/perl5/perlbrew/perls/perl-blead/lib/site_perl/5.29.8/OpenBSD.amd64-openbsd-thread-multi/Moose/Exporter.pm line 419
Moose::extends('GOBO::Node') called at /mnt/cpan_build_dir/vegeta/GOBO-0.03-0/blib/lib/GOBO/Evidence.pm line 4
require GOBO/Evidence.pm at /mnt/cpan_build_dir/vegeta/GOBO-0.03-0/blib/lib/GOBO/Annotation.pm line 5
GOBO::Annotation::BEGIN at /mnt/cpan_build_dir/vegeta/GOBO-0.03-0/blib/lib/GOBO/Synonym.pm line 0
eval {...} at /mnt/cpan_build_dir/vegeta/GOBO-0.03-0/blib/lib/GOBO/Synonym.pm line 0
require GOBO/Annotation.pm at /mnt/cpan_build_dir/vegeta/GOBO-0.03-0/blib/lib/GOBO/Graph.pm line 55
GOBO::Graph::BEGIN at /mnt/cpan_build_dir/vegeta/GOBO-0.03-0/blib/lib/GOBO/Synonym.pm line 0
eval {...} at /mnt/cpan_build_dir/vegeta/GOBO-0.03-0/blib/lib/GOBO/Synonym.pm line 0
require GOBO/Graph.pm at t/oboparsertest.t line 6
main::BEGIN at /mnt/cpan_build_dir/vegeta/GOBO-0.03-0/blib/lib/GOBO/Synonym.pm line 0
eval {...} at /mnt/cpan_build_dir/vegeta/GOBO-0.03-0/blib/lib/GOBO/Synonym.pm line 0
Compilation failed in require at /mnt/cpan_build_dir/vegeta/GOBO-0.03-0/blib/lib/GOBO/Labeled.pm line 23.
BEGIN failed--compilation aborted at /mnt/cpan_build_dir/vegeta/GOBO-0.03-0/blib/lib/GOBO/Labeled.pm line 23.
Compilation failed in require at /home/vegeta/perl5/perlbrew/perls/perl-blead/lib/site_perl/5.29.8/Module/Runtime.pm line 314.
Compilation failed in require at /home/vegeta/perl5/perlbrew/perls/perl-blead/lib/site_perl/5.29.8/Module/Runtime.pm line 314.
Compilation failed in require at /mnt/cpan_build_dir/vegeta/GOBO-0.03-0/blib/lib/GOBO/Annotation.pm line 5.
BEGIN failed--compilation aborted at /mnt/cpan_build_dir/vegeta/GOBO-0.03-0/blib/lib/GOBO/Annotation.pm line 5.
Compilation failed in require at /mnt/cpan_build_dir/vegeta/GOBO-0.03-0/blib/lib/GOBO/Graph.pm line 55.
BEGIN failed--compilation aborted at /mnt/cpan_build_dir/vegeta/GOBO-0.03-0/blib/lib/GOBO/Graph.pm line 55.
Compilation failed in require at t/oboparsertest.t line 6.
BEGIN failed--compilation aborted at t/oboparsertest.t line 6.
t/oboparsertest.t ............
Dubious, test returned 255 (wstat 65280, 0xff00)
No subtests run
Subroutine main::ok redefined at /home/vegeta/perl5/perlbrew/perls/perl-blead/lib/site_perl/5.29.8/Exporter.pm line 66.
at t/parsetest.t line 6.
Prototype mismatch: sub main::ok ($;$$) vs ($;$) at /home/vegeta/perl5/perlbrew/perls/perl-blead/lib/site_perl/5.29.8/Exporter.pm line 66.
at t/parsetest.t line 6.
Subroutine main::skip redefined at /home/vegeta/perl5/perlbrew/perls/perl-blead/lib/site_perl/5.29.8/Exporter.pm line 66.
at t/parsetest.t line 6.
Prototype mismatch: sub main::skip ($;$$$) vs none at /home/vegeta/perl5/perlbrew/perls/perl-blead/lib/site_perl/5.29.8/Exporter.pm line 66.
at t/parsetest.t line 6.
Subroutine main::plan redefined at /home/vegeta/perl5/perlbrew/perls/perl-blead/lib/site_perl/5.29.8/Exporter.pm line 66.
at t/parsetest.t line 6.
You cannot coerce an attribute (source) unless its type (GOBO::Node) has a coercion at /home/vegeta/perl5/perlbrew/perls/perl-blead/lib/site_perl/5.29.8/OpenBSD.amd64-openbsd-thread-multi/Moose/Exporter.pm line 419
Moose::with('GOBO::Attributed') called at /mnt/cpan_build_dir/vegeta/GOBO-0.03-0/blib/lib/GOBO/Synonym.pm line 17
require GOBO/Synonym.pm at /mnt/cpan_build_dir/vegeta/GOBO-0.03-0/blib/lib/GOBO/Labeled.pm line 23
GOBO::Labeled::BEGIN at /mnt/cpan_build_dir/vegeta/GOBO-0.03-0/blib/lib/GOBO/Synonym.pm line 0
eval {...} at /mnt/cpan_build_dir/vegeta/GOBO-0.03-0/blib/lib/GOBO/Synonym.pm line 0
require GOBO/Labeled.pm at /home/vegeta/perl5/perlbrew/perls/perl-blead/lib/site_perl/5.29.8/Module/Runtime.pm line 314
Module::Runtime::require_module('GOBO::Labeled') called at /home/vegeta/perl5/perlbrew/perls/perl-blead/lib/site_perl/5.29.8/Module/Runtime.pm line 391
eval {...} at /home/vegeta/perl5/perlbrew/perls/perl-blead/lib/site_perl/5.29.8/Module/Runtime.pm line 391
Module::Runtime::use_package_optimistically('GOBO::Labeled') called at /home/vegeta/perl5/perlbrew/perls/perl-blead/lib/site_perl/5.29.8/OpenBSD.amd64-openbsd-thread-multi/Moose/Util.pm line 351
Moose::Util::_load_user_class('GOBO::Labeled', undef) called at /home/vegeta/perl5/perlbrew/perls/perl-blead/lib/site_perl/5.29.8/OpenBSD.amd64-openbsd-thread-multi/Moose/Util.pm line 146
Moose::Util::_apply_all_roles('Moose::Meta::Class=HASH(0x1daf9cedd8e0)', undef, 'GOBO::Labeled') called at /home/vegeta/perl5/perlbrew/perls/perl-blead/lib/site_perl/5.29.8/OpenBSD.amd64-openbsd-thread-multi/Moose/Util.pm line 113
Moose::Util::apply_all_roles('Moose::Meta::Class=HASH(0x1daf9cedd8e0)', 'GOBO::Labeled') called at /home/vegeta/perl5/perlbrew/perls/perl-blead/lib/site_perl/5.29.8/OpenBSD.amd64-openbsd-thread-multi/Moose.pm line 57
Moose::with('Moose::Meta::Class=HASH(0x1daf9cedd8e0)', 'GOBO::Labeled') called at /home/vegeta/perl5/perlbrew/perls/perl-blead/lib/site_perl/5.29.8/OpenBSD.amd64-openbsd-thread-multi/Moose/Exporter.pm line 419
Moose::with('GOBO::Labeled') called at /mnt/cpan_build_dir/vegeta/GOBO-0.03-0/blib/lib/GOBO/Node.pm line 6
require GOBO/Node.pm at /mnt/cpan_build_dir/vegeta/GOBO-0.03-0/blib/lib/GOBO/Parsers/GAFParser.pm line 7
GOBO::Parsers::GAFParser::BEGIN at /mnt/cpan_build_dir/vegeta/GOBO-0.03-0/blib/lib/GOBO/Synonym.pm line 0
eval {...} at /mnt/cpan_build_dir/vegeta/GOBO-0.03-0/blib/lib/GOBO/Synonym.pm line 0
require GOBO/Parsers/GAFParser.pm at t/parsetest.t line 10
main::BEGIN at /mnt/cpan_build_dir/vegeta/GOBO-0.03-0/blib/lib/GOBO/Synonym.pm line 0
eval {...} at /mnt/cpan_build_dir/vegeta/GOBO-0.03-0/blib/lib/GOBO/Synonym.pm line 0
Compilation failed in require at /mnt/cpan_build_dir/vegeta/GOBO-0.03-0/blib/lib/GOBO/Labeled.pm line 23.
BEGIN failed--compilation aborted at /mnt/cpan_build_dir/vegeta/GOBO-0.03-0/blib/lib/GOBO/Labeled.pm line 23.
Compilation failed in require at /home/vegeta/perl5/perlbrew/perls/perl-blead/lib/site_perl/5.29.8/Module/Runtime.pm line 314.
Compilation failed in require at /mnt/cpan_build_dir/vegeta/GOBO-0.03-0/blib/lib/GOBO/Parsers/GAFParser.pm line 7.
BEGIN failed--compilation aborted at /mnt/cpan_build_dir/vegeta/GOBO-0.03-0/blib/lib/GOBO/Parsers/GAFParser.pm line 7.
Compilation failed in require at t/parsetest.t line 10.
BEGIN failed--compilation aborted at t/parsetest.t line 10.
t/parsetest.t ................ skipped: (no reason given)
You cannot coerce an attribute (provenance) unless its type (GOBO::Node) has a coercion at /home/vegeta/perl5/perlbrew/perls/perl-blead/lib/site_perl/5.29.8/OpenBSD.amd64-openbsd-thread-multi/Moose/Exporter.pm line 419
Moose::with('GOBO::Attributed') called at /mnt/cpan_build_dir/vegeta/GOBO-0.03-0/blib/lib/GOBO/Synonym.pm line 17
require GOBO/Synonym.pm at /mnt/cpan_build_dir/vegeta/GOBO-0.03-0/blib/lib/GOBO/Labeled.pm line 23
GOBO::Labeled::BEGIN at /mnt/cpan_build_dir/vegeta/GOBO-0.03-0/blib/lib/GOBO/Synonym.pm line 0
eval {...} at /mnt/cpan_build_dir/vegeta/GOBO-0.03-0/blib/lib/GOBO/Synonym.pm line 0
require GOBO/Labeled.pm at /home/vegeta/perl5/perlbrew/perls/perl-blead/lib/site_perl/5.29.8/Module/Runtime.pm line 314
Module::Runtime::require_module('GOBO::Labeled') called at /home/vegeta/perl5/perlbrew/perls/perl-blead/lib/site_perl/5.29.8/Module/Runtime.pm line 391
eval {...} at /home/vegeta/perl5/perlbrew/perls/perl-blead/lib/site_perl/5.29.8/Module/Runtime.pm line 391
Module::Runtime::use_package_optimistically('GOBO::Labeled') called at /home/vegeta/perl5/perlbrew/perls/perl-blead/lib/site_perl/5.29.8/OpenBSD.amd64-openbsd-thread-multi/Moose/Util.pm line 351
Moose::Util::_load_user_class('GOBO::Labeled', undef) called at /home/vegeta/perl5/perlbrew/perls/perl-blead/lib/site_perl/5.29.8/OpenBSD.amd64-openbsd-thread-multi/Moose/Util.pm line 146
Moose::Util::_apply_all_roles('Moose::Meta::Class=HASH(0x8df2ea49bc8)', undef, 'GOBO::Labeled') called at /home/vegeta/perl5/perlbrew/perls/perl-blead/lib/site_perl/5.29.8/OpenBSD.amd64-openbsd-thread-multi/Moose/Util.pm line 113
Moose::Util::apply_all_roles('Moose::Meta::Class=HASH(0x8df2ea49bc8)', 'GOBO::Labeled') called at /home/vegeta/perl5/perlbrew/perls/perl-blead/lib/site_perl/5.29.8/OpenBSD.amd64-openbsd-thread-multi/Moose.pm line 57
Moose::with('Moose::Meta::Class=HASH(0x8df2ea49bc8)', 'GOBO::Labeled') called at /home/vegeta/perl5/perlbrew/perls/perl-blead/lib/site_perl/5.29.8/OpenBSD.amd64-openbsd-thread-multi/Moose/Exporter.pm line 419
Moose::with('GOBO::Labeled') called at /mnt/cpan_build_dir/vegeta/GOBO-0.03-0/blib/lib/GOBO/Node.pm line 6
require GOBO/Node.pm at /home/vegeta/perl5/perlbrew/perls/perl-blead/lib/site_perl/5.29.8/Module/Runtime.pm line 314
Module::Runtime::require_module('GOBO::Node') called at /home/vegeta/perl5/perlbrew/perls/perl-blead/lib/site_perl/5.29.8/Module/Runtime.pm line 391
eval {...} at /home/vegeta/perl5/perlbrew/perls/perl-blead/lib/site_perl/5.29.8/Module/Runtime.pm line 391
Module::Runtime::use_package_optimistically('GOBO::Node') called at /home/vegeta/perl5/perlbrew/perls/perl-blead/lib/site_perl/5.29.8/OpenBSD.amd64-openbsd-thread-multi/Moose/Util.pm line 351
Moose::Util::_load_user_class('GOBO::Node', undef) called at /home/vegeta/perl5/perlbrew/perls/perl-blead/lib/site_perl/5.29.8/OpenBSD.amd64-openbsd-thread-multi/Moose/Meta/Class.pm line 569
Moose::Meta::Class::superclasses(undef, 'GOBO::Node') called at /home/vegeta/perl5/perlbrew/perls/perl-blead/lib/site_perl/5.29.8/OpenBSD.amd64-openbsd-thread-multi/Moose.pm line 53
Moose::extends('Moose::Meta::Class=HASH(0x8df41283478)', 'GOBO::Node') called at /home/vegeta/perl5/perlbrew/perls/perl-blead/lib/site_perl/5.29.8/OpenBSD.amd64-openbsd-thread-multi/Moose/Exporter.pm line 419
Moose::extends('GOBO::Node') called at /mnt/cpan_build_dir/vegeta/GOBO-0.03-0/blib/lib/GOBO/Evidence.pm line 4
require GOBO/Evidence.pm at /mnt/cpan_build_dir/vegeta/GOBO-0.03-0/blib/lib/GOBO/Annotation.pm line 5
GOBO::Annotation::BEGIN at /mnt/cpan_build_dir/vegeta/GOBO-0.03-0/blib/lib/GOBO/Synonym.pm line 0
eval {...} at /mnt/cpan_build_dir/vegeta/GOBO-0.03-0/blib/lib/GOBO/Synonym.pm line 0
require GOBO/Annotation.pm at /mnt/cpan_build_dir/vegeta/GOBO-0.03-0/blib/lib/GOBO/Graph.pm line 55
GOBO::Graph::BEGIN at /mnt/cpan_build_dir/vegeta/GOBO-0.03-0/blib/lib/GOBO/Synonym.pm line 0
eval {...} at /mnt/cpan_build_dir/vegeta/GOBO-0.03-0/blib/lib/GOBO/Synonym.pm line 0
require GOBO/Graph.pm at t/relation_test.t line 3
main::BEGIN at /mnt/cpan_build_dir/vegeta/GOBO-0.03-0/blib/lib/GOBO/Synonym.pm line 0
eval {...} at /mnt/cpan_build_dir/vegeta/GOBO-0.03-0/blib/lib/GOBO/Synonym.pm line 0
Compilation failed in require at /mnt/cpan_build_dir/vegeta/GOBO-0.03-0/blib/lib/GOBO/Labeled.pm line 23.
BEGIN failed--compilation aborted at /mnt/cpan_build_dir/vegeta/GOBO-0.03-0/blib/lib/GOBO/Labeled.pm line 23.
Compilation failed in require at /home/vegeta/perl5/perlbrew/perls/perl-blead/lib/site_perl/5.29.8/Module/Runtime.pm line 314.
Compilation failed in require at /home/vegeta/perl5/perlbrew/perls/perl-blead/lib/site_perl/5.29.8/Module/Runtime.pm line 314.
Compilation failed in require at /mnt/cpan_build_dir/vegeta/GOBO-0.03-0/blib/lib/GOBO/Annotation.pm line 5.
BEGIN failed--compilation aborted at /mnt/cpan_build_dir/vegeta/GOBO-0.03-0/blib/lib/GOBO/Annotation.pm line 5.
Compilation failed in require at /mnt/cpan_build_dir/vegeta/GOBO-0.03-0/blib/lib/GOBO/Graph.pm line 55.
BEGIN failed--compilation aborted at /mnt/cpan_build_dir/vegeta/GOBO-0.03-0/blib/lib/GOBO/Graph.pm line 55.
Compilation failed in require at t/relation_test.t line 3.
BEGIN failed--compilation aborted at t/relation_test.t line 3.
# Looks like your test exited with 255 before it could output anything.
t/relation_test.t ............
Dubious, test returned 255 (wstat 65280, 0xff00)
Failed 29/29 subtests
You cannot coerce an attribute (provenance) unless its type (GOBO::Node) has a coercion at /home/vegeta/perl5/perlbrew/perls/perl-blead/lib/site_perl/5.29.8/OpenBSD.amd64-openbsd-thread-multi/Moose/Exporter.pm line 419
Moose::with('GOBO::Attributed') called at /mnt/cpan_build_dir/vegeta/GOBO-0.03-0/blib/lib/GOBO/Synonym.pm line 17
require GOBO/Synonym.pm at /mnt/cpan_build_dir/vegeta/GOBO-0.03-0/blib/lib/GOBO/Labeled.pm line 23
GOBO::Labeled::BEGIN at /mnt/cpan_build_dir/vegeta/GOBO-0.03-0/blib/lib/GOBO/Synonym.pm line 0
eval {...} at /mnt/cpan_build_dir/vegeta/GOBO-0.03-0/blib/lib/GOBO/Synonym.pm line 0
require GOBO/Labeled.pm at /home/vegeta/perl5/perlbrew/perls/perl-blead/lib/site_perl/5.29.8/Module/Runtime.pm line 314
Module::Runtime::require_module('GOBO::Labeled') called at /home/vegeta/perl5/perlbrew/perls/perl-blead/lib/site_perl/5.29.8/Module/Runtime.pm line 391
eval {...} at /home/vegeta/perl5/perlbrew/perls/perl-blead/lib/site_perl/5.29.8/Module/Runtime.pm line 391
Module::Runtime::use_package_optimistically('GOBO::Labeled') called at /home/vegeta/perl5/perlbrew/perls/perl-blead/lib/site_perl/5.29.8/OpenBSD.amd64-openbsd-thread-multi/Moose/Util.pm line 351
Moose::Util::_load_user_class('GOBO::Labeled', undef) called at /home/vegeta/perl5/perlbrew/perls/perl-blead/lib/site_perl/5.29.8/OpenBSD.amd64-openbsd-thread-multi/Moose/Util.pm line 146
Moose::Util::_apply_all_roles('Moose::Meta::Class=HASH(0x1f3c3c34b568)', undef, 'GOBO::Labeled') called at /home/vegeta/perl5/perlbrew/perls/perl-blead/lib/site_perl/5.29.8/OpenBSD.amd64-openbsd-thread-multi/Moose/Util.pm line 113
Moose::Util::apply_all_roles('Moose::Meta::Class=HASH(0x1f3c3c34b568)', 'GOBO::Labeled') called at /home/vegeta/perl5/perlbrew/perls/perl-blead/lib/site_perl/5.29.8/OpenBSD.amd64-openbsd-thread-multi/Moose.pm line 57
Moose::with('Moose::Meta::Class=HASH(0x1f3c3c34b568)', 'GOBO::Labeled') called at /home/vegeta/perl5/perlbrew/perls/perl-blead/lib/site_perl/5.29.8/OpenBSD.amd64-openbsd-thread-multi/Moose/Exporter.pm line 419
Moose::with('GOBO::Labeled') called at /mnt/cpan_build_dir/vegeta/GOBO-0.03-0/blib/lib/GOBO/Node.pm line 6
require GOBO/Node.pm at /home/vegeta/perl5/perlbrew/perls/perl-blead/lib/site_perl/5.29.8/Module/Runtime.pm line 314
Module::Runtime::require_module('GOBO::Node') called at /home/vegeta/perl5/perlbrew/perls/perl-blead/lib/site_perl/5.29.8/Module/Runtime.pm line 391
eval {...} at /home/vegeta/perl5/perlbrew/perls/perl-blead/lib/site_perl/5.29.8/Module/Runtime.pm line 391
Module::Runtime::use_package_optimistically('GOBO::Node') called at /home/vegeta/perl5/perlbrew/perls/perl-blead/lib/site_perl/5.29.8/OpenBSD.amd64-openbsd-thread-multi/Moose/Util.pm line 351
Moose::Util::_load_user_class('GOBO::Node', undef) called at /home/vegeta/perl5/perlbrew/perls/perl-blead/lib/site_perl/5.29.8/OpenBSD.amd64-openbsd-thread-multi/Moose/Meta/Class.pm line 569
Moose::Meta::Class::superclasses(undef, 'GOBO::Node') called at /home/vegeta/perl5/perlbrew/perls/perl-blead/lib/site_perl/5.29.8/OpenBSD.amd64-openbsd-thread-multi/Moose.pm line 53
Moose::extends('Moose::Meta::Class=HASH(0x1f3c9f879d18)', 'GOBO::Node') called at /home/vegeta/perl5/perlbrew/perls/perl-blead/lib/site_perl/5.29.8/OpenBSD.amd64-openbsd-thread-multi/Moose/Exporter.pm line 419
Moose::extends('GOBO::Node') called at /mnt/cpan_build_dir/vegeta/GOBO-0.03-0/blib/lib/GOBO/Evidence.pm line 4
require GOBO/Evidence.pm at /mnt/cpan_build_dir/vegeta/GOBO-0.03-0/blib/lib/GOBO/Annotation.pm line 5
GOBO::Annotation::BEGIN at /mnt/cpan_build_dir/vegeta/GOBO-0.03-0/blib/lib/GOBO/Synonym.pm line 0
eval {...} at /mnt/cpan_build_dir/vegeta/GOBO-0.03-0/blib/lib/GOBO/Synonym.pm line 0
require GOBO/Annotation.pm at /mnt/cpan_build_dir/vegeta/GOBO-0.03-0/blib/lib/GOBO/Graph.pm line 55
GOBO::Graph::BEGIN at /mnt/cpan_build_dir/vegeta/GOBO-0.03-0/blib/lib/GOBO/Synonym.pm line 0
eval {...} at /mnt/cpan_build_dir/vegeta/GOBO-0.03-0/blib/lib/GOBO/Synonym.pm line 0
require GOBO/Graph.pm at t/roundtrip.t line 6
main::BEGIN at /mnt/cpan_build_dir/vegeta/GOBO-0.03-0/blib/lib/GOBO/Synonym.pm line 0
eval {...} at /mnt/cpan_build_dir/vegeta/GOBO-0.03-0/blib/lib/GOBO/Synonym.pm line 0
Compilation failed in require at /mnt/cpan_build_dir/vegeta/GOBO-0.03-0/blib/lib/GOBO/Labeled.pm line 23.
BEGIN failed--compilation aborted at /mnt/cpan_build_dir/vegeta/GOBO-0.03-0/blib/lib/GOBO/Labeled.pm line 23.
Compilation failed in require at /home/vegeta/perl5/perlbrew/perls/perl-blead/lib/site_perl/5.29.8/Module/Runtime.pm line 314.
Compilation failed in require at /home/vegeta/perl5/perlbrew/perls/perl-blead/lib/site_perl/5.29.8/Module/Runtime.pm line 314.
Compilation failed in require at /mnt/cpan_build_dir/vegeta/GOBO-0.03-0/blib/lib/GOBO/Annotation.pm line 5.
BEGIN failed--compilation aborted at /mnt/cpan_build_dir/vegeta/GOBO-0.03-0/blib/lib/GOBO/Annotation.pm line 5.
Compilation failed in require at /mnt/cpan_build_dir/vegeta/GOBO-0.03-0/blib/lib/GOBO/Graph.pm line 55.
BEGIN failed--compilation aborted at /mnt/cpan_build_dir/vegeta/GOBO-0.03-0/blib/lib/GOBO/Graph.pm line 55.
Compilation failed in require at t/roundtrip.t line 6.
BEGIN failed--compilation aborted at t/roundtrip.t line 6.
t/roundtrip.t ................
Dubious, test returned 255 (wstat 65280, 0xff00)
No subtests run
You cannot coerce an attribute (source) unless its type (GOBO::Node) has a coercion at /home/vegeta/perl5/perlbrew/perls/perl-blead/lib/site_perl/5.29.8/OpenBSD.amd64-openbsd-thread-multi/Moose/Exporter.pm line 419
Moose::with('GOBO::Attributed') called at /mnt/cpan_build_dir/vegeta/GOBO-0.03-0/blib/lib/GOBO/Synonym.pm line 17
require GOBO/Synonym.pm at /mnt/cpan_build_dir/vegeta/GOBO-0.03-0/blib/lib/GOBO/Labeled.pm line 23
GOBO::Labeled::BEGIN at /mnt/cpan_build_dir/vegeta/GOBO-0.03-0/blib/lib/GOBO/Synonym.pm line 0
eval {...} at /mnt/cpan_build_dir/vegeta/GOBO-0.03-0/blib/lib/GOBO/Synonym.pm line 0
require GOBO/Labeled.pm at /home/vegeta/perl5/perlbrew/perls/perl-blead/lib/site_perl/5.29.8/Module/Runtime.pm line 314
Module::Runtime::require_module('GOBO::Labeled') called at /home/vegeta/perl5/perlbrew/perls/perl-blead/lib/site_perl/5.29.8/Module/Runtime.pm line 391
eval {...} at /home/vegeta/perl5/perlbrew/perls/perl-blead/lib/site_perl/5.29.8/Module/Runtime.pm line 391
Module::Runtime::use_package_optimistically('GOBO::Labeled') called at /home/vegeta/perl5/perlbrew/perls/perl-blead/lib/site_perl/5.29.8/OpenBSD.amd64-openbsd-thread-multi/Moose/Util.pm line 351
Moose::Util::_load_user_class('GOBO::Labeled', undef) called at /home/vegeta/perl5/perlbrew/perls/perl-blead/lib/site_perl/5.29.8/OpenBSD.amd64-openbsd-thread-multi/Moose/Util.pm line 146
Moose::Util::_apply_all_roles('Moose::Meta::Class=HASH(0x1c46d3685f88)', undef, 'GOBO::Labeled') called at /home/vegeta/perl5/perlbrew/perls/perl-blead/lib/site_perl/5.29.8/OpenBSD.amd64-openbsd-thread-multi/Moose/Util.pm line 113
Moose::Util::apply_all_roles('Moose::Meta::Class=HASH(0x1c46d3685f88)', 'GOBO::Labeled') called at /home/vegeta/perl5/perlbrew/perls/perl-blead/lib/site_perl/5.29.8/OpenBSD.amd64-openbsd-thread-multi/Moose.pm line 57
Moose::with('Moose::Meta::Class=HASH(0x1c46d3685f88)', 'GOBO::Labeled') called at /home/vegeta/perl5/perlbrew/perls/perl-blead/lib/site_perl/5.29.8/OpenBSD.amd64-openbsd-thread-multi/Moose/Exporter.pm line 419
Moose::with('GOBO::Labeled') called at /mnt/cpan_build_dir/vegeta/GOBO-0.03-0/blib/lib/GOBO/Node.pm line 6
require GOBO/Node.pm at /home/vegeta/perl5/perlbrew/perls/perl-blead/lib/site_perl/5.29.8/Module/Runtime.pm line 314
Module::Runtime::require_module('GOBO::Node') called at /home/vegeta/perl5/perlbrew/perls/perl-blead/lib/site_perl/5.29.8/Module/Runtime.pm line 391
eval {...} at /home/vegeta/perl5/perlbrew/perls/perl-blead/lib/site_perl/5.29.8/Module/Runtime.pm line 391
Module::Runtime::use_package_optimistically('GOBO::Node') called at /home/vegeta/perl5/perlbrew/perls/perl-blead/lib/site_perl/5.29.8/OpenBSD.amd64-openbsd-thread-multi/Moose/Util.pm line 351
Moose::Util::_load_user_class('GOBO::Node', undef) called at /home/vegeta/perl5/perlbrew/perls/perl-blead/lib/site_perl/5.29.8/OpenBSD.amd64-openbsd-thread-multi/Moose/Meta/Class.pm line 569
Moose::Meta::Class::superclasses(undef, 'GOBO::Node') called at /home/vegeta/perl5/perlbrew/perls/perl-blead/lib/site_perl/5.29.8/OpenBSD.amd64-openbsd-thread-multi/Moose.pm line 53
Moose::extends('Moose::Meta::Class=HASH(0x1c470052aa78)', 'GOBO::Node') called at /home/vegeta/perl5/perlbrew/perls/perl-blead/lib/site_perl/5.29.8/OpenBSD.amd64-openbsd-thread-multi/Moose/Exporter.pm line 419
Moose::extends('GOBO::Node') called at /mnt/cpan_build_dir/vegeta/GOBO-0.03-0/blib/lib/GOBO/Evidence.pm line 4
require GOBO/Evidence.pm at /mnt/cpan_build_dir/vegeta/GOBO-0.03-0/blib/lib/GOBO/Annotation.pm line 5
GOBO::Annotation::BEGIN at /mnt/cpan_build_dir/vegeta/GOBO-0.03-0/blib/lib/GOBO/Synonym.pm line 0
eval {...} at /mnt/cpan_build_dir/vegeta/GOBO-0.03-0/blib/lib/GOBO/Synonym.pm line 0
require GOBO/Annotation.pm at /mnt/cpan_build_dir/vegeta/GOBO-0.03-0/blib/lib/GOBO/Graph.pm line 55
GOBO::Graph::BEGIN at /mnt/cpan_build_dir/vegeta/GOBO-0.03-0/blib/lib/GOBO/Synonym.pm line 0
eval {...} at /mnt/cpan_build_dir/vegeta/GOBO-0.03-0/blib/lib/GOBO/Synonym.pm line 0
require GOBO/Graph.pm at /mnt/cpan_build_dir/vegeta/GOBO-0.03-0/blib/lib/GOBO/Parsers/OBOParser.pm line 7
GOBO::Parsers::OBOParser::BEGIN at /mnt/cpan_build_dir/vegeta/GOBO-0.03-0/blib/lib/GOBO/Synonym.pm line 0
eval {...} at /mnt/cpan_build_dir/vegeta/GOBO-0.03-0/blib/lib/GOBO/Synonym.pm line 0
require GOBO/Parsers/OBOParser.pm at t/slimmer_test.t line 9
main::BEGIN at /mnt/cpan_build_dir/vegeta/GOBO-0.03-0/blib/lib/GOBO/Synonym.pm line 0
eval {...} at /mnt/cpan_build_dir/vegeta/GOBO-0.03-0/blib/lib/GOBO/Synonym.pm line 0
Compilation failed in require at /mnt/cpan_build_dir/vegeta/GOBO-0.03-0/blib/lib/GOBO/Labeled.pm line 23.
BEGIN failed--compilation aborted at /mnt/cpan_build_dir/vegeta/GOBO-0.03-0/blib/lib/GOBO/Labeled.pm line 23.
Compilation failed in require at /home/vegeta/perl5/perlbrew/perls/perl-blead/lib/site_perl/5.29.8/Module/Runtime.pm line 314.
Compilation failed in require at /home/vegeta/perl5/perlbrew/perls/perl-blead/lib/site_perl/5.29.8/Module/Runtime.pm line 314.
Compilation failed in require at /mnt/cpan_build_dir/vegeta/GOBO-0.03-0/blib/lib/GOBO/Annotation.pm line 5.
BEGIN failed--compilation aborted at /mnt/cpan_build_dir/vegeta/GOBO-0.03-0/blib/lib/GOBO/Annotation.pm line 5.
Compilation failed in require at /mnt/cpan_build_dir/vegeta/GOBO-0.03-0/blib/lib/GOBO/Graph.pm line 55.
BEGIN failed--compilation aborted at /mnt/cpan_build_dir/vegeta/GOBO-0.03-0/blib/lib/GOBO/Graph.pm line 55.
Compilation failed in require at /mnt/cpan_build_dir/vegeta/GOBO-0.03-0/blib/lib/GOBO/Parsers/OBOParser.pm line 7.
BEGIN failed--compilation aborted at /mnt/cpan_build_dir/vegeta/GOBO-0.03-0/blib/lib/GOBO/Parsers/OBOParser.pm line 7.
Compilation failed in require at t/slimmer_test.t line 9.
BEGIN failed--compilation aborted at t/slimmer_test.t line 9.
t/slimmer_test.t .............
Dubious, test returned 255 (wstat 65280, 0xff00)
No subtests run
You cannot coerce an attribute (provenance) unless its type (GOBO::Node) has a coercion at /home/vegeta/perl5/perlbrew/perls/perl-blead/lib/site_perl/5.29.8/OpenBSD.amd64-openbsd-thread-multi/Moose/Exporter.pm line 419
Moose::with('GOBO::Attributed') called at /mnt/cpan_build_dir/vegeta/GOBO-0.03-0/blib/lib/GOBO/Synonym.pm line 17
require GOBO/Synonym.pm at /mnt/cpan_build_dir/vegeta/GOBO-0.03-0/blib/lib/GOBO/Labeled.pm line 23
GOBO::Labeled::BEGIN at /mnt/cpan_build_dir/vegeta/GOBO-0.03-0/blib/lib/GOBO/Synonym.pm line 0
eval {...} at /mnt/cpan_build_dir/vegeta/GOBO-0.03-0/blib/lib/GOBO/Synonym.pm line 0
require GOBO/Labeled.pm at /home/vegeta/perl5/perlbrew/perls/perl-blead/lib/site_perl/5.29.8/Module/Runtime.pm line 314
Module::Runtime::require_module('GOBO::Labeled') called at /home/vegeta/perl5/perlbrew/perls/perl-blead/lib/site_perl/5.29.8/Module/Runtime.pm line 391
eval {...} at /home/vegeta/perl5/perlbrew/perls/perl-blead/lib/site_perl/5.29.8/Module/Runtime.pm line 391
Module::Runtime::use_package_optimistically('GOBO::Labeled') called at /home/vegeta/perl5/perlbrew/perls/perl-blead/lib/site_perl/5.29.8/OpenBSD.amd64-openbsd-thread-multi/Moose/Util.pm line 351
Moose::Util::_load_user_class('GOBO::Labeled', undef) called at /home/vegeta/perl5/perlbrew/perls/perl-blead/lib/site_perl/5.29.8/OpenBSD.amd64-openbsd-thread-multi/Moose/Util.pm line 146
Moose::Util::_apply_all_roles('Moose::Meta::Class=HASH(0x1244ae0d7298)', undef, 'GOBO::Labeled') called at /home/vegeta/perl5/perlbrew/perls/perl-blead/lib/site_perl/5.29.8/OpenBSD.amd64-openbsd-thread-multi/Moose/Util.pm line 113
Moose::Util::apply_all_roles('Moose::Meta::Class=HASH(0x1244ae0d7298)', 'GOBO::Labeled') called at /home/vegeta/perl5/perlbrew/perls/perl-blead/lib/site_perl/5.29.8/OpenBSD.amd64-openbsd-thread-multi/Moose.pm line 57
Moose::with('Moose::Meta::Class=HASH(0x1244ae0d7298)', 'GOBO::Labeled') called at /home/vegeta/perl5/perlbrew/perls/perl-blead/lib/site_perl/5.29.8/OpenBSD.amd64-openbsd-thread-multi/Moose/Exporter.pm line 419
Moose::with('GOBO::Labeled') called at /mnt/cpan_build_dir/vegeta/GOBO-0.03-0/blib/lib/GOBO/Node.pm line 6
require GOBO/Node.pm at /home/vegeta/perl5/perlbrew/perls/perl-blead/lib/site_perl/5.29.8/Module/Runtime.pm line 314
Module::Runtime::require_module('GOBO::Node') called at /home/vegeta/perl5/perlbrew/perls/perl-blead/lib/site_perl/5.29.8/Module/Runtime.pm line 391
eval {...} at /home/vegeta/perl5/perlbrew/perls/perl-blead/lib/site_perl/5.29.8/Module/Runtime.pm line 391
Module::Runtime::use_package_optimistically('GOBO::Node') called at /home/vegeta/perl5/perlbrew/perls/perl-blead/lib/site_perl/5.29.8/OpenBSD.amd64-openbsd-thread-multi/Moose/Util.pm line 351
Moose::Util::_load_user_class('GOBO::Node', undef) called at /home/vegeta/perl5/perlbrew/perls/perl-blead/lib/site_perl/5.29.8/OpenBSD.amd64-openbsd-thread-multi/Moose/Meta/Class.pm line 569
Moose::Meta::Class::superclasses(undef, 'GOBO::Node') called at /home/vegeta/perl5/perlbrew/perls/perl-blead/lib/site_perl/5.29.8/OpenBSD.amd64-openbsd-thread-multi/Moose.pm line 53
Moose::extends('Moose::Meta::Class=HASH(0x124587fa8d18)', 'GOBO::Node') called at /home/vegeta/perl5/perlbrew/perls/perl-blead/lib/site_perl/5.29.8/OpenBSD.amd64-openbsd-thread-multi/Moose/Exporter.pm line 419
Moose::extends('GOBO::Node') called at /mnt/cpan_build_dir/vegeta/GOBO-0.03-0/blib/lib/GOBO/Evidence.pm line 4
require GOBO/Evidence.pm at /mnt/cpan_build_dir/vegeta/GOBO-0.03-0/blib/lib/GOBO/Annotation.pm line 5
GOBO::Annotation::BEGIN at /mnt/cpan_build_dir/vegeta/GOBO-0.03-0/blib/lib/GOBO/Synonym.pm line 0
eval {...} at /mnt/cpan_build_dir/vegeta/GOBO-0.03-0/blib/lib/GOBO/Synonym.pm line 0
require GOBO/Annotation.pm at /mnt/cpan_build_dir/vegeta/GOBO-0.03-0/blib/lib/GOBO/Graph.pm line 55
GOBO::Graph::BEGIN at /mnt/cpan_build_dir/vegeta/GOBO-0.03-0/blib/lib/GOBO/Synonym.pm line 0
eval {...} at /mnt/cpan_build_dir/vegeta/GOBO-0.03-0/blib/lib/GOBO/Synonym.pm line 0
require GOBO/Graph.pm at t/union_inference_test.t line 4
main::BEGIN at /mnt/cpan_build_dir/vegeta/GOBO-0.03-0/blib/lib/GOBO/Synonym.pm line 0
eval {...} at /mnt/cpan_build_dir/vegeta/GOBO-0.03-0/blib/lib/GOBO/Synonym.pm line 0
Compilation failed in require at /mnt/cpan_build_dir/vegeta/GOBO-0.03-0/blib/lib/GOBO/Labeled.pm line 23.
BEGIN failed--compilation aborted at /mnt/cpan_build_dir/vegeta/GOBO-0.03-0/blib/lib/GOBO/Labeled.pm line 23.
Compilation failed in require at /home/vegeta/perl5/perlbrew/perls/perl-blead/lib/site_perl/5.29.8/Module/Runtime.pm line 314.
Compilation failed in require at /home/vegeta/perl5/perlbrew/perls/perl-blead/lib/site_perl/5.29.8/Module/Runtime.pm line 314.
Compilation failed in require at /mnt/cpan_build_dir/vegeta/GOBO-0.03-0/blib/lib/GOBO/Annotation.pm line 5.
BEGIN failed--compilation aborted at /mnt/cpan_build_dir/vegeta/GOBO-0.03-0/blib/lib/GOBO/Annotation.pm line 5.
Compilation failed in require at /mnt/cpan_build_dir/vegeta/GOBO-0.03-0/blib/lib/GOBO/Graph.pm line 55.
BEGIN failed--compilation aborted at /mnt/cpan_build_dir/vegeta/GOBO-0.03-0/blib/lib/GOBO/Graph.pm line 55.
Compilation failed in require at t/union_inference_test.t line 4.
BEGIN failed--compilation aborted at t/union_inference_test.t line 4.
t/union_inference_test.t .....
Dubious, test returned 255 (wstat 65280, 0xff00)
No subtests run
Test Summary Report
-------------------
t/analysis_test.t (Wstat: 65280 Tests: 0 Failed: 0)
Non-zero exit status: 255
Parse errors: No plan found in TAP output
t/classexpr.t (Wstat: 65280 Tests: 0 Failed: 0)
Non-zero exit status: 255
Parse errors: No plan found in TAP output
t/dbconnect.t (Wstat: 65280 Tests: 0 Failed: 0)
Non-zero exit status: 255
Parse errors: No plan found in TAP output
t/gaf_inference_test.t (Wstat: 65280 Tests: 0 Failed: 0)
Non-zero exit status: 255
Parse errors: No plan found in TAP output
t/gaftest.t (Wstat: 65280 Tests: 0 Failed: 0)
Non-zero exit status: 255
Parse errors: No plan found in TAP output
t/gaftest_chunked.t (Wstat: 65280 Tests: 0 Failed: 0)
Non-zero exit status: 255
Parse errors: No plan found in TAP output
t/gaftest_chunked_gzipped.t (Wstat: 65280 Tests: 0 Failed: 0)
Non-zero exit status: 255
Parse errors: No plan found in TAP output
t/graph_creation.t (Wstat: 65280 Tests: 0 Failed: 0)
Non-zero exit status: 255
Parse errors: No plan found in TAP output
t/inference_engine_test.t (Wstat: 65280 Tests: 0 Failed: 0)
Non-zero exit status: 255
Parse errors: No plan found in TAP output
t/logical_definition_test.t (Wstat: 65280 Tests: 0 Failed: 0)
Non-zero exit status: 255
Parse errors: No plan found in TAP output
t/node_removal.t (Wstat: 65280 Tests: 0 Failed: 0)
Non-zero exit status: 255
Parse errors: No plan found in TAP output
t/oboparsertest.t (Wstat: 65280 Tests: 0 Failed: 0)
Non-zero exit status: 255
Parse errors: No plan found in TAP output
t/parsetest.t (Wstat: 65280 Tests: 0 Failed: 0)
Non-zero exit status: 255
t/relation_test.t (Wstat: 65280 Tests: 0 Failed: 0)
Non-zero exit status: 255
Parse errors: Bad plan. You planned 29 tests but ran 0.
t/roundtrip.t (Wstat: 65280 Tests: 0 Failed: 0)
Non-zero exit status: 255
Parse errors: No plan found in TAP output
t/slimmer_test.t (Wstat: 65280 Tests: 0 Failed: 0)
Non-zero exit status: 255
Parse errors: No plan found in TAP output
t/union_inference_test.t (Wstat: 65280 Tests: 0 Failed: 0)
Non-zero exit status: 255
Parse errors: No plan found in TAP output
Files=17, Tests=0, 12 wallclock secs ( 0.04 usr 0.12 sys + 9.70 cusr 2.21 csys = 12.07 CPU)
Result: FAIL
Failed 17/17 test programs. 0/0 subtests failed.
*** Error 255 in /mnt/cpan_build_dir/vegeta/GOBO-0.03-0 (Makefile:962 'test_dynamic')
------------------------------
PREREQUISITES
------------------------------
Prerequisite modules loaded:
requires:
Module Need Have
------------------------- ---- -------
DateTime::Format::ISO8601 0 0.08
List::MoreUtils 0 0.428
Moose 0.81 2.2011
Test::Deep 0 1.128
build_requires:
Module Need Have
------------------------- ---- -------
ExtUtils::MakeMaker 0 7.35_10
configure_requires:
Module Need Have
------------------------- ---- -------
ExtUtils::MakeMaker 0 7.35_10
------------------------------
ENVIRONMENT AND OTHER CONTEXT
------------------------------
Environment variables:
AUTOMATED_TESTING = 1
DBD_MYSQL_TESTDB = test
DBD_MYSQL_TESTHOST = localhost
DBD_MYSQL_TESTPASSWORD =
DBD_MYSQL_TESTPORT = 3306
DBD_MYSQL_TESTUSER = vegeta
EXTENDED_TESTING = 1
PATH = /home/vegeta/perl5/perlbrew/bin:/home/vegeta/perl5/perlbrew/perls/perl-blead/bin:/home/vegeta/bin:/usr/bin:/bin:/usr/sbin:/sbin:/usr/X11R6/bin:/usr/local/bin:/usr/local/sbin
PERL5LIB =
PERL5OPT =
PERL5_CPANPLUS_IS_RUNNING = 95614
PERL5_CPAN_IS_RUNNING = 95614
PERL5_CPAN_IS_RUNNING_IN_RECURSION = 80169,95614
PERLBREW_HOME = /home/vegeta/.perlbrew
PERLBREW_MANPATH = /home/vegeta/perl5/perlbrew/perls/perl-blead/man
PERLBREW_PATH = /home/vegeta/perl5/perlbrew/bin:/home/vegeta/perl5/perlbrew/perls/perl-blead/bin
PERLBREW_PERL = perl-blead
PERLBREW_ROOT = /home/vegeta/perl5/perlbrew
PERLBREW_SHELLRC_VERSION = 0.86
PERLBREW_VERSION = 0.86
PERL_CR_SMOKER_CURRENT = GOBO-0.03
PERL_EXTUTILS_AUTOINSTALL = --defaultdeps
PERL_MM_USE_DEFAULT = 1
PERL_USE_UNSAFE_INC = 1
SHELL = /usr/local/bin/bash
TERM = xterm
Perl special variables (and OS-specific diagnostics, for MSWin32):
$^X = /home/vegeta/perl5/perlbrew/perls/perl-blead/bin/perl5.29.8
$UID/$EUID = 1002 / 1002
$GID = 1002 1002 1001
$EGID = 1002 1002 1001
Perl module toolchain versions installed:
Module Have
------------------- --------
CPAN 2.25
CPAN::Meta 2.150010
Cwd 3.75
ExtUtils::CBuilder 0.280230
ExtUtils::Command 7.35_10
ExtUtils::Install 2.14
ExtUtils::MakeMaker 7.35_10
ExtUtils::Manifest 1.72
ExtUtils::ParseXS 3.35
File::Spec 3.75
JSON 4.02
JSON::PP 4.02
Module::Build 0.4224
Module::Signature n/a
Parse::CPAN::Meta 2.150010
Test::Harness 3.42
Test::More 1.302162
YAML 1.27
YAML::Syck n/a
version 0.9924
--
Summary of my perl5 (revision 5 version 29 subversion 8) configuration:
Snapshot of: e8db349f5c61708301fd5463e49bfe95c448dd6d
Platform:
osname=openbsd
osvers=6.4
archname=OpenBSD.amd64-openbsd-thread-multi
uname='openbsd cpan-smoker-openbsd 6.4 generic.mp#364 amd64 '
config_args='-de -Dprefix=/home/vegeta/perl5/perlbrew/perls/perl-blead -Dman1dir=none -Dman3dir=none -Dusemultiplicity -Duse64bitall -Duse64bitint -Dusethreads -Dusedevel -Aeval:scriptdir=/home/vegeta/perl5/perlbrew/perls/perl-blead/bin'
hint=recommended
useposix=true
d_sigaction=define
useithreads=define
usemultiplicity=define
use64bitint=define
use64bitall=define
uselongdouble=undef
usemymalloc=n
default_inc_excludes_dot=define
bincompat5005=undef
Compiler:
cc='cc'
ccflags ='-pthread -fno-strict-aliasing -pipe -fstack-protector-strong -I/usr/local/include -D_FORTIFY_SOURCE=2'
optimize='-O2'
cppflags='-pthread -fno-strict-aliasing -pipe -fstack-protector-strong -I/usr/local/include'
ccversion=''
gccversion='4.2.1 Compatible OpenBSD Clang 6.0.0 (tags/RELEASE_600/final)'
gccosandvers=''
intsize=4
longsize=8
ptrsize=8
doublesize=8
byteorder=12345678
doublekind=3
d_longlong=define
longlongsize=8
d_longdbl=define
longdblsize=16
longdblkind=3
ivtype='long'
ivsize=8
nvtype='double'
nvsize=8
Off_t='off_t'
lseeksize=8
alignbytes=8
prototype=define
Linker and Libraries:
ld='cc'
ldflags ='-pthread -Wl,-E -fstack-protector-strong -L/usr/local/lib'
libpth=/usr/lib /usr/local/lib
libs=-lpthread -lm -lutil -lc
perllibs=-lpthread -lm -lutil -lc
libc=/usr/lib/libc.so.92.5
so=so
useshrplib=false
libperl=libperl.a
gnulibc_version=''
Dynamic Linking:
dlsrc=dl_dlopen.xs
dlext=so
d_dlsymun=undef
ccdlflags=' '
cccdlflags='-DPIC -fPIC '
lddlflags='-shared -fPIC -L/usr/local/lib -fstack-protector-strong'
Characteristics of this binary (from libperl):
Compile-time options:
HAS_TIMES
MULTIPLICITY
PERLIO_LAYERS
PERL_COPY_ON_WRITE
PERL_DONT_CREATE_GVSV
PERL_IMPLICIT_CONTEXT
PERL_MALLOC_WRAP
PERL_OP_PARENT
PERL_PRESERVE_IVUV
PERL_USE_DEVEL
USE_64_BIT_ALL
USE_64_BIT_INT
USE_ITHREADS
USE_LARGE_FILES
USE_LOCALE
USE_LOCALE_COLLATE
USE_LOCALE_CTYPE
USE_LOCALE_NUMERIC
USE_LOCALE_TIME
USE_PERLIO
USE_PERL_ATOF
USE_REENTRANT_API
USE_THREAD_SAFE_LOCALE
Locally applied patches:
Devel::PatchPerl 1.52
Built under openbsd
Compiled at Jan 31 2019 01:07:38
%ENV:
PERL5LIB=""
PERL5OPT=""
PERL5_CPANPLUS_IS_RUNNING="95614"
PERL5_CPAN_IS_RUNNING="95614"
PERL5_CPAN_IS_RUNNING_IN_RECURSION="80169,95614"
PERLBREW_HOME="/home/vegeta/.perlbrew"
PERLBREW_MANPATH="/home/vegeta/perl5/perlbrew/perls/perl-blead/man"
PERLBREW_PATH="/home/vegeta/perl5/perlbrew/bin:/home/vegeta/perl5/perlbrew/perls/perl-blead/bin"
PERLBREW_PERL="perl-blead"
PERLBREW_ROOT="/home/vegeta/perl5/perlbrew"
PERLBREW_SHELLRC_VERSION="0.86"
PERLBREW_VERSION="0.86"
PERL_CR_SMOKER_CURRENT="GOBO-0.03"
PERL_EXTUTILS_AUTOINSTALL="--defaultdeps"
PERL_MM_USE_DEFAULT="1"
PERL_USE_UNSAFE_INC="1"
@INC:
/home/vegeta/perl5/perlbrew/perls/perl-blead/lib/site_perl/5.29.8/OpenBSD.amd64-openbsd-thread-multi
/home/vegeta/perl5/perlbrew/perls/perl-blead/lib/site_perl/5.29.8
/home/vegeta/perl5/perlbrew/perls/perl-blead/lib/5.29.8/OpenBSD.amd64-openbsd-thread-multi
/home/vegeta/perl5/perlbrew/perls/perl-blead/lib/5.29.8
.