Text-Amuse-Preprocessor v0.63 Perl 5 v5.30.2 x86_64-linux-thread-multi

Status
Fail
From
Slaven Rezić
Dist
Text-Amuse-Preprocessor v0.63
Platform
Perl 5 v5.30.2 x86_64-linux-thread-multi
Date
2020-11-05 21:13:08
ID
b437b39e-1fab-11eb-b4e5-5d851f24ea8f
This distribution has been tested as part of the CPAN Testers
project, supporting the Perl programming language.  See
http://wiki.cpantesters.org/ for more information or email
questions to cpan-testers-discuss@perl.org


--
Dear Marco Pessotto,

This is a computer-generated report for Text-Amuse-Preprocessor-0.63
on perl 5.30.2, created by CPAN-Reporter-1.2018.

Thank you for uploading your work to CPAN.  However, there was a problem
testing your distribution.

If you think this report is invalid, please consult the CPAN Testers Wiki
for suggestions on how to avoid getting FAIL reports for missing library
or binary dependencies, unsupported operating systems, and so on:

http://wiki.cpantesters.org/wiki/CPANAuthorNotes

Sections of this report:

    * Tester comments
    * Program output
    * Prerequisites
    * Environment and other context

------------------------------
TESTER COMMENTS
------------------------------

Additional comments from tester:

none provided

------------------------------
PROGRAM OUTPUT
------------------------------

Output from '/usr/bin/make test':

PERL_DL_NONLAZY=1 "/opt/perl-5.30.2t/bin/perl" "-MExtUtils::Command::MM" "-MTest::Harness" "-e" "undef *Test::Harness::Switches; test_harness(0, 'blib/lib', 'blib/arch')" t/*.t
# Testing Text::Amuse::Preprocessor 0.63, Perl 5.030002, /opt/perl-5.30.2t/bin/perl
t/00-load.t ........... ok
t/changes.t ........... skipped: Changes testing not required (or Test::CPAN::Changes not found)
t/chars.t ............. ok
# Using /var/tmp/cpansmoker-1023/2020110518/ONWkJ5o1eQ for ligatures
# Using /var/tmp/cpansmoker-1023/2020110518/7XxuV5QSTC for missing_nl
# Using /var/tmp/cpansmoker-1023/2020110518/AgJhviBGLF for garbage
# Using /var/tmp/cpansmoker-1023/2020110518/EYJ5rqk8gW for ellipsis_no_fix
# Using /var/tmp/cpansmoker-1023/2020110518/TVoSn8nTKL for ellipsis
# Using /var/tmp/cpansmoker-1023/2020110518/lGZdypJHZY for links
# Using /var/tmp/cpansmoker-1023/2020110518/ErMTWxMKl8 for en
# Using /var/tmp/cpansmoker-1023/2020110518/ThjEzkBFOk for fi
# Using /var/tmp/cpansmoker-1023/2020110518/GfwZCPyxgv for es
# Using /var/tmp/cpansmoker-1023/2020110518/18uJnXEZnu for sr
# Using /var/tmp/cpansmoker-1023/2020110518/81Xj5peLU6 for hr
# Using /var/tmp/cpansmoker-1023/2020110518/NmLbuDiNue for ru
# Using /var/tmp/cpansmoker-1023/2020110518/7dylMSZNRI for it
# Using /var/tmp/cpansmoker-1023/2020110518/Vo87fgw6Pt for mk
# Using /var/tmp/cpansmoker-1023/2020110518/AdG4rs1P0m for sv
# Using /var/tmp/cpansmoker-1023/2020110518/luVHrqmoDw for de
# Using /var/tmp/cpansmoker-1023/2020110518/TFpxI8Ndr2 for pl
t/testfiles/bg.muse: No such file or directory at /home/cpansand/.cpan/build/2020110518/Text-Amuse-Preprocessor-0.63-0/blib/lib/Text/Amuse/Preprocessor.pm line 414.
# Looks like your test exited with 2 just after 34.
t/common.t ............ 
Dubious, test returned 2 (wstat 512, 0x200)
Failed 25/59 subtests 
t/crash-on-verb.t ..... ok
# $VAR1 = "#title Test
# #lang en
# 
# 0
# 
# \x{201c}0\x{201d}
# 
# 0
# ";
# $VAR1 = "#title Test
# #lang en
# 
# 0
# 
# \x{201c}0\x{201d}
# 
# 0
# ";
t/crash_on_loop.t ..... ok
# /var/tmp/cpansmoker-1023/2020110518/N33CdNteGS/verbatim-in.muse
# /var/tmp/cpansmoker-1023/2020110518/N33CdNteGS
t/exclude-verbatim.t .. ok
# Testing t/footnotes/good.in => t/footnotes/good.out
# Testing t/footnotes/good2.in => t/footnotes/good2.out
# Testing t/footnotes/good3.in => t/footnotes/good3.out
# Testing t/footnotes/mixed.in => t/footnotes/mixed.out
# Testing t/footnotes/indentation.in => t/footnotes/indentation.out
# Testing t/footnotes/sec-good.in => t/footnotes/sec-good.out
# Testing t/footnotes/sec-good2.in => t/footnotes/sec-good2.out
# Testing t/footnotes/sec-good3.in => t/footnotes/sec-good3.out
# Testing t/footnotes/sec-bad.in => t/footnotes/sec-bad.out
# @@ -1 +1,2 @@
# -{4}
# +{3}
# +{3}
# Testing t/footnotes/sec-bad2.in => t/footnotes/sec-bad2.out
# @@ -1,3 +1,2 @@
# -{4}
# +{3}
# -{5}
# +{3}
# -{6}
# Testing t/footnotes/bad.in => t/footnotes/bad.out
# @@ -1,2 +1,3 @@
#  [1]
# -[1]
# +[2]
# +[4]
# Testing t/footnotes/bad2.in => t/footnotes/bad2.out
# @@ -1,4 +1,3 @@
#  [1]
# -[1]
# +[2]
#  [4]
# -[5]
t/footnotes.t ......... ok
tagpile mismatch: root, p
t/html-2.t ............ ok
# Using /var/tmp/cpansmoker-1023/2020110518/ke5F_75StF.html
# Using /var/tmp/cpansmoker-1023/2020110518/zWagCeuC5H.html
# Using /var/tmp/cpansmoker-1023/2020110518/3Pwu5KTSEU.html
# Using /var/tmp/cpansmoker-1023/2020110518/9vItOJmRMS.html
# Using /var/tmp/cpansmoker-1023/2020110518/pyQJmmlBC8.html
# Using /var/tmp/cpansmoker-1023/2020110518/96QU7CH5Qb.html
# Using /var/tmp/cpansmoker-1023/2020110518/29LGe9gyqO.html
# Using /var/tmp/cpansmoker-1023/2020110518/AtmBd5j6eh.html
# Using /var/tmp/cpansmoker-1023/2020110518/Q6bQVfg3rJ.html
# Using /var/tmp/cpansmoker-1023/2020110518/ONHS1Q02ZX.html
# Using /var/tmp/cpansmoker-1023/2020110518/BW4K9LVJbz.html
# Using /var/tmp/cpansmoker-1023/2020110518/W4XuW_z0bM.html
# Using /var/tmp/cpansmoker-1023/2020110518/u7HOTZKVTB.html
# Using /var/tmp/cpansmoker-1023/2020110518/wlRo8gIhh7.html
# Using /var/tmp/cpansmoker-1023/2020110518/NY5bNJ3WwI.html
# Using /var/tmp/cpansmoker-1023/2020110518/EhnsLMpH4u.html
# Using /var/tmp/cpansmoker-1023/2020110518/wUQt51bu2U.html
t/html.t .............. ok
t/manifest.t .......... skipped: Author tests not required for installation
t/memory-cycles.t ..... ok
t/nbsp.t .............. ok
# Infile is /var/tmp/cpansmoker-1023/2020110518/kpkpKBbsF9/input.txt
# Using /var/tmp/cpansmoker-1023/2020110518/EVWIxepfm4 as temporary dir
t/object.t ............ ok
t/pod-coverage.t ...... skipped: Pod coverage not required for installation
t/pod.t ............... skipped: Pod test not required for installation
t/russian.t ........... ok
t/subs.t .............. ok
t/typography.t ........ ok

Test Summary Report
-------------------
t/common.t          (Wstat: 512 Tests: 34 Failed: 0)
  Non-zero exit status: 2
  Parse errors: Bad plan.  You planned 59 tests but ran 34.
Files=19, Tests=406,  2 wallclock secs ( 0.08 usr  0.12 sys +  1.41 cusr  0.48 csys =  2.09 CPU)
Result: FAIL
Failed 1/19 test programs. 0/406 subtests failed.
Makefile:938: recipe for target 'test_dynamic' failed
make: *** [test_dynamic] Error 255

------------------------------
PREREQUISITES
------------------------------

Prerequisite modules loaded:

requires:

    Module              Need Have    
    ------------------- ---- --------
    HTML::PullParser    0    3.75    
    IO::HTML            1    1.004   
    Pod::Simple::Wiki   0.19 0.20    
    Text::Amuse         0.95 1.70    
    Text::Diff          0    1.45    

build_requires:

    Module              Need Have    
    ------------------- ---- --------
    Test::More          0    1.302183

configure_requires:

    Module              Need Have    
    ------------------- ---- --------
    ExtUtils::MakeMaker 0    7.52    


------------------------------
ENVIRONMENT AND OTHER CONTEXT
------------------------------

Environment variables:

    LANG = en_US.UTF-8
    PATH = /usr/local/bin:/usr/bin:/bin:/usr/local/sbin:/usr/sbin:/sbin:/home/cpansand/bin/linux-gnu:/home/cpansand/bin/sh:/home/cpansand/bin:/usr/games:/home/cpansand/devel:/home/eserte/src/srezic-misc/scripts
    PERL5LIB = 
    PERL5OPT = 
    PERL5_CPANPLUS_IS_RUNNING = 5366
    PERL5_CPAN_IS_RUNNING = 5366
    PERL5_CPAN_IS_RUNNING_IN_RECURSION = 5265,5366
    PERLDOC = -MPod::Perldoc::ToTextOverstrike
    PERL_BATCH = yes
    PERL_CANARY_STABILITY_NOPROMPT = 1
    PERL_CPAN_REPORTER_CONFIG = /var/tmp/cpansmoker-1023/2020110518/cpanreporter_000_config.ini
    PERL_EXTUTILS_AUTOINSTALL = --defaultdeps
    PERL_USE_UNSAFE_INC = 1
    SHELL = /usr/bin/zsh
    TERM = screen
    TMPDIR = /var/tmp/cpansmoker-1023/2020110518

Perl special variables (and OS-specific diagnostics, for MSWin32):

    $^X = /opt/perl-5.30.2t/bin/perl
    $UID/$EUID = 1023 / 1023
    $GID = 1023 1023
    $EGID = 1023 1023

Perl module toolchain versions installed:

    Module              Have    
    ------------------- --------
    CPAN                2.28    
    CPAN::Meta          2.150010
    Cwd                 3.78    
    ExtUtils::CBuilder  0.280235
    ExtUtils::Command   7.52    
    ExtUtils::Install   2.18    
    ExtUtils::MakeMaker 7.52    
    ExtUtils::Manifest  1.72    
    ExtUtils::ParseXS   3.40    
    File::Spec          3.78    
    JSON                4.02    
    JSON::PP            4.05    
    Module::Build       0.4231  
    Module::Signature   0.87    
    Parse::CPAN::Meta   2.150010
    Test::Harness       3.42    
    Test::More          1.302183
    YAML                1.30    
    YAML::Syck          1.34    
    version             0.9928  


--

Summary of my perl5 (revision 5 version 30 subversion 2) configuration:
   
  Platform:
    osname=linux
    osvers=4.15.0-88-generic
    archname=x86_64-linux-thread-multi
    uname='linux ubuntu18 4.15.0-88-generic #88-ubuntu smp tue feb 11 20:11:34 utc 2020 x86_64 x86_64 x86_64 gnulinux '
    config_args='-ds -e -Dprefix=/opt/perl-5.30.2t -Dusethreads -Dcf_email=srezic@cpan.org'
    hint=recommended
    useposix=true
    d_sigaction=define
    useithreads=define
    usemultiplicity=define
    use64bitint=define
    use64bitall=define
    uselongdouble=undef
    usemymalloc=n
    default_inc_excludes_dot=define
    bincompat5005=undef
  Compiler:
    cc='cc'
    ccflags ='-D_REENTRANT -D_GNU_SOURCE -fwrapv -fno-strict-aliasing -pipe -fstack-protector-strong -I/usr/local/include -D_LARGEFILE_SOURCE -D_FILE_OFFSET_BITS=64'
    optimize='-O2'
    cppflags='-D_REENTRANT -D_GNU_SOURCE -fwrapv -fno-strict-aliasing -pipe -fstack-protector-strong -I/usr/local/include'
    ccversion=''
    gccversion='7.5.0'
    gccosandvers=''
    intsize=4
    longsize=8
    ptrsize=8
    doublesize=8
    byteorder=12345678
    doublekind=3
    d_longlong=define
    longlongsize=8
    d_longdbl=define
    longdblsize=16
    longdblkind=3
    ivtype='long'
    ivsize=8
    nvtype='double'
    nvsize=8
    Off_t='off_t'
    lseeksize=8
    alignbytes=8
    prototype=define
  Linker and Libraries:
    ld='cc'
    ldflags =' -fstack-protector-strong -L/usr/local/lib'
    libpth=/usr/local/lib /usr/lib/gcc/x86_64-linux-gnu/7/include-fixed /usr/include/x86_64-linux-gnu /usr/lib /lib/x86_64-linux-gnu /lib/../lib /usr/lib/x86_64-linux-gnu /usr/lib/../lib /lib
    libs=-lpthread -lnsl -lgdbm -ldb -ldl -lm -lcrypt -lutil -lc
    perllibs=-lpthread -lnsl -ldl -lm -lcrypt -lutil -lc
    libc=libc-2.27.so
    so=so
    useshrplib=false
    libperl=libperl.a
    gnulibc_version='2.27'
  Dynamic Linking:
    dlsrc=dl_dlopen.xs
    dlext=so
    d_dlsymun=undef
    ccdlflags='-Wl,-E'
    cccdlflags='-fPIC'
    lddlflags='-shared -O2 -L/usr/local/lib -fstack-protector-strong'


Characteristics of this binary (from libperl): 
  Compile-time options:
    HAS_TIMES
    MULTIPLICITY
    PERLIO_LAYERS
    PERL_COPY_ON_WRITE
    PERL_DONT_CREATE_GVSV
    PERL_IMPLICIT_CONTEXT
    PERL_MALLOC_WRAP
    PERL_OP_PARENT
    PERL_PRESERVE_IVUV
    USE_64_BIT_ALL
    USE_64_BIT_INT
    USE_ITHREADS
    USE_LARGE_FILES
    USE_LOCALE
    USE_LOCALE_COLLATE
    USE_LOCALE_CTYPE
    USE_LOCALE_NUMERIC
    USE_LOCALE_TIME
    USE_PERLIO
    USE_PERL_ATOF
    USE_REENTRANT_API
    USE_THREAD_SAFE_LOCALE
  Built under linux
  Compiled at Mar 14 2020 21:34:27
  %ENV:
    PERL5LIB=""
    PERL5OPT=""
    PERL5_CPANPLUS_IS_RUNNING="5366"
    PERL5_CPAN_IS_RUNNING="5366"
    PERL5_CPAN_IS_RUNNING_IN_RECURSION="5265,5366"
    PERLDOC="-MPod::Perldoc::ToTextOverstrike"
    PERL_BATCH="yes"
    PERL_CANARY_STABILITY_NOPROMPT="1"
    PERL_CPAN_REPORTER_CONFIG="/var/tmp/cpansmoker-1023/2020110518/cpanreporter_000_config.ini"
    PERL_EXTUTILS_AUTOINSTALL="--defaultdeps"
    PERL_USE_UNSAFE_INC="1"
  @INC:
    /opt/perl-5.30.2t/lib/site_perl/5.30.2/x86_64-linux-thread-multi
    /opt/perl-5.30.2t/lib/site_perl/5.30.2
    /opt/perl-5.30.2t/lib/5.30.2/x86_64-linux-thread-multi
    /opt/perl-5.30.2t/lib/5.30.2
    .