Crypt-PKCS10 v2.005 Perl 5 v5.26.2 amd64-freebsd
- Status
- Fail
- From
- Chris Williams (BINGOS)
- Dist
-
Crypt-PKCS10 v2.005
- Platform
- Perl 5 v5.26.2 amd64-freebsd
- Date
- 2023-01-11 19:11:08
- ID
- b3fe869e-91e3-11ed-aba6-9a79f339625c
This distribution has been tested as part of the CPAN Testers
project, supporting the Perl programming language. See
http://wiki.cpantesters.org/ for more information or email
questions to cpan-testers-discuss@perl.org
--
Dear MRSCOTTY,
This is a computer-generated error report created automatically by
CPANPLUS, version 0.9914. Testers personal comments may appear
at the end of this report.
Thank you for uploading your work to CPAN. However, it appears that
there were some problems testing your distribution.
TEST RESULTS:
Below is the error stack from stage 'make test':
t/0-signature.t ..... skipped: Set the environment variable TEST_SIGNATURE to enable this test.
# Perl /usr/home/cpan/pit/bare/perl-5.26.2/bin/perl version 5.26.2
# OpenSSL 1.1.1o-freebsd 3 May 2022
# built on: reproducible build, date unspecified
# platform: FreeBSD-amd64
# options: bn(64,64) rc4(8x,int) des(int) idea(int) blowfish(ptr)
# compiler: clang
# OPENSSLDIR: "/etc/ssl"
# ENGINESDIR: "/usr/lib/engines"
# Seeding source: os-specific
# ciphers: AES128-GCM-SHA256 AES128-SHA AES128-SHA256 AES256-GCM-SHA384 AES256-SHA
# AES256-SHA256 DHE-PSK-AES128-CBC-SHA
# DHE-PSK-AES128-CBC-SHA256 DHE-PSK-AES128-GCM-SHA256
# DHE-PSK-AES256-CBC-SHA DHE-PSK-AES256-CBC-SHA384
# DHE-PSK-AES256-GCM-SHA384 DHE-PSK-CHACHA20-POLY1305
# DHE-RSA-AES128-GCM-SHA256 DHE-RSA-AES128-SHA
# DHE-RSA-AES128-SHA256 DHE-RSA-AES256-GCM-SHA384
# DHE-RSA-AES256-SHA DHE-RSA-AES256-SHA256
# DHE-RSA-CHACHA20-POLY1305 ECDHE-ECDSA-AES128-GCM-SHA256
# ECDHE-ECDSA-AES128-SHA ECDHE-ECDSA-AES128-SHA256
# ECDHE-ECDSA-AES256-GCM-SHA384 ECDHE-ECDSA-AES256-SHA
# ECDHE-ECDSA-AES256-SHA384 ECDHE-ECDSA-CHACHA20-POLY1305
# ECDHE-PSK-AES128-CBC-SHA ECDHE-PSK-AES128-CBC-SHA256
# ECDHE-PSK-AES256-CBC-SHA ECDHE-PSK-AES256-CBC-SHA384
# ECDHE-PSK-CHACHA20-POLY1305 ECDHE-RSA-AES128-GCM-SHA256
# ECDHE-RSA-AES128-SHA ECDHE-RSA-AES128-SHA256
# ECDHE-RSA-AES256-GCM-SHA384 ECDHE-RSA-AES256-SHA
# ECDHE-RSA-AES256-SHA384 ECDHE-RSA-CHACHA20-POLY1305
# PSK-AES128-CBC-SHA PSK-AES128-CBC-SHA256
# PSK-AES128-GCM-SHA256 PSK-AES256-CBC-SHA
# PSK-AES256-CBC-SHA384 PSK-AES256-GCM-SHA384
# PSK-CHACHA20-POLY1305 RSA-PSK-AES128-CBC-SHA
# RSA-PSK-AES128-CBC-SHA256 RSA-PSK-AES128-GCM-SHA256
# RSA-PSK-AES256-CBC-SHA RSA-PSK-AES256-CBC-SHA384
# RSA-PSK-AES256-GCM-SHA384 RSA-PSK-CHACHA20-POLY1305
# SRP-AES-128-CBC-SHA SRP-AES-256-CBC-SHA
# SRP-RSA-AES-128-CBC-SHA SRP-RSA-AES-256-CBC-SHA
# TLS_AES_128_GCM_SHA256 TLS_AES_256_GCM_SHA384
# TLS_CHACHA20_POLY1305_SHA256
# Skipping DSA, RSA tests: no support
t/02_base.t ......... ok
t/03_ecc.t .......... skipped: Crypt::PK::ECC is not installed, skipping ECC tests
Can't call method "subject" on an undefined value at t/04_complex_rdn.t line 33.
# Looks like your test exited with 2 before it could output anything.
t/04_complex_rdn.t ..
Dubious, test returned 2 (wstat 512, 0x200)
Failed 2/2 subtests
Test Summary Report
-------------------
t/04_complex_rdn.t (Wstat: 512 (exited 2) Tests: 0 Failed: 0)
Non-zero exit status: 2
Parse errors: Bad plan. You planned 2 tests but ran 0.
Files=4, Tests=12, 2 wallclock secs ( 0.18 usr 0.04 sys + 1.77 cusr 0.23 csys = 2.23 CPU)
Result: FAIL
PREREQUISITES:
Here is a list of prerequisites you specified and versions we
managed to load:
Module Name Have Want
Convert::ASN1 0.33 0
Encode 2.88 0
MIME::Base64 3.15 0
Scalar::Util 1.46_02 0
Test::More 1.302191 0.98
Perl module toolchain versions installed:
Module Name Have
CPANPLUS 0.9914
CPANPLUS::Dist::Build 0.90
Cwd 3.75
ExtUtils::CBuilder 0.280236
ExtUtils::Command 7.64
ExtUtils::Install 2.20
ExtUtils::MakeMaker 7.64
ExtUtils::Manifest 1.73
ExtUtils::ParseXS 3.44
File::Spec 3.75
Module::Build 0.4231
Pod::Parser 1.63
Pod::Simple 3.35
Test2 1.302191
Test::Harness 3.44
Test::More 1.302191
version 0.9929
******************************** NOTE ********************************
The comments above are created mechanically, possibly without manual
checking by the sender. As there are many people performing automatic
tests on each upload to CPAN, it is likely that you will receive
identical messages about the same problem.
If you believe that the message is mistaken, please reply to the first
one with correction and/or additional informations, and do not take
it personally. We appreciate your patience. :)
**********************************************************************
Additional comments:
This report was machine-generated by CPANPLUS::Dist::YACSmoke 1.08.
Powered by minismokebox version 0.68
CPANPLUS is prefering Build.PL
------------------------------
ENVIRONMENT AND OTHER CONTEXT
------------------------------
Environment variables:
AUTOMATED_TESTING = 1
LANG = C.UTF-8
NONINTERACTIVE_TESTING = 1
PATH = /sbin:/bin:/usr/sbin:/usr/bin:/usr/local/sbin:/usr/local/bin:/home/cpan/bin
PERL5LIB = /usr/home/cpan/pit/jail/hR6vRtCtKh/lib/perl5:/usr/home/cpan/pit/bare/conf/perl-5.26.2/.cpanplus/5.26.2/build/hUXo45vn2P/Crypt-PKCS10-2.005/blib/lib:/usr/home/cpan/pit/bare/conf/perl-5.26.2/.cpanplus/5.26.2/build/hUXo45vn2P/Crypt-PKCS10-2.005/blib/arch
PERL5_CPANPLUS_IS_RUNNING = 3914
PERL5_CPANPLUS_IS_VERSION = 0.9914
PERL5_MINISMOKEBOX = 0.68
PERL5_YACSMOKE_BASE = /usr/home/cpan/pit/bare/conf/perl-5.26.2
PERL_EXTUTILS_AUTOINSTALL = --defaultdeps
PERL_LOCAL_LIB_ROOT = /usr/home/cpan/pit/jail/hR6vRtCtKh
PERL_MB_OPT = --install_base "/usr/home/cpan/pit/jail/hR6vRtCtKh"
PERL_MM_OPT = INSTALL_BASE=/usr/home/cpan/pit/jail/hR6vRtCtKh
PERL_MM_USE_DEFAULT = 1
SHELL = /usr/local/bin/bash
TERM = screen
Perl special variables (and OS-specific diagnostics, for MSWin32):
Perl: $^X = /usr/home/cpan/pit/bare/perl-5.26.2/bin/perl
UID: $< = 1002
EUID: $> = 1002
GID: $( = 1002 1002
EGID: $) = 1002 1002
-------------------------------
--
Summary of my perl5 (revision 5 version 26 subversion 2) configuration:
Platform:
osname=freebsd
osvers=13.1-release-p2
archname=amd64-freebsd
uname='freebsd fever 13.1-release-p2 freebsd 13.1-release-p2 generic amd64 '
config_args='-des -Dprefix=/usr/home/cpan/pit/bare/perl-5.26.2'
hint=recommended
useposix=true
d_sigaction=define
useithreads=undef
usemultiplicity=undef
use64bitint=define
use64bitall=define
uselongdouble=undef
usemymalloc=n
default_inc_excludes_dot=define
bincompat5005=undef
Compiler:
cc='cc'
ccflags ='-DHAS_FPSETMASK -DHAS_FLOATINGPOINT_H -fno-strict-aliasing -pipe -fstack-protector-strong -I/usr/local/include'
optimize='-O2'
cppflags='-DHAS_FPSETMASK -DHAS_FLOATINGPOINT_H -fno-strict-aliasing -pipe -fstack-protector-strong -I/usr/local/include'
ccversion=''
gccversion='FreeBSD Clang 13.0.0 (git@github.com:llvm/llvm-project.git llvmorg-13.0.0-0-gd7b669b3a303)'
gccosandvers=''
intsize=4
longsize=8
ptrsize=8
doublesize=8
byteorder=12345678
doublekind=3
d_longlong=define
longlongsize=8
d_longdbl=define
longdblsize=16
longdblkind=3
ivtype='long'
ivsize=8
nvtype='double'
nvsize=8
Off_t='off_t'
lseeksize=8
alignbytes=8
prototype=define
Linker and Libraries:
ld='cc'
ldflags ='-Wl,-E -fstack-protector-strong -L/usr/local/lib'
libpth=/usr/lib /usr/local/lib /usr/lib/clang/13.0.0/lib /usr/lib
libs=-lpthread -lgdbm -ldl -lm -lcrypt -lutil -lc
perllibs=-lpthread -ldl -lm -lcrypt -lutil -lc
libc=
so=so
useshrplib=false
libperl=libperl.a
gnulibc_version=''
Dynamic Linking:
dlsrc=dl_dlopen.xs
dlext=so
d_dlsymun=undef
ccdlflags=' '
cccdlflags='-DPIC -fPIC'
lddlflags='-shared -L/usr/local/lib -fstack-protector-strong'
Characteristics of this binary (from libperl):
Compile-time options:
HAS_TIMES
PERLIO_LAYERS
PERL_COPY_ON_WRITE
PERL_DONT_CREATE_GVSV
PERL_MALLOC_WRAP
PERL_OP_PARENT
PERL_PRESERVE_IVUV
USE_64_BIT_ALL
USE_64_BIT_INT
USE_LARGE_FILES
USE_LOCALE
USE_LOCALE_COLLATE
USE_LOCALE_CTYPE
USE_LOCALE_NUMERIC
USE_LOCALE_TIME
USE_PERLIO
USE_PERL_ATOF
Locally applied patches:
Devel::PatchPerl 2.08
Built under freebsd
Compiled at Oct 7 2022 23:20:00
%ENV:
PERL5LIB="/usr/home/cpan/pit/jail/hR6vRtCtKh/lib/perl5:/usr/home/cpan/pit/bare/conf/perl-5.26.2/.cpanplus/5.26.2/build/hUXo45vn2P/Crypt-PKCS10-2.005/blib/lib:/usr/home/cpan/pit/bare/conf/perl-5.26.2/.cpanplus/5.26.2/build/hUXo45vn2P/Crypt-PKCS10-2.005/blib/arch"
PERL5_CPANPLUS_IS_RUNNING="3914"
PERL5_CPANPLUS_IS_VERSION="0.9914"
PERL5_MINISMOKEBOX="0.68"
PERL5_YACSMOKE_BASE="/usr/home/cpan/pit/bare/conf/perl-5.26.2"
PERL_EXTUTILS_AUTOINSTALL="--defaultdeps"
PERL_LOCAL_LIB_ROOT="/usr/home/cpan/pit/jail/hR6vRtCtKh"
PERL_MB_OPT="--install_base "/usr/home/cpan/pit/jail/hR6vRtCtKh""
PERL_MM_OPT="INSTALL_BASE=/usr/home/cpan/pit/jail/hR6vRtCtKh"
PERL_MM_USE_DEFAULT="1"
@INC:
/usr/home/cpan/pit/jail/hR6vRtCtKh/lib/perl5/5.26.2/amd64-freebsd
/usr/home/cpan/pit/jail/hR6vRtCtKh/lib/perl5/5.26.2
/usr/home/cpan/pit/jail/hR6vRtCtKh/lib/perl5/amd64-freebsd
/usr/home/cpan/pit/jail/hR6vRtCtKh/lib/perl5
/usr/home/cpan/pit/bare/conf/perl-5.26.2/.cpanplus/5.26.2/build/hUXo45vn2P/Crypt-PKCS10-2.005/blib/lib
/usr/home/cpan/pit/bare/conf/perl-5.26.2/.cpanplus/5.26.2/build/hUXo45vn2P/Crypt-PKCS10-2.005/blib/arch
/usr/home/cpan/pit/bare/perl-5.26.2/lib/site_perl/5.26.2/amd64-freebsd
/usr/home/cpan/pit/bare/perl-5.26.2/lib/site_perl/5.26.2
/usr/home/cpan/pit/bare/perl-5.26.2/lib/5.26.2/amd64-freebsd
/usr/home/cpan/pit/bare/perl-5.26.2/lib/5.26.2