Report for WWW-IRail-API-0.003

Back
From: metabase:user:320bfe00-2aae-11df-837a-5e0a49663a4f
Subject: FAIL WWW-IRail-API-0.003 v5.15.9 GNU/Linux
Date: 2012-05-27T21:48:32Z

This distribution has been tested as part of the CPAN Testers
project, supporting the Perl programming language.  See
http://wiki.cpantesters.org/ for more information or email
questions to cpan-testers-discuss@perl.org


--
Dear Tim Esselens,

This is a computer-generated report for WWW-IRail-API-0.003
on perl 5.15.9, created by CPAN-Reporter-1.2006.

Thank you for uploading your work to CPAN.  However, there was a problem
testing your distribution.

If you think this report is invalid, please consult the CPAN Testers Wiki
for suggestions on how to avoid getting FAIL reports for missing library
or binary dependencies, unsupported operating systems, and so on:

http://wiki.cpantesters.org/wiki/CPANAuthorNotes

Sections of this report:

    * Tester comments
    * Program output
    * Prerequisites
    * Environment and other context

------------------------------
TESTER COMMENTS
------------------------------

Additional comments from tester:

this report is from an automated smoke testing program
and was not reviewed by a human for accuracy

------------------------------
PROGRAM OUTPUT
------------------------------

Output from '/usr/bin/make test':

PERL_DL_NONLAZY=1 /home/sand/src/perl/repoperls/installed-perls/perl/v5.15.9/165a/bin/perl "-MExtUtils::Command::MM" "-e" "test_harness(0, 'blib/lib', 'blib/arch')" t/*.t
t/00_use.t .............. ok

#   Failed test 'result must be defined'
#   at t/10_stations.t line 37.

#   Failed test 'returned type must be an ARRAY'
#   at t/10_stations.t line 38.

#   Failed test 'result must contain more then one element'
#   at t/10_stations.t line 39.

#   Failed test 'result must contain some stations m/brussel/i'
#   at t/10_stations.t line 41.

#   Failed test 'there must be at least a hundred stations'
#   at t/10_stations.t line 55.
# []

#   Failed test 'brussel noord (NL) must be one of them'
#   at t/10_stations.t line 56.
# []

#   Failed test 'there must be at least two stations with brussel in their name'
#   at t/10_stations.t line 62.
# []

#   Failed test 'brussel noord (NL) must be in the partial set'
#   at t/10_stations.t line 63.
# []

#   Failed test 'there must be at least two stations with brussel in their name'
#   at t/10_stations.t line 70.
# []

#   Failed test 'brussel noord (NL) must be in the partial set'
#   at t/10_stations.t line 71.
# []

#   Failed test 'there must be at least two stations with brussel in their name'
#   at t/10_stations.t line 78.
# []

#   Failed test 'brussel noord (NL) must be in the partial set'
#   at t/10_stations.t line 79.
# []

#   Failed test 'there must be at least a hundred stations'
#   at t/10_stations.t line 89.
# []

#   Failed test 'bruxelles nord (FR) must be one of them'
#   at t/10_stations.t line 90.
# []

#   Failed test 'there must be at least two stations with brussel in their name'
#   at t/10_stations.t line 96.
# []

#   Failed test 'bruxeles nord (FR) must be in the partial set'
#   at t/10_stations.t line 97.
# []

#   Failed test 'there must be at least two stations with brussel in their name'
#   at t/10_stations.t line 104.
# []

#   Failed test 'bruxelles nord (FR) must be in the partial set'
#   at t/10_stations.t line 105.
# []

#   Failed test 'there must be at least two stations with brussel in their name'
#   at t/10_stations.t line 112.
# []

#   Failed test 'bruxelles nord (FR) must be in the partial set'
#   at t/10_stations.t line 113.
# []

#   Failed test 'there must be at least two stations with brussel in their name'
#   at t/10_stations.t line 127.
# []

#   Failed test 'brussel noord (NL) must be in the partial set'
#   at t/10_stations.t line 128.
# []
# Looks like you failed 22 tests of 44.
t/10_stations.t ......... 
Dubious, test returned 22 (wstat 5632, 0x1600)
Failed 22/44 subtests 
t/release-pod-syntax.t .. skipped: these tests are for release candidate testing

Test Summary Report
-------------------
t/10_stations.t       (Wstat: 5632 Tests: 44 Failed: 22)
  Failed tests:  4-7, 9-10, 12-13, 16-17, 20-21, 24-25, 27-28
                31-32, 35-36, 42-43
  Non-zero exit status: 22
Files=3, Tests=56,  2 wallclock secs ( 0.02 usr  0.00 sys +  0.47 cusr  0.05 csys =  0.54 CPU)
Result: FAIL
Failed 1/3 test programs. 22/56 subtests failed.
make: *** [test_dynamic] Error 255

------------------------------
PREREQUISITES
------------------------------

Prerequisite modules loaded:

requires:

    Module                    Need Have   
    ------------------------- ---- -------
    Carp                      0    1.25   
    common::sense             0    3.5    
    Date::Format              0    2.24   
    DateTime::Format::Natural 0    0.99_01
    FindBin                   0    1.51   
    HTTP::Request             0    6.00   
    HTTP::Request::Common     0    6.03   
    HTTP::Response            0    6.03   
    JSON::XS                  0    2.32   
    LWP                       0    6.04   
    LWP::UserAgent            0    6.04   
    parent                    0    0.225  
    Test::Deep                0    0.109  
    Test::Most                0    0.25   
    XML::Simple               0    2.18   
    YAML                      0    0.81   

configure_requires:

    Module                    Need Have   
    ------------------------- ---- -------
    ExtUtils::MakeMaker       6.31 6.63_02


------------------------------
ENVIRONMENT AND OTHER CONTEXT
------------------------------

Environment variables:

    AUTOMATED_TESTING = 1
    LANG = en_US.UTF-8
    LANGUAGE = en_US:en
    PATH = /home/sand/bin:/usr/local/bin:/usr/bin:/bin:/usr/bin/X11:/usr/games:/usr/local/perl/bin:/usr/X11/bin:/sbin:/usr/sbin
    PERL5LIB = 
    PERL5OPT = 
    PERL5_CPANPLUS_IS_RUNNING = 22574
    PERL5_CPAN_IS_RUNNING = 22574
    PERL_MM_USE_DEFAULT = 1
    SHELL = /usr/bin/zsh
    TERM = screen

Perl special variables (and OS-specific diagnostics, for MSWin32):

    $^X = /home/sand/src/perl/repoperls/installed-perls/perl/v5.15.9/165a/bin/perl
    $UID/$EUID = 1005 / 1005
    $GID = 1005 1005
    $EGID = 1005 1005

Perl module toolchain versions installed:

    Module              Have    
    ------------------- --------
    CPAN                1.9800  
    CPAN::Meta          2.120921
    Cwd                 3.39_02 
    ExtUtils::CBuilder  0.280206
    ExtUtils::Command   1.17    
    ExtUtils::Install   1.58    
    ExtUtils::MakeMaker 6.63_02 
    ExtUtils::Manifest  1.61    
    ExtUtils::ParseXS   3.16    
    File::Spec          3.39_02 
    JSON                2.53    
    JSON::PP            2.27200 
    Module::Build       0.40    
    Module::Signature   0.68    
    Parse::CPAN::Meta   1.4404  
    Test::Harness       3.23    
    Test::More          0.98    
    YAML                0.81    
    YAML::Syck          1.20    
    version             0.99    


--

Summary of my perl5 (revision 5 version 15 subversion 9) configuration:
  Commit id: 01725c1062c0e78d5d79424b6f84013e248992a5
  Platform:
    osname=linux, osvers=3.2.0-1-amd64, archname=x86_64-linux
    uname='linux k83 3.2.0-1-amd64 #1 smp fri feb 17 05:17:36 utc 2012 x86_64 gnulinux '
    config_args='-Dprefix=/home/src/perl/repoperls/installed-perls/perl/v5.15.9/165a -Dmyhostname=k83 -Dinstallusrbinperl=n -Uversiononly -Dusedevel -des -Ui_db -Uuseithreads -Uuselongdouble -DDEBUGGING=-g'
    hint=recommended, useposix=true, d_sigaction=define
    useithreads=undef, usemultiplicity=undef
    useperlio=define, d_sfio=undef, uselargefiles=define, usesocks=undef
    use64bitint=define, use64bitall=define, uselongdouble=undef
    usemymalloc=n, bincompat5005=undef
  Compiler:
    cc='cc', ccflags ='-fno-strict-aliasing -pipe -fstack-protector -I/usr/local/include -D_LARGEFILE_SOURCE -D_FILE_OFFSET_BITS=64',
    optimize='-O2 -g',
    cppflags='-fno-strict-aliasing -pipe -fstack-protector -I/usr/local/include'
    ccversion='', gccversion='4.6.3', gccosandvers=''
    intsize=4, longsize=8, ptrsize=8, doublesize=8, byteorder=12345678
    d_longlong=define, longlongsize=8, d_longdbl=define, longdblsize=16
    ivtype='long', ivsize=8, nvtype='double', nvsize=8, Off_t='off_t', lseeksize=8
    alignbytes=8, prototype=define
  Linker and Libraries:
    ld='cc', ldflags =' -fstack-protector -L/usr/local/lib'
    libpth=/usr/local/lib /lib/x86_64-linux-gnu /lib/../lib /usr/lib/x86_64-linux-gnu /usr/lib/../lib /lib /usr/lib
    libs=-lnsl -ldb -ldl -lm -lcrypt -lutil -lc
    perllibs=-lnsl -ldl -lm -lcrypt -lutil -lc
    libc=, so=so, useshrplib=false, libperl=libperl.a
    gnulibc_version='2.13'
  Dynamic Linking:
    dlsrc=dl_dlopen.xs, dlext=so, d_dlsymun=undef, ccdlflags='-Wl,-E'
    cccdlflags='-fPIC', lddlflags='-shared -O2 -g -L/usr/local/lib -fstack-protector'


Characteristics of this binary (from libperl): 
  Compile-time options: HAS_TIMES PERLIO_LAYERS PERL_DONT_CREATE_GVSV
                        PERL_MALLOC_WRAP PERL_PRESERVE_IVUV PERL_USE_DEVEL
                        USE_64_BIT_ALL USE_64_BIT_INT USE_LARGE_FILES
                        USE_LOCALE USE_LOCALE_COLLATE USE_LOCALE_CTYPE
                        USE_LOCALE_NUMERIC USE_PERLIO USE_PERL_ATOF
  Built under linux
  Compiled at Mar 20 2012 21:14:27
  %ENV:
    PERL5LIB=""
    PERL5OPT=""
    PERL5_CPANPLUS_IS_RUNNING="22574"
    PERL5_CPAN_IS_RUNNING="22574"
    PERL_MM_USE_DEFAULT="1"
  @INC:
    /home/src/perl/repoperls/installed-perls/perl/v5.15.9/165a/lib/site_perl/5.15.9/x86_64-linux
    /home/src/perl/repoperls/installed-perls/perl/v5.15.9/165a/lib/site_perl/5.15.9
    /home/src/perl/repoperls/installed-perls/perl/v5.15.9/165a/lib/5.15.9/x86_64-linux
    /home/src/perl/repoperls/installed-perls/perl/v5.15.9/165a/lib/5.15.9
    .