SystemPerl v1.344 Perl 5 v5.22.3 x86_64-linux-thread-multi
- Status
- Fail
- From
- Andreas J. König (ANDK)
- Dist
-
SystemPerl v1.344
- Platform
- Perl 5 v5.22.3 x86_64-linux-thread-multi
- Date
- 2017-09-29 15:34:37
- ID
- b3d298fe-a52b-11e7-8f2f-ff7b28aef87d
This distribution has been tested as part of the CPAN Testers
project, supporting the Perl programming language. See
http://wiki.cpantesters.org/ for more information or email
questions to cpan-testers-discuss@perl.org
--
Dear Wilson Snyder,
This is a computer-generated report for SystemPerl-1.344
on perl 5.22.3, created by CPAN-Reporter-1.2018.
Thank you for uploading your work to CPAN. However, there was a problem
testing your distribution.
If you think this report is invalid, please consult the CPAN Testers Wiki
for suggestions on how to avoid getting FAIL reports for missing library
or binary dependencies, unsupported operating systems, and so on:
http://wiki.cpantesters.org/wiki/CPANAuthorNotes
Sections of this report:
* Tester comments
* Program output
* Prerequisites
* Environment and other context
------------------------------
TESTER COMMENTS
------------------------------
Additional comments from tester:
this report is from an automated smoke testing program
and was not reviewed by a human for accuracy
------------------------------
PROGRAM OUTPUT
------------------------------
Output from '/usr/bin/make test':
make[1]: Entering directory '/tmp/loop_over_bdir-29188-olqkTR/SystemPerl-1.344-0/Parser'
"/home/sand/src/perl/repoperls/installed-perls/host/k93msid/v5.22.3/276a/bin/perl" -MExtUtils::Command::MM -e 'cp_nonempty' -- Parser.bs ../blib/arch/auto/SystemC/Parser/Parser.bs 644
Manifying 1 pod document
make[1]: Leaving directory '/tmp/loop_over_bdir-29188-olqkTR/SystemPerl-1.344-0/Parser'
make[1]: Entering directory '/tmp/loop_over_bdir-29188-olqkTR/SystemPerl-1.344-0/Parser'
"/home/sand/src/perl/repoperls/installed-perls/host/k93msid/v5.22.3/276a/bin/perl" -MExtUtils::Command::MM -e 'cp_nonempty' -- Parser.bs ../blib/arch/auto/SystemC/Parser/Parser.bs 644
No tests defined for SystemC::Parser extension.
make[1]: Leaving directory '/tmp/loop_over_bdir-29188-olqkTR/SystemPerl-1.344-0/Parser'
PERL_DL_NONLAZY=1 "/home/sand/src/perl/repoperls/installed-perls/host/k93msid/v5.22.3/276a/bin/perl" "-MExtUtils::Command::MM" "-MTest::Harness" "-e" "undef *Test::Harness::Switches; test_harness(0, 'blib/lib', 'blib/arch')" t/*.t
t/00_pod.t ......... ok
t/01_manifest.t .... ok
t/02_help.t ........ ok
t/03_spaces.t ...... ok
t/05_yaml.t ........ ok
t/10_template.t .... ok
t/20_parser.t ...... ok
t/30_netlist.t ..... ok
t/32_example.t ..... ok
t/34_notfound.t .... ok
t/40_coverage.t .... ok
t/42_itemkey.t ..... ok
t/44_makecheck.t ... ok
Can't use an undefined value as a HASH reference at /home/sand/src/perl/repoperls/installed-perls/host/k93msid/v5.22.3/276a/lib/site_perl/5.22.3/x86_64-linux-thread-multi/Verilog/Netlist/Pin.pm line 94.
%Error: Command Failed cd test_dir && /home/sand/src/perl/repoperls/installed-perls/host/k93msid/v5.22.3/276a/bin/perl -Iblib/arch -Iblib/lib -I../Verilog/blib/lib -I../Verilog/blib/arch ../sp_preproc -M sp_preproc.d --tree sp_preproc.sp_tree --libfile sp_preproc.sp_lib --preproc --write-verilog sp_preproc.v *.sp, 65280, stopped at t/test_utils.pl line 33.
t/60_spp_pre.t .....
Dubious, test returned 255 (wstat 65280, 0xff00)
Failed 5/6 subtests
Can't use an undefined value as a HASH reference at /home/sand/src/perl/repoperls/installed-perls/host/k93msid/v5.22.3/276a/lib/site_perl/5.22.3/x86_64-linux-thread-multi/Verilog/Netlist/Pin.pm line 94.
%Error: Command Failed cd test_dir && /home/sand/src/perl/repoperls/installed-perls/host/k93msid/v5.22.3/276a/bin/perl -Iblib/arch -Iblib/lib -I../Verilog/blib/lib -I../Verilog/blib/arch ../sp_preproc --inline *.sp, 65280, stopped at t/test_utils.pl line 33.
t/62_spp_inline.t ..
Dubious, test returned 255 (wstat 65280, 0xff00)
Failed 1/2 subtests
t/70_trace.t ....... ok
t/80_gcc.t ......... ok
t/82_gcc_hdrs.t .... ok
t/90_ncsc_run.t .... ok
Test Summary Report
-------------------
t/60_spp_pre.t (Wstat: 65280 Tests: 1 Failed: 0)
Non-zero exit status: 255
Parse errors: Bad plan. You planned 6 tests but ran 1.
t/62_spp_inline.t (Wstat: 65280 Tests: 1 Failed: 0)
Non-zero exit status: 255
Parse errors: Bad plan. You planned 2 tests but ran 1.
Files=19, Tests=184, 10 wallclock secs ( 0.07 usr 0.10 sys + 3.62 cusr 0.61 csys = 4.40 CPU)
Result: FAIL
Failed 2/19 test programs. 0/184 subtests failed.
Makefile:958: recipe for target 'test_dynamic' failed
make: *** [test_dynamic] Error 255
------------------------------
PREREQUISITES
------------------------------
Prerequisite modules loaded:
requires:
Module Need Have
------------------- ----- -----
Pod::Usage 1.34 1.64
Verilog::Getopt 2.211 3.440
Verilog::Netlist 3.2 3.440
build_requires:
Module Need Have
------------------- ----- -----
ExtUtils::MakeMaker 0 7.30
------------------------------
ENVIRONMENT AND OTHER CONTEXT
------------------------------
Environment variables:
AUTOMATED_TESTING = 1
LANG = en_US.UTF-8
PATH = /home/sand/bin:/usr/local/bin:/usr/bin:/bin:/usr/games:/usr/local/perl/bin:/usr/X11/bin:/sbin:/usr/sbin
PERL5LIB =
PERL5OPT =
PERL5_CPANPLUS_IS_RUNNING = 29206
PERL5_CPAN_IS_RUNNING = 29206
PERL5_CPAN_IS_RUNNING_IN_RECURSION = 5668,29206
PERL_CANARY_STABILITY_NOPROMPT = 1
PERL_MM_USE_DEFAULT = 1
PERL_USE_UNSAFE_INC = 1
SHELL = /usr/bin/zsh
TERM = screen
Perl special variables (and OS-specific diagnostics, for MSWin32):
$^X = /home/sand/src/perl/repoperls/installed-perls/host/k93msid/v5.22.3/276a/bin/perl
$UID/$EUID = 1005 / 1005
$GID = 1005 1005
$EGID = 1005 1005
Perl module toolchain versions installed:
Module Have
------------------- ----------
CPAN 2.18
CPAN::Meta 2.150010
Cwd 3.62
ExtUtils::CBuilder 0.280226
ExtUtils::Command 7.30
ExtUtils::Install 2.06
ExtUtils::MakeMaker 7.30
ExtUtils::Manifest 1.70
ExtUtils::ParseXS 3.35
File::Spec 3.62
JSON 2.94
JSON::PP 2.27300_01
Module::Build 0.4224
Module::Signature 0.81
Parse::CPAN::Meta 2.150010
Test::Harness 3.39
Test::More 1.302096
YAML 1.23
YAML::Syck 1.30
version 0.9918
--
Summary of my perl5 (revision 5 version 22 subversion 3) configuration:
Derived from: 16b638b0a20de774856b3a21a75a5e373af5262c
Platform:
osname=linux, osvers=4.9.0-2-amd64, archname=x86_64-linux-thread-multi
uname='linux k93msid 4.9.0-2-amd64 #1 smp debian 4.9.18-1 (2017-03-30) x86_64 gnulinux '
config_args='-Dprefix=/home/sand/src/perl/repoperls/installed-perls/host/k93msid/v5.22.3/276a -Dmyhostname=k93msid -Dinstallusrbinperl=n -Uversiononly -Dusedevel -des -Ui_db -Dlibswanted=cl pthread socket inet nsl gdbm dbm malloc dl ld sun m crypt sec util c cposix posix ucb BSD gdbm_compat -Duseithreads -Uuselongdouble -DDEBUGGING=both'
hint=recommended, useposix=true, d_sigaction=define
useithreads=define, usemultiplicity=define
use64bitint=define, use64bitall=define, uselongdouble=undef
usemymalloc=n, bincompat5005=undef
Compiler:
cc='cc', ccflags ='-D_REENTRANT -D_GNU_SOURCE -fwrapv -DDEBUGGING -fno-strict-aliasing -pipe -fstack-protector-strong -I/usr/local/include -D_LARGEFILE_SOURCE -D_FILE_OFFSET_BITS=64',
optimize='-O2 -g',
cppflags='-D_REENTRANT -D_GNU_SOURCE -fwrapv -DDEBUGGING -fno-strict-aliasing -pipe -fstack-protector-strong -I/usr/local/include'
ccversion='', gccversion='6.3.0 20170406', gccosandvers=''
intsize=4, longsize=8, ptrsize=8, doublesize=8, byteorder=12345678, doublekind=3
d_longlong=define, longlongsize=8, d_longdbl=define, longdblsize=16, longdblkind=3
ivtype='long', ivsize=8, nvtype='double', nvsize=8, Off_t='off_t', lseeksize=8
alignbytes=8, prototype=define
Linker and Libraries:
ld='cc', ldflags =' -fstack-protector-strong -L/usr/local/lib'
libpth=/usr/local/lib /usr/lib/gcc/x86_64-linux-gnu/6/include-fixed /usr/include/x86_64-linux-gnu /usr/lib /lib/x86_64-linux-gnu /lib/../lib /usr/lib/x86_64-linux-gnu /usr/lib/../lib /lib
libs=-lpthread -lnsl -ldl -lm -lcrypt -lutil -lc
perllibs=-lpthread -lnsl -ldl -lm -lcrypt -lutil -lc
libc=libc-2.24.so, so=so, useshrplib=false, libperl=libperl.a
gnulibc_version='2.24'
Dynamic Linking:
dlsrc=dl_dlopen.xs, dlext=so, d_dlsymun=undef, ccdlflags='-Wl,-E'
cccdlflags='-fPIC', lddlflags='-shared -O2 -g -L/usr/local/lib -fstack-protector-strong'
Characteristics of this binary (from libperl):
Compile-time options: DEBUGGING HAS_TIMES MULTIPLICITY PERLIO_LAYERS
PERL_DONT_CREATE_GVSV
PERL_HASH_FUNC_ONE_AT_A_TIME_HARD
PERL_IMPLICIT_CONTEXT PERL_MALLOC_WRAP
PERL_NEW_COPY_ON_WRITE PERL_PRESERVE_IVUV
PERL_TRACK_MEMPOOL PERL_USE_DEVEL USE_64_BIT_ALL
USE_64_BIT_INT USE_ITHREADS USE_LARGE_FILES
USE_LOCALE USE_LOCALE_COLLATE USE_LOCALE_CTYPE
USE_LOCALE_NUMERIC USE_LOCALE_TIME USE_PERLIO
USE_PERL_ATOF USE_REENTRANT_API
Locally applied patches:
uncommitted-changes
Built under linux
Compiled at Aug 26 2017 01:13:59
%ENV:
PERL5LIB=""
PERL5OPT=""
PERL5_CPANPLUS_IS_RUNNING="29206"
PERL5_CPAN_IS_RUNNING="29206"
PERL5_CPAN_IS_RUNNING_IN_RECURSION="5668,29206"
PERL_CANARY_STABILITY_NOPROMPT="1"
PERL_MM_USE_DEFAULT="1"
PERL_USE_UNSAFE_INC="1"
@INC:
/home/sand/src/perl/repoperls/installed-perls/host/k93msid/v5.22.3/276a/lib/site_perl/5.22.3/x86_64-linux-thread-multi
/home/sand/src/perl/repoperls/installed-perls/host/k93msid/v5.22.3/276a/lib/site_perl/5.22.3
/home/sand/src/perl/repoperls/installed-perls/host/k93msid/v5.22.3/276a/lib/5.22.3/x86_64-linux-thread-multi
/home/sand/src/perl/repoperls/installed-perls/host/k93msid/v5.22.3/276a/lib/5.22.3
.