Report for SVG-DOM2-1.00

Back
From: metabase:user:e3434da8-b236-11df-85ca-0247c6d74bde
Subject: FAIL SVG-DOM2-1.00 v5.8.9 GNU/Linux
Date: 2011-09-09T20:52:59Z

This distribution has been tested as part of the CPAN Testers
project, supporting the Perl programming language.  See
http://wiki.cpantesters.org/ for more information or email
questions to cpan-testers-discuss@perl.org


--
Dear Martin Owens,

This is a computer-generated report for SVG-DOM2-1.00
on perl 5.8.9, created by CPAN-Reporter-1.1902.

Thank you for uploading your work to CPAN.  However, there was a problem
testing your distribution.

If you think this report is invalid, please consult the CPAN Testers Wiki
for suggestions on how to avoid getting FAIL reports for missing library
or binary dependencies, unsupported operating systems, and so on:

http://wiki.cpantesters.org/wiki/CPANAuthorNotes

Sections of this report:

    * Tester comments
    * Program output
    * Prerequisites
    * Environment and other context

------------------------------
TESTER COMMENTS
------------------------------

Additional comments from tester:

this report is from an automated smoke testing program
and was not reviewed by a human for accuracy

------------------------------
PROGRAM OUTPUT
------------------------------

Output from '/usr/bin/make test':

PERL_DL_NONLAZY=1 /home/perl58/testing/bin/perl5.8.9 "-MExtUtils::Command::MM" "-e" "test_harness(0, 'blib/lib', 'blib/arch')" t/*.t

#   Failed test 'use SVG::DOM2;'
#   at t/00-load.t line 6.
#     Tried to use 'SVG::DOM2'.
#     Error:  Base class package "XML::DOM2" is empty.
#     (Perhaps you need to 'use' the module which defines that package first,
#     or make that module available in @INC (@INC contains: /home/perl58/.cpan/build/SVG-DOM2-1.00-c3V0hD/blib/lib /home/perl58/.cpan/build/SVG-DOM2-1.00-c3V0hD/blib/arch /home/perl58/testing/lib/5.8.9/x86_64-linux-thread-multi /home/perl58/testing/lib/5.8.9 /home/perl58/testing/lib/site_perl/5.8.9/x86_64-linux-thread-multi /home/perl58/testing/lib/site_perl/5.8.9).
#  at /home/perl58/.cpan/build/SVG-DOM2-1.00-c3V0hD/blib/lib/SVG/DOM2.pm line 24
# BEGIN failed--compilation aborted at /home/perl58/.cpan/build/SVG-DOM2-1.00-c3V0hD/blib/lib/SVG/DOM2.pm line 24.
# Compilation failed in require at (eval 4) line 2.
# BEGIN failed--compilation aborted at (eval 4) line 2.
Use of uninitialized value in concatenation (.) or string at t/00-load.t line 9.
# Testing SVG::DOM2 , Perl 5.008009, /home/perl58/testing/bin/perl5.8.9
# Looks like you failed 1 test of 1.
t/00-load.t ....... 
Dubious, test returned 1 (wstat 256, 0x100)
Failed 1/1 subtests 
t/boilerplate.t ... ok

#   Failed test 'Pod coverage on SVG::DOM2::Attribute::Path'
#   at /home/perl58/testing/lib/site_perl/5.8.9/Test/Pod/Coverage.pm line 126.
# SVG::DOM2::Attribute::Path: couldn't find pod

#   Failed test 'Pod coverage on SVG::DOM2::Attribute::Opacity'
#   at /home/perl58/testing/lib/site_perl/5.8.9/Test/Pod/Coverage.pm line 126.
# SVG::DOM2::Attribute::Opacity: couldn't find pod

#   Failed test 'Pod coverage on SVG::DOM2::Attribute::Colour'
#   at /home/perl58/testing/lib/site_perl/5.8.9/Test/Pod/Coverage.pm line 126.
# SVG::DOM2::Attribute::Colour: couldn't find pod

#   Failed test 'Pod coverage on SVG::DOM2::Attribute::Style'
#   at /home/perl58/testing/lib/site_perl/5.8.9/Test/Pod/Coverage.pm line 126.
# SVG::DOM2::Attribute::Style: couldn't find pod

#   Failed test 'Pod coverage on SVG::DOM2::Attribute::Metric'
#   at /home/perl58/testing/lib/site_perl/5.8.9/Test/Pod/Coverage.pm line 126.
# SVG::DOM2::Attribute::Metric: couldn't find pod

#   Failed test 'Pod coverage on SVG::DOM2::Element::Path'
#   at /home/perl58/testing/lib/site_perl/5.8.9/Test/Pod/Coverage.pm line 126.
# SVG::DOM2::Element::Path: couldn't find pod

#   Failed test 'Pod coverage on SVG::DOM2::Element::Line'
#   at /home/perl58/testing/lib/site_perl/5.8.9/Test/Pod/Coverage.pm line 126.
# SVG::DOM2::Element::Line: couldn't find pod

#   Failed test 'Pod coverage on SVG::DOM2::Element::Rect'
#   at /home/perl58/testing/lib/site_perl/5.8.9/Test/Pod/Coverage.pm line 126.
# SVG::DOM2::Element::Rect: couldn't find pod

#   Failed test 'Pod coverage on SVG::DOM2::Element::Definition'
#   at /home/perl58/testing/lib/site_perl/5.8.9/Test/Pod/Coverage.pm line 126.
# SVG::DOM2::Element::Definition: couldn't find pod

#   Failed test 'Pod coverage on SVG::DOM2::Element::Group'
#   at /home/perl58/testing/lib/site_perl/5.8.9/Test/Pod/Coverage.pm line 126.
# SVG::DOM2::Element::Group: couldn't find pod

#   Failed test 'Pod coverage on SVG::DOM2::Element::MetaData'
#   at /home/perl58/testing/lib/site_perl/5.8.9/Test/Pod/Coverage.pm line 126.
# Coverage for SVG::DOM2::Element::MetaData is 0.0%, with 16 naked subroutines:
# 	creator
# 	data
# 	date
# 	datum
# 	description
# 	language
# 	license
# 	list
# 	list_array
# 	list_data
# 	list_hash
# 	new
# 	publisher
# 	rights
# 	subject
# 	title

#   Failed test 'Pod coverage on SVG::DOM2::Element::Text'
#   at /home/perl58/testing/lib/site_perl/5.8.9/Test/Pod/Coverage.pm line 126.
# SVG::DOM2::Element::Text: couldn't find pod

#   Failed test 'Pod coverage on SVG::DOM2::Element::Shape::Stroke'
#   at /home/perl58/testing/lib/site_perl/5.8.9/Test/Pod/Coverage.pm line 126.
# Coverage for SVG::DOM2::Element::Shape::Stroke is 0.0%, with 4 naked subroutines:
# 	stroke
# 	stroke_color
# 	stroke_opacity
# 	stroke_width

#   Failed test 'Pod coverage on SVG::DOM2::Element::Shape::Font'
#   at /home/perl58/testing/lib/site_perl/5.8.9/Test/Pod/Coverage.pm line 126.
# Coverage for SVG::DOM2::Element::Shape::Font is 0.0%, with 6 naked subroutines:
# 	font_family
# 	font_size
# 	font_style
# 	font_weight
# 	stroke
# 	text_align

#   Failed test 'Pod coverage on SVG::DOM2::Element::Shape::Fill'
#   at /home/perl58/testing/lib/site_perl/5.8.9/Test/Pod/Coverage.pm line 126.
# Coverage for SVG::DOM2::Element::Shape::Fill is 0.0%, with 3 naked subroutines:
# 	fill
# 	fill_color
# 	fill_opacity

#   Failed test 'Pod coverage on SVG::DOM2::Element::Definition::linearGradient'
#   at /home/perl58/testing/lib/site_perl/5.8.9/Test/Pod/Coverage.pm line 126.
# SVG::DOM2::Element::Definition::linearGradient: couldn't find pod

#   Failed test 'Pod coverage on SVG::DOM2::Element::Definition::radialGradient'
#   at /home/perl58/testing/lib/site_perl/5.8.9/Test/Pod/Coverage.pm line 126.
# SVG::DOM2::Element::Definition::radialGradient: couldn't find pod

#   Failed test 'Pod coverage on SVG::DOM2::Element::MetaData::RDF'
#   at /home/perl58/testing/lib/site_perl/5.8.9/Test/Pod/Coverage.pm line 126.
# SVG::DOM2::Element::MetaData::RDF: couldn't find pod

#   Failed test 'Pod coverage on SVG::DOM2::Element::Definition::linearGradient::Stop'
#   at /home/perl58/testing/lib/site_perl/5.8.9/Test/Pod/Coverage.pm line 126.
# SVG::DOM2::Element::Definition::linearGradient::Stop: couldn't find pod
# Looks like you failed 19 tests of 23.
t/pod-coverage.t .. 
Dubious, test returned 19 (wstat 4864, 0x1300)
Failed 19/23 subtests 
t/pod.t ........... ok

Test Summary Report
-------------------
t/00-load.t     (Wstat: 256 Tests: 1 Failed: 1)
  Failed test:  1
  Non-zero exit status: 1
t/pod-coverage.t (Wstat: 4864 Tests: 23 Failed: 19)
  Failed tests:  2-4, 6-10, 13-23
  Non-zero exit status: 19
Files=4, Tests=50,  0 wallclock secs ( 0.04 usr  0.01 sys +  0.14 cusr  0.04 csys =  0.23 CPU)
Result: FAIL
Failed 2/4 test programs. 20/50 subtests failed.
make: *** [test_dynamic] Error 255

------------------------------
PREREQUISITES
------------------------------

Prerequisite modules loaded:

requires:

    Module     Need Have
    ---------- ---- ----
    Test::More 0    0.98


------------------------------
ENVIRONMENT AND OTHER CONTEXT
------------------------------

Environment variables:

    AUTOMATED_TESTING = 1
    LANG = en_US.UTF-8
    LC_COLLATE = C
    LC_MONETARY = nl_NL.utf8
    PATH = /home/tester/perl5/perlbrew/bin:/home/tester/perl5/perlbrew/perls/perl-5.15.1/bin:/usr/lib64/qt-3.3/bin:/usr/lib64/ccache:/usr/local/bin:/bin:/usr/bin:/usr/local/sbin:/usr/sbin:/sbin:/home/tester/bin:/home/tester/bin
    PATH_WITHOUT_PERLBREW = /usr/lib64/qt-3.3/bin:/usr/lib64/ccache:/usr/local/bin:/bin:/usr/bin:/usr/local/sbin:/usr/sbin:/sbin:/home/tester/bin
    PERL5LIB = 
    PERL5OPT = 
    PERL5_CPANPLUS_IS_RUNNING = 17407
    PERL5_CPAN_IS_RUNNING = 17407
    PERL5_CPAN_IS_RUNNING_IN_RECURSION = 19870,17407
    PERLBREW_PATH = /home/tester/perl5/perlbrew/bin:/home/tester/perl5/perlbrew/perls/perl-5.15.1/bin
    PERLBREW_PERL = perl-5.15.1
    PERLBREW_ROOT = /home/tester/perl5/perlbrew
    PERLBREW_VERSION = 0.15
    PERL_CR_SMOKER_CURRENT = SVG-DOM2-1.00
    PERL_EXTUTILS_AUTOINSTALL = --defaultdeps
    PERL_MM_USE_DEFAULT = 1
    SHELL = /bin/bash
    TERM = screen

Perl special variables (and OS-specific diagnostics, for MSWin32):

    $^X = /home/perl58/testing/bin/perl5.8.9
    $UID/$EUID = 506 / 506
    $GID = 506 506
    $EGID = 506 506

Perl module toolchain versions installed:

    Module              Have    
    ------------------- --------
    CPAN                1.9600  
    Cwd                 3.29    
    ExtUtils::CBuilder  0.280202
    ExtUtils::Command   1.16    
    ExtUtils::Install   1.52    
    ExtUtils::MakeMaker 6.56    
    ExtUtils::Manifest  1.56    
    ExtUtils::ParseXS   2.2206  
    File::Spec          3.29    
    Module::Build       0.3800  
    Module::Signature   n/a     
    Test::Harness       3.23    
    Test::More          0.98    
    YAML                n/a     
    YAML::Syck          1.17    
    version             0.90    


--

Summary of my perl5 (revision 5 version 8 subversion 9) configuration:
  Platform:
    osname=linux, osvers=2.6.35.11-83.fc14.x86_64, archname=x86_64-linux-thread-multi
    uname='linux firenze.fritz.box 2.6.35.11-83.fc14.x86_64 #1 smp mon feb 7 07:06:44 utc 2011 x86_64 x86_64 x86_64 gnulinux '
    config_args='-Dprefix=/home/perl58/testing/ -Dusethreads -Dusedevel -des'
    hint=recommended, useposix=true, d_sigaction=define
    usethreads=define use5005threads=undef useithreads=define usemultiplicity=define
    useperlio=define d_sfio=undef uselargefiles=define usesocks=undef
    use64bitint=define use64bitall=define uselongdouble=undef
    usemymalloc=n, bincompat5005=undef
  Compiler:
    cc='cc', ccflags ='-D_REENTRANT -D_GNU_SOURCE -DTHREADS_HAVE_PIDS -fno-strict-aliasing -pipe -I/usr/local/include -D_LARGEFILE_SOURCE -D_FILE_OFFSET_BITS=64 -I/usr/include/gdbm',
    optimize='-O2',
    cppflags='-D_REENTRANT -D_GNU_SOURCE -DTHREADS_HAVE_PIDS -fno-strict-aliasing -pipe -I/usr/local/include -I/usr/include/gdbm'
    ccversion='', gccversion='4.5.1 20100924 (Red Hat 4.5.1-4)', gccosandvers=''
    intsize=4, longsize=8, ptrsize=8, doublesize=8, byteorder=12345678
    d_longlong=define, longlongsize=8, d_longdbl=define, longdblsize=16
    ivtype='long', ivsize=8, nvtype='double', nvsize=8, Off_t='off_t', lseeksize=8
    alignbytes=8, prototype=define
  Linker and Libraries:
    ld='cc', ldflags =' -L/usr/local/lib'
    libpth=/usr/local/lib /lib /usr/lib /lib64 /usr/lib64 /usr/local/lib64
    libs=-lnsl -lgdbm -ldb -ldl -lm -lcrypt -lutil -lpthread -lc
    perllibs=-lnsl -ldl -lm -lcrypt -lutil -lpthread -lc
    libc=, so=so, useshrplib=false, libperl=libperl.a
    gnulibc_version='2.13'
  Dynamic Linking:
    dlsrc=dl_dlopen.xs, dlext=so, d_dlsymun=undef, ccdlflags='-Wl,-E'
    cccdlflags='-fPIC', lddlflags='-shared -O2 -L/usr/local/lib'


Characteristics of this binary (from libperl): 
  Compile-time options: MULTIPLICITY PERL_IMPLICIT_CONTEXT PERL_MALLOC_WRAP
                        THREADS_HAVE_PIDS USE_64_BIT_ALL USE_64_BIT_INT
                        USE_FAST_STDIO USE_ITHREADS USE_LARGE_FILES
                        USE_PERLIO USE_REENTRANT_API
  Built under linux
  Compiled at Jun  4 2011 22:22:39
  %ENV:
    PERL5LIB=""
    PERL5OPT=""
    PERL5_CPANPLUS_IS_RUNNING="17407"
    PERL5_CPAN_IS_RUNNING="17407"
    PERL5_CPAN_IS_RUNNING_IN_RECURSION="19870,17407"
    PERLBREW_PATH="/home/tester/perl5/perlbrew/bin:/home/tester/perl5/perlbrew/perls/perl-5.15.1/bin"
    PERLBREW_PERL="perl-5.15.1"
    PERLBREW_ROOT="/home/tester/perl5/perlbrew"
    PERLBREW_VERSION="0.15"
    PERL_CR_SMOKER_CURRENT="SVG-DOM2-1.00"
    PERL_EXTUTILS_AUTOINSTALL="--defaultdeps"
    PERL_MM_USE_DEFAULT="1"
  @INC:
    /home/perl58/testing/lib/5.8.9/x86_64-linux-thread-multi
    /home/perl58/testing/lib/5.8.9
    /home/perl58/testing/lib/site_perl/5.8.9/x86_64-linux-thread-multi
    /home/perl58/testing/lib/site_perl/5.8.9
    .