Net-Async-WebService-lxd v0.03 Perl 5 v5.10.1 amd64-freebsd

Status
Fail
From
Slaven Rezić
Dist
Net-Async-WebService-lxd v0.03
Platform
Perl 5 v5.10.1 amd64-freebsd
Date
2022-05-29 10:32:54
ID
b3048be6-df3a-11ec-ae05-8ac32cbfd570
This distribution has been tested as part of the CPAN Testers
project, supporting the Perl programming language.  See
http://wiki.cpantesters.org/ for more information or email
questions to cpan-testers-discuss@perl.org


--
Dear Robert Barta,

This is a computer-generated report for Net-Async-WebService-lxd-0.03
on perl 5.10.1, created by CPAN-Reporter-1.2018.

Thank you for uploading your work to CPAN.  However, there was a problem
testing your distribution.

If you think this report is invalid, please consult the CPAN Testers Wiki
for suggestions on how to avoid getting FAIL reports for missing library
or binary dependencies, unsupported operating systems, and so on:

http://wiki.cpantesters.org/wiki/CPANAuthorNotes

Sections of this report:

    * Tester comments
    * Program output
    * Prerequisites
    * Environment and other context

------------------------------
TESTER COMMENTS
------------------------------

Additional comments from tester:

none provided

------------------------------
PROGRAM OUTPUT
------------------------------

Output from './Build test':

Unknown warnings category 'experimental' at /usr/home/cpansand/.cpan/build/2022052517/Net-Async-WebService-lxd-0.03-4/blib/lib/Net/Async/WebService/lxd.pm line 450.
BEGIN failed--compilation aborted at /usr/home/cpansand/.cpan/build/2022052517/Net-Async-WebService-lxd-0.03-4/blib/lib/Net/Async/WebService/lxd.pm line 450.
Compilation failed in require at t/01_images.t line 27.
BEGIN failed--compilation aborted at t/01_images.t line 27.
t/01_images.t ..... 
Dubious, test returned 255 (wstat 65280, 0xff00)
No subtests run 
Unknown warnings category 'experimental' at /usr/home/cpansand/.cpan/build/2022052517/Net-Async-WebService-lxd-0.03-4/blib/lib/Net/Async/WebService/lxd.pm line 450.
BEGIN failed--compilation aborted at /usr/home/cpansand/.cpan/build/2022052517/Net-Async-WebService-lxd-0.03-4/blib/lib/Net/Async/WebService/lxd.pm line 450.
Compilation failed in require at t/01_projects.t line 27.
BEGIN failed--compilation aborted at t/01_projects.t line 27.
t/01_projects.t ... 
Dubious, test returned 255 (wstat 65280, 0xff00)
No subtests run 
Unknown warnings category 'experimental' at /usr/home/cpansand/.cpan/build/2022052517/Net-Async-WebService-lxd-0.03-4/blib/lib/Net/Async/WebService/lxd.pm line 450.
BEGIN failed--compilation aborted at /usr/home/cpansand/.cpan/build/2022052517/Net-Async-WebService-lxd-0.03-4/blib/lib/Net/Async/WebService/lxd.pm line 450.
Compilation failed in require at t/02_instances.t line 27.
BEGIN failed--compilation aborted at t/02_instances.t line 27.
t/02_instances.t .. 
Dubious, test returned 255 (wstat 65280, 0xff00)
No subtests run 
t/manifest.t ...... skipped: Author tests not required for installation

Test Summary Report
-------------------
t/01_images.t   (Wstat: 65280 (exited 255) Tests: 0 Failed: 0)
  Non-zero exit status: 255
  Parse errors: No plan found in TAP output
t/01_projects.t (Wstat: 65280 (exited 255) Tests: 0 Failed: 0)
  Non-zero exit status: 255
  Parse errors: No plan found in TAP output
t/02_instances.t (Wstat: 65280 (exited 255) Tests: 0 Failed: 0)
  Non-zero exit status: 255
  Parse errors: No plan found in TAP output
Files=4, Tests=0,  1 wallclock secs ( 0.01 usr  0.02 sys +  0.70 cusr  0.16 csys =  0.88 CPU)
Result: FAIL
Failed 3/4 test programs. 0/0 subtests failed.

------------------------------
PREREQUISITES
------------------------------

Prerequisite modules loaded:

requires:

    Module              Need Have    
    ------------------- ---- --------
    Encode              0    3.17    
    HTTP::Cookies       0    6.10    
    HTTP::Request       0    6.36    
    HTTP::Response      0    6.36    
    HTTP::Status        0    6.36    
    IO::Async           0    0.801   
    JSON                0    4.06    
    Log::Log4perl       0    1.52    
    Moose               0    2.2201  
    Net::Async::HTTP    0    0.48    
    URI                 0    5.09    
    YAML                0    1.30    

build_requires:

    Module              Need Have    
    ------------------- ---- --------
    File::Slurp         0    9999.32 
    JSON                0    4.06    
    Test::CheckManifest 0    1.42    
    Test::Deep          0    1.130   
    Test::Exception     0    0.43    
    Test::More          0    1.302190

configure_requires:

    Module              Need Have    
    ------------------- ---- --------
    Module::Build       0    0.4231  


------------------------------
ENVIRONMENT AND OTHER CONTEXT
------------------------------

Environment variables:

    LC_ALL = de_DE.ISO8859-1
    PATH = /usr/local/bin:/usr/bin:/bin:/usr/local/sbin:/usr/sbin:/sbin:/home/cpansand/bin/freebsd9.3:/home/cpansand/bin/sh:/home/cpansand/bin:/usr/games:/home/cpansand/devel:/usr/home/eserte/src/srezic-misc/scripts
    PERL5LIB = 
    PERL5OPT = 
    PERL5_CPANPLUS_IS_RUNNING = 85975
    PERL5_CPAN_IS_RUNNING = 85975
    PERL5_CPAN_IS_RUNNING_IN_RECURSION = 85012,85975
    PERLDOC = -MPod::Perldoc::ToTextOverstrike
    PERL_BATCH = yes
    PERL_CANARY_STABILITY_NOPROMPT = 1
    PERL_CPAN_REPORTER_CONFIG = /var/tmp/cpansmoker-1023/2022052517/cpanreporter_000_config.ini
    PERL_EXTUTILS_AUTOINSTALL = --defaultdeps
    PERL_USE_UNSAFE_INC = 1
    SHELL = /usr/local/bin/zsh
    TERM = screen
    TMPDIR = /var/tmp/cpansmoker-1023/2022052517

Perl special variables (and OS-specific diagnostics, for MSWin32):

    $^X = /usr/perl5.10.1/bin/perl
    $UID/$EUID = 1023 / 1023
    $GID = 1023 1023
    $EGID = 1023 1023

Perl module toolchain versions installed:

    Module              Have    
    ------------------- --------
    CPAN                2.34    
    CPAN::Meta          2.150010
    Cwd                 3.75    
    ExtUtils::CBuilder  0.280236
    ExtUtils::Command   7.64    
    ExtUtils::Install   2.20    
    ExtUtils::MakeMaker 7.64    
    ExtUtils::Manifest  1.73    
    ExtUtils::ParseXS   3.35    
    File::Spec          3.75    
    JSON                4.06    
    JSON::PP            4.08    
    Module::Build       0.4231  
    Module::Signature   0.88    
    Parse::CPAN::Meta   2.150010
    Test::Harness       3.44    
    Test::More          1.302190
    YAML                1.30    
    YAML::Syck          1.34    
    version             0.9929  


--

Summary of my perl5 (revision 5 version 10 subversion 1) configuration:
   
  Platform:
    osname=freebsd, osvers=9.2-release-p4, archname=amd64-freebsd
    uname='freebsd cvrsnica-freebsd-92 9.2-release-p4 freebsd 9.2-release-p4 #0: tue apr 8 18:08:22 utc 2014 root@amd64-builder.daemonology.net:usrobjusrsrcsysgeneric amd64 '
    config_args='-ds -e -Dprefix=/usr/perl5.10.1'
    hint=recommended, useposix=true, d_sigaction=define
    useithreads=undef, usemultiplicity=undef
    useperlio=define, d_sfio=undef, uselargefiles=define, usesocks=undef
    use64bitint=define, use64bitall=define, uselongdouble=undef
    usemymalloc=n, bincompat5005=undef
  Compiler:
    cc='cc', ccflags ='-DHAS_FPSETMASK -DHAS_FLOATINGPOINT_H -fno-strict-aliasing -pipe -fstack-protector -I/usr/local/include',
    optimize='-O',
    cppflags='-DHAS_FPSETMASK -DHAS_FLOATINGPOINT_H -fno-strict-aliasing -pipe -fstack-protector -I/usr/local/include'
    ccversion='', gccversion='4.2.1 20070831 patched [FreeBSD]', gccosandvers=''
    intsize=4, longsize=8, ptrsize=8, doublesize=8, byteorder=12345678
    d_longlong=define, longlongsize=8, d_longdbl=define, longdblsize=16
    ivtype='long', ivsize=8, nvtype='double', nvsize=8, Off_t='off_t', lseeksize=8
    alignbytes=8, prototype=define
  Linker and Libraries:
    ld='cc', ldflags ='-Wl,-E  -fstack-protector -L/usr/local/lib'
    libpth=/usr/lib /usr/local/lib
    libs=-lgdbm -lm -lcrypt -lutil -lc
    perllibs=-lm -lcrypt -lutil -lc
    libc=, so=so, useshrplib=false, libperl=libperl.a
    gnulibc_version=''
  Dynamic Linking:
    dlsrc=dl_dlopen.xs, dlext=so, d_dlsymun=undef, ccdlflags=' '
    cccdlflags='-DPIC -fPIC', lddlflags='-shared  -L/usr/local/lib -fstack-protector'


Characteristics of this binary (from libperl): 
  Compile-time options: PERL_DONT_CREATE_GVSV PERL_MALLOC_WRAP USE_64_BIT_ALL
                        USE_64_BIT_INT USE_LARGE_FILES USE_PERLIO
  Built under freebsd
  Compiled at May 15 2014 23:30:26
  %ENV:
    PERL5LIB=""
    PERL5OPT=""
    PERL5_CPANPLUS_IS_RUNNING="85975"
    PERL5_CPAN_IS_RUNNING="85975"
    PERL5_CPAN_IS_RUNNING_IN_RECURSION="85012,85975"
    PERLDOC="-MPod::Perldoc::ToTextOverstrike"
    PERL_BATCH="yes"
    PERL_CANARY_STABILITY_NOPROMPT="1"
    PERL_CPAN_REPORTER_CONFIG="/var/tmp/cpansmoker-1023/2022052517/cpanreporter_000_config.ini"
    PERL_EXTUTILS_AUTOINSTALL="--defaultdeps"
    PERL_USE_UNSAFE_INC="1"
  @INC:
    /usr/perl5.10.1/lib/5.10.1/amd64-freebsd
    /usr/perl5.10.1/lib/5.10.1
    /usr/perl5.10.1/lib/site_perl/5.10.1/amd64-freebsd
    /usr/perl5.10.1/lib/site_perl/5.10.1
    .