CPAN-Testers-Common-Client v0.14 Perl 5 v5.22.2 x86_64-linux

Status
Fail
From
Slaven Rezić (SREZIC)
Dist
CPAN-Testers-Common-Client v0.14
Platform
Perl 5 v5.22.2 x86_64-linux
Date
2018-04-22 20:56:59
ID
b2e5e8fc-466f-11e8-bf54-821211d5ee59
This distribution has been tested as part of the CPAN Testers
project, supporting the Perl programming language.  See
http://wiki.cpantesters.org/ for more information or email
questions to cpan-testers-discuss@perl.org


--
Dear Breno G. de Oliveira,

This is a computer-generated report for CPAN-Testers-Common-Client-0.14
on perl 5.22.2, created by CPAN-Reporter-1.2018.

Thank you for uploading your work to CPAN.  However, there was a problem
testing your distribution.

If you think this report is invalid, please consult the CPAN Testers Wiki
for suggestions on how to avoid getting FAIL reports for missing library
or binary dependencies, unsupported operating systems, and so on:

http://wiki.cpantesters.org/wiki/CPANAuthorNotes

Sections of this report:

    * Tester comments
    * Program output
    * Prerequisites
    * Environment and other context

------------------------------
TESTER COMMENTS
------------------------------

Additional comments from tester:

none provided

------------------------------
PROGRAM OUTPUT
------------------------------

Output from '/usr/bin/make test':

PERL_DL_NONLAZY=1 "/bbbike/perl-5.22.2/bin/perl" "-MExtUtils::Command::MM" "-MTest::Harness" "-e" "undef *Test::Harness::Switches; test_harness(0, 'blib/lib', 'blib/arch')" t/*.t
# Testing CPAN::Testers::Common::Client 0.14
t/00.load.t ................. ok
t/01-basic.t ................ ok

#   Failed test 'got the right email_from'
#   at t/02-config.t line 88.
#          got: 'srezic@cpan.org'
#     expected: 'Some User (SOMEUSER) <bogus@cpan.org>'

#   Failed test 'found right transport name'
#   at t/02-config.t line 93.
#          got: 'File'
#     expected: 'Metabase'
Odd number of elements in hash assignment at t/02-config.t line 95.

#   Failed test 'transport_args content'
#   at t/02-config.t line 96.
#     Structures begin differing at:
#          $got->{uri} = Does not exist
#     $expected->{uri} = 'https://metabase.cpantesters.org/api/v1/'
# Looks like you failed 3 tests of 23.
t/02-config.t ............... 
Dubious, test returned 3 (wstat 768, 0x300)
Failed 3/23 subtests 
t/03-history.t .............. ok
t/03-undef-prereq-report.t .. ok

Test Summary Report
-------------------
t/02-config.t             (Wstat: 768 Tests: 23 Failed: 3)
  Failed tests:  18-20
  Non-zero exit status: 3
Files=5, Tests=95,  3 wallclock secs ( 0.02 usr  0.02 sys +  1.50 cusr  0.48 csys =  2.02 CPU)
Result: FAIL
Failed 1/5 test programs. 3/95 subtests failed.
Makefile:900: recipe for target 'test_dynamic' failed
make: *** [test_dynamic] Error 255

------------------------------
PREREQUISITES
------------------------------

Prerequisite modules loaded:

requires:

    Module                Need Have    
    --------------------- ---- --------
    Capture::Tiny         0    0.46    
    Carp                  0    1.38    
    Config::Perl::V       0    0.27    
    CPAN::Version         0    5.5003  
    Devel::Platform::Info 0    0.16    
    ExtUtils::MakeMaker   6.36 7.34    
    Fcntl                 0    1.13    
    File::Glob            0    1.24    
    File::HomeDir         0.58 1.002   
    File::Path            0    2.15    
    File::Spec            3.19 3.74    
    IO::File              0    1.39    
    IPC::Cmd              0    0.94    
    Probe::Perl           0    0.03    
    Test::More            0    1.302136

build_requires:

    Module                Need Have    
    --------------------- ---- --------
    ExtUtils::MakeMaker   0    7.34    

configure_requires:

    Module                Need Have    
    --------------------- ---- --------
    ExtUtils::MakeMaker   0    7.34    


------------------------------
ENVIRONMENT AND OTHER CONTEXT
------------------------------

Environment variables:

    LANG = C
    LC_ALL = de_DE.UTF-8
    PATH = /usr/local/bin:/usr/bin:/bin:/usr/local/sbin:/usr/sbin:/sbin:/home/cpansand/bin/linux-gnu:/home/cpansand/bin/sh:/home/cpansand/bin:/usr/games:/home/cpansand/devel:/home/eserte/src/srezic-misc/scripts
    PERL5LIB = /home/cpansand/.cpan/build/2018042209/Dist-Iller-Config-Author-CSSON-0.0321-7/blib/arch:/home/cpansand/.cpan/build/2018042209/Dist-Iller-Config-Author-CSSON-0.0321-7/blib/lib
    PERL5OPT = 
    PERL5_CPANPLUS_IS_RUNNING = 8510
    PERL5_CPAN_IS_RUNNING = 8510
    PERL5_CPAN_IS_RUNNING_IN_RECURSION = 2167,8510
    PERLDOC = -MPod::Perldoc::ToTextOverstrike
    PERL_BATCH = yes
    PERL_CANARY_STABILITY_NOPROMPT = 1
    PERL_CPAN_REPORTER_CONFIG = /var/tmp/cpansmoker-1023/2018042209/cpanreporter_000_config.ini
    PERL_EXTUTILS_AUTOINSTALL = --defaultdeps
    PERL_PARALLEL_SMOKER = yes
    PERL_USE_UNSAFE_INC = 1
    SHELL = /bin/zsh
    TERM = screen
    TMPDIR = /var/tmp/cpansmoker-1023/2018042209

Perl special variables (and OS-specific diagnostics, for MSWin32):

    $^X = /bbbike/perl-5.22.2/bin/perl
    $UID/$EUID = 1023 / 1023
    $GID = 1023 1023
    $EGID = 1023 1023

Perl module toolchain versions installed:

    Module              Have    
    ------------------- --------
    CPAN                2.16    
    CPAN::Meta          2.150010
    Cwd                 3.74    
    ExtUtils::CBuilder  0.280230
    ExtUtils::Command   7.34    
    ExtUtils::Install   2.14    
    ExtUtils::MakeMaker 7.34    
    ExtUtils::Manifest  1.70    
    ExtUtils::ParseXS   3.30    
    File::Spec          3.74    
    JSON                2.97001 
    JSON::PP            2.96    
    Module::Build       0.4224  
    Module::Signature   0.81    
    Parse::CPAN::Meta   2.150010
    Test::Harness       3.42    
    Test::More          1.302136
    YAML                1.24    
    YAML::Syck          1.30    
    version             0.9917  


--

Summary of my perl5 (revision 5 version 22 subversion 2) configuration:
   
  Platform:
    osname=linux, osvers=3.16.0-4-amd64, archname=x86_64-linux
    uname='linux eserte 3.16.0-4-amd64 #1 smp debian 3.16.7-ckt25-2 (2016-04-08) x86_64 gnulinux '
    config_args='-ds -e -Dprefix=/opt/perl-5.22.2 -Dcf_email=srezic@cpan.org'
    hint=recommended, useposix=true, d_sigaction=define
    useithreads=undef, usemultiplicity=undef
    use64bitint=define, use64bitall=define, uselongdouble=undef
    usemymalloc=n, bincompat5005=undef
  Compiler:
    cc='cc', ccflags ='-fwrapv -fno-strict-aliasing -pipe -fstack-protector-strong -I/usr/local/include -D_LARGEFILE_SOURCE -D_FILE_OFFSET_BITS=64 -D_FORTIFY_SOURCE=2',
    optimize='-O2',
    cppflags='-fwrapv -fno-strict-aliasing -pipe -fstack-protector-strong -I/usr/local/include'
    ccversion='', gccversion='4.9.2', gccosandvers=''
    intsize=4, longsize=8, ptrsize=8, doublesize=8, byteorder=12345678, doublekind=3
    d_longlong=define, longlongsize=8, d_longdbl=define, longdblsize=16, longdblkind=3
    ivtype='long', ivsize=8, nvtype='double', nvsize=8, Off_t='off_t', lseeksize=8
    alignbytes=8, prototype=define
  Linker and Libraries:
    ld='cc', ldflags =' -fstack-protector-strong -L/usr/local/lib'
    libpth=/usr/local/lib /usr/lib/gcc/x86_64-linux-gnu/4.9/include-fixed /usr/include/x86_64-linux-gnu /usr/lib /lib/x86_64-linux-gnu /lib/../lib /usr/lib/x86_64-linux-gnu /usr/lib/../lib /lib
    libs=-lpthread -lnsl -ldl -lm -lcrypt -lutil -lc
    perllibs=-lpthread -lnsl -ldl -lm -lcrypt -lutil -lc
    libc=libc-2.19.so, so=so, useshrplib=false, libperl=libperl.a
    gnulibc_version='2.19'
  Dynamic Linking:
    dlsrc=dl_dlopen.xs, dlext=so, d_dlsymun=undef, ccdlflags='-Wl,-E'
    cccdlflags='-fPIC', lddlflags='-shared -O2 -L/usr/local/lib -fstack-protector-strong'


Characteristics of this binary (from libperl): 
  Compile-time options: HAS_TIMES PERLIO_LAYERS PERL_DONT_CREATE_GVSV
                        PERL_HASH_FUNC_ONE_AT_A_TIME_HARD PERL_MALLOC_WRAP
                        PERL_NEW_COPY_ON_WRITE PERL_PRESERVE_IVUV
                        USE_64_BIT_ALL USE_64_BIT_INT USE_LARGE_FILES
                        USE_LOCALE USE_LOCALE_COLLATE USE_LOCALE_CTYPE
                        USE_LOCALE_NUMERIC USE_LOCALE_TIME USE_PERLIO
                        USE_PERL_ATOF
  Built under linux
  Compiled at May  6 2016 22:58:24
  %ENV:
    PERL5LIB="/home/cpansand/.cpan/build/2018042209/Dist-Iller-Config-Author-CSSON-0.0321-7/blib/arch:/home/cpansand/.cpan/build/2018042209/Dist-Iller-Config-Author-CSSON-0.0321-7/blib/lib"
    PERL5OPT=""
    PERL5_CPANPLUS_IS_RUNNING="8510"
    PERL5_CPAN_IS_RUNNING="8510"
    PERL5_CPAN_IS_RUNNING_IN_RECURSION="2167,8510"
    PERLDOC="-MPod::Perldoc::ToTextOverstrike"
    PERL_BATCH="yes"
    PERL_CANARY_STABILITY_NOPROMPT="1"
    PERL_CPAN_REPORTER_CONFIG="/var/tmp/cpansmoker-1023/2018042209/cpanreporter_000_config.ini"
    PERL_EXTUTILS_AUTOINSTALL="--defaultdeps"
    PERL_PARALLEL_SMOKER="yes"
    PERL_USE_UNSAFE_INC="1"
  @INC:
    /home/cpansand/.cpan/build/2018042209/Dist-Iller-Config-Author-CSSON-0.0321-7/blib/arch
    /home/cpansand/.cpan/build/2018042209/Dist-Iller-Config-Author-CSSON-0.0321-7/blib/lib
    /opt/perl-5.22.2/lib/site_perl/5.22.2/x86_64-linux
    /opt/perl-5.22.2/lib/site_perl/5.22.2
    /opt/perl-5.22.2/lib/5.22.2/x86_64-linux
    /opt/perl-5.22.2/lib/5.22.2
    .