Catalyst-Controller-RequestToken v0.07 Perl 5 v5.22.3 x86_64-linux

Status
Fail
From
Andreas J. König (ANDK)
Dist
Catalyst-Controller-RequestToken v0.07
Platform
Perl 5 v5.22.3 x86_64-linux
Date
2017-09-25 04:55:04
ID
b2351b9c-a1ad-11e7-a2ba-489f74e792c7
This distribution has been tested as part of the CPAN Testers
project, supporting the Perl programming language.  See
http://wiki.cpantesters.org/ for more information or email
questions to cpan-testers-discuss@perl.org


--
Dear Hideo Kimura,

This is a computer-generated report for Catalyst-Controller-RequestToken-0.07
on perl 5.22.3, created by CPAN-Reporter-1.2018.

Thank you for uploading your work to CPAN.  However, there was a problem
testing your distribution.

If you think this report is invalid, please consult the CPAN Testers Wiki
for suggestions on how to avoid getting FAIL reports for missing library
or binary dependencies, unsupported operating systems, and so on:

http://wiki.cpantesters.org/wiki/CPANAuthorNotes

Sections of this report:

    * Tester comments
    * Program output
    * Prerequisites
    * Environment and other context

------------------------------
TESTER COMMENTS
------------------------------

Additional comments from tester:

this report is from an automated smoke testing program
and was not reviewed by a human for accuracy

------------------------------
PROGRAM OUTPUT
------------------------------

Output from '/usr/bin/make test':

PERL_DL_NONLAZY=1 "/home/sand/src/perl/repoperls/installed-perls/host/k93msid/v5.22.3/d2d1/bin/perl" "-MExtUtils::Command::MM" "-MTest::Harness" "-e" "undef *Test::Harness::Switches; test_harness(0, 'inc', 'blib/lib', 'blib/arch')" t/*.t
t/00-load.t ....... ok
t/00_compile.t .... ok
[debug] Debug messages enabled
[debug] Statistics enabled
Term::Size::Any is not installed, can't autodetect terminal column width
Trouble trying to detect your terminal size, looking at $ENV{COLUMNS}
Cannot determine desired terminal width, using default of 80 columns
[debug] Loaded plugins:
.----------------------------------------------------------------------------.
| Catalyst::Plugin::Session  0.4                                             |
| Catalyst::Plugin::Session::State::Cookie  0.17                             |
| Catalyst::Plugin::Session::Store::Dummy                                    |
'----------------------------------------------------------------------------'

[debug] Loaded PSGI Middleware:
.----------------------------------------------------------------------------.
| Catalyst::Middleware::Stash                                                |
| Plack::Middleware::HTTPExceptions                                          |
| Plack::Middleware::RemoveRedundantBody  0.04                               |
| Plack::Middleware::FixMissingBodyInRedirect  0.12                          |
| Plack::Middleware::ContentLength                                           |
| Plack::Middleware::MethodOverride  0.15                                    |
| Plack::Middleware::Head                                                    |
'----------------------------------------------------------------------------'

[debug] Loaded Request Data Handlers:
.----------------------------------------------------------------------------.
| application/x-www-form-urlencoded                                          |
| application/json                                                           |
'----------------------------------------------------------------------------'

[debug] Loaded dispatcher "Catalyst::Dispatcher"
[debug] Loaded engine "Catalyst::Engine"
[debug] Found home "/tmp/loop_over_bdir-14383-WuJidD/Catalyst-Controller-RequestToken-0.07-0/t/lib/TestApp"
[debug] Loaded components:
.-----------------------------------------------------------------+----------.
| Class                                                           | Type     |
+-----------------------------------------------------------------+----------+
| TestApp::Controller::Root                                       | instance |
| TestApp::Controller::Simple                                     | instance |
'-----------------------------------------------------------------+----------'


#   Failed test 'use TestApp;'
#   at t/live-test.t line 18.
#     Tried to use 'TestApp'.
#     Error:  Can't locate Catalyst/Action/Catalyst/Controller/RequestToken/Action/CreateToken.pm in @INC (you may need to install the Catalyst::Action::Catalyst::Controller::RequestToken::Action::CreateToken module) (@INC contains: /tmp/loop_over_bdir-14383-WuJidD/Catalyst-Controller-RequestToken-0.07-0/t/lib /tmp/loop_over_bdir-14383-WuJidD/Catalyst-Controller-RequestToken-0.07-0/inc /tmp/loop_over_bdir-14383-WuJidD/Catalyst-Controller-RequestToken-0.07-0/blib/lib /tmp/loop_over_bdir-14383-WuJidD/Catalyst-Controller-RequestToken-0.07-0/blib/arch /home/sand/src/perl/repoperls/installed-perls/host/k93msid/v5.22.3/d2d1/lib/site_perl/5.22.3/x86_64-linux /home/sand/src/perl/repoperls/installed-perls/host/k93msid/v5.22.3/d2d1/lib/site_perl/5.22.3 /home/sand/src/perl/repoperls/installed-perls/host/k93msid/v5.22.3/d2d1/lib/5.22.3/x86_64-linux /home/sand/src/perl/repoperls/installed-perls/host/k93msid/v5.22.3/d2d1/lib/5.22.3 .) at /home/sand/src/perl/repoperls/installed-perls/host/k93msid/v5.22.3/d2d1/lib/site_perl/5.22.3/Catalyst.pm line 2988.
# Compilation failed in require at t/live-test.t line 18.
# BEGIN failed--compilation aborted at t/live-test.t line 18.
[info] *** Request 1 (1.000/s) [15556] [Mon Sep 25 04:54:52 2017] ***
[debug] Path is "/"
[debug] "GET" request for "/" from "127.0.0.1"
[debug] Response Code: 200; Content-Type: text/html; charset=UTF-8; Content-Length: unknown
[info] Request took 0.006562s (152.393/s)
.------------------------------------------------------------+-----------.
| Action                                                     | Time      |
+------------------------------------------------------------+-----------+
| /main                                                      | 0.000124s |
| /end                                                       | 0.000119s |
'------------------------------------------------------------+-----------'

[info] *** Request 2 (2.000/s) [15556] [Mon Sep 25 04:54:52 2017] ***
[debug] Path is "/"
[debug] Arguments are "simple/form"
[debug] "GET" request for "simple/form" from "127.0.0.1"
[debug] Response Code: 200; Content-Type: text/html; charset=UTF-8; Content-Length: unknown
[info] Request took 0.005619s (177.968/s)
.------------------------------------------------------------+-----------.
| Action                                                     | Time      |
+------------------------------------------------------------+-----------+
| /main                                                      | 0.000101s |
| /end                                                       | 0.000101s |
'------------------------------------------------------------+-----------'


#   Failed test 'form page - valid'
#   at t/live-test.t line 27.
#          got: "<h1>It works</h1>"
#       length: 17
#     doesn't match '(?^i:FORM)'
Can't call method "make_request" on an undefined value at /home/sand/src/perl/repoperls/installed-perls/host/k93msid/v5.22.3/d2d1/lib/site_perl/5.22.3/WWW/Mechanize.pm line 969.
# Looks like your test exited with 255 just after 5.
t/live-test.t ..... 
Dubious, test returned 255 (wstat 65280, 0xff00)
Failed 12/15 subtests 
t/pod.t ........... ok

#   Failed test 'Pod coverage on Catalyst::Controller::RequestToken'
#   at /home/sand/src/perl/repoperls/installed-perls/host/k93msid/v5.22.3/d2d1/lib/site_perl/5.22.3/Test/Pod/Coverage.pm line 133.
# Coverage for Catalyst::Controller::RequestToken is 83.3%, with 1 naked subroutine:
# 	BUILD
# Looks like you failed 1 test of 4.
t/pod_coverage.t .. 
Dubious, test returned 1 (wstat 256, 0x100)
Failed 1/4 subtests 

Test Summary Report
-------------------
t/live-test.t   (Wstat: 65280 Tests: 5 Failed: 2)
  Failed tests:  1, 5
  Non-zero exit status: 255
  Parse errors: Bad plan.  You planned 15 tests but ran 5.
t/pod_coverage.t (Wstat: 256 Tests: 4 Failed: 1)
  Failed test:  1
  Non-zero exit status: 1
Files=5, Tests=15,  8 wallclock secs ( 0.02 usr  0.03 sys +  2.42 cusr  0.28 csys =  2.75 CPU)
Result: FAIL
Failed 2/5 test programs. 3/15 subtests failed.
Makefile:790: recipe for target 'test_dynamic' failed
make: *** [test_dynamic] Error 1

------------------------------
PREREQUISITES
------------------------------

Prerequisite modules loaded:

requires:

    Module                                   Need Have    
    ---------------------------------------- ---- --------
    Digest                                   0    1.17_01 
    Scalar::Util                             0    1.48    

build_requires:

    Module                                   Need Have    
    ---------------------------------------- ---- --------
    Catalyst::Action::RenderView             0    0.16    
    Catalyst::Plugin::Session                0    0.40    
    Catalyst::Plugin::Session::State::Cookie 0    0.17    
    Catalyst::Runtime                        5.8  5.90115 
    ExtUtils::MakeMaker                      6.36 7.30    
    ok                                       0    1.302096
    Test::More                               0    1.302096

configure_requires:

    Module                                   Need Have    
    ---------------------------------------- ---- --------
    ExtUtils::MakeMaker                      6.36 7.30    


------------------------------
ENVIRONMENT AND OTHER CONTEXT
------------------------------

Environment variables:

    AUTOMATED_TESTING = 1
    LANG = en_US.UTF-8
    PATH = /home/sand/bin:/usr/local/bin:/usr/bin:/bin:/usr/games:/usr/local/perl/bin:/usr/X11/bin:/sbin:/usr/sbin
    PERL5LIB = 
    PERL5OPT = 
    PERL5_CPANPLUS_IS_RUNNING = 14398
    PERL5_CPAN_IS_RUNNING = 14398
    PERL5_CPAN_IS_RUNNING_IN_RECURSION = 5668,14398
    PERL_CANARY_STABILITY_NOPROMPT = 1
    PERL_MM_USE_DEFAULT = 1
    PERL_USE_UNSAFE_INC = 1
    SHELL = /usr/bin/zsh
    TERM = screen

Perl special variables (and OS-specific diagnostics, for MSWin32):

    $^X = /home/sand/src/perl/repoperls/installed-perls/host/k93msid/v5.22.3/d2d1/bin/perl
    $UID/$EUID = 1005 / 1005
    $GID = 1005 1005
    $EGID = 1005 1005

Perl module toolchain versions installed:

    Module              Have      
    ------------------- ----------
    CPAN                2.18      
    CPAN::Meta          2.150010  
    Cwd                 3.62      
    ExtUtils::CBuilder  0.280226  
    ExtUtils::Command   7.30      
    ExtUtils::Install   2.06      
    ExtUtils::MakeMaker 7.30      
    ExtUtils::Manifest  1.70      
    ExtUtils::ParseXS   3.35      
    File::Spec          3.62      
    JSON                2.94      
    JSON::PP            2.27300_01
    Module::Build       0.4224    
    Module::Signature   0.81      
    Parse::CPAN::Meta   2.150010  
    Test::Harness       3.39      
    Test::More          1.302096  
    YAML                1.23      
    YAML::Syck          1.30      
    version             0.9918    


--

Summary of my perl5 (revision 5 version 22 subversion 3) configuration:
  Derived from: 16b638b0a20de774856b3a21a75a5e373af5262c
  Platform:
    osname=linux, osvers=4.9.0-2-amd64, archname=x86_64-linux
    uname='linux k93msid 4.9.0-2-amd64 #1 smp debian 4.9.18-1 (2017-03-30) x86_64 gnulinux '
    config_args='-Dprefix=/home/sand/src/perl/repoperls/installed-perls/host/k93msid/v5.22.3/d2d1 -Dmyhostname=k93msid -Dinstallusrbinperl=n -Uversiononly -Dusedevel -des -Ui_db -Dlibswanted=cl pthread socket inet nsl gdbm dbm malloc dl ld sun m crypt sec util c cposix posix ucb BSD gdbm_compat -Uuseithreads -Uuselongdouble -DDEBUGGING=both'
    hint=recommended, useposix=true, d_sigaction=define
    useithreads=undef, usemultiplicity=undef
    use64bitint=define, use64bitall=define, uselongdouble=undef
    usemymalloc=n, bincompat5005=undef
  Compiler:
    cc='cc', ccflags ='-fwrapv -DDEBUGGING -fno-strict-aliasing -pipe -fstack-protector-strong -I/usr/local/include -D_LARGEFILE_SOURCE -D_FILE_OFFSET_BITS=64',
    optimize='-O2 -g',
    cppflags='-fwrapv -DDEBUGGING -fno-strict-aliasing -pipe -fstack-protector-strong -I/usr/local/include'
    ccversion='', gccversion='6.3.0 20170406', gccosandvers=''
    intsize=4, longsize=8, ptrsize=8, doublesize=8, byteorder=12345678, doublekind=3
    d_longlong=define, longlongsize=8, d_longdbl=define, longdblsize=16, longdblkind=3
    ivtype='long', ivsize=8, nvtype='double', nvsize=8, Off_t='off_t', lseeksize=8
    alignbytes=8, prototype=define
  Linker and Libraries:
    ld='cc', ldflags =' -fstack-protector-strong -L/usr/local/lib'
    libpth=/usr/local/lib /usr/lib/gcc/x86_64-linux-gnu/6/include-fixed /usr/include/x86_64-linux-gnu /usr/lib /lib/x86_64-linux-gnu /lib/../lib /usr/lib/x86_64-linux-gnu /usr/lib/../lib /lib
    libs=-lpthread -lnsl -ldl -lm -lcrypt -lutil -lc
    perllibs=-lpthread -lnsl -ldl -lm -lcrypt -lutil -lc
    libc=libc-2.24.so, so=so, useshrplib=false, libperl=libperl.a
    gnulibc_version='2.24'
  Dynamic Linking:
    dlsrc=dl_dlopen.xs, dlext=so, d_dlsymun=undef, ccdlflags='-Wl,-E'
    cccdlflags='-fPIC', lddlflags='-shared -O2 -g -L/usr/local/lib -fstack-protector-strong'


Characteristics of this binary (from libperl): 
  Compile-time options: DEBUGGING HAS_TIMES PERLIO_LAYERS
                        PERL_DONT_CREATE_GVSV
                        PERL_HASH_FUNC_ONE_AT_A_TIME_HARD PERL_MALLOC_WRAP
                        PERL_NEW_COPY_ON_WRITE PERL_PRESERVE_IVUV
                        PERL_USE_DEVEL USE_64_BIT_ALL USE_64_BIT_INT
                        USE_LARGE_FILES USE_LOCALE USE_LOCALE_COLLATE
                        USE_LOCALE_CTYPE USE_LOCALE_NUMERIC USE_LOCALE_TIME
                        USE_PERLIO USE_PERL_ATOF
  Locally applied patches:
	uncommitted-changes
  Built under linux
  Compiled at Aug 26 2017 00:36:00
  %ENV:
    PERL5LIB=""
    PERL5OPT=""
    PERL5_CPANPLUS_IS_RUNNING="14398"
    PERL5_CPAN_IS_RUNNING="14398"
    PERL5_CPAN_IS_RUNNING_IN_RECURSION="5668,14398"
    PERL_CANARY_STABILITY_NOPROMPT="1"
    PERL_MM_USE_DEFAULT="1"
    PERL_USE_UNSAFE_INC="1"
  @INC:
    /home/sand/src/perl/repoperls/installed-perls/host/k93msid/v5.22.3/d2d1/lib/site_perl/5.22.3/x86_64-linux
    /home/sand/src/perl/repoperls/installed-perls/host/k93msid/v5.22.3/d2d1/lib/site_perl/5.22.3
    /home/sand/src/perl/repoperls/installed-perls/host/k93msid/v5.22.3/d2d1/lib/5.22.3/x86_64-linux
    /home/sand/src/perl/repoperls/installed-perls/host/k93msid/v5.22.3/d2d1/lib/5.22.3
    .