Facebook-Graph v1.1205 Perl 5 v5.24.4 x86_64-linux-thread-multi
- Status
- Fail
- From
- Slaven Rezić (SREZIC)
- Dist
-
Facebook-Graph v1.1205
- Platform
- Perl 5 v5.24.4 x86_64-linux-thread-multi
- Date
- 2019-01-21 18:16:38
- ID
- b1ff8b30-1da8-11e9-9982-f14742636834
This distribution has been tested as part of the CPAN Testers
project, supporting the Perl programming language. See
http://wiki.cpantesters.org/ for more information or email
questions to cpan-testers-discuss@perl.org
--
Dear JT Smith,
This is a computer-generated report for Facebook-Graph-1.1205
on perl 5.24.4, created by CPAN-Reporter-1.2018.
Thank you for uploading your work to CPAN. However, there was a problem
testing your distribution.
If you think this report is invalid, please consult the CPAN Testers Wiki
for suggestions on how to avoid getting FAIL reports for missing library
or binary dependencies, unsupported operating systems, and so on:
http://wiki.cpantesters.org/wiki/CPANAuthorNotes
Sections of this report:
* Tester comments
* Program output
* Prerequisites
* Environment and other context
------------------------------
TESTER COMMENTS
------------------------------
Additional comments from tester:
none provided
------------------------------
PROGRAM OUTPUT
------------------------------
Output from '/usr/bin/make test':
PERL_DL_NONLAZY=1 "/opt/perl-5.24.4t/bin/perl" "-MExtUtils::Command::MM" "-MTest::Harness" "-e" "undef *Test::Harness::Switches; test_harness(0, 'blib/lib', 'blib/arch')" t/*.t
# Failed test 'get an api version'
# at t/01_versioned_path.t line 14.
# got: 'v3.1'
# expected: 'v2.8'
# Failed test 'create a versioned api path'
# at t/01_versioned_path.t line 15.
# got: 'v3.1/sarahbownds'
# expected: 'v2.8/sarahbownds'
# Looks like you failed 2 tests of 5.
t/01_versioned_path.t ...
Dubious, test returned 2 (wstat 512, 0x200)
Failed 2/5 subtests
t/02_signed_requests.t .. ok
# Failed test 'default pic'
# at t/04_picture.t line 14.
# got: 'https://graph.facebook.com/v3.1/sarahbownds/picture'
# expected: 'https://graph.facebook.com/v2.8/sarahbownds/picture'
# Failed test 'small pic'
# at t/04_picture.t line 15.
# got: 'https://graph.facebook.com/v3.1/sarahbownds/picture?type=small'
# expected: 'https://graph.facebook.com/v2.8/sarahbownds/picture?type=small'
# Failed test 'large pic'
# at t/04_picture.t line 16.
# got: 'https://graph.facebook.com/v3.1/sarahbownds/picture?type=large'
# expected: 'https://graph.facebook.com/v2.8/sarahbownds/picture?type=large'
# Failed test 'square pic'
# at t/04_picture.t line 17.
# got: 'https://graph.facebook.com/v3.1/sarahbownds/picture?type=square'
# expected: 'https://graph.facebook.com/v2.8/sarahbownds/picture?type=square'
# Looks like you failed 4 tests of 7.
t/04_picture.t ..........
Dubious, test returned 4 (wstat 1024, 0x400)
Failed 4/7 subtests
t/05_access_token.t ..... ok
t/author-pod-syntax.t ... skipped: these tests are for testing by the author
Test Summary Report
-------------------
t/01_versioned_path.t (Wstat: 512 Tests: 5 Failed: 2)
Failed tests: 4-5
Non-zero exit status: 2
t/04_picture.t (Wstat: 1024 Tests: 7 Failed: 4)
Failed tests: 4-7
Non-zero exit status: 4
Files=5, Tests=19, 0 wallclock secs ( 0.01 usr 0.02 sys + 0.55 cusr 0.08 csys = 0.66 CPU)
Result: FAIL
Failed 2/5 test programs. 6/19 subtests failed.
Makefile:962: recipe for target 'test_dynamic' failed
make: *** [test_dynamic] Error 255
------------------------------
PREREQUISITES
------------------------------
Prerequisite modules loaded:
requires:
Module Need Have
-------------------------- ------ --------
DateTime 0.61 1.50
DateTime::Format::Strptime 1.4000 1.75
JSON 2.16 4.01
LWP::Protocol::https 6.06 6.07
LWP::UserAgent 6.13 6.36
MIME::Base64::URLSafe 0.01 0.01
Moo 0 2.003004
Ouch 0.0400 0.0500
perl 5.006 5.024004
Test::More 0 1.302160
URI 1.54 1.75
build_requires:
Module Need Have
-------------------------- ------ --------
HTTP::Response 0 6.18
Test::Pod 0 1.52
configure_requires:
Module Need Have
-------------------------- ------ --------
ExtUtils::MakeMaker 0 7.34
------------------------------
ENVIRONMENT AND OTHER CONTEXT
------------------------------
Environment variables:
LANG = C
PATH = /usr/local/bin:/usr/bin:/bin:/usr/local/sbin:/usr/sbin:/sbin:/home/cpansand/bin/linux-gnu:/home/cpansand/bin/sh:/home/cpansand/bin:/usr/games:/home/cpansand/devel:/home/eserte/src/srezic-misc/scripts
PERL5LIB =
PERL5OPT =
PERL5_CPANPLUS_IS_RUNNING = 23199
PERL5_CPAN_IS_RUNNING = 23199
PERL5_CPAN_IS_RUNNING_IN_RECURSION = 22379,23199
PERLDOC = -MPod::Perldoc::ToTextOverstrike
PERL_BATCH = yes
PERL_CANARY_STABILITY_NOPROMPT = 1
PERL_CPAN_REPORTER_CONFIG = /var/tmp/cpansmoker-1023/2019012117/cpanreporter_000_config.ini
PERL_EXTUTILS_AUTOINSTALL = --defaultdeps
PERL_USE_UNSAFE_INC = 1
SHELL = /usr/bin/zsh
TERM = screen
TMPDIR = /var/tmp/cpansmoker-1023/2019012117
Perl special variables (and OS-specific diagnostics, for MSWin32):
$^X = /opt/perl-5.24.4t/bin/perl
$UID/$EUID = 1023 / 1023
$GID = 1023 1023
$EGID = 1023 1023
Perl module toolchain versions installed:
Module Have
------------------- --------
CPAN 2.16
CPAN::Meta 2.150010
Cwd 3.75
ExtUtils::CBuilder 0.280230
ExtUtils::Command 7.34
ExtUtils::Install 2.14
ExtUtils::MakeMaker 7.34
ExtUtils::Manifest 1.71
ExtUtils::ParseXS 3.31
File::Spec 3.75
JSON 4.01
JSON::PP 2.97001
Module::Build 0.4224
Module::Signature 0.83
Parse::CPAN::Meta 2.150010
Test::Harness 3.42
Test::More 1.302160
YAML 1.26
YAML::Syck 1.31
version 0.9923
--
Summary of my perl5 (revision 5 version 24 subversion 4) configuration:
Platform:
osname=linux, osvers=3.16.0-5-amd64, archname=x86_64-linux-thread-multi
uname='linux debian8 3.16.0-5-amd64 #1 smp debian 3.16.51-3+deb8u1 (2018-01-08) x86_64 gnulinux '
config_args='-ds -e -Dprefix=/opt/perl-5.24.4t -Dusethreads -Dcf_email=srezic@cpan.org'
hint=recommended, useposix=true, d_sigaction=define
useithreads=define, usemultiplicity=define
use64bitint=define, use64bitall=define, uselongdouble=undef
usemymalloc=n, bincompat5005=undef
Compiler:
cc='cc', ccflags ='-D_REENTRANT -D_GNU_SOURCE -fwrapv -fno-strict-aliasing -pipe -fstack-protector-strong -I/usr/local/include -D_LARGEFILE_SOURCE -D_FILE_OFFSET_BITS=64 -D_FORTIFY_SOURCE=2',
optimize='-O2',
cppflags='-D_REENTRANT -D_GNU_SOURCE -fwrapv -fno-strict-aliasing -pipe -fstack-protector-strong -I/usr/local/include'
ccversion='', gccversion='4.9.2', gccosandvers=''
intsize=4, longsize=8, ptrsize=8, doublesize=8, byteorder=12345678, doublekind=3
d_longlong=define, longlongsize=8, d_longdbl=define, longdblsize=16, longdblkind=3
ivtype='long', ivsize=8, nvtype='double', nvsize=8, Off_t='off_t', lseeksize=8
alignbytes=8, prototype=define
Linker and Libraries:
ld='cc', ldflags =' -fstack-protector-strong -L/usr/local/lib'
libpth=/usr/local/lib /usr/lib/gcc/x86_64-linux-gnu/4.9/include-fixed /usr/include/x86_64-linux-gnu /usr/lib /lib/x86_64-linux-gnu /lib/../lib /usr/lib/x86_64-linux-gnu /usr/lib/../lib /lib
libs=-lpthread -lnsl -lgdbm -ldb -ldl -lm -lcrypt -lutil -lc -lgdbm_compat
perllibs=-lpthread -lnsl -ldl -lm -lcrypt -lutil -lc
libc=libc-2.19.so, so=so, useshrplib=false, libperl=libperl.a
gnulibc_version='2.19'
Dynamic Linking:
dlsrc=dl_dlopen.xs, dlext=so, d_dlsymun=undef, ccdlflags='-Wl,-E'
cccdlflags='-fPIC', lddlflags='-shared -O2 -L/usr/local/lib -fstack-protector-strong'
Characteristics of this binary (from libperl):
Compile-time options: HAS_TIMES MULTIPLICITY PERLIO_LAYERS
PERL_COPY_ON_WRITE PERL_DONT_CREATE_GVSV
PERL_HASH_FUNC_ONE_AT_A_TIME_HARD
PERL_IMPLICIT_CONTEXT PERL_MALLOC_WRAP
PERL_PRESERVE_IVUV USE_64_BIT_ALL USE_64_BIT_INT
USE_ITHREADS USE_LARGE_FILES USE_LOCALE
USE_LOCALE_COLLATE USE_LOCALE_CTYPE
USE_LOCALE_NUMERIC USE_LOCALE_TIME USE_PERLIO
USE_PERL_ATOF USE_REENTRANT_API
Built under linux
Compiled at Apr 17 2018 04:57:43
%ENV:
PERL5LIB=""
PERL5OPT=""
PERL5_CPANPLUS_IS_RUNNING="23199"
PERL5_CPAN_IS_RUNNING="23199"
PERL5_CPAN_IS_RUNNING_IN_RECURSION="22379,23199"
PERLDOC="-MPod::Perldoc::ToTextOverstrike"
PERL_BATCH="yes"
PERL_CANARY_STABILITY_NOPROMPT="1"
PERL_CPAN_REPORTER_CONFIG="/var/tmp/cpansmoker-1023/2019012117/cpanreporter_000_config.ini"
PERL_EXTUTILS_AUTOINSTALL="--defaultdeps"
PERL_USE_UNSAFE_INC="1"
@INC:
/opt/perl-5.24.4t/lib/site_perl/5.24.4/x86_64-linux-thread-multi
/opt/perl-5.24.4t/lib/site_perl/5.24.4
/opt/perl-5.24.4t/lib/5.24.4/x86_64-linux-thread-multi
/opt/perl-5.24.4t/lib/5.24.4
.