Back
From: metabase:user:30f4dfbe-2aae-11df-837a-5e0a49663a4f
Subject: FAIL Crypt-SSLeay-0.72 v5.8.5 GNU/Linux
Date: 2016-06-06T16:14:07Z
This distribution has been tested as part of the CPAN Testers
project, supporting the Perl programming language. See
http://wiki.cpantesters.org/ for more information or email
questions to cpan-testers-discuss@perl.org
--
Dear A. Sinan Unur,
This is a computer-generated report for Crypt-SSLeay-0.72
on perl 5.8.5, created by CPAN-Reporter-1.2017.
Thank you for uploading your work to CPAN. However, there was a problem
testing your distribution.
If you think this report is invalid, please consult the CPAN Testers Wiki
for suggestions on how to avoid getting FAIL reports for missing library
or binary dependencies, unsupported operating systems, and so on:
http://wiki.cpantesters.org/wiki/CPANAuthorNotes
Sections of this report:
* Tester comments
* Program output
* Prerequisites
* Environment and other context
------------------------------
TESTER COMMENTS
------------------------------
Additional comments from tester:
this report is from an automated smoke testing program
and was not reviewed by a human for accuracy
------------------------------
PROGRAM OUTPUT
------------------------------
Output from '/usr/bin/make test':
"/home/njh/perl5/perlbrew/perls/perl-5.8.5/bin/perl" -MExtUtils::Command::MM -e 'cp_nonempty' -- SSLeay.bs blib/arch/auto/Crypt/SSLeay/SSLeay.bs 644
PERL_DL_NONLAZY=1 "/home/njh/perl5/perlbrew/perls/perl-5.8.5/bin/perl" "-MExtUtils::Command::MM" "-MTest::Harness" "-e" "undef *Test::Harness::Switches; test_harness(0, 'blib/lib', 'blib/arch')" t/*.t
# Failed test 'use Crypt::SSLeay;'
# at t/00-basic.t line 6.
# Tried to use 'Crypt::SSLeay'.
# Error: Can't load '/home/njh/.cpan/build/Crypt-SSLeay-0.72-d2cH91/blib/arch/auto/Crypt/SSLeay/SSLeay.so' for module Crypt::SSLeay: /home/njh/.cpan/build/Crypt-SSLeay-0.72-d2cH91/blib/arch/auto/Crypt/SSLeay/SSLeay.so: undefined symbol: SSLv3_client_method at /home/njh/perl5/perlbrew/perls/perl-5.8.5/lib/5.8.5/x86_64-linux-thread-multi/DynaLoader.pm line 230.
# at t/00-basic.t line 6.
# Compilation failed in require at t/00-basic.t line 6.
# BEGIN failed--compilation aborted at t/00-basic.t line 6.
# Failed test 'use Crypt::SSLeay::MainContext;'
# at t/00-basic.t line 10.
# Tried to use 'Crypt::SSLeay::MainContext'.
# Error: Can't locate object method "new" via package "Crypt::SSLeay::CTX" at /home/njh/.cpan/build/Crypt-SSLeay-0.72-d2cH91/blib/lib/Crypt/SSLeay/MainContext.pm line 15.
# Compilation failed in require at t/00-basic.t line 10.
# BEGIN failed--compilation aborted at t/00-basic.t line 10.
Can't load '/home/njh/.cpan/build/Crypt-SSLeay-0.72-d2cH91/blib/arch/auto/Crypt/SSLeay/SSLeay.so' for module Crypt::SSLeay: /home/njh/.cpan/build/Crypt-SSLeay-0.72-d2cH91/blib/arch/auto/Crypt/SSLeay/SSLeay.so: undefined symbol: SSLv3_client_method at /home/njh/perl5/perlbrew/perls/perl-5.8.5/lib/5.8.5/x86_64-linux-thread-multi/DynaLoader.pm line 230.
at /home/njh/.cpan/build/Crypt-SSLeay-0.72-d2cH91/blib/lib/Net/SSL.pm line 20.
Compilation failed in require at /home/njh/.cpan/build/Crypt-SSLeay-0.72-d2cH91/blib/lib/Net/SSL.pm line 20.
Compilation failed in require at t/01-connect.t line 6.
BEGIN failed--compilation aborted at t/01-connect.t line 6.
# Looks like your test exited with 2 before it could output anything.
t/01-connect.t ...
Dubious, test returned 2 (wstat 512, 0x200)
Failed 8/8 subtests
# Reading configuration from 'test.config' on linux
# network_tests : 0
t/02-live.t ...... skipped: Network tests disabled
Can't load '/home/njh/.cpan/build/Crypt-SSLeay-0.72-d2cH91/blib/arch/auto/Crypt/SSLeay/SSLeay.so' for module Crypt::SSLeay: /home/njh/.cpan/build/Crypt-SSLeay-0.72-d2cH91/blib/arch/auto/Crypt/SSLeay/SSLeay.so: undefined symbol: SSLv3_client_method at /home/njh/perl5/perlbrew/perls/perl-5.8.5/lib/5.8.5/x86_64-linux-thread-multi/DynaLoader.pm line 230.
at /home/njh/.cpan/build/Crypt-SSLeay-0.72-d2cH91/blib/lib/Crypt/SSLeay/Version.pm line 2.
Compilation failed in require at /home/njh/.cpan/build/Crypt-SSLeay-0.72-d2cH91/blib/lib/Crypt/SSLeay/Version.pm line 2.
Compilation failed in require at t/03-version.t line 14.
BEGIN failed--compilation aborted at t/03-version.t line 14.
t/03-version.t ...
Dubious, test returned 2 (wstat 512, 0x200)
No subtests run
Undefined subroutine &main::main_ctx called at t/00-basic.t line 49.
# Tests were run but no plan was declared and done_testing() was not seen.
# Looks like your test exited with 2 just after 13.
t/00-basic.t .....
Dubious, test returned 2 (wstat 512, 0x200)
Failed 2/13 subtests
t/manifest.t ..... skipped: Author tests not required for installation
t/boilerplate.t .. ok
Test Summary Report
-------------------
t/01-connect.t (Wstat: 512 Tests: 0 Failed: 0)
Non-zero exit status: 2
Parse errors: Bad plan. You planned 8 tests but ran 0.
t/03-version.t (Wstat: 512 Tests: 0 Failed: 0)
Non-zero exit status: 2
Parse errors: No plan found in TAP output
t/00-basic.t (Wstat: 512 Tests: 13 Failed: 2)
Failed tests: 1, 5
Non-zero exit status: 2
Parse errors: No plan found in TAP output
Files=6, Tests=22, 0 wallclock secs ( 0.06 usr 0.01 sys + 0.41 cusr 0.05 csys = 0.53 CPU)
Result: FAIL
Failed 3/6 test programs. 2/22 subtests failed.
Makefile:1070: recipe for target 'test_dynamic' failed
make: *** [test_dynamic] Error 255
------------------------------
PREREQUISITES
------------------------------
Prerequisite modules loaded:
requires:
Module Need Have
-------------------- -------- --------
LWP::Protocol::https 6.02 6.06
MIME::Base64 0 3.01
perl 5.006 5.008005
build_requires:
Module Need Have
-------------------- -------- --------
ExtUtils::MakeMaker 0 7.18
Test::More 0.19 1.001009
Try::Tiny 0.19 0.22
configure_requires:
Module Need Have
-------------------- -------- --------
ExtUtils::CBuilder 0.280205 0.280220
Getopt::Long 0 2.48
Path::Class 0.26 0.35
Try::Tiny 0.19 0.22
------------------------------
ENVIRONMENT AND OTHER CONTEXT
------------------------------
Environment variables:
AUTOMATED_TESTING = 1
HARNESS_OPTIONS = j2
LANG = en_GB.UTF-8
LANGUAGE = en_GB:en
PATH = /home/njh/perl5/perlbrew/bin:/home/njh/perl5/perlbrew/perls/perl-5.8.5/bin:/home/njh/perl5/perlbrew/bin:/usr/bin:/bin
PERL5LIB =
PERL5OPT =
PERL5_CPANPLUS_IS_RUNNING = 18566
PERL5_CPAN_IS_RUNNING = 18566
PERLBREW_BASHRC_VERSION = 0.75
PERLBREW_HOME = /home/njh/.perlbrew
PERLBREW_LIB =
PERLBREW_MANPATH = /home/njh/perl5/perlbrew/perls/perl-5.8.5/man
PERLBREW_PATH = /home/njh/perl5/perlbrew/bin:/home/njh/perl5/perlbrew/perls/perl-5.8.5/bin
PERLBREW_PERL = perl-5.8.5
PERLBREW_ROOT = /home/njh/perl5/perlbrew
PERLBREW_VERSION = 0.75
PERL_LOCAL_LIB_ROOT =
SHELL = /bin/sh
Perl special variables (and OS-specific diagnostics, for MSWin32):
$^X = /home/njh/perl5/perlbrew/perls/perl-5.8.5/bin/perl
$UID/$EUID = 1000 / 1000
$GID = 1000 1000 127 116 108 103 46 44 30 29 25 24 4
$EGID = 1000 1000 127 116 108 103 46 44 30 29 25 24 4
Perl module toolchain versions installed:
Module Have
------------------- --------
CPAN 1.9800
CPAN::Meta 2.143240
Cwd 3.47
ExtUtils::CBuilder 0.280220
ExtUtils::Command 7.18
ExtUtils::Install 1.54
ExtUtils::MakeMaker 7.18
ExtUtils::Manifest 1.70
ExtUtils::ParseXS 3.24
File::Spec 3.47
JSON 2.90
JSON::PP 2.27203
Module::Build 0.4210
Module::Signature n/a
Parse::CPAN::Meta 1.4414
Test::Harness 3.34
Test::More 1.001009
YAML 1.15
YAML::Syck 1.29
version 0.9909
--
Summary of my perl5 (revision 5 version 8 subversion 5) configuration:
Platform:
osname=linux, osvers=3.16-3-amd64, archname=x86_64-linux-thread-multi
uname='linux compaq 3.16-3-amd64 #1 smp debian 3.16.5-1 (2014-10-10) x86_64 gnulinux '
config_args='-de -Dprefix=/home/njh/perl5/perlbrew/perls/perl-5.8.5 -Duseithreads -Dusemultiplicity -Dusedevel -Accflags= -Aeval:scriptdir=/home/njh/perl5/perlbrew/perls/perl-5.8.5/bin'
hint=recommended, useposix=true, d_sigaction=define
usethreads=define use5005threads=undef useithreads=define usemultiplicity=define
useperlio=define d_sfio=undef uselargefiles=define usesocks=undef
use64bitint=define use64bitall=define uselongdouble=undef
usemymalloc=n, bincompat5005=undef
Compiler:
cc='cc', ccflags ='-D_REENTRANT -D_GNU_SOURCE -fno-strict-aliasing -pipe -I/usr/local/include -D_LARGEFILE_SOURCE -D_FILE_OFFSET_BITS=64',
optimize='-O2',
cppflags='-D_REENTRANT -D_GNU_SOURCE -fno-strict-aliasing -pipe -I/usr/local/include'
ccversion='', gccversion='4.9.2', gccosandvers=''
intsize=4, longsize=8, ptrsize=8, doublesize=8, byteorder=12345678
d_longlong=define, longlongsize=8, d_longdbl=define, longdblsize=16
ivtype='long', ivsize=8, nvtype='double', nvsize=8, Off_t='off_t', lseeksize=8
alignbytes=8, prototype=define
Linker and Libraries:
ld='cc', ldflags =' -L/usr/local/lib'
libpth=/usr/local/lib /lib/x86_64-linux-gnu /lib/../lib /usr/lib/x86_64-linux-gnu /usr/lib/../lib /lib /usr/lib
libs=-lnsl -lgdbm -ldb -ldl -lm -lcrypt -lutil -lpthread -lc -lgdbm_compat
perllibs=-lnsl -ldl -lm -lcrypt -lutil -lpthread -lc -lgdbm_compat
libc=, so=so, useshrplib=false, libperl=libperl.a
gnulibc_version='2.19'
Dynamic Linking:
dlsrc=dl_dlopen.xs, dlext=so, d_dlsymun=undef, ccdlflags='-Wl,-E'
cccdlflags='-fpic', lddlflags='-shared -L/usr/local/lib'
Characteristics of this binary (from libperl):
Compile-time options: MULTIPLICITY USE_ITHREADS USE_64_BIT_INT USE_64_BIT_ALL USE_LARGE_FILES PERL_IMPLICIT_CONTEXT
Built under linux
Compiled at Nov 15 2014 04:30:17
%ENV:
PERL5LIB=""
PERL5OPT=""
PERL5_CPANPLUS_IS_RUNNING="18566"
PERL5_CPAN_IS_RUNNING="18566"
PERLBREW_BASHRC_VERSION="0.75"
PERLBREW_HOME="/home/njh/.perlbrew"
PERLBREW_LIB=""
PERLBREW_MANPATH="/home/njh/perl5/perlbrew/perls/perl-5.8.5/man"
PERLBREW_PATH="/home/njh/perl5/perlbrew/bin:/home/njh/perl5/perlbrew/perls/perl-5.8.5/bin"
PERLBREW_PERL="perl-5.8.5"
PERLBREW_ROOT="/home/njh/perl5/perlbrew"
PERLBREW_VERSION="0.75"
PERL_LOCAL_LIB_ROOT=""
@INC:
/home/njh/perl5/perlbrew/perls/perl-5.8.5/lib/5.8.5/x86_64-linux-thread-multi
/home/njh/perl5/perlbrew/perls/perl-5.8.5/lib/5.8.5
/home/njh/perl5/perlbrew/perls/perl-5.8.5/lib/site_perl/5.8.5/x86_64-linux-thread-multi
/home/njh/perl5/perlbrew/perls/perl-5.8.5/lib/site_perl/5.8.5
/home/njh/perl5/perlbrew/perls/perl-5.8.5/lib/site_perl
.