Report for Catalyst-ActionRole-BuildDBICResult-0.04

Back
From: metabase:user:320bfe00-2aae-11df-837a-5e0a49663a4f
Subject: FAIL Catalyst-ActionRole-BuildDBICResult-0.04 v5.23.0 GNU/Linux
Date: 2015-06-03T08:15:28Z

This distribution has been tested as part of the CPAN Testers
project, supporting the Perl programming language.  See
http://wiki.cpantesters.org/ for more information or email
questions to cpan-testers-discuss@perl.org


--
Dear John Napiorkowski,

This is a computer-generated report for Catalyst-ActionRole-BuildDBICResult-0.04
on perl 5.23.0, created by CPAN-Reporter-1.2014.

Thank you for uploading your work to CPAN.  However, there was a problem
testing your distribution.

If you think this report is invalid, please consult the CPAN Testers Wiki
for suggestions on how to avoid getting FAIL reports for missing library
or binary dependencies, unsupported operating systems, and so on:

http://wiki.cpantesters.org/wiki/CPANAuthorNotes

Sections of this report:

    * Tester comments
    * Program output
    * Prerequisites
    * Environment and other context

------------------------------
TESTER COMMENTS
------------------------------

Additional comments from tester:

this report is from an automated smoke testing program
and was not reviewed by a human for accuracy

------------------------------
PROGRAM OUTPUT
------------------------------

Output from '/usr/bin/make test':

PERL_DL_NONLAZY=1 "/tmp/basesmoker-reloperl-fq2F/bin/perl" "-MExtUtils::Command::MM" "-MTest::Harness" "-e" "undef *Test::Harness::Switches; test_harness(0, 'inc', 'blib/lib', 'blib/arch')" t/app.t t/app_attrs.t t/attributes.t t/basic.t t/dbic.t
DBIx::Class::Storage::DBI::SQLite::_dbi_attrs_for_bind(): Non-integer value supplied for column 'me.user_id' despite the integer datatype at /tmp/loop_over_bdir-15505-Ed6_QZ/Catalyst-ActionRole-BuildDBICResult-0.04-hdxNFs/t/lib/TestApp/DBIC/ResultSet/User.pm line 11
datatype mismatch: bind param (0) john@shutterstock.com as integer at /home/sand/src/perl/repoperls/installed-perls/perl/v5.22.0-26-g31ada1f/127e/lib/site_perl/5.23.0/DBIx/Class/Storage/DBI.pm line 1834.

#   Failed test 'got expected values for user email (john@shutterstock.com)'
#   at t/app.t line 62.
#          got: 'user_default,john@shutterstock.com'
#     expected: 'user_default,error,john@shutterstock.com'
datatype mismatch: bind param (0) 99999.com as integer at /home/sand/src/perl/repoperls/installed-perls/perl/v5.22.0-26-g31ada1f/127e/lib/site_perl/5.23.0/DBIx/Class/Storage/DBI.pm line 1834.

#   Failed test 'got expected values for user not found'
#   at t/app.t line 69.
#          got: 'user_default,notfound'
#     expected: 'user_default,error,notfound'
datatype mismatch: bind param (0) error@error.com as integer at /home/sand/src/perl/repoperls/installed-perls/perl/v5.22.0-26-g31ada1f/127e/lib/site_perl/5.23.0/DBIx/Class/Storage/DBI.pm line 1834.

#   Failed test 'got expected values for user not found'
#   at t/app.t line 75.
#          got: 'user_default,error,BOO,notfound'
#     expected: 'user_default,error,error,BOO,notfound'
datatype mismatch: bind param (0) john@shutterstock.com as integer at /home/sand/src/perl/repoperls/installed-perls/perl/v5.22.0-26-g31ada1f/127e/lib/site_perl/5.23.0/DBIx/Class/Storage/DBI.pm line 1834.

#   Failed test 'got expected values for user email (john@shutterstock.com)'
#   at t/app.t line 139.
#          got: 'user_default,john@shutterstock.com'
#     expected: 'user_default,error,john@shutterstock.com'
datatype mismatch: bind param (0) 99999.com as integer at /home/sand/src/perl/repoperls/installed-perls/perl/v5.22.0-26-g31ada1f/127e/lib/site_perl/5.23.0/DBIx/Class/Storage/DBI.pm line 1834.

#   Failed test 'got expected values for user not found'
#   at t/app.t line 145.
#          got: 'user_default,notfound'
#     expected: 'user_default,error,notfound'
datatype mismatch: bind param (0) error@error.com as integer at /home/sand/src/perl/repoperls/installed-perls/perl/v5.22.0-26-g31ada1f/127e/lib/site_perl/5.23.0/DBIx/Class/Storage/DBI.pm line 1834.

#   Failed test 'got expected values for user not found'
#   at t/app.t line 151.
#          got: 'user_default,error,BOO,notfound'
#     expected: 'user_default,error,error,BOO,notfound'
[error] the number of args ($#args) does not equal the constraint fields ($#columns)
# Looks like you failed 6 tests of 65.
t/app.t ......... 
Dubious, test returned 6 (wstat 1536, 0x600)
Failed 6/65 subtests 
	(less 2 skipped subtests: 57 okay)
Useless use of a constant ("model") in void context at (eval 686) line 1.
t/app_attrs.t ... ok
t/attributes.t .. ok
t/basic.t ....... ok
t/dbic.t ........ ok

Test Summary Report
-------------------
t/app.t       (Wstat: 1536 Tests: 65 Failed: 6)
  Failed tests:  19, 21, 23, 42, 44, 46
  Non-zero exit status: 6
Files=5, Tests=119,  5 wallclock secs ( 0.04 usr  0.03 sys +  4.98 cusr  0.52 csys =  5.57 CPU)
Result: FAIL
Failed 1/5 test programs. 6/119 subtests failed.
Makefile:780: recipe for target 'test_dynamic' failed
make: *** [test_dynamic] Error 255

------------------------------
PREREQUISITES
------------------------------

Prerequisite modules loaded:

requires:

    Module                           Need    Have    
    -------------------------------- ------- --------
    Catalyst::Controller::ActionRole 0.15    0.17    
    Catalyst::Model::DBIC::Schema    0.43    0.65    
    Catalyst::Runtime                5.80025 5.90093 
    DBD::SQLite                      1.35    1.46    
    DBIx::Class                      0.08123 0.082820
    Moose                            1.10    2.1404  
    MooseX::Types                    0.23    0.45    
    Perl6::Junction                  1.40000 1.60000 
    Test::More                       0.94    1.001014
    Try::Tiny                        0.06    0.22    

build_requires:

    Module                           Need    Have    
    -------------------------------- ------- --------
    Catalyst::Model::DBIC::Schema    0.43    0.65    
    Catalyst::Runtime                5.80025 5.90093 
    DBD::SQLite                      1.35    1.46    
    DBIx::Class                      0.08123 0.082820
    ExtUtils::MakeMaker              6.36    7.04_01 
    Test::More                       0.94    1.001014

configure_requires:

    Module                           Need    Have    
    -------------------------------- ------- --------
    ExtUtils::MakeMaker              6.36    7.04_01 


------------------------------
ENVIRONMENT AND OTHER CONTEXT
------------------------------

Environment variables:

    AUTOMATED_TESTING = 1
    LANG = en_US.UTF-8
    LANGUAGE = en_US:en
    PATH = /home/sand/bin:/usr/local/bin:/usr/bin:/bin:/usr/games:/usr/local/perl/bin:/usr/X11/bin:/sbin:/usr/sbin
    PERL = /tmp/basesmoker-reloperl-fq2F/bin/perl
    PERL5LIB = 
    PERL5OPT = 
    PERL5_CPANPLUS_IS_RUNNING = 13674
    PERL5_CPAN_IS_RUNNING = 13674
    PERL_MM_USE_DEFAULT = 1
    SHELL = /usr/bin/zsh
    TERM = screen

Perl special variables (and OS-specific diagnostics, for MSWin32):

    $^X = /tmp/basesmoker-reloperl-fq2F/bin/perl
    $UID/$EUID = 1005 / 1005
    $GID = 1005 1005
    $EGID = 1005 1005

Perl module toolchain versions installed:

    Module              Have    
    ------------------- --------
    CPAN                2.10    
    CPAN::Meta          2.150001
    Cwd                 3.56    
    ExtUtils::CBuilder  0.280221
    ExtUtils::Command   1.20    
    ExtUtils::Install   2.04    
    ExtUtils::MakeMaker 7.04_01 
    ExtUtils::Manifest  1.70    
    ExtUtils::ParseXS   3.28    
    File::Spec          3.56    
    JSON                2.90    
    JSON::PP            2.27300 
    Module::Build       0.4212  
    Module::Signature   0.79    
    Parse::CPAN::Meta   1.4414  
    Test::Harness       3.35    
    Test::More          1.001014
    YAML                1.15    
    YAML::Syck          1.29    
    version             0.9909  


--

Summary of my perl5 (revision 5 version 23 subversion 0) configuration:
  Commit id: 31ada1fbe5f99b57f19d888d2681aa42d8b87898
  Platform:
    osname=linux, osvers=4.0.0-1-amd64, archname=x86_64-linux-ld
    uname='linux k83 4.0.0-1-amd64 #1 smp debian 4.0.2-1 (2015-05-11) x86_64 gnulinux '
    config_args='-Dprefix=/home/sand/src/perl/repoperls/installed-perls/perl/v5.22.0-26-g31ada1f/127e -Dmyhostname=k83 -Dinstallusrbinperl=n -Uversiononly -Dusedevel -des -Ui_db -Uuseithreads -Duselongdouble -DDEBUGGING=-g'
    hint=recommended, useposix=true, d_sigaction=define
    useithreads=undef, usemultiplicity=undef
    use64bitint=define, use64bitall=define, uselongdouble=define
    usemymalloc=n, bincompat5005=undef
  Compiler:
    cc='cc', ccflags ='-fwrapv -fno-strict-aliasing -pipe -fstack-protector-strong -I/usr/local/include -D_LARGEFILE_SOURCE -D_FILE_OFFSET_BITS=64 -D_FORTIFY_SOURCE=2',
    optimize='-O2 -g',
    cppflags='-fwrapv -fno-strict-aliasing -pipe -fstack-protector-strong -I/usr/local/include'
    ccversion='', gccversion='4.9.2', gccosandvers=''
    intsize=4, longsize=8, ptrsize=8, doublesize=8, byteorder=12345678, doublekind=3
    d_longlong=define, longlongsize=8, d_longdbl=define, longdblsize=16, longdblkind=3
    ivtype='long', ivsize=8, nvtype='long double', nvsize=16, Off_t='off_t', lseeksize=8
    alignbytes=16, prototype=define
  Linker and Libraries:
    ld='cc', ldflags =' -fstack-protector-strong -L/usr/local/lib'
    libpth=/usr/local/lib /usr/lib/gcc/x86_64-linux-gnu/4.9/include-fixed /usr/include/x86_64-linux-gnu /usr/lib /lib/x86_64-linux-gnu /lib/../lib /usr/lib/x86_64-linux-gnu /usr/lib/../lib /lib
    libs=-lpthread -lnsl -lgdbm -ldb -ldl -lm -lcrypt -lutil -lc -lgdbm_compat
    perllibs=-lpthread -lnsl -ldl -lm -lcrypt -lutil -lc
    libc=libc-2.19.so, so=so, useshrplib=false, libperl=libperl.a
    gnulibc_version='2.19'
  Dynamic Linking:
    dlsrc=dl_dlopen.xs, dlext=so, d_dlsymun=undef, ccdlflags='-Wl,-E'
    cccdlflags='-fPIC', lddlflags='-shared -O2 -g -L/usr/local/lib -fstack-protector-strong'


Characteristics of this binary (from libperl): 
  Compile-time options: HAS_TIMES PERLIO_LAYERS PERL_DONT_CREATE_GVSV
                        PERL_HASH_FUNC_ONE_AT_A_TIME_HARD PERL_MALLOC_WRAP
                        PERL_NEW_COPY_ON_WRITE PERL_PRESERVE_IVUV
                        PERL_USE_DEVEL USE_64_BIT_ALL USE_64_BIT_INT
                        USE_LARGE_FILES USE_LOCALE USE_LOCALE_COLLATE
                        USE_LOCALE_CTYPE USE_LOCALE_NUMERIC USE_LOCALE_TIME
                        USE_LONG_DOUBLE USE_PERLIO USE_PERL_ATOF
  Built under linux
  Compiled at Jun  2 2015 07:45:45
  %ENV:
    PERL="/tmp/basesmoker-reloperl-fq2F/bin/perl"
    PERL5LIB=""
    PERL5OPT=""
    PERL5_CPANPLUS_IS_RUNNING="13674"
    PERL5_CPAN_IS_RUNNING="13674"
    PERL_MM_USE_DEFAULT="1"
  @INC:
    /home/sand/src/perl/repoperls/installed-perls/perl/v5.22.0-26-g31ada1f/127e/lib/site_perl/5.23.0/x86_64-linux-ld
    /home/sand/src/perl/repoperls/installed-perls/perl/v5.22.0-26-g31ada1f/127e/lib/site_perl/5.23.0
    /home/sand/src/perl/repoperls/installed-perls/perl/v5.22.0-26-g31ada1f/127e/lib/5.23.0/x86_64-linux-ld
    /home/sand/src/perl/repoperls/installed-perls/perl/v5.22.0-26-g31ada1f/127e/lib/5.23.0
    .