XML-LibXML v2.0210 Perl 5 v5.41.14 darwin-2level

Status
Fail
From
David Cantrell (DCANTRELL)
Dist
XML-LibXML v2.0210
Platform
Perl 5 v5.41.14 darwin-2level
Date
2025-06-14 22:27:01
ID
b1567c04-496e-11f0-9700-f3fbca5780ef
This distribution has been tested as part of the CPAN Testers
project, supporting the Perl programming language.  See
http://wiki.cpantesters.org/ for more information or email
questions to cpan-testers-discuss@perl.org


--
Dear Shlomi Fish,

This is a computer-generated report for XML-LibXML-2.0210
on perl 5.41.14, created by CPAN-Reporter-1.2020.

Thank you for uploading your work to CPAN.  However, there was a problem
testing your distribution.

If you think this report is invalid, please consult the CPAN Testers Wiki
for suggestions on how to avoid getting FAIL reports for missing library
or binary dependencies, unsupported operating systems, and so on:

http://wiki.cpantesters.org/wiki/CPANAuthorNotes

Sections of this report:

    * Tester comments
    * Program output
    * Prerequisites
    * Environment and other context

------------------------------
TESTER COMMENTS
------------------------------

Additional comments from tester:

this report is from an automated smoke testing program
and was not reviewed by a human for accuracy

------------------------------
PROGRAM OUTPUT
------------------------------

Output from '/usr/bin/make test':

"/Users/cpantesting/cpantesting/perl-blead/bin/perl5.41.14" -MExtUtils::Command::MM -e 'cp_nonempty' -- LibXML.bs blib/arch/auto/XML/LibXML/LibXML.bs 644
PERL_DL_NONLAZY=1 "/Users/cpantesting/cpantesting/perl-blead/bin/perl5.41.14" "-MExtUtils::Command::MM" "-MTest::Harness" "-e" "undef *Test::Harness::Switches; test_harness(0, 'blib/lib', 'blib/arch')" t/*.t
# 
# Versions for all modules listed in MYMETA.json (including optional ones):
# 
# === Configure Requires ===
# 
#     Module               Want     Have
#     -------------------- ---- --------
#     Alien::Base::Wrapper  any     2.84
#     Alien::Libxml2       0.14     0.20
#     Config                any 5.041014
#     ExtUtils::MakeMaker   any     7.76
# 
# === Build Requires ===
# 
#     Module              Want Have
#     ------------------- ---- ----
#     ExtUtils::MakeMaker  any 7.76
# 
# === Test Requires ===
# 
#     Module       Want     Have
#     ------------ ---- --------
#     Config        any 5.041014
#     Errno         any     1.38
#     IO::File      any     1.55
#     IO::Handle    any     1.55
#     POSIX         any     2.23
#     Scalar::Util  any  1.68_01
#     Test::More    any 1.302210
#     locale        any     1.13
#     utf8          any     1.27
# 
# === Runtime Requires ===
# 
#     Module                    Want    Have
#     ------------------------- ---- -------
#     Carp                       any    1.54
#     DynaLoader                 any    1.57
#     Encode                     any    3.21
#     Exporter                  5.57    5.79
#     IO::Handle                 any    1.55
#     Scalar::Util               any 1.68_01
#     Tie::Hash                  any    1.06
#     XML::NamespaceSupport     1.07    1.12
#     XML::SAX                  0.11    1.02
#     XML::SAX::Base             any    1.09
#     XML::SAX::DocumentLocator  any   undef
#     XML::SAX::Exception        any    1.09
#     base                       any    2.27
#     constant                   any    1.33
#     overload                   any    1.40
#     parent                     any   0.244
#     strict                     any    1.14
#     vars                       any    1.05
#     warnings                   any    1.74
# 
t/00-report-prereqs.t .............................. ok
# 
# 
# Compiled against libxml2 version: 20913
# Running libxml2 version:          20913
# 
t/01basic.t ........................................ ok
t/02parse.t ........................................ ok
t/03doc.t .......................................... ok
t/04node.t ......................................... ok
t/05text.t ......................................... ok
t/06elements.t ..................................... ok
t/07dtd.t .......................................... ok
t/08findnodes.t .................................... ok
t/09xpath.t ........................................ ok
t/10ns.t ........................................... ok
t/11memory.t ....................................... skipped: These tests are for authors only!
t/12html.t ......................................... ok
t/13dtd.t .......................................... ok
t/14sax.t .......................................... ok
t/15nodelist.t ..................................... ok
t/16docnodes.t ..................................... ok
t/17callbacks.t .................................... ok
t/18docfree.t ...................................... ok
t/19die_on_invalid_utf8_rt_58848.t ................. ok
t/19encoding.t ..................................... ok
t/20extras.t ....................................... ok
t/21catalog.t ...................................... ok
t/23rawfunctions.t ................................. ok
t/24c14n.t ......................................... ok
t/25relaxng.t ...................................... ok
t/26schema.t ....................................... ok
t/27new_callbacks_simple.t ......................... ok
t/28new_callbacks_multiple.t ....................... ok
t/29id.t ........................................... ok
t/30keep_blanks.t .................................. ok
t/30xpathcontext.t ................................. ok
t/31xpc_functions.t ................................ ok
t/32xpc_variables.t ................................ ok
t/35huge_mode.t .................................... ok
t/40reader.t ....................................... ok
t/40reader_mem_error.t ............................. ok
t/41xinclude.t ..................................... ok
t/42common.t ....................................... ok
t/43options.t ...................................... ok
t/44extent.t ....................................... ok
t/45regex.t ........................................ ok
t/46err_column.t ................................... ok
t/47load_xml_callbacks.t ........................... ok
t/48_gh_pr63_detect_undef_values.t ................. ok
t/48_memleak_rt_83744.t ............................ ok
t/48_reader_undef_warning_on_empty_str_rt106830.t .. ok
t/48_removeChild_crashes_rt_80395.t ................ ok
t/48_replaceNode_DTD_nodes_rT_80521.t .............. ok
t/48_RH5_double_free_rt83779.t ..................... ok
t/48_rt123379_setNamespace.t ....................... ok
t/48_rt55000.t ..................................... ok
t/48_rt93429_recover_2_in_html_parsing.t ........... ok
t/48_SAX_Builder_rt_91433.t ........................ ok
t/48importing_nodes_IDs_rt_69520.t ................. ok
t/49_load_html.t ................................... ok
t/49callbacks_returning_undef.t .................... ok
t/49global_extent.t ................................ ok

#   Failed test at t/50devel.t line 25.
#     '0'
#         >
#     '0'

#   Failed test at t/50devel.t line 47.
#     '0'
#         >
#     '0'

#   Failed test at t/50devel.t line 84.
#     '0'
#         >
#     '0'
# Looks like you failed 3 tests of 18.
t/50devel.t ........................................ 
Dubious, test returned 3 (wstat 768, 0x300)
Failed 3/18 subtests 
t/51_parse_html_string_rt87089.t ................... ok
t/60error_prev_chain.t ............................. ok
t/60struct_error.t ................................. ok
t/61error.t ........................................ ok
t/62overload.t ..................................... ok
t/71overloads.t .................................... ok
t/72destruction.t .................................. ok
t/80registryleak.t ................................. ok
t/90shared_clone_failed_rt_91800.t ................. skipped: no ithreads in this Perl
t/90stack.t ........................................ ok
t/90threads.t ...................................... skipped: no ithreads in this Perl
t/91unique_key.t ................................... ok
t/cpan-changes.t ................................... skipped: These tests are for authors only!
t/namespace-magic-scalar-rt144415.t ................ ok
t/pod-files-presence.t ............................. skipped: only for AUTHORS
t/pod.t ............................................ skipped: These tests are for authors only!
t/release-kwalitee.t ............................... skipped: These tests are for authors only!
t/style-trailing-space.t ........................... skipped: These tests are for authors only!

Test Summary Report
-------------------
t/50devel.t                                      (Wstat: 768 (exited 3) Tests: 18 Failed: 3)
  Failed tests:  1, 4, 15
  Non-zero exit status: 3
Files=77, Tests=2547, 19 wallclock secs ( 0.63 usr  0.26 sys + 14.25 cusr  2.84 csys = 17.98 CPU)
Result: FAIL
Failed 1/77 test programs. 3/2547 subtests failed.
make: *** [test_dynamic] Error 255

------------------------------
PREREQUISITES
------------------------------

Prerequisite modules loaded:

requires:

    Module                    Need     Have    
    ------------------------- -------- --------
    base                      0        2.27    
    Carp                      0        1.54    
    constant                  0        1.33    
    DynaLoader                0        1.57    
    Encode                    0        3.21    
    Exporter                  5.57     5.79    
    IO::Handle                0        1.55    
    overload                  0        1.40    
    parent                    0        0.244   
    perl                      5.008001 5.041014
    Scalar::Util              0        1.68_01 
    strict                    0        1.14    
    Tie::Hash                 0        1.06    
    vars                      0        1.05    
    warnings                  0        1.74    
    XML::NamespaceSupport     1.07     1.12    
    XML::SAX                  0.11     1.02    
    XML::SAX::Base            0        1.09    
    XML::SAX::DocumentLocator 0        0       
    XML::SAX::Exception       0        1.09    

build_requires:

    Module                    Need     Have    
    ------------------------- -------- --------
    Config                    0        5.041014
    Errno                     0        1.38    
    ExtUtils::MakeMaker       0        7.76    
    IO::File                  0        1.55    
    IO::Handle                0        1.55    
    locale                    0        1.13    
    POSIX                     0        2.23    
    Scalar::Util              0        1.68_01 
    Test::More                0        1.302210
    utf8                      0        1.27    

configure_requires:

    Module                    Need     Have    
    ------------------------- -------- --------
    Alien::Base::Wrapper      0        2.84    
    Alien::Libxml2            0.14     0.20    
    Config                    0        5.041014
    ExtUtils::MakeMaker       0        7.76    


------------------------------
ENVIRONMENT AND OTHER CONTEXT
------------------------------

Environment variables:

    AUTOMATED_TESTING = 1
    LANG = en_GB.UTF-8
    LC_TERMINAL = iTerm2
    LC_TERMINAL_VERSION = 3.5.14
    NONINTERACTIVE_TESTING = 1
    PATH = /Users/cpantesting/perl5/perlbrew/bin:/Users/cpantesting/perl5/perlbrew/perls/perl-5.32.0/bin:/usr/local/bin:/System/Cryptexes/App/usr/bin:/usr/bin:/bin:/usr/sbin:/sbin:/var/run/com.apple.security.cryptexd/codex.system/bootstrap/usr/local/bin:/var/run/com.apple.security.cryptexd/codex.system/bootstrap/usr/bin:/var/run/com.apple.security.cryptexd/codex.system/bootstrap/usr/appleinternal/bin:/opt/X11/bin:/Library/Apple/usr/bin:/Applications/VMware Fusion.app/Contents/Public:/usr/local/zfs/bin:/Users/cpantesting/.cargo/bin
    PERL = blead
    PERL5LIB = 
    PERL5OPT = 
    PERL5_CPANPLUS_IS_RUNNING = 16266
    PERL5_CPAN_IS_RUNNING = 16266
    PERLBREW_HOME = /Users/cpantesting/.perlbrew
    PERLBREW_MANPATH = /Users/cpantesting/perl5/perlbrew/perls/perl-5.32.0/man
    PERLBREW_PATH = /Users/cpantesting/perl5/perlbrew/bin:/Users/cpantesting/perl5/perlbrew/perls/perl-5.32.0/bin
    PERLBREW_PERL = perl-5.32.0
    PERLBREW_ROOT = /Users/cpantesting/perl5/perlbrew
    PERLBREW_SHELLRC_VERSION = 0.94
    PERLBREW_VERSION = 0.94
    PERLVER = blead
    PERL_INLINE_DIRECTORY = /Users/cpantesting/.Inline-blead
    PERL_MM_USE_DEFAULT = 1
    PERL_USE_UNSAFE_INC = 0
    SHELL = /bin/bash
    TERM = screen
    TMPDIR = /var/folders/zy/47mkymr176b35xhyp425tk7h0000gq/T/

Perl special variables (and OS-specific diagnostics, for MSWin32):

    $^X = /Users/cpantesting/cpantesting/perl-blead/bin/perl5.41.14
    $UID/$EUID = 503 / 503
    $GID = 20 20 12 61 399 703 702 701 100
    $EGID = 20 20 12 61 399 703 702 701 100

Perl module toolchain versions installed:

    Module              Have    
    ------------------- --------
    CPAN                2.38    
    CPAN::Meta          2.150010
    Cwd                 3.94    
    ExtUtils::CBuilder  0.280241
    ExtUtils::Command   7.76    
    ExtUtils::Install   2.22    
    ExtUtils::MakeMaker 7.76    
    ExtUtils::Manifest  1.75    
    ExtUtils::ParseXS   3.57    
    File::Spec          3.94    
    JSON                4.10    
    JSON::PP            4.16    
    Module::Build       0.4234  
    Module::Signature   n/a     
    Parse::CPAN::Meta   2.150010
    Test2               1.302210
    Test::Harness       3.50    
    Test::More          1.302210
    YAML                1.31    
    YAML::Syck          n/a     
    version             0.9933  


--

Summary of my perl5 (revision 5 version 41 subversion 14) configuration:
  Commit id: d6f09a896842e5288af5d3817756b67a919ad7ad
  Platform:
    osname=darwin
    osvers=24.4.0
    archname=darwin-2level
    uname='darwin harrow.home 24.4.0 darwin kernel version 24.4.0: fri apr 11 18:28:23 pdt 2025; root:xnu-11417.101.15~117release_x86_64 x86_64 '
    config_args='-de -Dprefix=/Users/cpantesting/cpantesting/perl-blead -Dusedevel'
    hint=recommended
    useposix=true
    d_sigaction=define
    useithreads=undef
    usemultiplicity=undef
    use64bitint=define
    use64bitall=define
    uselongdouble=undef
    usemymalloc=n
    default_inc_excludes_dot=define
  Compiler:
    cc='cc'
    ccflags ='-fno-common -DPERL_DARWIN -DNO_THREAD_SAFE_QUERYLOCALE -DNO_POSIX_2008_LOCALE -DHAS_BROKEN_LANGINFO_CODESET -DNO_LOCALE_COLLATE -fno-strict-aliasing -pipe -fstack-protector-strong -I/usr/local/include'
    optimize='-O3'
    cppflags='-fno-common -DPERL_DARWIN -DNO_THREAD_SAFE_QUERYLOCALE -DNO_POSIX_2008_LOCALE -DHAS_BROKEN_LANGINFO_CODESET -DNO_LOCALE_COLLATE -fno-strict-aliasing -pipe -fstack-protector-strong -I/usr/local/include'
    ccversion=''
    gccversion='Apple LLVM 17.0.0 (clang-1700.0.13.5)'
    gccosandvers=''
    intsize=4
    longsize=8
    ptrsize=8
    doublesize=8
    byteorder=12345678
    doublekind=3
    d_longlong=define
    longlongsize=8
    d_longdbl=define
    longdblsize=16
    longdblkind=3
    ivtype='long'
    ivsize=8
    nvtype='double'
    nvsize=8
    Off_t='off_t'
    lseeksize=8
    alignbytes=8
    prototype=define
  Linker and Libraries:
    ld='cc'
    ldflags =' -fstack-protector-strong -L/usr/local/lib'
    libpth=/usr/local/lib /Applications/Xcode.app/Contents/Developer/Toolchains/XcodeDefault.xctoolchain/usr/lib/clang/17/lib /Library/Developer/CommandLineTools/SDKs/MacOSX15.4.sdk/usr/lib /Applications/Xcode.app/Contents/Developer/Toolchains/XcodeDefault.xctoolchain/usr/lib /usr/lib
    libs=-lgdbm
    perllibs=
    libc=
    so=dylib
    useshrplib=false
    libperl=libperl.a
    gnulibc_version=''
  Dynamic Linking:
    dlsrc=dl_dlopen.xs
    dlext=bundle
    d_dlsymun=undef
    ccdlflags=' '
    cccdlflags=' '
    lddlflags='-bundle -undefined dynamic_lookup -L/usr/local/lib -fstack-protector-strong'


Characteristics of this binary (from libperl): 
  Compile-time options:
    HAS_LONG_DOUBLE
    HAS_STRTOLD
    HAS_TIMES
    PERLIO_LAYERS
    PERL_COPY_ON_WRITE
    PERL_DONT_CREATE_GVSV
    PERL_HASH_FUNC_SIPHASH13
    PERL_HASH_USE_SBOX32
    PERL_MALLOC_WRAP
    PERL_OP_PARENT
    PERL_PRESERVE_IVUV
    PERL_USE_DEVEL
    PERL_USE_SAFE_PUTENV
    USE_64_BIT_ALL
    USE_64_BIT_INT
    USE_LARGE_FILES
    USE_LOCALE
    USE_LOCALE_CTYPE
    USE_LOCALE_NUMERIC
    USE_LOCALE_TIME
    USE_PERLIO
    USE_PERL_ATOF
  Built under darwin
  Compiled at Jun 13 2025 11:16:36
  %ENV:
    PERL="blead"
    PERL5LIB=""
    PERL5OPT=""
    PERL5_CPANPLUS_IS_RUNNING="16266"
    PERL5_CPAN_IS_RUNNING="16266"
    PERLBREW_HOME="/Users/cpantesting/.perlbrew"
    PERLBREW_MANPATH="/Users/cpantesting/perl5/perlbrew/perls/perl-5.32.0/man"
    PERLBREW_PATH="/Users/cpantesting/perl5/perlbrew/bin:/Users/cpantesting/perl5/perlbrew/perls/perl-5.32.0/bin"
    PERLBREW_PERL="perl-5.32.0"
    PERLBREW_ROOT="/Users/cpantesting/perl5/perlbrew"
    PERLBREW_SHELLRC_VERSION="0.94"
    PERLBREW_VERSION="0.94"
    PERLVER="blead"
    PERL_INLINE_DIRECTORY="/Users/cpantesting/.Inline-blead"
    PERL_MM_USE_DEFAULT="1"
    PERL_USE_UNSAFE_INC="0"
  @INC:
    /Users/cpantesting/cpantesting/perl-blead/lib/site_perl/5.41.14/darwin-2level
    /Users/cpantesting/cpantesting/perl-blead/lib/site_perl/5.41.14
    /Users/cpantesting/cpantesting/perl-blead/lib/5.41.14/darwin-2level
    /Users/cpantesting/cpantesting/perl-blead/lib/5.41.14