Back
From: metabase:user:314402c4-2aae-11df-837a-5e0a49663a4f
Subject: FAIL Web-oEmbed-Common-0.05 v5.22.1 GNU/Linux
Date: 2016-08-06T14:33:07Z
This distribution has been tested as part of the CPAN Testers
project, supporting the Perl programming language. See
http://wiki.cpantesters.org/ for more information or email
questions to cpan-testers-discuss@perl.org
--
Dear Matthew Simon Cavalletto,
This is a computer-generated report for Web-oEmbed-Common-0.05
on perl 5.22.1, created by CPAN-Reporter-1.2018.
Thank you for uploading your work to CPAN. However, there was a problem
testing your distribution.
If you think this report is invalid, please consult the CPAN Testers Wiki
for suggestions on how to avoid getting FAIL reports for missing library
or binary dependencies, unsupported operating systems, and so on:
http://wiki.cpantesters.org/wiki/CPANAuthorNotes
Sections of this report:
* Tester comments
* Program output
* Prerequisites
* Environment and other context
------------------------------
TESTER COMMENTS
------------------------------
Additional comments from tester:
none provided
------------------------------
PROGRAM OUTPUT
------------------------------
Output from '/usr/bin/make test':
PERL_DL_NONLAZY=1 "/bbbike/perl-5.22.1/bin/perl" "-MExtUtils::Command::MM" "-MTest::Harness" "-e" "undef *Test::Harness::Switches; test_harness(0, 'blib/lib', 'blib/arch')" t/*.t
# Testing Web::oEmbed::Common 0.05, Perl 5.022001, /bbbike/perl-5.22.1/bin/perl
t/00-compile.t ....... ok
t/08-url-patterns.t .. ok
# Failed test 'Response has embed code'
# at t/10-youtube.t line 41.
# '<iframe width="459" height="344" src="https://www.youtube.com/embed/5iAIM02kv0g?feature=oembed" frameborder="0" allowfullscreen></iframe>'
# doesn't match '(?^sx:<object .*? movie )'
# Looks like you failed 1 test of 10.
t/10-youtube.t .......
Dubious, test returned 1 (wstat 256, 0x100)
Failed 1/10 subtests
# Failed test 'Received oEmbed response'
# at t/50-xkcd.t line 24.
# Failed test ''Received expected response type' isa 'Web::oEmbed::Response''
# at t/50-xkcd.t line 25.
# 'Received expected response type' isn't defined
# Failed test 'No response to check'
# at t/50-xkcd.t line 31.
# Failed test 'No response to check'
# at t/50-xkcd.t line 32.
# Failed test 'No response to check'
# at t/50-xkcd.t line 33.
# Looks like you planned 10 tests but ran 9.
# Looks like you failed 5 tests of 9 run.
t/50-xkcd.t ..........
Dubious, test returned 5 (wstat 1280, 0x500)
Failed 6/10 subtests
Test Summary Report
-------------------
t/10-youtube.t (Wstat: 256 Tests: 10 Failed: 1)
Failed test: 10
Non-zero exit status: 1
t/50-xkcd.t (Wstat: 1280 Tests: 9 Failed: 5)
Failed tests: 5-9
Non-zero exit status: 5
Parse errors: Bad plan. You planned 10 tests but ran 9.
Files=4, Tests=26, 1 wallclock secs ( 0.01 usr 0.03 sys + 0.34 cusr 0.11 csys = 0.49 CPU)
Result: FAIL
Failed 2/4 test programs. 6/26 subtests failed.
Makefile:840: recipe for target 'test_dynamic' failed
make: *** [test_dynamic] Error 5
------------------------------
PREREQUISITES
------------------------------
Prerequisite modules loaded:
requires:
Module Need Have
------------------- ---- ----
Web::oEmbed 0.01 0.04
build_requires:
Module Need Have
------------------- ---- ----
ExtUtils::MakeMaker 0 7.16
configure_requires:
Module Need Have
------------------- ---- ----
ExtUtils::MakeMaker 0 7.16
------------------------------
ENVIRONMENT AND OTHER CONTEXT
------------------------------
Environment variables:
LANG = C
PATH = /usr/local/bin:/usr/bin:/bin:/usr/local/sbin:/usr/sbin:/sbin:/home/cpansand/bin/linux-gnu:/home/cpansand/bin/sh:/home/cpansand/bin:/usr/games:/home/cpansand/devel:/home/eserte/src/srezic-misc/scripts
PERL5LIB = /home/cpansand/.cpan/build/2016080612/Web-oEmbed-0.04-2/blib/arch:/home/cpansand/.cpan/build/2016080612/Web-oEmbed-0.04-2/blib/lib:/home/cpansand/.cpan/build/2016080612/HTML-Zoom-0.009009-2/blib/arch:/home/cpansand/.cpan/build/2016080612/HTML-Zoom-0.009009-2/blib/lib
PERL5OPT =
PERL5_CPANPLUS_IS_RUNNING = 6571
PERL5_CPAN_IS_RUNNING = 6571
PERL5_CPAN_IS_RUNNING_IN_RECURSION = 15777,6571
PERLDOC = -MPod::Perldoc::ToTextOverstrike
PERL_BATCH = yes
PERL_CANARY_STABILITY_NOPROMPT = 1
PERL_CPAN_REPORTER_CONFIG = /run/user/1023/cpansmoker/2016080609/cpanreporter_002_config.ini
PERL_EXTUTILS_AUTOINSTALL = --defaultdeps
PERL_USE_UNSAFE_INC = 1
SHELL = /bin/zsh
TERM = screen
TMPDIR = /run/user/1023/cpansmoker/2016080609
Perl special variables (and OS-specific diagnostics, for MSWin32):
$^X = /bbbike/perl-5.22.1/bin/perl
$UID/$EUID = 1023 / 1023
$GID = 1023 1023
$EGID = 1023 1023
Perl module toolchain versions installed:
Module Have
------------------- --------
CPAN 2.14
CPAN::Meta 2.150001
Cwd 3.62
ExtUtils::CBuilder 0.280221
ExtUtils::Command 7.16
ExtUtils::Install 2.04
ExtUtils::MakeMaker 7.16
ExtUtils::Manifest 1.70
ExtUtils::ParseXS 3.28
File::Spec 3.62
JSON 2.90
JSON::PP 2.27300
Module::Build 0.4218
Module::Signature 0.79
Parse::CPAN::Meta 1.4422
Test::Harness 3.35
Test::More 1.302049
YAML 1.15
YAML::Syck 1.29
version 0.9917
--
Summary of my perl5 (revision 5 version 22 subversion 1) configuration:
Platform:
osname=linux, osvers=3.16.0-4-amd64, archname=x86_64-linux
uname='linux eserte 3.16.0-4-amd64 #1 smp debian 3.16.7-ckt25-2 (2016-04-08) x86_64 gnulinux '
config_args='-ds -e -Dprefix=/opt/perl-5.22.1 -Dcf_email=srezic@cpan.org'
hint=recommended, useposix=true, d_sigaction=define
useithreads=undef, usemultiplicity=undef
use64bitint=define, use64bitall=define, uselongdouble=undef
usemymalloc=n, bincompat5005=undef
Compiler:
cc='cc', ccflags ='-fwrapv -fno-strict-aliasing -pipe -fstack-protector-strong -I/usr/local/include -D_LARGEFILE_SOURCE -D_FILE_OFFSET_BITS=64 -D_FORTIFY_SOURCE=2',
optimize='-O2',
cppflags='-fwrapv -fno-strict-aliasing -pipe -fstack-protector-strong -I/usr/local/include'
ccversion='', gccversion='4.9.2', gccosandvers=''
intsize=4, longsize=8, ptrsize=8, doublesize=8, byteorder=12345678, doublekind=3
d_longlong=define, longlongsize=8, d_longdbl=define, longdblsize=16, longdblkind=3
ivtype='long', ivsize=8, nvtype='double', nvsize=8, Off_t='off_t', lseeksize=8
alignbytes=8, prototype=define
Linker and Libraries:
ld='cc', ldflags =' -fstack-protector-strong -L/usr/local/lib'
libpth=/usr/local/lib /usr/lib/gcc/x86_64-linux-gnu/4.9/include-fixed /usr/include/x86_64-linux-gnu /usr/lib /lib/x86_64-linux-gnu /lib/../lib /usr/lib/x86_64-linux-gnu /usr/lib/../lib /lib
libs=-lpthread -lnsl -lgdbm -ldb -ldl -lm -lcrypt -lutil -lc -lgdbm_compat
perllibs=-lpthread -lnsl -ldl -lm -lcrypt -lutil -lc
libc=libc-2.19.so, so=so, useshrplib=false, libperl=libperl.a
gnulibc_version='2.19'
Dynamic Linking:
dlsrc=dl_dlopen.xs, dlext=so, d_dlsymun=undef, ccdlflags='-Wl,-E'
cccdlflags='-fPIC', lddlflags='-shared -O2 -L/usr/local/lib -fstack-protector-strong'
Characteristics of this binary (from libperl):
Compile-time options: HAS_TIMES PERLIO_LAYERS PERL_DONT_CREATE_GVSV
PERL_HASH_FUNC_ONE_AT_A_TIME_HARD PERL_MALLOC_WRAP
PERL_NEW_COPY_ON_WRITE PERL_PRESERVE_IVUV
USE_64_BIT_ALL USE_64_BIT_INT USE_LARGE_FILES
USE_LOCALE USE_LOCALE_COLLATE USE_LOCALE_CTYPE
USE_LOCALE_NUMERIC USE_LOCALE_TIME USE_PERLIO
USE_PERL_ATOF
Locally applied patches:
Devel::PatchPerl 1.42
Built under linux
Compiled at May 7 2016 12:41:21
%ENV:
PERL5LIB="/home/cpansand/.cpan/build/2016080612/Web-oEmbed-0.04-2/blib/arch:/home/cpansand/.cpan/build/2016080612/Web-oEmbed-0.04-2/blib/lib:/home/cpansand/.cpan/build/2016080612/HTML-Zoom-0.009009-2/blib/arch:/home/cpansand/.cpan/build/2016080612/HTML-Zoom-0.009009-2/blib/lib"
PERL5OPT=""
PERL5_CPANPLUS_IS_RUNNING="6571"
PERL5_CPAN_IS_RUNNING="6571"
PERL5_CPAN_IS_RUNNING_IN_RECURSION="15777,6571"
PERLDOC="-MPod::Perldoc::ToTextOverstrike"
PERL_BATCH="yes"
PERL_CANARY_STABILITY_NOPROMPT="1"
PERL_CPAN_REPORTER_CONFIG="/run/user/1023/cpansmoker/2016080609/cpanreporter_002_config.ini"
PERL_EXTUTILS_AUTOINSTALL="--defaultdeps"
PERL_USE_UNSAFE_INC="1"
@INC:
/home/cpansand/.cpan/build/2016080612/Web-oEmbed-0.04-2/blib/arch
/home/cpansand/.cpan/build/2016080612/Web-oEmbed-0.04-2/blib/lib
/home/cpansand/.cpan/build/2016080612/HTML-Zoom-0.009009-2/blib/arch
/home/cpansand/.cpan/build/2016080612/HTML-Zoom-0.009009-2/blib/lib
/opt/perl-5.22.1/lib/site_perl/5.22.1/x86_64-linux
/opt/perl-5.22.1/lib/site_perl/5.22.1
/opt/perl-5.22.1/lib/5.22.1/x86_64-linux
/opt/perl-5.22.1/lib/5.22.1
.