Report for DBIx-Class-Result-ExternalAttribute-0.06

Back
From: metabase:user:314402c4-2aae-11df-837a-5e0a49663a4f
Subject: FAIL DBIx-Class-Result-ExternalAttribute-0.06 v5.18.4 FreeBSD
Date: 2014-12-30T09:46:13Z

This distribution has been tested as part of the CPAN Testers
project, supporting the Perl programming language.  See
http://wiki.cpantesters.org/ for more information or email
questions to cpan-testers-discuss@perl.org


--
Dear Nicolas Oudard,

This is a computer-generated report for DBIx-Class-Result-ExternalAttribute-0.06
on perl 5.18.4, created by CPAN-Reporter-1.2011.

Thank you for uploading your work to CPAN.  However, there was a problem
testing your distribution.

If you think this report is invalid, please consult the CPAN Testers Wiki
for suggestions on how to avoid getting FAIL reports for missing library
or binary dependencies, unsupported operating systems, and so on:

http://wiki.cpantesters.org/wiki/CPANAuthorNotes

Sections of this report:

    * Tester comments
    * Program output
    * Prerequisites
    * Environment and other context

------------------------------
TESTER COMMENTS
------------------------------

Additional comments from tester:

none provided

------------------------------
PROGRAM OUTPUT
------------------------------

Output from './Build test':

# Testing DBIx::Class::Result::ExternalAttribute 0.06, Perl 5.018004, /usr/perl5.18.4/bin/perl5.18.4
t/00-load.t ................ ok
{UNKNOWN}: Can't locate object method "columns" via package "t::app::Main::Result::ArtistAttribute" (perhaps you forgot to load "t::app::Main::Result::ArtistAttribute"?) at /usr/home/cpansand/.cpan/build/DBIx-Class-Result-ExternalAttribute-0.06-Yw7SIQ/blib/lib/DBIx/Class/Result/ExternalAttribute.pm line 128.
Compilation failed in require at /usr/perl5.18.4/lib/site_perl/5.18.4/Class/C3/Componentised.pm line 150. at /usr/perl5.18.4/lib/site_perl/5.18.4/Class/C3/Componentised.pm line 155
Compilation failed in require at t/01-external_attribute.t line 9.
BEGIN failed--compilation aborted at t/01-external_attribute.t line 9.
t/01-external_attribute.t .. 
Dubious, test returned 255 (wstat 65280, 0xff00)
No subtests run 
t/boilerplate.t ............ ok
t/manifest.t ............... skipped: Author tests not required for installation
t/pod-coverage.t ........... ok
t/pod.t .................... ok

Test Summary Report
-------------------
t/01-external_attribute.t (Wstat: 65280 Tests: 0 Failed: 0)
  Non-zero exit status: 255
  Parse errors: No plan found in TAP output
t/boilerplate.t          (Wstat: 0 Tests: 3 Failed: 0)
  TODO passed:   2
Files=6, Tests=6,  3 wallclock secs ( 0.08 usr  0.03 sys +  1.18 cusr  0.34 csys =  1.62 CPU)
Result: FAIL
Failed 1/6 test programs. 0/6 subtests failed.

------------------------------
PREREQUISITES
------------------------------

Prerequisite modules loaded:

requires:

    Module                          Need    Have    
    ------------------------------- ------- --------
    Carp                            1.17    1.29    
    DBIx::Class::Result::ColumnData 0.09    0.15    
    SQL::Translator                 0.11007 0.11020 
    Test::More                      0       1.001013

build_requires:

    Module                          Need    Have    
    ------------------------------- ------- --------
    Test::More                      0       1.001013

configure_requires:

    Module                          Need    Have    
    ------------------------------- ------- --------
    Module::Build                   0.38    0.4210  


------------------------------
ENVIRONMENT AND OTHER CONTEXT
------------------------------

Environment variables:

    DBIC_NO_WARN_BAD_PERL = 1
    LC_ALL = de_DE.ISO8859-1
    PATH = /usr/local/bin:/usr/bin:/bin:/usr/local/sbin:/usr/sbin:/sbin:/home/cpansand/bin/freebsd10.0:/home/cpansand/bin/sh:/home/cpansand/bin:/usr/games:/home/cpansand/devel:/usr/home/eserte/src/srezic-misc/scripts
    PERL5LIB = /home/cpansand/.cpan/build/DBIx-Class-Result-ColumnData-0.15-YttiDj/blib/arch:/home/cpansand/.cpan/build/DBIx-Class-Result-ColumnData-0.15-YttiDj/blib/lib:/home/cpansand/.cpan/build/DBIx-Class-Result-Validation-0.13-U50w6Y/blib/arch:/home/cpansand/.cpan/build/DBIx-Class-Result-Validation-0.13-U50w6Y/blib/lib
    PERL5OPT = 
    PERL5_CPANPLUS_IS_RUNNING = 28614
    PERL5_CPAN_IS_RUNNING = 28614
    PERL5_CPAN_IS_RUNNING_IN_RECURSION = 28319,28614
    PERLDOC = -MPod::Perldoc::ToTextOverstrike
    PERL_BATCH = yes
    PERL_CPAN_REPORTER_CONFIG = /var/tmp/cpansmoker-1023/Oimk5GHHhD_config.ini
    PERL_EXTUTILS_AUTOINSTALL = --defaultdeps
    PERL_HASH_SEED = 0
    PERL_HTML_DISPLAY_CLASS = HTML::Display::Mozilla
    PERL_PERTURB_KEYS = NO
    SHELL = /usr/local/bin/zsh
    TERM = screen
    TMPDIR = /var/tmp/cpansmoker-1023

Perl special variables (and OS-specific diagnostics, for MSWin32):

    $^X = /usr/perl5.18.4/bin/perl5.18.4
    $UID/$EUID = 1023 / 1023
    $GID = 1023 1023
    $EGID = 1023 1023

Perl module toolchain versions installed:

    Module              Have    
    ------------------- --------
    CPAN                2.00    
    CPAN::Meta          2.143240
    Cwd                 3.40    
    ExtUtils::CBuilder  0.280210
    ExtUtils::Command   1.17    
    ExtUtils::Install   1.59    
    ExtUtils::MakeMaker 7.04    
    ExtUtils::Manifest  1.69    
    ExtUtils::ParseXS   3.24    
    File::Spec          3.40    
    JSON                2.90    
    JSON::PP            2.27203 
    Module::Build       0.4210  
    Module::Signature   n/a     
    Parse::CPAN::Meta   1.4414  
    Test::Harness       3.34    
    Test::More          1.001013
    YAML                1.13    
    YAML::Syck          1.27    
    version             0.9909  


--

Summary of my perl5 (revision 5 version 18 subversion 4) configuration:
   
  Platform:
    osname=freebsd, osvers=10.1-release, archname=amd64-freebsd
    uname='freebsd cvrsnica-freebsd-101.herceg.de 10.1-release freebsd 10.1-release #0 r274401: tue nov 11 21:02:49 utc 2014 root@releng1.nyi.freebsd.org:usrobjusrsrcsysgeneric amd64 '
    config_args='-ds -e -Dprefix=/usr/perl5.18.4'
    hint=recommended, useposix=true, d_sigaction=define
    useithreads=undef, usemultiplicity=undef
    useperlio=define, d_sfio=undef, uselargefiles=define, usesocks=undef
    use64bitint=define, use64bitall=define, uselongdouble=undef
    usemymalloc=n, bincompat5005=undef
  Compiler:
    cc='cc', ccflags ='-DHAS_FPSETMASK -DHAS_FLOATINGPOINT_H -fno-strict-aliasing -pipe -fstack-protector -I/usr/local/include',
    optimize='-O',
    cppflags='-DHAS_FPSETMASK -DHAS_FLOATINGPOINT_H -fno-strict-aliasing -pipe -fstack-protector -I/usr/local/include'
    ccversion='', gccversion='4.2.1 Compatible FreeBSD Clang 3.4.1 (tags/RELEASE_34/dot1-final 208032)', gccosandvers=''
    intsize=4, longsize=8, ptrsize=8, doublesize=8, byteorder=12345678
    d_longlong=define, longlongsize=8, d_longdbl=define, longdblsize=16
    ivtype='long', ivsize=8, nvtype='double', nvsize=8, Off_t='off_t', lseeksize=8
    alignbytes=8, prototype=define
  Linker and Libraries:
    ld='cc', ldflags ='-Wl,-E  -fstack-protector -L/usr/local/lib'
    libpth=/usr/lib /usr/local/lib
    libs=-lm -lcrypt -lutil -lc
    perllibs=-lm -lcrypt -lutil -lc
    libc=, so=so, useshrplib=false, libperl=libperl.a
    gnulibc_version=''
  Dynamic Linking:
    dlsrc=dl_dlopen.xs, dlext=so, d_dlsymun=undef, ccdlflags=' '
    cccdlflags='-DPIC -fPIC', lddlflags='-shared  -L/usr/local/lib -fstack-protector'


Characteristics of this binary (from libperl): 
  Compile-time options: HAS_TIMES PERLIO_LAYERS PERL_DONT_CREATE_GVSV
                        PERL_HASH_FUNC_ONE_AT_A_TIME_HARD PERL_MALLOC_WRAP
                        PERL_PRESERVE_IVUV PERL_SAWAMPERSAND USE_64_BIT_ALL
                        USE_64_BIT_INT USE_LARGE_FILES USE_LOCALE
                        USE_LOCALE_COLLATE USE_LOCALE_CTYPE
                        USE_LOCALE_NUMERIC USE_PERLIO USE_PERL_ATOF
  Built under freebsd
  Compiled at Nov 28 2014 09:21:42
  %ENV:
    PERL5LIB="/home/cpansand/.cpan/build/DBIx-Class-Result-ColumnData-0.15-YttiDj/blib/arch:/home/cpansand/.cpan/build/DBIx-Class-Result-ColumnData-0.15-YttiDj/blib/lib:/home/cpansand/.cpan/build/DBIx-Class-Result-Validation-0.13-U50w6Y/blib/arch:/home/cpansand/.cpan/build/DBIx-Class-Result-Validation-0.13-U50w6Y/blib/lib"
    PERL5OPT=""
    PERL5_CPANPLUS_IS_RUNNING="28614"
    PERL5_CPAN_IS_RUNNING="28614"
    PERL5_CPAN_IS_RUNNING_IN_RECURSION="28319,28614"
    PERLDOC="-MPod::Perldoc::ToTextOverstrike"
    PERL_BATCH="yes"
    PERL_CPAN_REPORTER_CONFIG="/var/tmp/cpansmoker-1023/Oimk5GHHhD_config.ini"
    PERL_EXTUTILS_AUTOINSTALL="--defaultdeps"
    PERL_HASH_SEED="0"
    PERL_HTML_DISPLAY_CLASS="HTML::Display::Mozilla"
    PERL_PERTURB_KEYS="NO"
  @INC:
    /home/cpansand/.cpan/build/DBIx-Class-Result-ColumnData-0.15-YttiDj/blib/arch
    /home/cpansand/.cpan/build/DBIx-Class-Result-ColumnData-0.15-YttiDj/blib/lib
    /home/cpansand/.cpan/build/DBIx-Class-Result-Validation-0.13-U50w6Y/blib/arch
    /home/cpansand/.cpan/build/DBIx-Class-Result-Validation-0.13-U50w6Y/blib/lib
    /usr/perl5.18.4/lib/site_perl/5.18.4/amd64-freebsd
    /usr/perl5.18.4/lib/site_perl/5.18.4
    /usr/perl5.18.4/lib/5.18.4/amd64-freebsd
    /usr/perl5.18.4/lib/5.18.4
    .