Report for CGI-Cache-1.4206

Back
From: metabase:user:31d414ea-2aae-11df-837a-5e0a49663a4f
Subject: FAIL CGI-Cache-1.4206 v5.6.2 GNU/Linux
Date: 2015-05-04T18:45:10Z

This distribution has been tested as part of the CPAN Testers
project, supporting the Perl programming language.  See
http://wiki.cpantesters.org/ for more information or email
questions to cpan-testers-discuss@perl.org


--
Dear David Coppit,

This is a computer-generated report for CGI-Cache-1.4206
on perl 5.6.2, created by CPAN-Reporter-1.18.

Thank you for uploading your work to CPAN.  However, there was a problem
testing your distribution.

If you think this report is invalid, please consult the CPAN Testers Wiki
for suggestions on how to avoid getting FAIL reports for missing library
or binary dependencies, unsupported operating systems, and so on:

http://wiki.cpantesters.org/wiki/CPANAuthorNotes

Sections of this report:

    * Tester comments
    * Program output
    * Prerequisites
    * Environment and other context

------------------------------
TESTER COMMENTS
------------------------------

Additional comments from tester:

this report is from an automated smoke testing program
and was not reviewed by a human for accuracy

------------------------------
PROGRAM OUTPUT
------------------------------

Output from '/usr/bin/make test':

PERL_DL_NONLAZY=1 /home/david/cpantesting/perl-5.6.2/bin/perl "-MExtUtils::Command::MM" "-e" "test_harness(1, 'blib/lib', 'blib/arch')" t/*.t
t/basic.t ...................... 
1..11
ok 1 - use CGI::Cache;
ok 2 - No errors initializing with default values
ok 3 - Return value after initializing with default values
ok 4 - No errors initializing with non-default values
ok 5 - Return value after initializing with non-default values
ok 6 - No errors setting a simple key
ok 7 - Return value after setting a simple key
ok 8 - No errors setting a complex key
ok 9 - Return value after setting a complex key
ok 10 - Empty cache directory until something cached
Cached output
ok 11 - Cache directory after something cached
ok
Subroutine O_RDWR redefined at /home/david/cpantesting/perl-5.6.2/lib/site_perl/5.6.2/File/Slurp.pm line 11.
Subroutine O_EXCL redefined at /home/david/cpantesting/perl-5.6.2/lib/site_perl/5.6.2/File/Slurp.pm line 11.
Subroutine O_CREAT redefined at /home/david/cpantesting/perl-5.6.2/lib/site_perl/5.6.2/File/Slurp.pm line 11.
Use of uninitialized value in scalar assignment at t/Test/Utils.pm line 17.
# Looks like your test exited with 29 before it could output anything.
t/buffer.t ..................... 
1..6
Dubious, test returned 29 (wstat 7424, 0x1d00)
Failed 6/6 subtests 
Subroutine O_RDWR redefined at /home/david/cpantesting/perl-5.6.2/lib/site_perl/5.6.2/File/Slurp.pm line 11.
Subroutine O_EXCL redefined at /home/david/cpantesting/perl-5.6.2/lib/site_perl/5.6.2/File/Slurp.pm line 11.
Subroutine O_CREAT redefined at /home/david/cpantesting/perl-5.6.2/lib/site_perl/5.6.2/File/Slurp.pm line 11.
Use of uninitialized value in scalar assignment at t/Test/Utils.pm line 17.
# Looks like your test exited with 2 before it could output anything.
t/cgi_carp.t ................... 
1..7
Dubious, test returned 2 (wstat 512, 0x200)
Failed 7/7 subtests 
Subroutine O_RDWR redefined at /home/david/cpantesting/perl-5.6.2/lib/site_perl/5.6.2/File/Slurp.pm line 11.
Subroutine O_EXCL redefined at /home/david/cpantesting/perl-5.6.2/lib/site_perl/5.6.2/File/Slurp.pm line 11.
Subroutine O_CREAT redefined at /home/david/cpantesting/perl-5.6.2/lib/site_perl/5.6.2/File/Slurp.pm line 11.
Use of uninitialized value in scalar assignment at t/Test/Utils.pm line 17.
# Looks like your test exited with 29 before it could output anything.
t/disabled_ouput.t ............. 
1..3
Dubious, test returned 29 (wstat 7424, 0x1d00)
Failed 3/3 subtests 
Subroutine O_RDWR redefined at /home/david/cpantesting/perl-5.6.2/lib/site_perl/5.6.2/File/Slurp.pm line 11.
Subroutine O_EXCL redefined at /home/david/cpantesting/perl-5.6.2/lib/site_perl/5.6.2/File/Slurp.pm line 11.
Subroutine O_CREAT redefined at /home/david/cpantesting/perl-5.6.2/lib/site_perl/5.6.2/File/Slurp.pm line 11.
Use of uninitialized value in scalar assignment at t/Test/Utils.pm line 17.
# Looks like your test exited with 29 before it could output anything.
t/invalidate_cache_entry.t ..... 
1..6
Dubious, test returned 29 (wstat 7424, 0x1d00)
Failed 6/6 subtests 
Subroutine O_RDWR redefined at /home/david/cpantesting/perl-5.6.2/lib/site_perl/5.6.2/File/Slurp.pm line 11.
Subroutine O_EXCL redefined at /home/david/cpantesting/perl-5.6.2/lib/site_perl/5.6.2/File/Slurp.pm line 11.
Subroutine O_CREAT redefined at /home/david/cpantesting/perl-5.6.2/lib/site_perl/5.6.2/File/Slurp.pm line 11.
Use of uninitialized value in scalar assignment at t/Test/Utils.pm line 17.
# Looks like your test exited with 2 before it could output anything.
t/non-caching.t ................ 
1..15
Dubious, test returned 2 (wstat 512, 0x200)
Failed 15/15 subtests 
Subroutine O_RDWR redefined at /home/david/cpantesting/perl-5.6.2/lib/site_perl/5.6.2/File/Slurp.pm line 11.
Subroutine O_EXCL redefined at /home/david/cpantesting/perl-5.6.2/lib/site_perl/5.6.2/File/Slurp.pm line 11.
Subroutine O_CREAT redefined at /home/david/cpantesting/perl-5.6.2/lib/site_perl/5.6.2/File/Slurp.pm line 11.
Use of uninitialized value in scalar assignment at t/Test/Utils.pm line 17.
# Looks like your test exited with 29 before it could output anything.
t/pause_continue.t ............. 
1..6
Dubious, test returned 29 (wstat 7424, 0x1d00)
Failed 6/6 subtests 
t/pod.t ........................ skipped: Test::Pod 1.00 required for testing POD
Subroutine O_RDWR redefined at /home/david/cpantesting/perl-5.6.2/lib/site_perl/5.6.2/File/Slurp.pm line 11.
Subroutine O_EXCL redefined at /home/david/cpantesting/perl-5.6.2/lib/site_perl/5.6.2/File/Slurp.pm line 11.
Subroutine O_CREAT redefined at /home/david/cpantesting/perl-5.6.2/lib/site_perl/5.6.2/File/Slurp.pm line 11.
Use of uninitialized value in scalar assignment at t/Test/Utils.pm line 17.
# Looks like your test exited with 29 before it could output anything.
t/stop.t ....................... 
1..6
Dubious, test returned 29 (wstat 7424, 0x1d00)
Failed 6/6 subtests 
Subroutine O_RDWR redefined at /home/david/cpantesting/perl-5.6.2/lib/site_perl/5.6.2/File/Slurp.pm line 11.
Subroutine O_EXCL redefined at /home/david/cpantesting/perl-5.6.2/lib/site_perl/5.6.2/File/Slurp.pm line 11.
Subroutine O_CREAT redefined at /home/david/cpantesting/perl-5.6.2/lib/site_perl/5.6.2/File/Slurp.pm line 11.
Use of uninitialized value in scalar assignment at t/Test/Utils.pm line 17.
Use of uninitialized value in scalar assignment at t/user_specified_filehandle.t line 17.
Global symbol "$warning" requires explicit package name at t/user_specified_filehandle.t line 34.
Global symbol "$warning" requires explicit package name at t/user_specified_filehandle.t line 34.
Global symbol "$warning" requires explicit package name at t/user_specified_filehandle.t line 34.
Execution of t/user_specified_filehandle.t aborted due to compilation errors.
t/user_specified_filehandle.t .. 
1..6
Dubious, test returned 255 (wstat 65280, 0xff00)
Failed 6/6 subtests 

Test Summary Report
-------------------
t/buffer.t                   (Wstat: 7424 Tests: 0 Failed: 0)
  Non-zero exit status: 29
  Parse errors: Bad plan.  You planned 6 tests but ran 0.
t/cgi_carp.t                 (Wstat: 512 Tests: 0 Failed: 0)
  Non-zero exit status: 2
  Parse errors: Bad plan.  You planned 7 tests but ran 0.
t/disabled_ouput.t           (Wstat: 7424 Tests: 0 Failed: 0)
  Non-zero exit status: 29
  Parse errors: Bad plan.  You planned 3 tests but ran 0.
t/invalidate_cache_entry.t   (Wstat: 7424 Tests: 0 Failed: 0)
  Non-zero exit status: 29
  Parse errors: Bad plan.  You planned 6 tests but ran 0.
t/non-caching.t              (Wstat: 512 Tests: 0 Failed: 0)
  Non-zero exit status: 2
  Parse errors: Bad plan.  You planned 15 tests but ran 0.
t/pause_continue.t           (Wstat: 7424 Tests: 0 Failed: 0)
  Non-zero exit status: 29
  Parse errors: Bad plan.  You planned 6 tests but ran 0.
t/stop.t                     (Wstat: 7424 Tests: 0 Failed: 0)
  Non-zero exit status: 29
  Parse errors: Bad plan.  You planned 6 tests but ran 0.
t/user_specified_filehandle.t (Wstat: 65280 Tests: 0 Failed: 0)
  Non-zero exit status: 255
  Parse errors: Bad plan.  You planned 6 tests but ran 0.
Files=10, Tests=11,  6 wallclock secs ( 0.04 usr  0.02 sys +  0.43 cusr  0.11 csys =  0.60 CPU)
Result: FAIL
Failed 8/10 test programs. 0/11 subtests failed.
make: *** [test_dynamic] Error 11

------------------------------
PREREQUISITES
------------------------------

Prerequisite modules loaded:

requires:

    Module              Need Have    
    ------------------- ---- --------
    Cache::Cache        0    1.08    
    Error               0    0.17023 
    ExtUtils::MakeMaker 6.36 6.66    
    File::Path          0    1.0404  
    File::Slurp         0    9999.19 
    File::Spec          0    3.31    
    Storable            0    2.21    
    Test::More          0    1.001014
    Tie::Restore        0    0.11    
    URI::Escape         0    3.29    

configure_requires:

    Module              Need Have    
    ------------------- ---- --------
    ExtUtils::MakeMaker 6.36 6.66    
    URI::Escape         0    3.29    


------------------------------
ENVIRONMENT AND OTHER CONTEXT
------------------------------

Environment variables:

    AUTOMATED_TESTING = 1
    PATH = /usr/local/bin:/usr/bin:/bin:/usr/games
    PERL = 5.6.2
    PERL5LIB = 
    PERL5OPT = 
    PERL5_CPANPLUS_IS_RUNNING = 13584
    PERL5_CPAN_IS_RUNNING = 13584
    PERLVER = 5.6.2
    PERL_INLINE_DIRECTORY = /home/david/.Inline-5.6.2
    PERL_MM_USE_DEFAULT = 1
    SHELL = /bin/bash
    TERM = screen

Perl special variables (and OS-specific diagnostics, for MSWin32):

    $^X = /home/david/cpantesting/perl-5.6.2/bin/perl
    $UID/$EUID = 1000 / 1000
    $GID = 1000 1000
    $EGID = 1000 1000

Perl module toolchain versions installed:

    Module              Have    
    ------------------- --------
    CPAN                1.9402  
    Cwd                 3.31    
    ExtUtils::CBuilder  0.2703  
    ExtUtils::Command   1.16    
    ExtUtils::Install   1.54    
    ExtUtils::MakeMaker 6.66    
    ExtUtils::Manifest  1.60    
    ExtUtils::ParseXS   2.2206  
    File::Spec          3.31    
    Module::Build       0.4005  
    Module::Signature   n/a     
    Test::Harness       3.22    
    Test::More          1.001014
    YAML                n/a     
    YAML::Syck          n/a     
    version             0.88    


--

Summary of my perl5 (revision 5.0 version 6 subversion 2) configuration:
  Platform:
    osname=linux, osvers=2.6.18-4-xen-amd64, archname=x86_64-linux
    uname='linux pigsty.barnyard.co.uk 2.6.18-4-xen-amd64 #1 smp fri may 4 02:40:51 utc 2007 x86_64 gnulinux '
    config_args='-de -Dprefix=/home/david/cpantesting/perl-5.6.2'
    hint=recommended, useposix=true, d_sigaction=define
    usethreads=undef use5005threads=undef useithreads=undef usemultiplicity=undef
    useperlio=undef d_sfio=undef uselargefiles=define usesocks=undef
    use64bitint=define use64bitall=define uselongdouble=undef
  Compiler:
    cc='cc', ccflags ='-fno-strict-aliasing -I/usr/local/include -D_LARGEFILE_SOURCE -D_FILE_OFFSET_BITS=64',
    optimize='-O2',
    cppflags='-fno-strict-aliasing -I/usr/local/include'
    ccversion='', gccversion='4.1.2 20061115 (prerelease) (Debian 4.1.1-21)', gccosandvers=''
    intsize=4, longsize=8, ptrsize=8, doublesize=8, byteorder=12345678
    d_longlong=define, longlongsize=8, d_longdbl=define, longdblsize=16
    ivtype='long', ivsize=8, nvtype='double', nvsize=8, Off_t='off_t', lseeksize=8
    alignbytes=8, usemymalloc=n, prototype=define
  Linker and Libraries:
    ld='cc', ldflags =' -L/usr/local/lib'
    libpth=/usr/local/lib /lib /usr/lib
    libs=-lnsl -lgdbm -ldb -ldl -lm -lc -lcrypt -lutil
    perllibs=-lnsl -ldl -lm -lc -lcrypt -lutil
    libc=/lib/libc-2.3.6.so, so=so, useshrplib=false, libperl=libperl.a
  Dynamic Linking:
    dlsrc=dl_dlopen.xs, dlext=so, d_dlsymun=undef, ccdlflags='-rdynamic'
    cccdlflags='-fpic', lddlflags='-shared -L/usr/local/lib'


Characteristics of this binary (from libperl): 
  Compile-time options: USE_64_BIT_INT USE_64_BIT_ALL USE_LARGE_FILES
  Built under linux
  Compiled at Aug 25 2010 13:58:18
  %ENV:
    PERL="5.6.2"
    PERL5LIB=""
    PERL5OPT=""
    PERL5_CPANPLUS_IS_RUNNING="13584"
    PERL5_CPAN_IS_RUNNING="13584"
    PERLVER="5.6.2"
    PERL_INLINE_DIRECTORY="/home/david/.Inline-5.6.2"
    PERL_MM_USE_DEFAULT="1"
  @INC:
    /home/david/cpantesting/perl-5.6.2/lib/5.6.2/x86_64-linux
    /home/david/cpantesting/perl-5.6.2/lib/5.6.2
    /home/david/cpantesting/perl-5.6.2/lib/site_perl/5.6.2/x86_64-linux
    /home/david/cpantesting/perl-5.6.2/lib/site_perl/5.6.2
    /home/david/cpantesting/perl-5.6.2/lib/site_perl
    .