Cache-utLRU v0.003000 Perl 5 v5.10.0 x86_64-linux

Status
Fail
From
Andreas J. König (ANDK)
Dist
Cache-utLRU v0.003000
Platform
Perl 5 v5.10.0 x86_64-linux
Date
2024-07-27 17:14:31
ID
b07754a6-4c3b-11ef-ab01-3adf729ca588
This distribution has been tested as part of the CPAN Testers
project, supporting the Perl programming language.  See
http://wiki.cpantesters.org/ for more information or email
questions to cpan-testers-discuss@perl.org


--
Dear Gonzalo Diethelm,

This is a computer-generated report for Cache-utLRU-0.003000
on perl 5.10.0, created by CPAN-Reporter-1.2018.

Thank you for uploading your work to CPAN.  However, there was a problem
testing your distribution.

If you think this report is invalid, please consult the CPAN Testers Wiki
for suggestions on how to avoid getting FAIL reports for missing library
or binary dependencies, unsupported operating systems, and so on:

http://wiki.cpantesters.org/wiki/CPANAuthorNotes

Sections of this report:

    * Tester comments
    * Program output
    * Prerequisites
    * Environment and other context

------------------------------
TESTER COMMENTS
------------------------------

Additional comments from tester:

this report is from an automated smoke testing program
and was not reviewed by a human for accuracy

------------------------------
PROGRAM OUTPUT
------------------------------

Output from '/usr/bin/make test':

"/home/sand/src/perl/repoperls/installed-perls/host/k93msid/perl-5.10.0/da1c/bin/perl" -MExtUtils::Command::MM -e 'cp_nonempty' -- utLRU.bs blib/arch/auto/Cache/utLRU/utLRU.bs 644
PERL_DL_NONLAZY=1 "/home/sand/src/perl/repoperls/installed-perls/host/k93msid/perl-5.10.0/da1c/bin/perl" "-MExtUtils::Command::MM" "-MTest::Harness" "-e" "undef *Test::Harness::Switches; test_harness(0, 'blib/lib', 'blib/arch')" t/*.t

#   Failed test 'use Cache::utLRU;'
#   at t/01_use.t line 7.
#     Tried to use 'Cache::utLRU'.
#     Error:  Can't load '/tmp/loop_over_bdir-2274112-k3jwA5/Cache-utLRU-0.003000-0/blib/arch/auto/Cache/utLRU/utLRU.so' for module Cache::utLRU: /tmp/loop_over_bdir-2274112-k3jwA5/Cache-utLRU-0.003000-0/blib/arch/auto/Cache/utLRU/utLRU.so: undefined symbol: DPPP_my_mg_findext at /home/sand/src/perl/repoperls/installed-perls/host/k93msid/perl-5.10.0/da1c/lib/5.10.0/x86_64-linux/DynaLoader.pm line 203.
#  at t/01_use.t line 7.
# Compilation failed in require at t/01_use.t line 7.
# BEGIN failed--compilation aborted at t/01_use.t line 7.
# Looks like you failed 1 test of 1.
t/01_use.t ......... 
Dubious, test returned 1 (wstat 256, 0x100)
Failed 1/1 subtests 
Can't load '/tmp/loop_over_bdir-2274112-k3jwA5/Cache-utLRU-0.003000-0/blib/arch/auto/Cache/utLRU/utLRU.so' for module Cache::utLRU: /tmp/loop_over_bdir-2274112-k3jwA5/Cache-utLRU-0.003000-0/blib/arch/auto/Cache/utLRU/utLRU.so: undefined symbol: DPPP_my_mg_findext at /home/sand/src/perl/repoperls/installed-perls/host/k93msid/perl-5.10.0/da1c/lib/5.10.0/x86_64-linux/DynaLoader.pm line 203.
 at t/02_basic.t line 7.
Compilation failed in require at t/02_basic.t line 7.
BEGIN failed--compilation aborted at t/02_basic.t line 7.
t/02_basic.t ....... 
Dubious, test returned 2 (wstat 512, 0x200)
No subtests run 
Can't load '/tmp/loop_over_bdir-2274112-k3jwA5/Cache-utLRU-0.003000-0/blib/arch/auto/Cache/utLRU/utLRU.so' for module Cache::utLRU: /tmp/loop_over_bdir-2274112-k3jwA5/Cache-utLRU-0.003000-0/blib/arch/auto/Cache/utLRU/utLRU.so: undefined symbol: DPPP_my_mg_findext at /home/sand/src/perl/repoperls/installed-perls/host/k93msid/perl-5.10.0/da1c/lib/5.10.0/x86_64-linux/DynaLoader.pm line 203.
 at t/03_multi.t line 7.
Compilation failed in require at t/03_multi.t line 7.
BEGIN failed--compilation aborted at t/03_multi.t line 7.
t/03_multi.t ....... 
Dubious, test returned 2 (wstat 512, 0x200)
No subtests run 
Can't load '/tmp/loop_over_bdir-2274112-k3jwA5/Cache-utLRU-0.003000-0/blib/arch/auto/Cache/utLRU/utLRU.so' for module Cache::utLRU: /tmp/loop_over_bdir-2274112-k3jwA5/Cache-utLRU-0.003000-0/blib/arch/auto/Cache/utLRU/utLRU.so: undefined symbol: DPPP_my_mg_findext at /home/sand/src/perl/repoperls/installed-perls/host/k93msid/perl-5.10.0/da1c/lib/5.10.0/x86_64-linux/DynaLoader.pm line 203.
 at t/04_visit.t line 7.
Compilation failed in require at t/04_visit.t line 7.
BEGIN failed--compilation aborted at t/04_visit.t line 7.
t/04_visit.t ....... 
Dubious, test returned 2 (wstat 512, 0x200)
No subtests run 
Can't load '/tmp/loop_over_bdir-2274112-k3jwA5/Cache-utLRU-0.003000-0/blib/arch/auto/Cache/utLRU/utLRU.so' for module Cache::utLRU: /tmp/loop_over_bdir-2274112-k3jwA5/Cache-utLRU-0.003000-0/blib/arch/auto/Cache/utLRU/utLRU.so: undefined symbol: DPPP_my_mg_findext at /home/sand/src/perl/repoperls/installed-perls/host/k93msid/perl-5.10.0/da1c/lib/5.10.0/x86_64-linux/DynaLoader.pm line 203.
 at t/05_references.t line 8.
Compilation failed in require at t/05_references.t line 8.
BEGIN failed--compilation aborted at t/05_references.t line 8.
t/05_references.t .. 
Dubious, test returned 2 (wstat 512, 0x200)
No subtests run 
Can't load '/tmp/loop_over_bdir-2274112-k3jwA5/Cache-utLRU-0.003000-0/blib/arch/auto/Cache/utLRU/utLRU.so' for module Cache::utLRU: /tmp/loop_over_bdir-2274112-k3jwA5/Cache-utLRU-0.003000-0/blib/arch/auto/Cache/utLRU/utLRU.so: undefined symbol: DPPP_my_mg_findext at /home/sand/src/perl/repoperls/installed-perls/host/k93msid/perl-5.10.0/da1c/lib/5.10.0/x86_64-linux/DynaLoader.pm line 203.
 at t/06_keymod1.t line 6.
Compilation failed in require at t/06_keymod1.t line 6.
BEGIN failed--compilation aborted at t/06_keymod1.t line 6.
t/06_keymod1.t ..... 
Dubious, test returned 2 (wstat 512, 0x200)
No subtests run 
Can't load '/tmp/loop_over_bdir-2274112-k3jwA5/Cache-utLRU-0.003000-0/blib/arch/auto/Cache/utLRU/utLRU.so' for module Cache::utLRU: /tmp/loop_over_bdir-2274112-k3jwA5/Cache-utLRU-0.003000-0/blib/arch/auto/Cache/utLRU/utLRU.so: undefined symbol: DPPP_my_mg_findext at /home/sand/src/perl/repoperls/installed-perls/host/k93msid/perl-5.10.0/da1c/lib/5.10.0/x86_64-linux/DynaLoader.pm line 203.
 at t/07_keymod2.t line 6.
Compilation failed in require at t/07_keymod2.t line 6.
BEGIN failed--compilation aborted at t/07_keymod2.t line 6.
t/07_keymod2.t ..... 
Dubious, test returned 2 (wstat 512, 0x200)
No subtests run 
Can't load '/tmp/loop_over_bdir-2274112-k3jwA5/Cache-utLRU-0.003000-0/blib/arch/auto/Cache/utLRU/utLRU.so' for module Cache::utLRU: /tmp/loop_over_bdir-2274112-k3jwA5/Cache-utLRU-0.003000-0/blib/arch/auto/Cache/utLRU/utLRU.so: undefined symbol: DPPP_my_mg_findext at /home/sand/src/perl/repoperls/installed-perls/host/k93msid/perl-5.10.0/da1c/lib/5.10.0/x86_64-linux/DynaLoader.pm line 203.
 at t/08_keymod3.t line 6.
Compilation failed in require at t/08_keymod3.t line 6.
BEGIN failed--compilation aborted at t/08_keymod3.t line 6.
t/08_keymod3.t ..... 
Dubious, test returned 2 (wstat 512, 0x200)
No subtests run 
Can't load '/tmp/loop_over_bdir-2274112-k3jwA5/Cache-utLRU-0.003000-0/blib/arch/auto/Cache/utLRU/utLRU.so' for module Cache::utLRU: /tmp/loop_over_bdir-2274112-k3jwA5/Cache-utLRU-0.003000-0/blib/arch/auto/Cache/utLRU/utLRU.so: undefined symbol: DPPP_my_mg_findext at /home/sand/src/perl/repoperls/installed-perls/host/k93msid/perl-5.10.0/da1c/lib/5.10.0/x86_64-linux/DynaLoader.pm line 203.
 at t/09_keymod4.t line 5.
Compilation failed in require at t/09_keymod4.t line 5.
BEGIN failed--compilation aborted at t/09_keymod4.t line 5.
t/09_keymod4.t ..... 
Dubious, test returned 2 (wstat 512, 0x200)
No subtests run 

Test Summary Report
-------------------
t/01_use.t       (Wstat: 256 (exited 1) Tests: 1 Failed: 1)
  Failed test:  1
  Non-zero exit status: 1
t/02_basic.t     (Wstat: 512 (exited 2) Tests: 0 Failed: 0)
  Non-zero exit status: 2
  Parse errors: No plan found in TAP output
t/03_multi.t     (Wstat: 512 (exited 2) Tests: 0 Failed: 0)
  Non-zero exit status: 2
  Parse errors: No plan found in TAP output
t/04_visit.t     (Wstat: 512 (exited 2) Tests: 0 Failed: 0)
  Non-zero exit status: 2
  Parse errors: No plan found in TAP output
t/05_references.t (Wstat: 512 (exited 2) Tests: 0 Failed: 0)
  Non-zero exit status: 2
  Parse errors: No plan found in TAP output
t/06_keymod1.t   (Wstat: 512 (exited 2) Tests: 0 Failed: 0)
  Non-zero exit status: 2
  Parse errors: No plan found in TAP output
t/07_keymod2.t   (Wstat: 512 (exited 2) Tests: 0 Failed: 0)
  Non-zero exit status: 2
  Parse errors: No plan found in TAP output
t/08_keymod3.t   (Wstat: 512 (exited 2) Tests: 0 Failed: 0)
  Non-zero exit status: 2
  Parse errors: No plan found in TAP output
t/09_keymod4.t   (Wstat: 512 (exited 2) Tests: 0 Failed: 0)
  Non-zero exit status: 2
  Parse errors: No plan found in TAP output
Files=9, Tests=1,  1 wallclock secs ( 0.02 usr  0.02 sys +  0.39 cusr  0.11 csys =  0.54 CPU)
Result: FAIL
Failed 9/9 test programs. 1/1 subtests failed.
make: *** [Makefile:1033: test_dynamic] Error 2

------------------------------
PREREQUISITES
------------------------------

Prerequisite modules loaded:

requires:

    Module              Need     Have    
    ------------------- -------- --------
    perl                5.008009 5.010000
    XSLoader            0        0.24    

build_requires:

    Module              Need     Have    
    ------------------- -------- --------
    Data::Dumper        0        2.183   
    DDP                 0        1.001001
    ExtUtils::MakeMaker 0        7.70    
    Test::LeakTrace     0        0.16    
    Test::More          0        1.302199

configure_requires:

    Module              Need     Have    
    ------------------- -------- --------
    ExtUtils::MakeMaker 0        7.70    


------------------------------
ENVIRONMENT AND OTHER CONTEXT
------------------------------

Environment variables:

    AUTOMATED_TESTING = 1
    LANG = en_US.UTF-8
    LANGUAGE = en_US:en
    PATH = /home/sand/bin:/usr/local/bin:/usr/bin:/bin:/usr/games:/usr/local/perl/bin:/usr/X11/bin:/sbin:/usr/sbin
    PERL5LIB = 
    PERL5OPT = 
    PERL5_CPANPLUS_IS_RUNNING = 2708472
    PERL5_CPAN_IS_RUNNING = 2708472
    PERL_CANARY_STABILITY_NOPROMPT = 1
    PERL_MM_USE_DEFAULT = 1
    PERL_USE_UNSAFE_INC = 1
    SHELL = /usr/bin/zsh
    TERM = screen

Perl special variables (and OS-specific diagnostics, for MSWin32):

    $^X = /home/sand/src/perl/repoperls/installed-perls/host/k93msid/perl-5.10.0/da1c/bin/perl
    $UID/$EUID = 1005 / 1005
    $GID = 1005 1005
    $EGID = 1005 1005

Perl module toolchain versions installed:

    Module              Have    
    ------------------- --------
    CPAN                2.34    
    CPAN::Meta          2.150010
    Cwd                 3.75    
    ExtUtils::CBuilder  0.280236
    ExtUtils::Command   7.70    
    ExtUtils::Install   2.06    
    ExtUtils::MakeMaker 7.70    
    ExtUtils::Manifest  1.70    
    ExtUtils::ParseXS   3.35    
    File::Spec          3.75    
    JSON                4.09    
    JSON::PP            4.12    
    Module::Build       0.4229  
    Module::Signature   0.83    
    Parse::CPAN::Meta   2.150010
    Test::Harness       3.43_06 
    Test::More          1.302199
    YAML                1.29    
    YAML::Syck          1.31    
    version             0.9929  


--

Summary of my perl5 (revision 5 version 10 subversion 0) configuration:
  Platform:
    osname=linux, osvers=5.3.0-2-amd64, archname=x86_64-linux
    uname='linux k93msid 5.3.0-2-amd64 #1 smp debian 5.3.9-3 (2019-11-19) x86_64 gnulinux '
    config_args='-Dprefix=/home/sand/src/perl/repoperls/installed-perls/host/k93msid/perl-5.10.0/da1c -Dmyhostname=k93msid -Dinstallusrbinperl=n -Uversiononly -Dusedevel -des -Ui_db -Dlibswanted=cl pthread socket inet nsl gdbm dbm malloc dl ld sun m crypt sec util c cposix posix ucb BSD gdbm_compat -Uuseithreads -Uuselongdouble -DEBUGGING=-g'
    hint=recommended, useposix=true, d_sigaction=define
    useithreads=undef, usemultiplicity=undef
    useperlio=define, d_sfio=undef, uselargefiles=define, usesocks=undef
    use64bitint=define, use64bitall=define, uselongdouble=undef
    usemymalloc=n, bincompat5005=undef
  Compiler:
    cc='cc', ccflags ='-fwrapv -fno-strict-aliasing -pipe -I/usr/local/include -D_LARGEFILE_SOURCE -D_FILE_OFFSET_BITS=64',
    optimize='-O2 -g',
    cppflags='-fwrapv -fno-strict-aliasing -pipe -I/usr/local/include'
    ccversion='', gccversion='9.2.1 20191109', gccosandvers=''
    intsize=4, longsize=8, ptrsize=8, doublesize=8, byteorder=12345678
    d_longlong=define, longlongsize=8, d_longdbl=define, longdblsize=16
    ivtype='long', ivsize=8, nvtype='double', nvsize=8, Off_t='off_t', lseeksize=8
    alignbytes=8, prototype=define
  Linker and Libraries:
    ld='cc', ldflags =' -L/usr/local/lib'
    libpth=/usr/local/lib /lib/x86_64-linux-gnu /lib/../lib /usr/lib/x86_64-linux-gnu /usr/lib/../lib /lib /usr/lib
    libs=-lpthread -lnsl -ldl -lm -lcrypt -lutil -lc
    perllibs=-lpthread -lnsl -ldl -lm -lcrypt -lutil -lc
    libc=libc-2.29.so, so=so, useshrplib=false, libperl=libperl.a
    gnulibc_version='2.29'
  Dynamic Linking:
    dlsrc=dl_dlopen.xs, dlext=so, d_dlsymun=undef, ccdlflags='-Wl,-E'
    cccdlflags='-fPIC', lddlflags='-shared -O2 -g -L/usr/local/lib'


Characteristics of this binary (from libperl): 
  Compile-time options: PERL_DONT_CREATE_GVSV PERL_MALLOC_WRAP USE_64_BIT_ALL
                        USE_64_BIT_INT USE_LARGE_FILES USE_PERLIO
  Built under linux
  Compiled at Nov 28 2019 05:57:17
  %ENV:
    PERL5LIB=""
    PERL5OPT=""
    PERL5_CPANPLUS_IS_RUNNING="2708472"
    PERL5_CPAN_IS_RUNNING="2708472"
    PERL_CANARY_STABILITY_NOPROMPT="1"
    PERL_MM_USE_DEFAULT="1"
    PERL_USE_UNSAFE_INC="1"
  @INC:
    /home/sand/src/perl/repoperls/installed-perls/host/k93msid/perl-5.10.0/da1c/lib/5.10.0/x86_64-linux
    /home/sand/src/perl/repoperls/installed-perls/host/k93msid/perl-5.10.0/da1c/lib/5.10.0
    /home/sand/src/perl/repoperls/installed-perls/host/k93msid/perl-5.10.0/da1c/lib/site_perl/5.10.0/x86_64-linux
    /home/sand/src/perl/repoperls/installed-perls/host/k93msid/perl-5.10.0/da1c/lib/site_perl/5.10.0
    .