Report for rpm-build-perl-0.82

Back
From: metabase:user:320bfe00-2aae-11df-837a-5e0a49663a4f
Subject: FAIL rpm-build-perl-0.82 v5.19.8 GNU/Linux
Date: 2013-12-21T18:21:19Z

This distribution has been tested as part of the CPAN Testers
project, supporting the Perl programming language.  See
http://wiki.cpantesters.org/ for more information or email
questions to cpan-testers-discuss@perl.org


--
Dear Alexey Tourbin,

This is a computer-generated report for rpm-build-perl-0.82
on perl 5.19.8, created by CPAN-Reporter-1.2010.

Thank you for uploading your work to CPAN.  However, there was a problem
testing your distribution.

If you think this report is invalid, please consult the CPAN Testers Wiki
for suggestions on how to avoid getting FAIL reports for missing library
or binary dependencies, unsupported operating systems, and so on:

http://wiki.cpantesters.org/wiki/CPANAuthorNotes

Sections of this report:

    * Tester comments
    * Program output
    * Prerequisites
    * Environment and other context

------------------------------
TESTER COMMENTS
------------------------------

Additional comments from tester:

this report is from an automated smoke testing program
and was not reviewed by a human for accuracy

------------------------------
PROGRAM OUTPUT
------------------------------

Output from '/usr/bin/make test':

make[1]: Entering directory `/tmp/loop_over_bdir-32119-Jl_IjH/rpm-build-perl-0.82-7KZ2Xl/ConstOptree'
Running Mkbootstrap for B::ConstOptree ()
chmod 644 ConstOptree.bs
make[1]: Leaving directory `/tmp/loop_over_bdir-32119-Jl_IjH/rpm-build-perl-0.82-7KZ2Xl/ConstOptree'
PERL_DL_NONLAZY=1 /tmp/basesmoker-reloperl-VKjr/bin/perl "-MExtUtils::Command::MM" "-MTest::Harness" "-e" "undef *Test::Harness::Switches; test_harness(0, 'blib/lib', 'blib/arch')" t/*.t

#   Failed test at t/01-B-PerlReq.t line 49.
#          got: 'perl(Data/Dumper.pm)'
#     expected: ''
dying at -e line 1
 at /tmp/loop_over_bdir-32119-Jl_IjH/rpm-build-perl-0.82-7KZ2Xl/blib/lib/B/PerlReq.pm line 388.
	B::PerlReq::__ANON__("Can't locate object method \"padix\" via package \"B::SVOP\" at /"...) called at /tmp/loop_over_bdir-32119-Jl_IjH/rpm-build-perl-0.82-7KZ2Xl/blib/lib/B/PerlReq.pm line 319
	B::PerlReq::grok_entersub(B::UNOP=SCALAR(0x96f2b8)) called at /tmp/loop_over_bdir-32119-Jl_IjH/rpm-build-perl-0.82-7KZ2Xl/blib/lib/B/Walker.pm line 56
	B::Walker::walk_root(B::UNOP=SCALAR(0x96f2b8)) called at /tmp/loop_over_bdir-32119-Jl_IjH/rpm-build-perl-0.82-7KZ2Xl/blib/lib/B/Walker.pm line 66
	B::Walker::walk_root(B::LISTOP=SCALAR(0xc00da0)) called at /tmp/loop_over_bdir-32119-Jl_IjH/rpm-build-perl-0.82-7KZ2Xl/blib/lib/B/Walker.pm line 105
	B::Walker::walk_main() called at /tmp/loop_over_bdir-32119-Jl_IjH/rpm-build-perl-0.82-7KZ2Xl/blib/lib/B/PerlReq.pm line 391
	B::PerlReq::__ANON__() called at (eval 2) line 31
	O::CHECK() called at -e line 0
	eval {...} called at -e line 0
Can't locate object method "padix" via package "B::SVOP" at /tmp/loop_over_bdir-32119-Jl_IjH/rpm-build-perl-0.82-7KZ2Xl/blib/lib/B/PerlReq.pm line 319.
CHECK failed--call queue aborted.

#   Failed test at t/01-B-PerlReq.t line 93.
#          got: 'perl(Try/Tiny.pm)
# perl(Bar.pm)'
#     expected: ''

#   Failed test at t/01-B-PerlReq.t line 94.
#          got: 'perl(Try/Tiny.pm)
# perl(Bar.pm)'
#     expected: 'perl(Try/Tiny.pm)'
dying at -e line 1
 at /tmp/loop_over_bdir-32119-Jl_IjH/rpm-build-perl-0.82-7KZ2Xl/blib/lib/B/PerlReq.pm line 388.
	B::PerlReq::__ANON__("Can't locate object method \"padix\" via package \"B::SVOP\" at /"...) called at /tmp/loop_over_bdir-32119-Jl_IjH/rpm-build-perl-0.82-7KZ2Xl/blib/lib/B/PerlReq.pm line 319
	B::PerlReq::grok_entersub(B::UNOP=SCALAR(0x2063008)) called at /tmp/loop_over_bdir-32119-Jl_IjH/rpm-build-perl-0.82-7KZ2Xl/blib/lib/B/Walker.pm line 56
	B::Walker::walk_root(B::UNOP=SCALAR(0x2063008)) called at /tmp/loop_over_bdir-32119-Jl_IjH/rpm-build-perl-0.82-7KZ2Xl/blib/lib/B/Walker.pm line 66
	B::Walker::walk_root(B::LISTOP=SCALAR(0x204dcb8)) called at /tmp/loop_over_bdir-32119-Jl_IjH/rpm-build-perl-0.82-7KZ2Xl/blib/lib/B/Walker.pm line 105
	B::Walker::walk_main() called at /tmp/loop_over_bdir-32119-Jl_IjH/rpm-build-perl-0.82-7KZ2Xl/blib/lib/B/PerlReq.pm line 391
	B::PerlReq::__ANON__() called at (eval 2) line 31
	O::CHECK() called at -e line 0
	eval {...} called at -e line 0
Can't locate object method "padix" via package "B::SVOP" at /tmp/loop_over_bdir-32119-Jl_IjH/rpm-build-perl-0.82-7KZ2Xl/blib/lib/B/PerlReq.pm line 319.
CHECK failed--call queue aborted.

#   Failed test at t/01-B-PerlReq.t line 95.
#          got: 'perl(Try/Tiny.pm)
# perl(Baz.pm)'
#     expected: ''
# Looks like you failed 4 tests of 78.
t/01-B-PerlReq.t .. 
Dubious, test returned 4 (wstat 1024, 0x400)
Failed 4/78 subtests 
dying at /home/sand/src/perl/repoperls/installed-perls/perl/v5.19.7-7-g365f8c3/127e/lib/5.19.8/AutoLoader.pm line 30
 at /tmp/loop_over_bdir-32119-Jl_IjH/rpm-build-perl-0.82-7KZ2Xl/blib/lib/B/PerlReq.pm line 388.
	B::PerlReq::__ANON__("Can't locate object method \"padix\" via package \"B::SVOP\" at /"...) called at /tmp/loop_over_bdir-32119-Jl_IjH/rpm-build-perl-0.82-7KZ2Xl/blib/lib/B/PerlReq.pm line 319
	B::PerlReq::grok_entersub(B::UNOP=SCALAR(0x1e494f0)) called at /tmp/loop_over_bdir-32119-Jl_IjH/rpm-build-perl-0.82-7KZ2Xl/blib/lib/B/Walker.pm line 56
	B::Walker::walk_root(B::UNOP=SCALAR(0x1e494f0)) called at /tmp/loop_over_bdir-32119-Jl_IjH/rpm-build-perl-0.82-7KZ2Xl/blib/lib/B/Walker.pm line 66
	B::Walker::walk_root(B::BINOP=SCALAR(0x1e49478)) called at /tmp/loop_over_bdir-32119-Jl_IjH/rpm-build-perl-0.82-7KZ2Xl/blib/lib/B/Walker.pm line 66
	B::Walker::walk_root(B::LISTOP=SCALAR(0x1e49448)) called at /tmp/loop_over_bdir-32119-Jl_IjH/rpm-build-perl-0.82-7KZ2Xl/blib/lib/B/Walker.pm line 66
	B::Walker::walk_root(B::UNOP=SCALAR(0x1e35270)) called at /tmp/loop_over_bdir-32119-Jl_IjH/rpm-build-perl-0.82-7KZ2Xl/blib/lib/B/Walker.pm line 91
	B::Walker::walk_cv(B::CV=SCALAR(0x1d3b680)) called at /tmp/loop_over_bdir-32119-Jl_IjH/rpm-build-perl-0.82-7KZ2Xl/blib/lib/B/Walker.pm line 116
	B::Walker::walk_gv(B::GV=SCALAR(0x1d3b650)) called at /tmp/loop_over_bdir-32119-Jl_IjH/rpm-build-perl-0.82-7KZ2Xl/blib/lib/B/Walker.pm line 132
	B::Walker::walk_stash(HASH(0x1e27ca0), "AutoLoader::") called at /tmp/loop_over_bdir-32119-Jl_IjH/rpm-build-perl-0.82-7KZ2Xl/blib/lib/B/Walker.pm line 127
	B::Walker::walk_stash(HASH(0x1ba4d00), "") called at /tmp/loop_over_bdir-32119-Jl_IjH/rpm-build-perl-0.82-7KZ2Xl/blib/lib/B/Walker.pm line 139
	B::Walker::walk_subs() called at /tmp/loop_over_bdir-32119-Jl_IjH/rpm-build-perl-0.82-7KZ2Xl/blib/lib/B/PerlReq.pm line 392
	B::PerlReq::__ANON__() called at (eval 3) line 31
	O::CHECK() called at /home/sand/src/perl/repoperls/installed-perls/perl/v5.19.7-7-g365f8c3/127e/lib/5.19.8/AutoLoader.pm line 0
	eval {...} called at /home/sand/src/perl/repoperls/installed-perls/perl/v5.19.7-7-g365f8c3/127e/lib/5.19.8/AutoLoader.pm line 0
Can't locate object method "padix" via package "B::SVOP" at /tmp/loop_over_bdir-32119-Jl_IjH/rpm-build-perl-0.82-7KZ2Xl/blib/lib/B/PerlReq.pm line 319.
CHECK failed--call queue aborted.
# /home/sand/src/perl/repoperls/installed-perls/perl/v5.19.7-7-g365f8c3/127e/lib/5.19.8/AutoLoader.pm: deparse failed. prefix=/home/sand/src/perl/repoperls/installed-perls/perl/v5.19.7-7-g365f8c3/127e/lib/5.19.8

#   Failed test 'AutoLoader.pm zero exit status'
#   at t/02-perlreq.t line 33.
Use of each() on hash after insertion without resetting hash iterator results in undefined behavior at /tmp/loop_over_bdir-32119-Jl_IjH/rpm-build-perl-0.82-7KZ2Xl/blib/lib/B/Walker.pm line 122.
dying at /home/sand/src/perl/repoperls/installed-perls/perl/v5.19.7-7-g365f8c3/127e/lib/5.19.8/Exporter.pm line 85
 at /tmp/loop_over_bdir-32119-Jl_IjH/rpm-build-perl-0.82-7KZ2Xl/blib/lib/B/PerlReq.pm line 388.
	B::PerlReq::__ANON__("Can't locate object method \"padix\" via package \"B::SVOP\" at /"...) called at /tmp/loop_over_bdir-32119-Jl_IjH/rpm-build-perl-0.82-7KZ2Xl/blib/lib/B/PerlReq.pm line 319
	B::PerlReq::grok_entersub(B::UNOP=SCALAR(0x1cd8258)) called at /tmp/loop_over_bdir-32119-Jl_IjH/rpm-build-perl-0.82-7KZ2Xl/blib/lib/B/Walker.pm line 56
	B::Walker::walk_root(B::UNOP=SCALAR(0x1cd8258)) called at /tmp/loop_over_bdir-32119-Jl_IjH/rpm-build-perl-0.82-7KZ2Xl/blib/lib/B/Walker.pm line 66
	B::Walker::walk_root(B::LISTOP=SCALAR(0x1ced2a8)) called at /tmp/loop_over_bdir-32119-Jl_IjH/rpm-build-perl-0.82-7KZ2Xl/blib/lib/B/Walker.pm line 66
	B::Walker::walk_root(B::UNOP=SCALAR(0x1ced2c0)) called at /tmp/loop_over_bdir-32119-Jl_IjH/rpm-build-perl-0.82-7KZ2Xl/blib/lib/B/Walker.pm line 66
	B::Walker::walk_root(B::UNOP=SCALAR(0x1ced758)) called at /tmp/loop_over_bdir-32119-Jl_IjH/rpm-build-perl-0.82-7KZ2Xl/blib/lib/B/Walker.pm line 66
	B::Walker::walk_root(B::UNOP=SCALAR(0x1ced770)) called at /tmp/loop_over_bdir-32119-Jl_IjH/rpm-build-perl-0.82-7KZ2Xl/blib/lib/B/Walker.pm line 66
	B::Walker::walk_root(B::UNOP=SCALAR(0x1ced7b8)) called at /tmp/loop_over_bdir-32119-Jl_IjH/rpm-build-perl-0.82-7KZ2Xl/blib/lib/B/Walker.pm line 66
	B::Walker::walk_root(B::UNOP=SCALAR(0x1ced7e8)) called at /tmp/loop_over_bdir-32119-Jl_IjH/rpm-build-perl-0.82-7KZ2Xl/blib/lib/B/Walker.pm line 66
	B::Walker::walk_root(B::UNOP=SCALAR(0x1ced830)) called at /tmp/loop_over_bdir-32119-Jl_IjH/rpm-build-perl-0.82-7KZ2Xl/blib/lib/B/Walker.pm line 66
	B::Walker::walk_root(B::LISTOP=SCALAR(0x1cedb30)) called at /tmp/loop_over_bdir-32119-Jl_IjH/rpm-build-perl-0.82-7KZ2Xl/blib/lib/B/Walker.pm line 66
	B::Walker::walk_root(B::UNOP=SCALAR(0x1bd6a48)) called at /tmp/loop_over_bdir-32119-Jl_IjH/rpm-build-perl-0.82-7KZ2Xl/blib/lib/B/Walker.pm line 91
	B::Walker::walk_cv(B::CV=SCALAR(0x1cd3f70)) called at /tmp/loop_over_bdir-32119-Jl_IjH/rpm-build-perl-0.82-7KZ2Xl/blib/lib/B/Walker.pm line 116
	B::Walker::walk_gv(B::GV=SCALAR(0x1cd3f10)) called at /tmp/loop_over_bdir-32119-Jl_IjH/rpm-build-perl-0.82-7KZ2Xl/blib/lib/B/Walker.pm line 132
	B::Walker::walk_stash(HASH(0x1a41f70), "Exporter::") called at /tmp/loop_over_bdir-32119-Jl_IjH/rpm-build-perl-0.82-7KZ2Xl/blib/lib/B/Walker.pm line 127
	B::Walker::walk_stash(HASH(0x1a2dd00), "") called at /tmp/loop_over_bdir-32119-Jl_IjH/rpm-build-perl-0.82-7KZ2Xl/blib/lib/B/Walker.pm line 139
	B::Walker::walk_subs() called at /tmp/loop_over_bdir-32119-Jl_IjH/rpm-build-perl-0.82-7KZ2Xl/blib/lib/B/PerlReq.pm line 392
	B::PerlReq::__ANON__() called at (eval 3) line 31
	O::CHECK() called at /home/sand/src/perl/repoperls/installed-perls/perl/v5.19.7-7-g365f8c3/127e/lib/5.19.8/Exporter.pm line 0
	eval {...} called at /home/sand/src/perl/repoperls/installed-perls/perl/v5.19.7-7-g365f8c3/127e/lib/5.19.8/Exporter.pm line 0
Can't locate object method "padix" via package "B::SVOP" at /tmp/loop_over_bdir-32119-Jl_IjH/rpm-build-perl-0.82-7KZ2Xl/blib/lib/B/PerlReq.pm line 319.
CHECK failed--call queue aborted.
# /home/sand/src/perl/repoperls/installed-perls/perl/v5.19.7-7-g365f8c3/127e/lib/5.19.8/Exporter.pm: deparse failed. prefix=/home/sand/src/perl/repoperls/installed-perls/perl/v5.19.7-7-g365f8c3/127e/lib/5.19.8

#   Failed test 'Exporter.pm dependencies'
#   at t/02-perlreq.t line 32.
#          got: ''
#     expected: 'perl(Exporter/Heavy.pm)'

#   Failed test 'Exporter.pm zero exit status'
#   at t/02-perlreq.t line 33.
# Looks like you failed 3 tests of 4.
t/02-perlreq.t .... 
Dubious, test returned 3 (wstat 768, 0x300)
Failed 3/4 subtests 
t/03-perlprov.t ... ok

Test Summary Report
-------------------
t/01-B-PerlReq.t (Wstat: 1024 Tests: 78 Failed: 4)
  Failed tests:  8, 46-48
  Non-zero exit status: 4
t/02-perlreq.t  (Wstat: 768 Tests: 4 Failed: 3)
  Failed tests:  2-4
  Non-zero exit status: 3
Files=3, Tests=112,  4 wallclock secs ( 0.04 usr  0.00 sys +  3.37 cusr  0.35 csys =  3.76 CPU)
Result: FAIL
Failed 2/3 test programs. 7/112 subtests failed.
make: *** [test_dynamic] Error 255

------------------------------
PREREQUISITES
------------------------------

Prerequisite modules loaded:

requires:

    Module              Need Have    
    ------------------- ---- --------
    B                   0    1.47    
    Encode              0    2.55    
    O                   0    1.01    
    Safe                0    2.37    
    Test::More          0    1.001002

build_requires:

    Module              Need Have    
    ------------------- ---- --------
    ExtUtils::MakeMaker 0    6.84    

configure_requires:

    Module              Need Have    
    ------------------- ---- --------
    ExtUtils::MakeMaker 0    6.84    


------------------------------
ENVIRONMENT AND OTHER CONTEXT
------------------------------

Environment variables:

    AUTOMATED_TESTING = 1
    LANG = en_US.UTF-8
    LANGUAGE = en_US:en
    PATH = /usr/lib/ccache:/home/sand/bin:/usr/local/bin:/usr/bin:/bin:/usr/bin/X11:/usr/games:/usr/local/perl/bin:/usr/X11/bin:/sbin:/usr/sbin
    PERL5LIB = 
    PERL5OPT = 
    PERL5_CPANPLUS_IS_RUNNING = 32122
    PERL5_CPAN_IS_RUNNING = 32122
    PERL_MM_USE_DEFAULT = 1
    SHELL = /usr/bin/zsh
    TERM = screen

Perl special variables (and OS-specific diagnostics, for MSWin32):

    $^X = /tmp/basesmoker-reloperl-VKjr/bin/perl
    $UID/$EUID = 1005 / 1005
    $GID = 1005 1005
    $EGID = 1005 1005

Perl module toolchain versions installed:

    Module              Have    
    ------------------- --------
    CPAN                2.03    
    CPAN::Meta          2.133380
    Cwd                 3.45    
    ExtUtils::CBuilder  0.280212
    ExtUtils::Command   1.18    
    ExtUtils::Install   1.61    
    ExtUtils::MakeMaker 6.84    
    ExtUtils::Manifest  1.63    
    ExtUtils::ParseXS   3.23    
    File::Spec          3.45    
    JSON                2.90    
    JSON::PP            2.27203 
    Module::Build       0.4203  
    Module::Signature   0.73    
    Parse::CPAN::Meta   1.4409  
    Test::Harness       3.30    
    Test::More          1.001002
    YAML                0.88    
    YAML::Syck          1.27    
    version             0.9904  


--

Summary of my perl5 (revision 5 version 19 subversion 8) configuration:
  Commit id: 365f8c3e9d04802accfb3922fb8ab94c3d17c8d9
  Platform:
    osname=linux, osvers=3.10-3-amd64, archname=x86_64-linux-ld
    uname='linux k83 3.10-3-amd64 #1 smp debian 3.10.11-1 (2013-09-10) x86_64 gnulinux '
    config_args='-Dprefix=/home/sand/src/perl/repoperls/installed-perls/perl/v5.19.7-7-g365f8c3/127e -Dmyhostname=k83 -Dinstallusrbinperl=n -Uversiononly -Dusedevel -des -Ui_db -Uuseithreads -Duselongdouble -DDEBUGGING=-g'
    hint=recommended, useposix=true, d_sigaction=define
    useithreads=undef, usemultiplicity=undef
    useperlio=define, d_sfio=undef, uselargefiles=define, usesocks=undef
    use64bitint=define, use64bitall=define, uselongdouble=define
    usemymalloc=n, bincompat5005=undef
  Compiler:
    cc='cc', ccflags ='-fno-strict-aliasing -pipe -fstack-protector -I/usr/local/include -D_LARGEFILE_SOURCE -D_FILE_OFFSET_BITS=64',
    optimize='-O2 -g',
    cppflags='-fno-strict-aliasing -pipe -fstack-protector -I/usr/local/include'
    ccversion='', gccversion='4.8.2', gccosandvers=''
    intsize=4, longsize=8, ptrsize=8, doublesize=8, byteorder=12345678
    d_longlong=define, longlongsize=8, d_longdbl=define, longdblsize=16
    ivtype='long', ivsize=8, nvtype='long double', nvsize=16, Off_t='off_t', lseeksize=8
    alignbytes=16, prototype=define
  Linker and Libraries:
    ld='cc', ldflags =' -fstack-protector -L/usr/local/lib'
    libpth=/usr/local/lib /lib/x86_64-linux-gnu /lib/../lib /usr/lib/x86_64-linux-gnu /usr/lib/../lib /lib /usr/lib
    libs=-lnsl -lgdbm -ldb -ldl -lm -lcrypt -lutil -lc -lgdbm_compat
    perllibs=-lnsl -ldl -lm -lcrypt -lutil -lc
    libc=, so=so, useshrplib=false, libperl=libperl.a
    gnulibc_version='2.17'
  Dynamic Linking:
    dlsrc=dl_dlopen.xs, dlext=so, d_dlsymun=undef, ccdlflags='-Wl,-E'
    cccdlflags='-fPIC', lddlflags='-shared -O2 -g -L/usr/local/lib -fstack-protector'


Characteristics of this binary (from libperl): 
  Compile-time options: HAS_TIMES PERLIO_LAYERS PERL_DONT_CREATE_GVSV
                        PERL_HASH_FUNC_ONE_AT_A_TIME_HARD PERL_MALLOC_WRAP
                        PERL_NEW_COPY_ON_WRITE PERL_PRESERVE_IVUV
                        PERL_USE_DEVEL USE_64_BIT_ALL USE_64_BIT_INT
                        USE_LARGE_FILES USE_LOCALE USE_LOCALE_COLLATE
                        USE_LOCALE_CTYPE USE_LOCALE_NUMERIC USE_LONG_DOUBLE
                        USE_PERLIO USE_PERL_ATOF
  Built under linux
  Compiled at Dec 21 2013 13:16:30
  %ENV:
    PERL5LIB=""
    PERL5OPT=""
    PERL5_CPANPLUS_IS_RUNNING="32122"
    PERL5_CPAN_IS_RUNNING="32122"
    PERL_MM_USE_DEFAULT="1"
  @INC:
    /home/sand/src/perl/repoperls/installed-perls/perl/v5.19.7-7-g365f8c3/127e/lib/site_perl/5.19.8/x86_64-linux-ld
    /home/sand/src/perl/repoperls/installed-perls/perl/v5.19.7-7-g365f8c3/127e/lib/site_perl/5.19.8
    /home/sand/src/perl/repoperls/installed-perls/perl/v5.19.7-7-g365f8c3/127e/lib/5.19.8/x86_64-linux-ld
    /home/sand/src/perl/repoperls/installed-perls/perl/v5.19.7-7-g365f8c3/127e/lib/5.19.8
    .