TaskForest v1.37 Perl 5 v5.24.3 OpenBSD.amd64-openbsd-thread-multi-ld
- Status
- Fail
- From
- Alceu Rodrigues de Freitas Junior
- Dist
-
TaskForest v1.37
- Platform
- Perl 5 v5.24.3 OpenBSD.amd64-openbsd-thread-multi-ld
- Date
- 2018-03-23 21:39:38
- ID
- b01e43a2-2ee2-11e8-b499-9b17ca2e601c
This distribution has been tested as part of the CPAN Testers
project, supporting the Perl programming language. See
http://wiki.cpantesters.org/ for more information or email
questions to cpan-testers-discuss@perl.org
--
Dear Aijaz Ansari,
This is a computer-generated report for TaskForest-1.37
on perl 5.24.3, created by CPAN-Reporter-1.2018.
Thank you for uploading your work to CPAN. However, there was a problem
testing your distribution.
If you think this report is invalid, please consult the CPAN Testers Wiki
for suggestions on how to avoid getting FAIL reports for missing library
or binary dependencies, unsupported operating systems, and so on:
http://wiki.cpantesters.org/wiki/CPANAuthorNotes
Sections of this report:
* Tester comments
* Program output
* Prerequisites
* Environment and other context
------------------------------
TESTER COMMENTS
------------------------------
Additional comments from tester:
this report is from an automated smoke testing program
and was not reviewed by a human for accuracy
------------------------------
PROGRAM OUTPUT
------------------------------
Output from '/usr/bin/make test':
PERL_DL_NONLAZY=1 "/home/goku/perl5/perlbrew/perls/perl-5.24.3/bin/perl" "-MExtUtils::Command::MM" "-MTest::Harness" "-e" "undef *Test::Harness::Switches; test_harness(0, 'blib/lib', 'blib/arch')" t/*.t
t/000_Bailout.t ........................ ok
t/001_DateTime.t ....................... ok
t/002_TimeDependency.t ................. ok
t/003_Options.t ........................ ok
t/004_LogDir.t ......................... ok
t/005_Job.t ............................ ok
Ignore this line: Hello, world!
Can't locate object method "TIESCALAR" via package "TaskForest::StringHandleTier" at /mnt/cpan_build_dir/goku/TaskForest-1.37-0/blib/lib/TaskForest/StringHandle.pm line 50.
# Looks like your test exited with 255 just after 8.
t/0065_StringHandle.t ..................
Dubious, test returned 255 (wstat 65280, 0xff00)
Failed 8/16 subtests
"my" variable $year masks earlier declaration in same statement at t/006_Family.t line 54.
"my" variable $mon masks earlier declaration in same scope at t/006_Family.t line 54.
"my" variable $sf masks earlier declaration in same scope at t/006_Family.t line 55.
"my" variable $wday masks earlier declaration in same scope at t/006_Family.t line 55.
syntax error at t/006_Family.t line 51, near "$day qw (Mon Tue Wed Thu Fri Sat Sun)"
Global symbol "$day" requires explicit package name (did you forget to declare "my $day"?) at t/006_Family.t line 52.
Can't redeclare "my" in "my" at t/006_Family.t line 61, at end of line
Execution of t/006_Family.t aborted due to compilation errors.
# Looks like your test exited with 255 just after 2.
t/006_Family.t .........................
Dubious, test returned 255 (wstat 65280, 0xff00)
Failed 72/74 subtests
t/007_TaskForest.t ..................... ok
"my" variable $year masks earlier declaration in same statement at t/008_Repeat.t line 43.
"my" variable $mon masks earlier declaration in same scope at t/008_Repeat.t line 43.
"my" variable $sf masks earlier declaration in same scope at t/008_Repeat.t line 44.
"my" variable $wday masks earlier declaration in same scope at t/008_Repeat.t line 44.
syntax error at t/008_Repeat.t line 40, near "$day qw (Mon Tue Wed Thu Fri Sat Sun)"
Global symbol "$day" requires explicit package name (did you forget to declare "my $day"?) at t/008_Repeat.t line 41.
Can't redeclare "my" in "my" at t/008_Repeat.t line 50, at end of line
Execution of t/008_Repeat.t aborted due to compilation errors.
# Looks like your test exited with 255 just after 2.
t/008_Repeat.t .........................
Dubious, test returned 255 (wstat 65280, 0xff00)
Failed 48/50 subtests
Can't locate object method "TIESCALAR" via package "TaskForest::StringHandleTier" at /mnt/cpan_build_dir/goku/TaskForest-1.37-0/blib/lib/TaskForest/StringHandle.pm line 50.
# Looks like your test exited with 255 just after 8.
t/009_Display.t ........................
Dubious, test returned 255 (wstat 65280, 0xff00)
Failed 17/25 subtests
Can't locate object method "TIESCALAR" via package "TaskForest::StringHandleTier" at /mnt/cpan_build_dir/goku/TaskForest-1.37-0/blib/lib/TaskForest/StringHandle.pm line 50.
# Looks like your test exited with 255 just after 4.
t/010_LongRunningJobs.t ................
Dubious, test returned 255 (wstat 65280, 0xff00)
Failed 2/6 subtests
"my" variable $year masks earlier declaration in same statement at t/011_NotEnoughTime.t line 43.
"my" variable $mon masks earlier declaration in same scope at t/011_NotEnoughTime.t line 43.
"my" variable $sf masks earlier declaration in same scope at t/011_NotEnoughTime.t line 44.
"my" variable $wday masks earlier declaration in same scope at t/011_NotEnoughTime.t line 44.
syntax error at t/011_NotEnoughTime.t line 40, near "$day qw (Mon Tue Wed Thu Fri Sat Sun)"
Global symbol "$day" requires explicit package name (did you forget to declare "my $day"?) at t/011_NotEnoughTime.t line 41.
Can't redeclare "my" in "my" at t/011_NotEnoughTime.t line 50, at end of line
Execution of t/011_NotEnoughTime.t aborted due to compilation errors.
# Looks like your test exited with 255 just after 2.
t/011_NotEnoughTime.t ..................
Dubious, test returned 255 (wstat 65280, 0xff00)
Failed 48/50 subtests
Can't locate object method "TIESCALAR" via package "TaskForest::StringHandleTier" at /mnt/cpan_build_dir/goku/TaskForest-1.37-0/blib/lib/TaskForest/StringHandle.pm line 50.
# Looks like your test exited with 255 just after 8.
t/012_Collapse.t .......................
Dubious, test returned 255 (wstat 65280, 0xff00)
Failed 2/10 subtests
Can't locate object method "TIESCALAR" via package "TaskForest::StringHandleTier" at /mnt/cpan_build_dir/goku/TaskForest-1.37-0/blib/lib/TaskForest/StringHandle.pm line 50.
# Looks like your test exited with 255 just after 9.
t/013_Rerun.t ..........................
Dubious, test returned 255 (wstat 65280, 0xff00)
Failed 8/17 subtests
Can't locate object method "TIESCALAR" via package "TaskForest::StringHandleTier" at /mnt/cpan_build_dir/goku/TaskForest-1.37-0/blib/lib/TaskForest/StringHandle.pm line 50.
# Looks like your test exited with 255 just after 9.
t/014_Mark.t ...........................
Dubious, test returned 255 (wstat 65280, 0xff00)
Failed 12/21 subtests
t/015_Syntax.t ......................... ok
t/016_Cascade.t ........................ ok
# Failed test 'J2 was not in contention'
# at t/017_IgnoreRegex.t line 121.
# '., .., tokens.lock, tokens.txt, IGNORE01.J1.started, IGNORE02.J2.started, IGNORE01.J1.pid, IGNORE01.J1.0, IGNORE02.J2.pid, IGNORE02.J2.0'
# matches '(?^:J2)'
# Looks like you failed 1 test of 12.
t/017_IgnoreRegex.t ....................
Dubious, test returned 1 (wstat 256, 0x100)
Failed 1/12 subtests
#
# **********************************************************************
#
# No web server was found at port 1111. Skipping the rest of
# these tests. If you want, you can start the web server and
# rerun 'make test'.
#
# To start the web server enter:
#
# perl -T -I lib ./blib/script/taskforestd --config_file=./taskforestd.test.cfg
#
# For more help, see http://www.taskforest.com
#
# **********************************************************************
#
t/018TaskForestDaemon.t ................ ok
Can't locate object method "TIESCALAR" via package "TaskForest::StringHandleTier" at /mnt/cpan_build_dir/goku/TaskForest-1.37-0/blib/lib/TaskForest/StringHandle.pm line 50.
# Looks like your test exited with 255 just after 8.
t/019_FamilyRemoval.t ..................
Dubious, test returned 255 (wstat 65280, 0xff00)
Failed 9/17 subtests
t/020_Run_With_Log.t ................... ok
Can't locate object method "TIESCALAR" via package "TaskForest::StringHandleTier" at /mnt/cpan_build_dir/goku/TaskForest-1.37-0/blib/lib/TaskForest/StringHandle.pm line 50.
# Looks like your test exited with 255 just after 9.
t/021_Release.t ........................
Dubious, test returned 255 (wstat 65280, 0xff00)
Failed 42/51 subtests
t/022_Debug.t .......................... ok
t/023_Tokens.t ......................... ok
Can't locate object method "TIESCALAR" via package "TaskForest::StringHandleTier" at /mnt/cpan_build_dir/goku/TaskForest-1.37-0/blib/lib/TaskForest/StringHandle.pm line 50.
# Looks like your test exited with 255 just after 9.
t/024_Midnight.t .......................
Dubious, test returned 255 (wstat 65280, 0xff00)
Failed 8/17 subtests
Can't locate object method "TIESCALAR" via package "TaskForest::StringHandleTier" at /mnt/cpan_build_dir/goku/TaskForest-1.37-0/blib/lib/TaskForest/StringHandle.pm line 50.
# Looks like your test exited with 255 just after 9.
t/025_Midnight_Ready.t .................
Dubious, test returned 255 (wstat 65280, 0xff00)
Failed 10/19 subtests
Can't locate object method "TIESCALAR" via package "TaskForest::StringHandleTier" at /mnt/cpan_build_dir/goku/TaskForest-1.37-0/blib/lib/TaskForest/StringHandle.pm line 50.
# Looks like your test exited with 255 just after 9.
t/026_Tomorrows_Logs.t .................
Dubious, test returned 255 (wstat 65280, 0xff00)
Failed 7/16 subtests
t/027_MultiTokens.t .................... ok
t/028_TokenDemo.t ...................... ok
t/029_FindDaysOfWeek.t ................. ok
t/030_Calendar.t ....................... ok
t/031_Calendar_Simple.t ................ ok
t/032_Calendar_Weekdays.t .............. ok
t/033_DST.t ............................ ok
t/034_External.t ....................... ok
t/035_ExternalSameName.t ............... ok
Can't locate object method "TIESCALAR" via package "TaskForest::StringHandleTier" at /mnt/cpan_build_dir/goku/TaskForest-1.37-0/blib/lib/TaskForest/StringHandle.pm line 50.
# Looks like your test exited with 255 just after 5.
t/036_ExternalMultiple.t ...............
Dubious, test returned 255 (wstat 65280, 0xff00)
Failed 5/10 subtests
Can't locate object method "TIESCALAR" via package "TaskForest::StringHandleTier" at /mnt/cpan_build_dir/goku/TaskForest-1.37-0/blib/lib/TaskForest/StringHandle.pm line 50.
# Looks like your test exited with 255 just after 5.
t/037_ExternalDeep.t ...................
Dubious, test returned 255 (wstat 65280, 0xff00)
Failed 53/58 subtests
Can't locate object method "TIESCALAR" via package "TaskForest::StringHandleTier" at /mnt/cpan_build_dir/goku/TaskForest-1.37-0/blib/lib/TaskForest/StringHandle.pm line 50.
# Looks like your test exited with 255 just after 5.
t/038_ExternalTokens.t .................
Dubious, test returned 255 (wstat 65280, 0xff00)
Failed 8/13 subtests
t/039_ExternalFirstLineOnly.t .......... ok
t/040_ExternalFirstLineOnly2.t ......... ok
t/041_ExternalSecondSection.t .......... ok
Can't locate object method "TIESCALAR" via package "TaskForest::StringHandleTier" at /mnt/cpan_build_dir/goku/TaskForest-1.37-0/blib/lib/TaskForest/StringHandle.pm line 50.
# Looks like your test exited with 255 just after 5.
t/042_ExternalMultipleSections.t .......
Dubious, test returned 255 (wstat 65280, 0xff00)
Failed 8/13 subtests
Can't locate object method "TIESCALAR" via package "TaskForest::StringHandleTier" at /mnt/cpan_build_dir/goku/TaskForest-1.37-0/blib/lib/TaskForest/StringHandle.pm line 50.
# Looks like your test exited with 255 just after 6.
t/043_ExternalSecondSectionParallel.t ..
Dubious, test returned 255 (wstat 65280, 0xff00)
Failed 11/17 subtests
Can't locate object method "TIESCALAR" via package "TaskForest::StringHandleTier" at /mnt/cpan_build_dir/goku/TaskForest-1.37-0/blib/lib/TaskForest/StringHandle.pm line 50.
# Looks like your test exited with 255 just after 10.
t/044_Hold.t ...........................
Dubious, test returned 255 (wstat 65280, 0xff00)
Failed 25/35 subtests
Can't locate object method "TIESCALAR" via package "TaskForest::StringHandleTier" at /mnt/cpan_build_dir/goku/TaskForest-1.37-0/blib/lib/TaskForest/StringHandle.pm line 50.
# Looks like your test exited with 255 just after 10.
t/045_ReleaseHold.t ....................
Dubious, test returned 255 (wstat 65280, 0xff00)
Failed 30/40 subtests
Can't locate object method "TIESCALAR" via package "TaskForest::StringHandleTier" at /mnt/cpan_build_dir/goku/TaskForest-1.37-0/blib/lib/TaskForest/StringHandle.pm line 50.
# Looks like your test exited with 255 just after 10.
t/046_Retry.t ..........................
Dubious, test returned 255 (wstat 65280, 0xff00)
Failed 42/52 subtests
Can't locate object method "TIESCALAR" via package "TaskForest::StringHandleTier" at /mnt/cpan_build_dir/goku/TaskForest-1.37-0/blib/lib/TaskForest/StringHandle.pm line 50.
# Looks like your test exited with 255 just after 10.
t/047_Fail.t ...........................
Dubious, test returned 255 (wstat 65280, 0xff00)
Failed 20/30 subtests
Can't locate object method "TIESCALAR" via package "TaskForest::StringHandleTier" at /mnt/cpan_build_dir/goku/TaskForest-1.37-0/blib/lib/TaskForest/StringHandle.pm line 50.
# Looks like your test exited with 255 just after 10.
t/048_FailRetry.t ......................
Dubious, test returned 255 (wstat 65280, 0xff00)
Failed 67/77 subtests
Test Summary Report
-------------------
t/0065_StringHandle.t (Wstat: 65280 Tests: 8 Failed: 0)
Non-zero exit status: 255
Parse errors: Bad plan. You planned 16 tests but ran 8.
t/006_Family.t (Wstat: 65280 Tests: 2 Failed: 0)
Non-zero exit status: 255
Parse errors: Bad plan. You planned 74 tests but ran 2.
t/008_Repeat.t (Wstat: 65280 Tests: 2 Failed: 0)
Non-zero exit status: 255
Parse errors: Bad plan. You planned 50 tests but ran 2.
t/009_Display.t (Wstat: 65280 Tests: 8 Failed: 0)
Non-zero exit status: 255
Parse errors: Bad plan. You planned 25 tests but ran 8.
t/010_LongRunningJobs.t (Wstat: 65280 Tests: 4 Failed: 0)
Non-zero exit status: 255
Parse errors: Bad plan. You planned 6 tests but ran 4.
t/011_NotEnoughTime.t (Wstat: 65280 Tests: 2 Failed: 0)
Non-zero exit status: 255
Parse errors: Bad plan. You planned 50 tests but ran 2.
t/012_Collapse.t (Wstat: 65280 Tests: 8 Failed: 0)
Non-zero exit status: 255
Parse errors: Bad plan. You planned 10 tests but ran 8.
t/013_Rerun.t (Wstat: 65280 Tests: 9 Failed: 0)
Non-zero exit status: 255
Parse errors: Bad plan. You planned 17 tests but ran 9.
t/014_Mark.t (Wstat: 65280 Tests: 9 Failed: 0)
Non-zero exit status: 255
Parse errors: Bad plan. You planned 21 tests but ran 9.
t/017_IgnoreRegex.t (Wstat: 256 Tests: 12 Failed: 1)
Failed test: 9
Non-zero exit status: 1
t/019_FamilyRemoval.t (Wstat: 65280 Tests: 8 Failed: 0)
Non-zero exit status: 255
Parse errors: Bad plan. You planned 17 tests but ran 8.
t/021_Release.t (Wstat: 65280 Tests: 9 Failed: 0)
Non-zero exit status: 255
Parse errors: Bad plan. You planned 51 tests but ran 9.
t/024_Midnight.t (Wstat: 65280 Tests: 9 Failed: 0)
Non-zero exit status: 255
Parse errors: Bad plan. You planned 17 tests but ran 9.
t/025_Midnight_Ready.t (Wstat: 65280 Tests: 9 Failed: 0)
Non-zero exit status: 255
Parse errors: Bad plan. You planned 19 tests but ran 9.
t/026_Tomorrows_Logs.t (Wstat: 65280 Tests: 9 Failed: 0)
Non-zero exit status: 255
Parse errors: Bad plan. You planned 16 tests but ran 9.
t/036_ExternalMultiple.t (Wstat: 65280 Tests: 5 Failed: 0)
Non-zero exit status: 255
Parse errors: Bad plan. You planned 10 tests but ran 5.
t/037_ExternalDeep.t (Wstat: 65280 Tests: 5 Failed: 0)
Non-zero exit status: 255
Parse errors: Bad plan. You planned 58 tests but ran 5.
t/038_ExternalTokens.t (Wstat: 65280 Tests: 5 Failed: 0)
Non-zero exit status: 255
Parse errors: Bad plan. You planned 13 tests but ran 5.
t/042_ExternalMultipleSections.t (Wstat: 65280 Tests: 5 Failed: 0)
Non-zero exit status: 255
Parse errors: Bad plan. You planned 13 tests but ran 5.
t/043_ExternalSecondSectionParallel.t (Wstat: 65280 Tests: 6 Failed: 0)
Non-zero exit status: 255
Parse errors: Bad plan. You planned 17 tests but ran 6.
t/044_Hold.t (Wstat: 65280 Tests: 10 Failed: 0)
Non-zero exit status: 255
Parse errors: Bad plan. You planned 35 tests but ran 10.
t/045_ReleaseHold.t (Wstat: 65280 Tests: 10 Failed: 0)
Non-zero exit status: 255
Parse errors: Bad plan. You planned 40 tests but ran 10.
t/046_Retry.t (Wstat: 65280 Tests: 10 Failed: 0)
Non-zero exit status: 255
Parse errors: Bad plan. You planned 52 tests but ran 10.
t/047_Fail.t (Wstat: 65280 Tests: 10 Failed: 0)
Non-zero exit status: 255
Parse errors: Bad plan. You planned 30 tests but ran 10.
t/048_FailRetry.t (Wstat: 65280 Tests: 10 Failed: 0)
Non-zero exit status: 255
Parse errors: Bad plan. You planned 77 tests but ran 10.
Files=50, Tests=10518, 108 wallclock secs ( 1.04 usr 1.11 sys + 36.21 cusr 11.20 csys = 49.56 CPU)
Result: FAIL
Failed 25/50 test programs. 1/10518 subtests failed.
*** Error 255 in /mnt/cpan_build_dir/goku/TaskForest-1.37-0 (Makefile:974 'test_dynamic')
------------------------------
PREREQUISITES
------------------------------
Prerequisite modules loaded:
requires:
Module Need Have
------------------- ----- --------
Config::General 2.38 2.63
DateTime 0 1.46
HTTP::Daemon 5.818 6.01
HTTP::Request 5.818 6.15
HTTP::Response 5.82 6.15
HTTP::Status 5.817 6.15
Log::Log4perl 1.16 1.49
Net::SMTP 2.31 3.11
Test::Simple 0.44 1.302134
build_requires:
Module Need Have
------------------- ----- --------
ExtUtils::MakeMaker 0 7.34
------------------------------
ENVIRONMENT AND OTHER CONTEXT
------------------------------
Environment variables:
AUTOMATED_TESTING = 1
DBD_MYSQL_TESTDB = test
DBD_MYSQL_TESTHOST = localhost
DBD_MYSQL_TESTPASSWORD =
DBD_MYSQL_TESTPORT = 3306
DBD_MYSQL_TESTUSER = goku
EXTENDED_TESTING = 1
PATH = /home/goku/perl5/perlbrew/bin:/home/goku/perl5/perlbrew/perls/perl-5.24.3/bin:/home/goku/bin:/usr/bin:/bin:/usr/sbin:/sbin:/usr/X11R6/bin:/usr/local/bin:/usr/local/sbin
PERL5LIB =
PERL5OPT =
PERL5_CPANPLUS_IS_RUNNING = 72946
PERL5_CPAN_IS_RUNNING = 72946
PERL5_CPAN_IS_RUNNING_IN_RECURSION = 83787,72946
PERLBREW_HOME = /home/goku/.perlbrew
PERLBREW_MANPATH = /home/goku/perl5/perlbrew/perls/perl-5.24.3/man
PERLBREW_PATH = /home/goku/perl5/perlbrew/bin:/home/goku/perl5/perlbrew/perls/perl-5.24.3/bin
PERLBREW_PERL = perl-5.24.3
PERLBREW_ROOT = /home/goku/perl5/perlbrew
PERLBREW_SHELLRC_VERSION = 0.82
PERLBREW_VERSION = 0.82
PERL_CR_SMOKER_CURRENT = TaskForest-1.37
PERL_EXTUTILS_AUTOINSTALL = --defaultdeps
PERL_MM_USE_DEFAULT = 1
PERL_USE_UNSAFE_INC = 1
SHELL = /usr/local/bin/bash
TERM = xterm
Perl special variables (and OS-specific diagnostics, for MSWin32):
$^X = /home/goku/perl5/perlbrew/perls/perl-5.24.3/bin/perl
$UID/$EUID = 1001 / 1001
$GID = 998 998 1001
$EGID = 998 998 1001
Perl module toolchain versions installed:
Module Have
------------------- --------
CPAN 2.20
CPAN::Meta 2.150010
Cwd 3.74
ExtUtils::CBuilder 0.280230
ExtUtils::Command 7.34
ExtUtils::Install 2.14
ExtUtils::MakeMaker 7.34
ExtUtils::Manifest 1.70
ExtUtils::ParseXS 3.35
File::Spec 3.74
JSON 2.90
JSON::PP 2.97001
Module::Build 0.4224
Module::Signature n/a
Parse::CPAN::Meta 2.150010
Test::Harness 3.42
Test::More 1.302134
YAML 1.24
YAML::Syck 1.30
version 0.9918
--
Summary of my perl5 (revision 5 version 24 subversion 3) configuration:
Platform:
osname=openbsd, osvers=6.2, archname=OpenBSD.amd64-openbsd-thread-multi-ld
uname='openbsd cpan-smoker-openbsd 6.2 generic.mp#134 amd64 '
config_args='-de -Dprefix=/home/goku/perl5/perlbrew/perls/perl-5.24.3 -Dman1dir=none -Dman3dir=none -Dusemultiplicity -Duselongdouble -Dusethreads -Duse64bitall -Duse64bitint -Aeval:scriptdir=/home/goku/perl5/perlbrew/perls/perl-5.24.3/bin'
hint=recommended, useposix=true, d_sigaction=define
useithreads=define, usemultiplicity=define
use64bitint=define, use64bitall=define, uselongdouble=define
usemymalloc=n, bincompat5005=undef
Compiler:
cc='cc', ccflags ='-pthread -fno-strict-aliasing -pipe -fstack-protector-strong -I/usr/local/include -D_FORTIFY_SOURCE=2',
optimize='-O2',
cppflags='-pthread -fno-strict-aliasing -pipe -fstack-protector-strong -I/usr/local/include'
ccversion='', gccversion='4.2.1 Compatible OpenBSD Clang 4.0.0 (tags/RELEASE_400/final)', gccosandvers=''
intsize=4, longsize=8, ptrsize=8, doublesize=8, byteorder=12345678, doublekind=3
d_longlong=define, longlongsize=8, d_longdbl=define, longdblsize=16, longdblkind=3
ivtype='long', ivsize=8, nvtype='long double', nvsize=16, Off_t='off_t', lseeksize=8
alignbytes=16, prototype=define
Linker and Libraries:
ld='cc', ldflags ='-pthread -Wl,-E -fstack-protector-strong -L/usr/local/lib'
libpth=/usr/lib /usr/local/lib
libs=-lpthread -lm -lutil -lc
perllibs=-lpthread -lm -lutil -lc
libc=/usr/lib/libc.so.90.0, so=so, useshrplib=false, libperl=libperl.a
gnulibc_version=''
Dynamic Linking:
dlsrc=dl_dlopen.xs, dlext=so, d_dlsymun=undef, ccdlflags=' '
cccdlflags='-DPIC -fPIC ', lddlflags='-shared -fPIC -L/usr/local/lib -fstack-protector-strong'
Characteristics of this binary (from libperl):
Compile-time options: HAS_TIMES MULTIPLICITY PERLIO_LAYERS
PERL_COPY_ON_WRITE PERL_DONT_CREATE_GVSV
PERL_HASH_FUNC_ONE_AT_A_TIME_HARD
PERL_IMPLICIT_CONTEXT PERL_MALLOC_WRAP
PERL_PRESERVE_IVUV USE_64_BIT_ALL USE_64_BIT_INT
USE_ITHREADS USE_LARGE_FILES USE_LOCALE
USE_LOCALE_COLLATE USE_LOCALE_CTYPE
USE_LOCALE_NUMERIC USE_LOCALE_TIME USE_LONG_DOUBLE
USE_PERLIO USE_PERL_ATOF USE_REENTRANT_API
Locally applied patches:
Devel::PatchPerl 1.48
Built under openbsd
Compiled at Mar 6 2018 14:59:03
%ENV:
PERL5LIB=""
PERL5OPT=""
PERL5_CPANPLUS_IS_RUNNING="72946"
PERL5_CPAN_IS_RUNNING="72946"
PERL5_CPAN_IS_RUNNING_IN_RECURSION="83787,72946"
PERLBREW_HOME="/home/goku/.perlbrew"
PERLBREW_MANPATH="/home/goku/perl5/perlbrew/perls/perl-5.24.3/man"
PERLBREW_PATH="/home/goku/perl5/perlbrew/bin:/home/goku/perl5/perlbrew/perls/perl-5.24.3/bin"
PERLBREW_PERL="perl-5.24.3"
PERLBREW_ROOT="/home/goku/perl5/perlbrew"
PERLBREW_SHELLRC_VERSION="0.82"
PERLBREW_VERSION="0.82"
PERL_CR_SMOKER_CURRENT="TaskForest-1.37"
PERL_EXTUTILS_AUTOINSTALL="--defaultdeps"
PERL_MM_USE_DEFAULT="1"
PERL_USE_UNSAFE_INC="1"
@INC:
/home/goku/perl5/perlbrew/perls/perl-5.24.3/lib/site_perl/5.24.3/OpenBSD.amd64-openbsd-thread-multi-ld
/home/goku/perl5/perlbrew/perls/perl-5.24.3/lib/site_perl/5.24.3
/home/goku/perl5/perlbrew/perls/perl-5.24.3/lib/5.24.3/OpenBSD.amd64-openbsd-thread-multi-ld
/home/goku/perl5/perlbrew/perls/perl-5.24.3/lib/5.24.3
.