Back
From: metabase:user:320bfe00-2aae-11df-837a-5e0a49663a4f
Subject: FAIL String-FilenameStatic-0.02 v5.15.0 GNU/Linux
Date: 2011-06-08T10:54:30Z
This distribution has been tested as part of the CPAN Testers
project, supporting the Perl programming language. See
http://wiki.cpantesters.org/ for more information or email
questions to cpan-testers-discuss@perl.org
--
Dear Andreas Hernitscheck,
This is a computer-generated report for String-FilenameStatic-0.02
on perl 5.15.0, created by CPAN-Reporter-1.1902.
Thank you for uploading your work to CPAN. However, there was a problem
testing your distribution.
If you think this report is invalid, please consult the CPAN Testers Wiki
for suggestions on how to avoid getting FAIL reports for missing library
or binary dependencies, unsupported operating systems, and so on:
http://wiki.cpantesters.org/wiki/CPANAuthorNotes
Sections of this report:
* Tester comments
* Program output
* Prerequisites
* Environment and other context
------------------------------
TESTER COMMENTS
------------------------------
Additional comments from tester:
none provided
------------------------------
PROGRAM OUTPUT
------------------------------
Output from '/usr/bin/make test':
make[1]: Entering directory `/home/sand/.cpan/build/String-FilenameStatic-Gf1AET'
PERL_DL_NONLAZY=1 /home/sand/src/perl/repoperls/installed-perls/perl/v5.14.0-413-g4a278ec/1df5/bin/perl "-MExtUtils::Command::MM" "-e" "test_harness(0, 'blib/lib', 'blib/arch')" t/*.t
# Failed test 'String::FilenameStatic compiles'
# at t/01_compile.t line 19.
# Looks like you failed 1 test of 3.
t/01_compile.t ..
Dubious, test returned 1 (wstat 256, 0x100)
Failed 1/3 subtests
Can't locate File/Util.pm in @INC (@INC contains: ../lib /home/sand/.cpan/build/String-FilenameStatic-Gf1AET/blib/lib /home/sand/.cpan/build/String-FilenameStatic-Gf1AET/blib/arch /home/src/perl/repoperls/installed-perls/perl/v5.14.0-413-g4a278ec/1df5/lib/site_perl/5.15.0/x86_64-linux /home/src/perl/repoperls/installed-perls/perl/v5.14.0-413-g4a278ec/1df5/lib/site_perl/5.15.0 /home/src/perl/repoperls/installed-perls/perl/v5.14.0-413-g4a278ec/1df5/lib/5.15.0/x86_64-linux /home/src/perl/repoperls/installed-perls/perl/v5.14.0-413-g4a278ec/1df5/lib/5.15.0 .) at /home/sand/.cpan/build/String-FilenameStatic-Gf1AET/blib/lib/String/FilenameStatic.pm line 12.
BEGIN failed--compilation aborted at /home/sand/.cpan/build/String-FilenameStatic-Gf1AET/blib/lib/String/FilenameStatic.pm line 12.
Compilation failed in require at t/02_string.t line 9.
BEGIN failed--compilation aborted at t/02_string.t line 9.
t/02_string.t ...
Dubious, test returned 2 (wstat 512, 0x200)
No subtests run
Can't locate File/Util.pm in @INC (@INC contains: ../lib /home/sand/.cpan/build/String-FilenameStatic-Gf1AET/blib/lib /home/sand/.cpan/build/String-FilenameStatic-Gf1AET/blib/arch /home/src/perl/repoperls/installed-perls/perl/v5.14.0-413-g4a278ec/1df5/lib/site_perl/5.15.0/x86_64-linux /home/src/perl/repoperls/installed-perls/perl/v5.14.0-413-g4a278ec/1df5/lib/site_perl/5.15.0 /home/src/perl/repoperls/installed-perls/perl/v5.14.0-413-g4a278ec/1df5/lib/5.15.0/x86_64-linux /home/src/perl/repoperls/installed-perls/perl/v5.14.0-413-g4a278ec/1df5/lib/5.15.0 .) at /home/sand/.cpan/build/String-FilenameStatic-Gf1AET/blib/lib/String/FilenameStatic.pm line 12.
BEGIN failed--compilation aborted at /home/sand/.cpan/build/String-FilenameStatic-Gf1AET/blib/lib/String/FilenameStatic.pm line 12.
Compilation failed in require at t/03_simport.t line 9.
BEGIN failed--compilation aborted at t/03_simport.t line 9.
t/03_simport.t ..
Dubious, test returned 2 (wstat 512, 0x200)
No subtests run
Test Summary Report
-------------------
t/01_compile.t (Wstat: 256 Tests: 3 Failed: 1)
Failed test: 1
Non-zero exit status: 1
t/02_string.t (Wstat: 512 Tests: 0 Failed: 0)
Non-zero exit status: 2
Parse errors: No plan found in TAP output
t/03_simport.t (Wstat: 512 Tests: 0 Failed: 0)
Non-zero exit status: 2
Parse errors: No plan found in TAP output
Files=3, Tests=3, 0 wallclock secs ( 0.02 usr 0.01 sys + 0.03 cusr 0.00 csys = 0.06 CPU)
Result: FAIL
Failed 3/3 test programs. 1/3 subtests failed.
make[1]: *** [test_dynamic] Error 2
make[1]: Leaving directory `/home/sand/.cpan/build/String-FilenameStatic-Gf1AET'
------------------------------
PREREQUISITES
------------------------------
Prerequisite modules loaded:
requires:
Module Need Have
---------- ----- --------
Exporter 0 5.64_03
perl 5.006 5.015000
strict 0 1.04
build_requires:
Module Need Have
---------- ----- --------
Test::More 0 0.98
------------------------------
ENVIRONMENT AND OTHER CONTEXT
------------------------------
Environment variables:
LANG = en_US.UTF-8
LANGUAGE = en_US:en
PATH = /usr/lib/ccache:/home/sand/bin:/usr/local/bin:/usr/bin:/bin:/usr/bin/X11:/usr/games:/usr/local/perl/bin:/usr/X11/bin:/sbin:/usr/sbin
PERL5LIB =
PERL5OPT =
PERL5_CPANPLUS_IS_RUNNING = 31358
PERL5_CPAN_IS_RUNNING = 31358
SHELL = /usr/bin/zsh
TERM = screen
Perl special variables (and OS-specific diagnostics, for MSWin32):
$^X = /home/sand/src/perl/repoperls/installed-perls/perl/v5.14.0-413-g4a278ec/1df5/bin/perl
$UID/$EUID = 1001 / 1001
$GID = 1001 1001
$EGID = 1001 1001
Perl module toolchain versions installed:
Module Have
------------------- --------
CPAN 1.9600
Cwd 3.36
ExtUtils::CBuilder 0.280204
ExtUtils::Command 1.17
ExtUtils::Install 1.56
ExtUtils::MakeMaker 6.57_05
ExtUtils::Manifest 1.58
ExtUtils::ParseXS 2.2210
File::Spec 3.33
Module::Build 0.3800
Module::Signature 0.68
Test::Harness 3.23
Test::More 0.98
YAML 0.73
YAML::Syck 1.17
version 0.88
--
Summary of my perl5 (revision 5 version 15 subversion 0) configuration:
Commit id: 4a278ec85c28bdfcfeffd327eb483181131afb8e
Platform:
osname=linux, osvers=2.6.38-2-amd64, archname=x86_64-linux
uname='linux k81 2.6.38-2-amd64 #1 smp sun may 8 13:51:57 utc 2011 x86_64 gnulinux '
config_args='-Dprefix=/home/src/perl/repoperls/installed-perls/perl/v5.14.0-413-g4a278ec/1df5 -Dinstallusrbinperl=n -Uversiononly -Dusedevel -des -Ui_db -Uuseithreads -Uuselongdouble -DDEBUGGING=-g'
hint=recommended, useposix=true, d_sigaction=define
useithreads=undef, usemultiplicity=undef
useperlio=define, d_sfio=undef, uselargefiles=define, usesocks=undef
use64bitint=define, use64bitall=define, uselongdouble=undef
usemymalloc=n, bincompat5005=undef
Compiler:
cc='cc', ccflags ='-fno-strict-aliasing -pipe -fstack-protector -I/usr/local/include -D_LARGEFILE_SOURCE -D_FILE_OFFSET_BITS=64',
optimize='-O2 -g',
cppflags='-fno-strict-aliasing -pipe -fstack-protector -I/usr/local/include'
ccversion='', gccversion='4.6.1 20110526 (prerelease)', gccosandvers=''
intsize=4, longsize=8, ptrsize=8, doublesize=8, byteorder=12345678
d_longlong=define, longlongsize=8, d_longdbl=define, longdblsize=16
ivtype='long', ivsize=8, nvtype='double', nvsize=8, Off_t='off_t', lseeksize=8
alignbytes=8, prototype=define
Linker and Libraries:
ld='cc', ldflags =' -fstack-protector -L/usr/local/lib'
libpth=/usr/local/lib /lib/../lib /usr/lib/../lib /lib /usr/lib /usr/lib/x86_64-linux-gnu /lib64 /usr/lib64
libs=-lnsl -ldb -ldl -lm -lcrypt -lutil -lc
perllibs=-lnsl -ldl -lm -lcrypt -lutil -lc
libc=/lib/libc-2.13.so, so=so, useshrplib=false, libperl=libperl.a
gnulibc_version='2.13'
Dynamic Linking:
dlsrc=dl_dlopen.xs, dlext=so, d_dlsymun=undef, ccdlflags='-Wl,-E'
cccdlflags='-fPIC', lddlflags='-shared -O2 -g -L/usr/local/lib -fstack-protector'
Characteristics of this binary (from libperl):
Compile-time options: PERL_DONT_CREATE_GVSV PERL_MALLOC_WRAP
PERL_PRESERVE_IVUV PERL_USE_DEVEL USE_64_BIT_ALL
USE_64_BIT_INT USE_LARGE_FILES USE_LOCALE
USE_LOCALE_COLLATE USE_LOCALE_CTYPE
USE_LOCALE_NUMERIC USE_PERLIO USE_PERL_ATOF
Built under linux
Compiled at Jun 8 2011 08:35:02
%ENV:
PERL5LIB=""
PERL5OPT=""
PERL5_CPANPLUS_IS_RUNNING="31358"
PERL5_CPAN_IS_RUNNING="31358"
@INC:
/home/src/perl/repoperls/installed-perls/perl/v5.14.0-413-g4a278ec/1df5/lib/site_perl/5.15.0/x86_64-linux
/home/src/perl/repoperls/installed-perls/perl/v5.14.0-413-g4a278ec/1df5/lib/site_perl/5.15.0
/home/src/perl/repoperls/installed-perls/perl/v5.14.0-413-g4a278ec/1df5/lib/5.15.0/x86_64-linux
/home/src/perl/repoperls/installed-perls/perl/v5.14.0-413-g4a278ec/1df5/lib/5.15.0
.