Back
From: metabase:user:30ae4450-2aae-11df-837a-5e0a49663a4f
Subject: FAIL Variable-Strongly-Typed-v1.1.0 v5.16.2 GNU/Linux
Date: 2013-01-21T23:38:40Z
This distribution has been tested as part of the CPAN Testers
project, supporting the Perl programming language. See
http://wiki.cpantesters.org/ for more information or email
questions to cpan-testers-discuss@perl.org
--
Dear Mark Ethan Trostler,
This is a computer-generated report for Variable-Strongly-Typed-v1.1.0
on perl 5.16.2, created by CPAN-Reporter-1.2009.
Thank you for uploading your work to CPAN. However, there was a problem
testing your distribution.
If you think this report is invalid, please consult the CPAN Testers Wiki
for suggestions on how to avoid getting FAIL reports for missing library
or binary dependencies, unsupported operating systems, and so on:
http://wiki.cpantesters.org/wiki/CPANAuthorNotes
Sections of this report:
* Tester comments
* Program output
* Prerequisites
* Environment and other context
------------------------------
TESTER COMMENTS
------------------------------
Additional comments from tester:
this report is from an automated smoke testing program
and was not reviewed by a human for accuracy
------------------------------
PROGRAM OUTPUT
------------------------------
Output from './Build test':
# Testing Variable::Strongly::Typed 1.1.0
t/00.load.t ......... ok
# Testing Variable::Strongly::Typed 1.1.0
Error handler must be a CODE ref! at /home/c/perl5/perlbrew/perls/perl-5.16.2/lib/5.16.2/Attribute/Handlers.pm line 225.
# Looks like you planned 19 tests but ran 1.
# Looks like your test exited with 255 just after 1.
t/01.simple.type.t ..
Dubious, test returned 255 (wstat 65280, 0xff00)
Failed 18/19 subtests
# Testing Variable::Strongly::Typed 1.1.0
Error handler must be a CODE ref! at /home/c/perl5/perlbrew/perls/perl-5.16.2/lib/5.16.2/Attribute/Handlers.pm line 225.
# Looks like you planned 4 tests but ran 1.
# Looks like your test exited with 255 just after 1.
t/02.my.type.t ......
Dubious, test returned 255 (wstat 65280, 0xff00)
Failed 3/4 subtests
# Testing Variable::Strongly::Typed 1.1.0
Error handler must be a CODE ref! at /home/c/perl5/perlbrew/perls/perl-5.16.2/lib/5.16.2/Attribute/Handlers.pm line 225.
# Looks like you planned 9 tests but ran 1.
# Looks like your test exited with 255 just after 1.
t/03.array.type.t ...
Dubious, test returned 255 (wstat 65280, 0xff00)
Failed 8/9 subtests
# Testing Variable::Strongly::Typed 1.1.0
Error handler must be a CODE ref! at /home/c/perl5/perlbrew/perls/perl-5.16.2/lib/5.16.2/Attribute/Handlers.pm line 225.
# Looks like you planned 8 tests but ran 1.
# Looks like your test exited with 255 just after 1.
t/04.hash.type.t ....
Dubious, test returned 255 (wstat 65280, 0xff00)
Failed 7/8 subtests
# Testing Variable::Strongly::Typed 1.1.0
Error handler must be a CODE ref! at /home/c/perl5/perlbrew/perls/perl-5.16.2/lib/5.16.2/Attribute/Handlers.pm line 225.
# Looks like you planned 3 tests but ran 1.
# Looks like your test exited with 255 just after 1.
t/05.no.type.t ......
Dubious, test returned 255 (wstat 65280, 0xff00)
Failed 2/3 subtests
Error handler must be a CODE ref! at /home/c/perl5/perlbrew/perls/perl-5.16.2/lib/5.16.2/Attribute/Handlers.pm line 225.
CHECK failed--call queue aborted.
# Looks like you planned 4 tests but ran 1.
# Looks like your test exited with 255 just after 1.
t/06.code.t .........
Dubious, test returned 255 (wstat 65280, 0xff00)
Failed 3/4 subtests
t/pod-coverage.t .... ok
t/pod.t ............. ok
Test Summary Report
-------------------
t/01.simple.type.t (Wstat: 65280 Tests: 1 Failed: 0)
Non-zero exit status: 255
Parse errors: Bad plan. You planned 19 tests but ran 1.
t/02.my.type.t (Wstat: 65280 Tests: 1 Failed: 0)
Non-zero exit status: 255
Parse errors: Bad plan. You planned 4 tests but ran 1.
t/03.array.type.t (Wstat: 65280 Tests: 1 Failed: 0)
Non-zero exit status: 255
Parse errors: Bad plan. You planned 9 tests but ran 1.
t/04.hash.type.t (Wstat: 65280 Tests: 1 Failed: 0)
Non-zero exit status: 255
Parse errors: Bad plan. You planned 8 tests but ran 1.
t/05.no.type.t (Wstat: 65280 Tests: 1 Failed: 0)
Non-zero exit status: 255
Parse errors: Bad plan. You planned 3 tests but ran 1.
t/06.code.t (Wstat: 65280 Tests: 1 Failed: 0)
Non-zero exit status: 255
Parse errors: Bad plan. You planned 4 tests but ran 1.
Files=9, Tests=18, 0 wallclock secs ( 0.01 usr 0.07 sys + 0.27 cusr 0.11 csys = 0.46 CPU)
Result: FAIL
Failed 6/9 test programs. 0/18 subtests failed.
------------------------------
PREREQUISITES
------------------------------
Prerequisite modules loaded:
requires:
Module Need Have
------------------- ---- ------
Attribute::Handlers 0 0.93
Class::Std::Utils 0 0.0.3
IO::File 0 1.16
Test::More 0 0.98
Tie::Array 0 1.05
Tie::Hash 0 1.04
Tie::Scalar 0 1.02
version 0 0.9901
------------------------------
ENVIRONMENT AND OTHER CONTEXT
------------------------------
Environment variables:
AUTOMATED_TESTING = 1
LANG = ru_RU.utf8
PATH = /home/c/perl5/perlbrew/bin:/home/c/perl5/perlbrew/perls/perl-5.16.2/bin:/usr/local/bin:/usr/bin:/bin:/usr/local/games:/usr/games
PERL5LIB =
PERL5OPT =
PERL5_CPANPLUS_IS_RUNNING = 13625
PERL5_CPAN_IS_RUNNING = 13625
PERL5_CPAN_IS_RUNNING_IN_RECURSION = 3297,13625
PERLBREW_MANPATH = /home/c/perl5/perlbrew/perls/perl-5.16.2/man
PERLBREW_PATH = /home/c/perl5/perlbrew/bin:/home/c/perl5/perlbrew/perls/perl-5.16.2/bin
PERLBREW_PERL = perl-5.16.2
PERLBREW_ROOT = /home/c/perl5/perlbrew
PERLBREW_SKIP_INIT = 1
PERLBREW_VERSION = 0.58
PERL_CR_SMOKER_CURRENT = Variable-Strongly-Typed-v1.1.0
PERL_EXTUTILS_AUTOINSTALL = --defaultdeps
PERL_MM_USE_DEFAULT = 1
SHELL = /bin/bash
TERM = xterm
Perl special variables (and OS-specific diagnostics, for MSWin32):
$^X = /home/c/perl5/perlbrew/perls/perl-5.16.2/bin/perl
$UID/$EUID = 1000 / 1000
$GID = 1000 24 25 27 29 30 44 46 108 109 115 1000
$EGID = 1000 24 25 27 29 30 44 46 108 109 115 1000
Perl module toolchain versions installed:
Module Have
------------------- --------
CPAN 1.9800
CPAN::Meta 2.120921
Cwd 3.39_02
ExtUtils::CBuilder 0.280206
ExtUtils::Command 1.17
ExtUtils::Install 1.58
ExtUtils::MakeMaker 6.63_02
ExtUtils::Manifest 1.61
ExtUtils::ParseXS 3.16
File::Spec 3.39_02
JSON 2.53
JSON::PP 2.27200
Module::Build 0.4003
Module::Signature 0.70
Parse::CPAN::Meta 1.4404
Test::Harness 3.23
Test::More 0.98
YAML 0.84
YAML::Syck 1.22
version 0.9901
--
Summary of my perl5 (revision 5 version 16 subversion 2) configuration:
Platform:
osname=linux, osvers=2.6.32-5-686, archname=i686-linux
uname='linux deb1 2.6.32-5-686 #1 smp sun sep 23 09:49:36 utc 2012 i686 gnulinux '
config_args='-de -Dprefix=/home/c/perl5/perlbrew/perls/perl-5.16.2 -Aeval:scriptdir=/home/c/perl5/perlbrew/perls/perl-5.16.2/bin'
hint=recommended, useposix=true, d_sigaction=define
useithreads=undef, usemultiplicity=undef
useperlio=define, d_sfio=undef, uselargefiles=define, usesocks=undef
use64bitint=undef, use64bitall=undef, uselongdouble=undef
usemymalloc=n, bincompat5005=undef
Compiler:
cc='cc', ccflags ='-fno-strict-aliasing -pipe -fstack-protector -I/usr/local/include -D_LARGEFILE_SOURCE -D_FILE_OFFSET_BITS=64',
optimize='-O2',
cppflags='-fno-strict-aliasing -pipe -fstack-protector -I/usr/local/include'
ccversion='', gccversion='4.4.5', gccosandvers=''
intsize=4, longsize=4, ptrsize=4, doublesize=8, byteorder=1234
d_longlong=define, longlongsize=8, d_longdbl=define, longdblsize=12
ivtype='long', ivsize=4, nvtype='double', nvsize=8, Off_t='off_t', lseeksize=8
alignbytes=4, prototype=define
Linker and Libraries:
ld='cc', ldflags =' -fstack-protector -L/usr/local/lib'
libpth=/usr/local/lib /lib/../lib /usr/lib/../lib /lib /usr/lib /usr/lib/i486-linux-gnu /usr/lib64
libs=-lnsl -ldl -lm -lcrypt -lutil -lc
perllibs=-lnsl -ldl -lm -lcrypt -lutil -lc
libc=/lib/libc-2.11.3.so, so=so, useshrplib=false, libperl=libperl.a
gnulibc_version='2.11.3'
Dynamic Linking:
dlsrc=dl_dlopen.xs, dlext=so, d_dlsymun=undef, ccdlflags='-Wl,-E'
cccdlflags='-fPIC', lddlflags='-shared -O2 -L/usr/local/lib -fstack-protector'
Characteristics of this binary (from libperl):
Compile-time options: HAS_TIMES PERLIO_LAYERS PERL_DONT_CREATE_GVSV
PERL_MALLOC_WRAP PERL_PRESERVE_IVUV USE_LARGE_FILES
USE_LOCALE USE_LOCALE_COLLATE USE_LOCALE_CTYPE
USE_LOCALE_NUMERIC USE_PERLIO USE_PERL_ATOF
Built under linux
Compiled at Jan 4 2013 21:20:12
%ENV:
PERL5LIB=""
PERL5OPT=""
PERL5_CPANPLUS_IS_RUNNING="13625"
PERL5_CPAN_IS_RUNNING="13625"
PERL5_CPAN_IS_RUNNING_IN_RECURSION="3297,13625"
PERLBREW_MANPATH="/home/c/perl5/perlbrew/perls/perl-5.16.2/man"
PERLBREW_PATH="/home/c/perl5/perlbrew/bin:/home/c/perl5/perlbrew/perls/perl-5.16.2/bin"
PERLBREW_PERL="perl-5.16.2"
PERLBREW_ROOT="/home/c/perl5/perlbrew"
PERLBREW_SKIP_INIT="1"
PERLBREW_VERSION="0.58"
PERL_CR_SMOKER_CURRENT="Variable-Strongly-Typed-v1.1.0"
PERL_EXTUTILS_AUTOINSTALL="--defaultdeps"
PERL_MM_USE_DEFAULT="1"
@INC:
/home/c/perl5/perlbrew/perls/perl-5.16.2/lib/site_perl/5.16.2/i686-linux
/home/c/perl5/perlbrew/perls/perl-5.16.2/lib/site_perl/5.16.2
/home/c/perl5/perlbrew/perls/perl-5.16.2/lib/5.16.2/i686-linux
/home/c/perl5/perlbrew/perls/perl-5.16.2/lib/5.16.2
.