Stow vv2.3.0 Perl 5 v5.16.3 i86pc-solaris-thread-multi

Status
Fail
From
Nigel Horne
Dist
Stow vv2.3.0
Platform
Perl 5 v5.16.3 i86pc-solaris-thread-multi
Date
2019-06-29 09:24:24
ID
aefe722e-9a4f-11e9-ab11-04dd007a167f
This distribution has been tested as part of the CPAN Testers
project, supporting the Perl programming language.  See
http://wiki.cpantesters.org/ for more information or email
questions to cpan-testers-discuss@perl.org


--
Dear Adam Spiers,

This is a computer-generated report for Stow-v2.3.0
on perl 5.16.3, created by CPAN-Reporter-1.2018.

Thank you for uploading your work to CPAN.  However, there was a problem
testing your distribution.

If you think this report is invalid, please consult the CPAN Testers Wiki
for suggestions on how to avoid getting FAIL reports for missing library
or binary dependencies, unsupported operating systems, and so on:

http://wiki.cpantesters.org/wiki/CPANAuthorNotes

Sections of this report:

    * Tester comments
    * Program output
    * Prerequisites
    * Environment and other context

------------------------------
TESTER COMMENTS
------------------------------

Additional comments from tester:

this report is from an automated smoke testing program
and was not reviewed by a human for accuracy

------------------------------
PROGRAM OUTPUT
------------------------------

Output from './Build test':

t/chkstow.t ................ ok
t/cleanup_invalid_links.t .. ok
Cannot find an apropriate clone(). at bin/stow line 467.
BEGIN failed--compilation aborted at bin/stow line 467, <DATA> line 22.

#   Failed test '--help should return 0 exit code'
#   at t/cli.t line 63.
#          got: '512'
#     expected: '0'

#   Failed test 'unrecognised option should return 1 exit code'
#   at t/cli.t line 66.
#          got: '2'
#     expected: '1'

#   Failed test 'unrecognised option should be listed'
#   at t/cli.t line 67.
#                   'Cannot find an apropriate clone(). at bin/stow line 467.
# BEGIN failed--compilation aborted at bin/stow line 467, <DATA> line 22.
# '
#     doesn't match '(?^m:^Unknown option: foo$)'
# Looks like you failed 3 tests of 3.
t/cli.t .................... 
Dubious, test returned 3 (wstat 768, 0x300)
Failed 3/3 subtests 
t/cli_options.t ............ ok
t/defer.t .................. ok
t/dotfiles.t ............... ok
t/examples.t ............... ok
t/find_stowed_path.t ....... ok
t/foldable.t ............... ok
t/ignore.t ................. ok
t/join_paths.t ............. ok
t/parent.t ................. ok
cannot rmdir /export/home/njh/.cpan/build/Stow-v2.3.0-45/tmp-testing-trees/run_from (Invalid argument)
# Looks like your test exited with 22 just after 33.
t/rc_options.t ............. 
Dubious, test returned 22 (wstat 5632, 0x1600)
All 33 subtests passed 
t/stow.t ................... ok
t/unstow.t ................. ok
t/unstow_orig.t ............ ok

Test Summary Report
-------------------
t/cli.t                  (Wstat: 768 Tests: 3 Failed: 3)
  Failed tests:  1-3
  Non-zero exit status: 3
t/rc_options.t           (Wstat: 5632 Tests: 33 Failed: 0)
  Non-zero exit status: 22
Files=16, Tests=601,  4 wallclock secs ( 0.16 usr  0.07 sys +  2.87 cusr  0.77 csys =  3.87 CPU)
Result: FAIL
Failed 2/16 test programs. 3/601 subtests failed.

------------------------------
PREREQUISITES
------------------------------

Prerequisite modules loaded:

requires:

    Module        Need  Have    
    ------------- ----- --------
    Carp          0     1.50    
    Clone         0     0.41    
    Hash::Merge   0     0.300   
    IO::File      0     1.39    
    perl          5.006 5.016003

build_requires:

    Module        Need  Have    
    ------------- ----- --------
    IO::Scalar    0     2.111   
    Test::More    0     1.302140
    Test::Output  0     1.031   

configure_requires:

    Module        Need  Have    
    ------------- ----- --------
    Module::Build 0     0.4224  


------------------------------
ENVIRONMENT AND OTHER CONTEXT
------------------------------

Environment variables:

    AUTOMATED_TESTING = 1
    NONINTERACTIVE_TESTING = 1
    PATH = /export/home/njh/perl5/perlbrew/bin:/export/home/njh/perl5/perlbrew/perls/perl-5.16.3-thread/bin:/export/home/njh/src/njh/smoker/bin:/usr/bin
    PERL5LIB = /export/home/njh/.cpan/build/Hash-Merge-0.300-6/blib/arch:/export/home/njh/.cpan/build/Hash-Merge-0.300-6/blib/lib:/export/home/njh/.cpan/build/Clone-Choose-0.010-6/blib/arch:/export/home/njh/.cpan/build/Clone-Choose-0.010-6/blib/lib:/export/home/njh/.cpan/build/Clone-0.41-17/blib/arch:/export/home/njh/.cpan/build/Clone-0.41-17/blib/lib
    PERL5OPT = 
    PERL5_CPANPLUS_IS_RUNNING = 14185
    PERL5_CPAN_IS_RUNNING = 14185
    PERL5_CPAN_IS_RUNNING_IN_RECURSION = 14167,14185
    PERLBREW_HOME = /export/home/njh/.perlbrew
    PERLBREW_MANPATH = /export/home/njh/perl5/perlbrew/perls/perl-5.16.3-thread/man
    PERLBREW_PATH = /export/home/njh/perl5/perlbrew/bin:/export/home/njh/perl5/perlbrew/perls/perl-5.16.3-thread/bin
    PERLBREW_PERL = perl-5.16.3-thread
    PERLBREW_ROOT = /export/home/njh/perl5/perlbrew
    PERLBREW_SHELLRC_VERSION = 0.84
    PERLBREW_VERSION = 0.84
    PERL_MM_USE_DEFAULT = 1
    PERL_USE_UNSAFE_INC = 1
    SHELL = /usr/bin/bash
    TERM = dumb
    TMPDIR = /tmp/testwrapper.14171

Perl special variables (and OS-specific diagnostics, for MSWin32):

    $^X = /export/home/njh/perl5/perlbrew/perls/perl-5.16.3-thread/bin/perl5.16.3
    $UID/$EUID = 101 / 101
    $GID = 10 10
    $EGID = 10 10

Perl module toolchain versions installed:

    Module              Have    
    ------------------- --------
    CPAN                2.26    
    CPAN::Meta          2.150010
    Cwd                 3.75    
    ExtUtils::CBuilder  0.280230
    ExtUtils::Command   7.34    
    ExtUtils::Install   2.14    
    ExtUtils::MakeMaker 7.34    
    ExtUtils::Manifest  1.71    
    ExtUtils::ParseXS   3.35    
    File::Spec          3.75    
    JSON                4.02    
    JSON::PP            2.97001 
    Module::Build       0.4224  
    Module::Signature   n/a     
    Parse::CPAN::Meta   2.150010
    Test::Harness       3.42    
    Test::More          1.302140
    YAML                1.29    
    YAML::Syck          1.31    
    version             0.9924  


--

Summary of my perl5 (revision 5 version 16 subversion 3) configuration:
   
  Platform:
    osname=solaris, osvers=2.11, archname=i86pc-solaris-thread-multi
    uname='sunos vultr1.bandsman.co.uk 5.11 illumos-b075503f22 i86pc i386 i86pc '
    config_args='-de -Dprefix=/export/home/njh/perl5/perlbrew/perls/perl-5.16.3-thread -Dusedevel -Dusethreads -Accflags= -Aeval:scriptdir=/export/home/njh/perl5/perlbrew/perls/perl-5.16.3-thread/bin'
    hint=recommended, useposix=true, d_sigaction=define
    useithreads=define, usemultiplicity=define
    useperlio=define, d_sfio=undef, uselargefiles=define, usesocks=undef
    use64bitint=undef, use64bitall=undef, uselongdouble=undef
    usemymalloc=n, bincompat5005=undef
  Compiler:
    cc='/opt/SUNWspro/bin/cc', ccflags ='-D_REENTRANT -I/usr/gnu/include -D_LARGEFILE_SOURCE -D_FILE_OFFSET_BITS=64 -DPERL_USE_SAFE_PUTENV',
    optimize='-O',
    cppflags='-D_REENTRANT -I/usr/gnu/include'
    ccversion='Sun C 5.10 SunOS_i386 2009/06/03', gccversion='', gccosandvers=''
    intsize=4, longsize=4, ptrsize=4, doublesize=8, byteorder=1234
    d_longlong=define, longlongsize=8, d_longdbl=define, longdblsize=12
    ivtype='long', ivsize=4, nvtype='double', nvsize=8, Off_t='off_t', lseeksize=8
    alignbytes=4, prototype=define
  Linker and Libraries:
    ld='/opt/SUNWspro/bin/cc', ldflags =' -L/usr/lib -L/usr/ccs/lib -L/opt/sunstudio12.1/prod/lib -L/lib -L/usr/gnu/lib '
    libpth=/usr/lib /usr/ccs/lib /opt/sunstudio12.1/prod/lib /lib /usr/gnu/lib
    libs=-lsocket -lnsl -lgdbm -ldb -ldl -lm -lpthread -lc
    perllibs=-lsocket -lnsl -ldl -lm -lpthread -lc
    libc=/lib/libc.so, so=so, useshrplib=true, libperl=libperl.so
    gnulibc_version=''
  Dynamic Linking:
    dlsrc=dl_dlopen.xs, dlext=so, d_dlsymun=undef, ccdlflags='  -R /export/home/njh/perl5/perlbrew/perls/perl-5.16.3-thread/lib/5.16.3/i86pc-solaris-thread-multi/CORE'
    cccdlflags='-KPIC', lddlflags='-G -L/usr/lib -L/usr/ccs/lib -L/opt/sunstudio12.1/prod/lib -L/lib -L/usr/gnu/lib'


Characteristics of this binary (from libperl): 
  Compile-time options: HAS_TIMES MULTIPLICITY PERLIO_LAYERS
                        PERL_DONT_CREATE_GVSV PERL_IMPLICIT_CONTEXT
                        PERL_MALLOC_WRAP PERL_PRESERVE_IVUV PERL_USE_DEVEL
                        PERL_USE_SAFE_PUTENV USE_ITHREADS USE_LARGE_FILES
                        USE_LOCALE USE_LOCALE_COLLATE USE_LOCALE_CTYPE
                        USE_LOCALE_NUMERIC USE_PERLIO USE_PERL_ATOF
                        USE_REENTRANT_API
  Locally applied patches:
	Devel::PatchPerl 1.52
  Built under solaris
  Compiled at Sep 13 2018 00:00:55
  %ENV:
    PERL5LIB="/export/home/njh/.cpan/build/Hash-Merge-0.300-6/blib/arch:/export/home/njh/.cpan/build/Hash-Merge-0.300-6/blib/lib:/export/home/njh/.cpan/build/Clone-Choose-0.010-6/blib/arch:/export/home/njh/.cpan/build/Clone-Choose-0.010-6/blib/lib:/export/home/njh/.cpan/build/Clone-0.41-17/blib/arch:/export/home/njh/.cpan/build/Clone-0.41-17/blib/lib"
    PERL5OPT=""
    PERL5_CPANPLUS_IS_RUNNING="14185"
    PERL5_CPAN_IS_RUNNING="14185"
    PERL5_CPAN_IS_RUNNING_IN_RECURSION="14167,14185"
    PERLBREW_HOME="/export/home/njh/.perlbrew"
    PERLBREW_MANPATH="/export/home/njh/perl5/perlbrew/perls/perl-5.16.3-thread/man"
    PERLBREW_PATH="/export/home/njh/perl5/perlbrew/bin:/export/home/njh/perl5/perlbrew/perls/perl-5.16.3-thread/bin"
    PERLBREW_PERL="perl-5.16.3-thread"
    PERLBREW_ROOT="/export/home/njh/perl5/perlbrew"
    PERLBREW_SHELLRC_VERSION="0.84"
    PERLBREW_VERSION="0.84"
    PERL_MM_USE_DEFAULT="1"
    PERL_USE_UNSAFE_INC="1"
  @INC:
    /export/home/njh/.cpan/build/Hash-Merge-0.300-6/blib/arch
    /export/home/njh/.cpan/build/Hash-Merge-0.300-6/blib/lib
    /export/home/njh/.cpan/build/Clone-Choose-0.010-6/blib/arch
    /export/home/njh/.cpan/build/Clone-Choose-0.010-6/blib/lib
    /export/home/njh/.cpan/build/Clone-0.41-17/blib/arch
    /export/home/njh/.cpan/build/Clone-0.41-17/blib/lib
    /export/home/njh/perl5/perlbrew/perls/perl-5.16.3-thread/lib/site_perl/5.16.3/i86pc-solaris-thread-multi
    /export/home/njh/perl5/perlbrew/perls/perl-5.16.3-thread/lib/site_perl/5.16.3
    /export/home/njh/perl5/perlbrew/perls/perl-5.16.3-thread/lib/5.16.3/i86pc-solaris-thread-multi
    /export/home/njh/perl5/perlbrew/perls/perl-5.16.3-thread/lib/5.16.3
    .