Report for Mojolicious-Plugin-Qaptcha-0.11

Back
From: metabase:user:320bfe00-2aae-11df-837a-5e0a49663a4f
Subject: FAIL Mojolicious-Plugin-Qaptcha-0.11 v5.12.5 GNU/Linux
Date: 2017-02-14T12:39:53Z

This distribution has been tested as part of the CPAN Testers
project, supporting the Perl programming language.  See
http://wiki.cpantesters.org/ for more information or email
questions to cpan-testers-discuss@perl.org


--
Dear Holger Rupprecht,

This is a computer-generated report for Mojolicious-Plugin-Qaptcha-0.11
on perl 5.12.5, created by CPAN-Reporter-1.2018.

Thank you for uploading your work to CPAN.  However, there was a problem
testing your distribution.

If you think this report is invalid, please consult the CPAN Testers Wiki
for suggestions on how to avoid getting FAIL reports for missing library
or binary dependencies, unsupported operating systems, and so on:

http://wiki.cpantesters.org/wiki/CPANAuthorNotes

Sections of this report:

    * Tester comments
    * Program output
    * Prerequisites
    * Environment and other context

------------------------------
TESTER COMMENTS
------------------------------

Additional comments from tester:

this report is from an automated smoke testing program
and was not reviewed by a human for accuracy

------------------------------
PROGRAM OUTPUT
------------------------------

Output from '/usr/bin/make test':

PERL_DL_NONLAZY=1 "/home/sand/src/perl/repoperls/installed-perls/host/k93msid/v5.12.5/89ad/bin/perl" "-MExtUtils::Command::MM" "-MTest::Harness" "-e" "undef *Test::Harness::Switches; test_harness(0, 'blib/lib', 'blib/arch')" t/*.t
# Testing Mojolicious::Plugin::Qaptcha 0.11, Perl 5.012005, /home/sand/src/perl/repoperls/installed-perls/host/k93msid/v5.12.5/89ad/bin/perl
t/00-load.t ....... ok
Mojo::Util::slurp is DEPRECATED in favor of Mojo::File::slurp at /home/sand/src/perl/repoperls/installed-perls/host/k93msid/v5.12.5/89ad/lib/site_perl/5.12.5/Mojolicious/Plugin/EPRenderer.pm line 51.
Mojo::Util::slurp is DEPRECATED in favor of Mojo::File::slurp at /home/sand/src/perl/repoperls/installed-perls/host/k93msid/v5.12.5/89ad/lib/site_perl/5.12.5/Mojolicious/Plugin/EPRenderer.pm line 51.
Mojo::Util::slurp is DEPRECATED in favor of Mojo::File::slurp at /home/sand/src/perl/repoperls/installed-perls/host/k93msid/v5.12.5/89ad/lib/site_perl/5.12.5/Mojolicious/Plugin/EPRenderer.pm line 51.
Mojo::Util::slurp is DEPRECATED in favor of Mojo::File::slurp at /home/sand/src/perl/repoperls/installed-perls/host/k93msid/v5.12.5/89ad/lib/site_perl/5.12.5/Mojolicious/Plugin/EPRenderer.pm line 51.
Mojo::Util::slurp is DEPRECATED in favor of Mojo::File::slurp at /home/sand/src/perl/repoperls/installed-perls/host/k93msid/v5.12.5/89ad/lib/site_perl/5.12.5/Mojolicious/Plugin/EPRenderer.pm line 51.
Mojo::Util::slurp is DEPRECATED in favor of Mojo::File::slurp at /home/sand/src/perl/repoperls/installed-perls/host/k93msid/v5.12.5/89ad/lib/site_perl/5.12.5/Mojolicious/Plugin/EPRenderer.pm line 51.
Mojo::Util::slurp is DEPRECATED in favor of Mojo::File::slurp at /home/sand/src/perl/repoperls/installed-perls/host/k93msid/v5.12.5/89ad/lib/site_perl/5.12.5/Mojolicious/Plugin/EPRenderer.pm line 51.
Mojo::Util::slurp is DEPRECATED in favor of Mojo::File::slurp at /home/sand/src/perl/repoperls/installed-perls/host/k93msid/v5.12.5/89ad/lib/site_perl/5.12.5/Mojolicious/Plugin/EPRenderer.pm line 51.
Mojo::Util::slurp is DEPRECATED in favor of Mojo::File::slurp at /home/sand/src/perl/repoperls/installed-perls/host/k93msid/v5.12.5/89ad/lib/site_perl/5.12.5/Mojolicious/Plugin/EPRenderer.pm line 51.
Mojo::Util::slurp is DEPRECATED in favor of Mojo::File::slurp at /home/sand/src/perl/repoperls/installed-perls/host/k93msid/v5.12.5/89ad/lib/site_perl/5.12.5/Mojolicious/Plugin/EPRenderer.pm line 51.
Mojo::Util::slurp is DEPRECATED in favor of Mojo::File::slurp at /home/sand/src/perl/repoperls/installed-perls/host/k93msid/v5.12.5/89ad/lib/site_perl/5.12.5/Mojolicious.pm line 138.
Mojo::Util::slurp is DEPRECATED in favor of Mojo::File::slurp at /home/sand/src/perl/repoperls/installed-perls/host/k93msid/v5.12.5/89ad/lib/site_perl/5.12.5/Mojolicious/Plugin/EPRenderer.pm line 51.
Mojo::Util::slurp is DEPRECATED in favor of Mojo::File::slurp at /home/sand/src/perl/repoperls/installed-perls/host/k93msid/v5.12.5/89ad/lib/site_perl/5.12.5/Mojolicious/Plugin/EPRenderer.pm line 51.
Mojo::Util::slurp is DEPRECATED in favor of Mojo::File::slurp at /home/sand/src/perl/repoperls/installed-perls/host/k93msid/v5.12.5/89ad/lib/site_perl/5.12.5/Mojolicious/Plugin/EPRenderer.pm line 51.
Mojo::Util::slurp is DEPRECATED in favor of Mojo::File::slurp at /home/sand/src/perl/repoperls/installed-perls/host/k93msid/v5.12.5/89ad/lib/site_perl/5.12.5/Mojolicious/Plugin/EPRenderer.pm line 51.
Mojo::Util::slurp is DEPRECATED in favor of Mojo::File::slurp at /home/sand/src/perl/repoperls/installed-perls/host/k93msid/v5.12.5/89ad/lib/site_perl/5.12.5/Mojolicious/Plugin/EPRenderer.pm line 51.

#   Failed test 'exact match for selector "div#q_session"'
#   at t/basic.t line 20.
#          got: '
# 
# '
#     expected: ''

#   Failed test 'exact match for selector "div#f_processed"'
#   at t/basic.t line 20.
#          got: '
# form data not processed
# '
#     expected: 'form data not processed'
Mojo::Util::slurp is DEPRECATED in favor of Mojo::File::slurp at /home/sand/src/perl/repoperls/installed-perls/host/k93msid/v5.12.5/89ad/lib/site_perl/5.12.5/Mojolicious/Plugin/EPRenderer.pm line 51.
Mojo::Util::slurp is DEPRECATED in favor of Mojo::File::slurp at /home/sand/src/perl/repoperls/installed-perls/host/k93msid/v5.12.5/89ad/lib/site_perl/5.12.5/Mojolicious/Plugin/EPRenderer.pm line 51.
Mojo::Util::slurp is DEPRECATED in favor of Mojo::File::slurp at /home/sand/src/perl/repoperls/installed-perls/host/k93msid/v5.12.5/89ad/lib/site_perl/5.12.5/Mojolicious/Plugin/EPRenderer.pm line 51.
Mojo::Util::slurp is DEPRECATED in favor of Mojo::File::slurp at /home/sand/src/perl/repoperls/installed-perls/host/k93msid/v5.12.5/89ad/lib/site_perl/5.12.5/Mojolicious/Plugin/EPRenderer.pm line 51.
Mojo::Util::slurp is DEPRECATED in favor of Mojo::File::slurp at /home/sand/src/perl/repoperls/installed-perls/host/k93msid/v5.12.5/89ad/lib/site_perl/5.12.5/Mojolicious/Plugin/EPRenderer.pm line 51.

#   Failed test 'exact match for selector "div#q_session"'
#   at t/basic.t line 29.
#          got: '
# ABC
# '
#     expected: 'ABC'

#   Failed test 'exact match for selector "div#f_processed"'
#   at t/basic.t line 29.
#          got: '
# form data  processed
# '
#     expected: 'form data processed'
Mojo::Util::slurp is DEPRECATED in favor of Mojo::File::slurp at /home/sand/src/perl/repoperls/installed-perls/host/k93msid/v5.12.5/89ad/lib/site_perl/5.12.5/Mojolicious/Plugin/EPRenderer.pm line 51.
Mojo::Util::slurp is DEPRECATED in favor of Mojo::File::slurp at /home/sand/src/perl/repoperls/installed-perls/host/k93msid/v5.12.5/89ad/lib/site_perl/5.12.5/Mojolicious/Plugin/EPRenderer.pm line 51.
Mojo::Util::slurp is DEPRECATED in favor of Mojo::File::slurp at /home/sand/src/perl/repoperls/installed-perls/host/k93msid/v5.12.5/89ad/lib/site_perl/5.12.5/Mojolicious/Plugin/EPRenderer.pm line 51.
Mojo::Util::slurp is DEPRECATED in favor of Mojo::File::slurp at /home/sand/src/perl/repoperls/installed-perls/host/k93msid/v5.12.5/89ad/lib/site_perl/5.12.5/Mojolicious/Plugin/EPRenderer.pm line 51.
Mojo::Util::slurp is DEPRECATED in favor of Mojo::File::slurp at /home/sand/src/perl/repoperls/installed-perls/host/k93msid/v5.12.5/89ad/lib/site_perl/5.12.5/Mojolicious/Plugin/EPRenderer.pm line 51.

#   Failed test 'exact match for selector "div#q_session"'
#   at t/basic.t line 34.
#          got: '
# 
# '
#     expected: ''

#   Failed test 'exact match for selector "div#f_processed"'
#   at t/basic.t line 34.
#          got: '
# form data not processed
# '
#     expected: 'form data not processed'
# Looks like you failed 6 tests of 28.
t/basic.t ......... 
Dubious, test returned 6 (wstat 1536, 0x600)
Failed 6/28 subtests 
Mojo::Util::slurp is DEPRECATED in favor of Mojo::File::slurp at /home/sand/src/perl/repoperls/installed-perls/host/k93msid/v5.12.5/89ad/lib/site_perl/5.12.5/Mojolicious/Plugin/EPRenderer.pm line 51.
Mojo::Util::slurp is DEPRECATED in favor of Mojo::File::slurp at /home/sand/src/perl/repoperls/installed-perls/host/k93msid/v5.12.5/89ad/lib/site_perl/5.12.5/Mojolicious/Plugin/EPRenderer.pm line 51.
Mojo::Util::slurp is DEPRECATED in favor of Mojo::File::slurp at /home/sand/src/perl/repoperls/installed-perls/host/k93msid/v5.12.5/89ad/lib/site_perl/5.12.5/Mojolicious/Plugin/EPRenderer.pm line 51.
Mojo::Util::slurp is DEPRECATED in favor of Mojo::File::slurp at /home/sand/src/perl/repoperls/installed-perls/host/k93msid/v5.12.5/89ad/lib/site_perl/5.12.5/Mojolicious/Plugin/EPRenderer.pm line 51.
Mojo::Util::slurp is DEPRECATED in favor of Mojo::File::slurp at /home/sand/src/perl/repoperls/installed-perls/host/k93msid/v5.12.5/89ad/lib/site_perl/5.12.5/Mojolicious/Plugin/EPRenderer.pm line 51.
Mojo::Util::slurp is DEPRECATED in favor of Mojo::File::slurp at /home/sand/src/perl/repoperls/installed-perls/host/k93msid/v5.12.5/89ad/lib/site_perl/5.12.5/Mojolicious/Plugin/EPRenderer.pm line 51.
Mojo::Util::slurp is DEPRECATED in favor of Mojo::File::slurp at /home/sand/src/perl/repoperls/installed-perls/host/k93msid/v5.12.5/89ad/lib/site_perl/5.12.5/Mojolicious/Plugin/EPRenderer.pm line 51.
Mojo::Util::slurp is DEPRECATED in favor of Mojo::File::slurp at /home/sand/src/perl/repoperls/installed-perls/host/k93msid/v5.12.5/89ad/lib/site_perl/5.12.5/Mojolicious/Plugin/EPRenderer.pm line 51.
Mojo::Util::slurp is DEPRECATED in favor of Mojo::File::slurp at /home/sand/src/perl/repoperls/installed-perls/host/k93msid/v5.12.5/89ad/lib/site_perl/5.12.5/Mojolicious/Plugin/EPRenderer.pm line 51.
Mojo::Util::slurp is DEPRECATED in favor of Mojo::File::slurp at /home/sand/src/perl/repoperls/installed-perls/host/k93msid/v5.12.5/89ad/lib/site_perl/5.12.5/Mojolicious/Plugin/EPRenderer.pm line 51.

#   Failed test 'exact match for selector "div#q_session"'
#   at t/configurable.t line 45.
#          got: '
# ABC
# '
#     expected: 'ABC'

#   Failed test 'exact match for selector "div#f_processed"'
#   at t/configurable.t line 45.
#          got: '
# form data  processed
# '
#     expected: 'form data processed'
Mojo::Util::slurp is DEPRECATED in favor of Mojo::File::slurp at /home/sand/src/perl/repoperls/installed-perls/host/k93msid/v5.12.5/89ad/lib/site_perl/5.12.5/Mojolicious/Plugin/EPRenderer.pm line 51.
Mojo::Util::slurp is DEPRECATED in favor of Mojo::File::slurp at /home/sand/src/perl/repoperls/installed-perls/host/k93msid/v5.12.5/89ad/lib/site_perl/5.12.5/Mojolicious/Plugin/EPRenderer.pm line 51.
Mojo::Util::slurp is DEPRECATED in favor of Mojo::File::slurp at /home/sand/src/perl/repoperls/installed-perls/host/k93msid/v5.12.5/89ad/lib/site_perl/5.12.5/Mojolicious/Plugin/EPRenderer.pm line 51.
Mojo::Util::slurp is DEPRECATED in favor of Mojo::File::slurp at /home/sand/src/perl/repoperls/installed-perls/host/k93msid/v5.12.5/89ad/lib/site_perl/5.12.5/Mojolicious/Plugin/EPRenderer.pm line 51.
Mojo::Util::slurp is DEPRECATED in favor of Mojo::File::slurp at /home/sand/src/perl/repoperls/installed-perls/host/k93msid/v5.12.5/89ad/lib/site_perl/5.12.5/Mojolicious/Plugin/EPRenderer.pm line 51.

#   Failed test 'exact match for selector "div#q_session"'
#   at t/configurable.t line 50.
#          got: '
# 
# '
#     expected: ''

#   Failed test 'exact match for selector "div#f_processed"'
#   at t/configurable.t line 50.
#          got: '
# form data not processed
# '
#     expected: 'form data not processed'
# Looks like you failed 4 tests of 18.
t/configurable.t .. 
Dubious, test returned 4 (wstat 1024, 0x400)
Failed 4/18 subtests 
t/manifest.t ...... skipped: Author tests not required for installation
Mojo::Util::slurp is DEPRECATED in favor of Mojo::File::slurp at /home/sand/src/perl/repoperls/installed-perls/host/k93msid/v5.12.5/89ad/lib/site_perl/5.12.5/Mojolicious/Plugin/EPRenderer.pm line 51.
Mojo::Util::slurp is DEPRECATED in favor of Mojo::File::slurp at /home/sand/src/perl/repoperls/installed-perls/host/k93msid/v5.12.5/89ad/lib/site_perl/5.12.5/Mojolicious/Plugin/EPRenderer.pm line 51.
t/no_jquery.t ..... ok
t/pod-coverage.t .. ok
t/pod.t ........... ok

Test Summary Report
-------------------
t/basic.t       (Wstat: 1536 Tests: 28 Failed: 6)
  Failed tests:  16-17, 23-24, 27-28
  Non-zero exit status: 6
t/configurable.t (Wstat: 1024 Tests: 18 Failed: 4)
  Failed tests:  13-14, 17-18
  Non-zero exit status: 4
Files=7, Tests=55,  3 wallclock secs ( 0.02 usr  0.04 sys +  1.12 cusr  0.22 csys =  1.40 CPU)
Result: FAIL
Failed 2/7 test programs. 10/55 subtests failed.
Makefile:848: recipe for target 'test_dynamic' failed
make: *** [test_dynamic] Error 255

------------------------------
PREREQUISITES
------------------------------

Prerequisite modules loaded:

requires:

    Module              Need   Have    
    ------------------- ------ --------
    File::ShareDir      1.00   1.102   
    Module::Build       0.4205 0.4220  
    Mojolicious         5      7.25    
    Test::More          0      1.302075

build_requires:

    Module              Need   Have    
    ------------------- ------ --------
    ExtUtils::MakeMaker 0      7.25_01 

configure_requires:

    Module              Need   Have    
    ------------------- ------ --------
    Module::Build       0      0.4220  


------------------------------
ENVIRONMENT AND OTHER CONTEXT
------------------------------

Environment variables:

    AUTOMATED_TESTING = 1
    LANG = en_US.UTF-8
    PATH = /home/sand/bin:/usr/local/bin:/usr/bin:/bin:/usr/games:/usr/local/perl/bin:/usr/X11/bin:/sbin:/usr/sbin
    PERL5LIB = 
    PERL5OPT = 
    PERL5_CPANPLUS_IS_RUNNING = 22927
    PERL5_CPAN_IS_RUNNING = 22927
    PERL_CANARY_STABILITY_NOPROMPT = 1
    PERL_MM_USE_DEFAULT = 1
    SHELL = /usr/bin/zsh
    TERM = screen

Perl special variables (and OS-specific diagnostics, for MSWin32):

    $^X = /home/sand/src/perl/repoperls/installed-perls/host/k93msid/v5.12.5/89ad/bin/perl
    $UID/$EUID = 1005 / 1005
    $GID = 1005 1005
    $EGID = 1005 1005

Perl module toolchain versions installed:

    Module              Have    
    ------------------- --------
    CPAN                2.15    
    CPAN::Meta          2.150010
    Cwd                 3.62    
    ExtUtils::CBuilder  0.280224
    ExtUtils::Command   7.25_01 
    ExtUtils::Install   1.55    
    ExtUtils::MakeMaker 7.25_01 
    ExtUtils::Manifest  1.70    
    ExtUtils::ParseXS   3.30    
    File::Spec          3.62    
    JSON                2.91_04 
    JSON::PP            2.91_04 
    Module::Build       0.4220  
    Module::Signature   0.81    
    Parse::CPAN::Meta   2.150010
    Test::Harness       3.36    
    Test::More          1.302075
    YAML                1.21    
    YAML::Syck          1.29    
    version             0.9917  


--

Summary of my perl5 (revision 5 version 12 subversion 5) configuration:
  Derived from: 9a9cbd715960a905dcbc9166349a73a64a007e4e
  Platform:
    osname=linux, osvers=4.8.0-2-amd64, archname=x86_64-linux
    uname='linux k93msid 4.8.0-2-amd64 #1 smp debian 4.8.11-1 (2016-12-02) x86_64 gnulinux '
    config_args='-Dprefix=/home/sand/src/perl/repoperls/installed-perls/host/k93msid/v5.12.5/89ad -Dmyhostname=k93msid -Dinstallusrbinperl=n -Uversiononly -Dusedevel -des -Ui_db -Dlibswanted=cl pthread socket inet nsl gdbm dbm malloc dl ld sun m crypt sec util c cposix posix ucb BSD gdbm_compat -Uuseithreads -Uuselongdouble -DDEBUGGING=-g'
    hint=recommended, useposix=true, d_sigaction=define
    useithreads=undef, usemultiplicity=undef
    useperlio=define, d_sfio=undef, uselargefiles=define, usesocks=undef
    use64bitint=define, use64bitall=define, uselongdouble=undef
    usemymalloc=n, bincompat5005=undef
  Compiler:
    cc='cc', ccflags ='-fno-strict-aliasing -pipe -fstack-protector -I/usr/local/include -D_LARGEFILE_SOURCE -D_FILE_OFFSET_BITS=64',
    optimize='-O2 -g',
    cppflags='-fno-strict-aliasing -pipe -fstack-protector -I/usr/local/include'
    ccversion='', gccversion='6.2.1 20161124', gccosandvers=''
    intsize=4, longsize=8, ptrsize=8, doublesize=8, byteorder=12345678
    d_longlong=define, longlongsize=8, d_longdbl=define, longdblsize=16
    ivtype='long', ivsize=8, nvtype='double', nvsize=8, Off_t='off_t', lseeksize=8
    alignbytes=8, prototype=define
  Linker and Libraries:
    ld='cc', ldflags =' -fstack-protector -L/usr/local/lib'
    libpth=/usr/local/lib /lib/x86_64-linux-gnu /lib/../lib /usr/lib/x86_64-linux-gnu /usr/lib/../lib /lib /usr/lib
    libs=-lpthread -lnsl -ldl -lm -lcrypt -lutil -lc
    perllibs=-lpthread -lnsl -ldl -lm -lcrypt -lutil -lc
    libc=libc-2.24.so, so=so, useshrplib=false, libperl=libperl.a
    gnulibc_version='2.24'
  Dynamic Linking:
    dlsrc=dl_dlopen.xs, dlext=so, d_dlsymun=undef, ccdlflags='-Wl,-E'
    cccdlflags='-fPIC', lddlflags='-shared -O2 -g -L/usr/local/lib -fstack-protector'


Characteristics of this binary (from libperl): 
  Compile-time options: PERL_DONT_CREATE_GVSV PERL_MALLOC_WRAP PERL_USE_DEVEL
                        USE_64_BIT_ALL USE_64_BIT_INT USE_LARGE_FILES
                        USE_PERLIO USE_PERL_ATOF
  Locally applied patches:
	uncommitted-changes
  Built under linux
  Compiled at Dec 16 2016 09:37:12
  %ENV:
    PERL5LIB=""
    PERL5OPT=""
    PERL5_CPANPLUS_IS_RUNNING="22927"
    PERL5_CPAN_IS_RUNNING="22927"
    PERL_CANARY_STABILITY_NOPROMPT="1"
    PERL_MM_USE_DEFAULT="1"
  @INC:
    /home/sand/src/perl/repoperls/installed-perls/host/k93msid/v5.12.5/89ad/lib/site_perl/5.12.5/x86_64-linux
    /home/sand/src/perl/repoperls/installed-perls/host/k93msid/v5.12.5/89ad/lib/site_perl/5.12.5
    /home/sand/src/perl/repoperls/installed-perls/host/k93msid/v5.12.5/89ad/lib/5.12.5/x86_64-linux
    /home/sand/src/perl/repoperls/installed-perls/host/k93msid/v5.12.5/89ad/lib/5.12.5
    .