Crypt-SSLeay v0.72 Perl 5 v5.27.3 aarch64-linux-multi
- Status
- Fail
- From
- Nigel Horne
- Dist
-
Crypt-SSLeay v0.72
- Platform
- Perl 5 v5.27.3 aarch64-linux-multi
- Date
- 2017-10-27 18:36:01
- ID
- ae7b5294-bb45-11e7-b341-fcc23860dccf
This distribution has been tested as part of the CPAN Testers
project, supporting the Perl programming language. See
http://wiki.cpantesters.org/ for more information or email
questions to cpan-testers-discuss@perl.org
--
Dear A. Sinan Unur,
This is a computer-generated report for Crypt-SSLeay-0.72
on perl 5.27.3, created by CPAN-Reporter-1.2018.
Thank you for uploading your work to CPAN. However, there was a problem
testing your distribution.
If you think this report is invalid, please consult the CPAN Testers Wiki
for suggestions on how to avoid getting FAIL reports for missing library
or binary dependencies, unsupported operating systems, and so on:
http://wiki.cpantesters.org/wiki/CPANAuthorNotes
Sections of this report:
* Tester comments
* Program output
* Prerequisites
* Environment and other context
------------------------------
TESTER COMMENTS
------------------------------
Additional comments from tester:
none provided
------------------------------
PROGRAM OUTPUT
------------------------------
Output from '/usr/bin/make test':
"/home/njh/perl5/perlbrew/perls/perl-5.27.3-multi/bin/perl5.27.3" -MExtUtils::Command::MM -e 'cp_nonempty' -- SSLeay.bs blib/arch/auto/Crypt/SSLeay/SSLeay.bs 644
PERL_DL_NONLAZY=1 "/home/njh/perl5/perlbrew/perls/perl-5.27.3-multi/bin/perl5.27.3" "-MExtUtils::Command::MM" "-MTest::Harness" "-e" "undef *Test::Harness::Switches; test_harness(0, 'blib/lib', 'blib/arch')" t/*.t
# Reading configuration from 'test.config' on linux
# network_tests : 0
t/02-live.t ...... skipped: Network tests disabled
# Failed test 'use Crypt::SSLeay;'
# at t/00-basic.t line 6.
# Tried to use 'Crypt::SSLeay'.
# Error: Can't load '/home/njh/.cpan/build/Crypt-SSLeay-0.72-25/blib/arch/auto/Crypt/SSLeay/SSLeay.so' for module Crypt::SSLeay: /home/njh/.cpan/build/Crypt-SSLeay-0.72-25/blib/arch/auto/Crypt/SSLeay/SSLeay.so: undefined symbol: SSLv2_client_method at /home/njh/perl5/perlbrew/perls/perl-5.27.3-multi/lib/5.27.3/aarch64-linux-multi/DynaLoader.pm line 193.
# at t/00-basic.t line 6.
# Compilation failed in require at t/00-basic.t line 6.
# BEGIN failed--compilation aborted at t/00-basic.t line 6.
# Failed test 'use Crypt::SSLeay::CTX;'
# at t/00-basic.t line 7.
# Tried to use 'Crypt::SSLeay::CTX'.
# Error: Attempt to reload Crypt/SSLeay.pm aborted.
# Compilation failed in require at /home/njh/.cpan/build/Crypt-SSLeay-0.72-25/blib/lib/Crypt/SSLeay/CTX.pm line 2.
# Compilation failed in require at t/00-basic.t line 7.
# BEGIN failed--compilation aborted at t/00-basic.t line 7.
# Failed test 'use Crypt::SSLeay::Conn;'
# at t/00-basic.t line 8.
# Tried to use 'Crypt::SSLeay::Conn'.
# Error: Attempt to reload Crypt/SSLeay.pm aborted.
# Compilation failed in require at /home/njh/.cpan/build/Crypt-SSLeay-0.72-25/blib/lib/Crypt/SSLeay/Conn.pm line 2.
# Compilation failed in require at t/00-basic.t line 8.
# BEGIN failed--compilation aborted at t/00-basic.t line 8.
# Failed test 'use Crypt::SSLeay::Err;'
# at t/00-basic.t line 9.
# Tried to use 'Crypt::SSLeay::Err'.
# Error: Attempt to reload Crypt/SSLeay.pm aborted.
# Compilation failed in require at /home/njh/.cpan/build/Crypt-SSLeay-0.72-25/blib/lib/Crypt/SSLeay/Err.pm line 2.
# Compilation failed in require at t/00-basic.t line 9.
# BEGIN failed--compilation aborted at t/00-basic.t line 9.
# Failed test 'use Crypt::SSLeay::MainContext;'
# at t/00-basic.t line 10.
# Tried to use 'Crypt::SSLeay::MainContext'.
# Error: Attempt to reload Crypt/SSLeay/CTX.pm aborted.
# Compilation failed in require at /home/njh/.cpan/build/Crypt-SSLeay-0.72-25/blib/lib/Crypt/SSLeay/MainContext.pm line 8.
# Compilation failed in require at t/00-basic.t line 10.
# BEGIN failed--compilation aborted at t/00-basic.t line 10.
# Failed test 'use Crypt::SSLeay::Version;'
# at t/00-basic.t line 12.
# Tried to use 'Crypt::SSLeay::Version'.
# Error: Attempt to reload Crypt/SSLeay.pm aborted.
# Compilation failed in require at /home/njh/.cpan/build/Crypt-SSLeay-0.72-25/blib/lib/Crypt/SSLeay/Version.pm line 2.
# Compilation failed in require at t/00-basic.t line 12.
# BEGIN failed--compilation aborted at t/00-basic.t line 12.
# Failed test 'use Net::SSL;'
# at t/00-basic.t line 23.
# Tried to use 'Net::SSL'.
# Error: Attempt to reload Crypt/SSLeay.pm aborted.
# Compilation failed in require at /home/njh/.cpan/build/Crypt-SSLeay-0.72-25/blib/lib/Net/SSL.pm line 20.
# Compilation failed in require at t/00-basic.t line 23.
# BEGIN failed--compilation aborted at t/00-basic.t line 23.
Undefined subroutine &main::main_ctx called at t/00-basic.t line 49.
# Tests were run but no plan was declared and done_testing() was not seen.
# Looks like your test exited with 2 just after 13.
t/00-basic.t .....
Dubious, test returned 2 (wstat 512, 0x200)
Failed 7/13 subtests
(less 5 skipped subtests: 1 okay)
Can't load '/home/njh/.cpan/build/Crypt-SSLeay-0.72-25/blib/arch/auto/Crypt/SSLeay/SSLeay.so' for module Crypt::SSLeay: /home/njh/.cpan/build/Crypt-SSLeay-0.72-25/blib/arch/auto/Crypt/SSLeay/SSLeay.so: undefined symbol: SSLv2_client_method at /home/njh/perl5/perlbrew/perls/perl-5.27.3-multi/lib/5.27.3/aarch64-linux-multi/DynaLoader.pm line 193.
at /home/njh/.cpan/build/Crypt-SSLeay-0.72-25/blib/lib/Net/SSL.pm line 20.
Compilation failed in require at /home/njh/.cpan/build/Crypt-SSLeay-0.72-25/blib/lib/Net/SSL.pm line 20.
Compilation failed in require at t/01-connect.t line 6.
BEGIN failed--compilation aborted at t/01-connect.t line 6.
# Looks like your test exited with 2 before it could output anything.
t/01-connect.t ...
Dubious, test returned 2 (wstat 512, 0x200)
Failed 8/8 subtests
Can't load '/home/njh/.cpan/build/Crypt-SSLeay-0.72-25/blib/arch/auto/Crypt/SSLeay/SSLeay.so' for module Crypt::SSLeay: /home/njh/.cpan/build/Crypt-SSLeay-0.72-25/blib/arch/auto/Crypt/SSLeay/SSLeay.so: undefined symbol: SSLv2_client_method at /home/njh/perl5/perlbrew/perls/perl-5.27.3-multi/lib/5.27.3/aarch64-linux-multi/DynaLoader.pm line 193.
at /home/njh/.cpan/build/Crypt-SSLeay-0.72-25/blib/lib/Crypt/SSLeay/Version.pm line 2.
Compilation failed in require at /home/njh/.cpan/build/Crypt-SSLeay-0.72-25/blib/lib/Crypt/SSLeay/Version.pm line 2.
Compilation failed in require at t/03-version.t line 7.
BEGIN failed--compilation aborted at t/03-version.t line 14.
t/03-version.t ...
Dubious, test returned 2 (wstat 512, 0x200)
No subtests run
t/boilerplate.t .. ok
t/manifest.t ..... skipped: Author tests not required for installation
Test Summary Report
-------------------
t/00-basic.t (Wstat: 512 Tests: 13 Failed: 7)
Failed tests: 1-5, 7-8
Non-zero exit status: 2
Parse errors: No plan found in TAP output
t/01-connect.t (Wstat: 512 Tests: 0 Failed: 0)
Non-zero exit status: 2
Parse errors: Bad plan. You planned 8 tests but ran 0.
t/03-version.t (Wstat: 512 Tests: 0 Failed: 0)
Non-zero exit status: 2
Parse errors: No plan found in TAP output
Files=6, Tests=22, 1 wallclock secs ( 0.13 usr 0.04 sys + 1.58 cusr 0.20 csys = 1.95 CPU)
Result: FAIL
Failed 3/6 test programs. 7/22 subtests failed.
Makefile:1096: recipe for target 'test_dynamic' failed
make: *** [test_dynamic] Error 255
------------------------------
PREREQUISITES
------------------------------
Prerequisite modules loaded:
requires:
Module Need Have
-------------------- -------- --------
LWP::Protocol::https 6.02 6.07
MIME::Base64 0 3.15
perl 5.006 5.027003
build_requires:
Module Need Have
-------------------- -------- --------
ExtUtils::MakeMaker 0 7.30
Test::More 0.19 1.302073
Try::Tiny 0.19 0.28
configure_requires:
Module Need Have
-------------------- -------- --------
ExtUtils::CBuilder 0.280205 0.280228
Getopt::Long 0 2.5
Path::Class 0.26 0.37
Try::Tiny 0.19 0.28
------------------------------
ENVIRONMENT AND OTHER CONTEXT
------------------------------
Environment variables:
HARNESS_OPTIONS = c:j4
LANG =
LANGUAGE = en_US.UTF-8
LC_ALL = en_US.UTF-8
PATH = /home/njh/perl5/perlbrew/bin:/home/njh/perl5/perlbrew/perls/perl-5.27.3-multi/bin:/home/njh/bin:/usr/local/bin:/usr/bin:/bin:/usr/local/games:/usr/games
PERL5LIB =
PERL5OPT =
PERL5_CPANPLUS_IS_RUNNING = 25391
PERL5_CPAN_IS_RUNNING = 25391
PERLBREW_BASHRC_VERSION = 0.78
PERLBREW_HOME = /home/njh/.perlbrew
PERLBREW_MANPATH = /home/njh/perl5/perlbrew/perls/perl-5.27.3-multi/man
PERLBREW_PATH = /home/njh/perl5/perlbrew/bin:/home/njh/perl5/perlbrew/perls/perl-5.27.3-multi/bin
PERLBREW_PERL = perl-5.27.3-multi
PERLBREW_ROOT = /home/njh/perl5/perlbrew
PERLBREW_VERSION = 0.78
PERL_USE_UNSAFE_INC = 1
SHELL = /bin/bash
TERM = xterm-256color
TMPDIR = /tmp
Perl special variables (and OS-specific diagnostics, for MSWin32):
$^X = /home/njh/perl5/perlbrew/perls/perl-5.27.3-multi/bin/perl5.27.3
$UID/$EUID = 1000 / 1000
$GID = 1000 1000
$EGID = 1000 1000
Perl module toolchain versions installed:
Module Have
------------------- --------
CPAN 2.18
CPAN::Meta 2.150010
Cwd 3.68
ExtUtils::CBuilder 0.280228
ExtUtils::Command 7.30
ExtUtils::Install 2.14
ExtUtils::MakeMaker 7.30
ExtUtils::Manifest 1.70
ExtUtils::ParseXS 3.35
File::Spec 3.68
JSON n/a
JSON::PP 2.94
Module::Build 0.4224
Module::Signature n/a
Parse::CPAN::Meta 2.150010
Test::Harness 3.39
Test::More 1.302073
YAML 1.23
YAML::Syck 1.30
version 0.9918
--
Summary of my perl5 (revision 5 version 27 subversion 3) configuration:
Platform:
osname=linux
osvers=4.9.23-std-1
archname=aarch64-linux-multi
uname='linux scaleway 4.9.23-std-1 #1 smp mon apr 24 13:18:14 utc 2017 aarch64 gnulinux '
config_args='-de -Dprefix=/home/njh/perl5/perlbrew/perls/perl-5.27.3-multi -Dusedevel -Dusemultiplicity -Dusedevel -Accflags= -Aeval:scriptdir=/home/njh/perl5/perlbrew/perls/perl-5.27.3-multi/bin'
hint=recommended
useposix=true
d_sigaction=define
useithreads=undef
usemultiplicity=define
use64bitint=define
use64bitall=define
uselongdouble=undef
usemymalloc=n
default_inc_excludes_dot=define
bincompat5005=undef
Compiler:
cc='cc'
ccflags ='-fwrapv -fno-strict-aliasing -pipe -fstack-protector-strong -I/usr/local/include -D_LARGEFILE_SOURCE -D_FILE_OFFSET_BITS=64 -D_FORTIFY_SOURCE=2'
optimize='-O2'
cppflags='-fwrapv -fno-strict-aliasing -pipe -fstack-protector-strong -I/usr/local/include'
ccversion=''
gccversion='6.3.0 20170516'
gccosandvers=''
intsize=4
longsize=8
ptrsize=8
doublesize=8
byteorder=12345678
doublekind=3
d_longlong=define
longlongsize=8
d_longdbl=define
longdblsize=16
longdblkind=1
ivtype='long'
ivsize=8
nvtype='double'
nvsize=8
Off_t='off_t'
lseeksize=8
alignbytes=8
prototype=define
Linker and Libraries:
ld='cc'
ldflags =' -fstack-protector-strong -L/usr/local/lib'
libpth=/usr/local/lib /usr/lib/gcc/aarch64-linux-gnu/6/include-fixed /usr/include/aarch64-linux-gnu /usr/lib /lib/aarch64-linux-gnu /lib/../lib /usr/lib/aarch64-linux-gnu /usr/lib/../lib /lib
libs=-lpthread -lnsl -lgdbm -ldb -ldl -lm -lcrypt -lutil -lc -lgdbm_compat
perllibs=-lpthread -lnsl -ldl -lm -lcrypt -lutil -lc
libc=libc-2.24.so
so=so
useshrplib=false
libperl=libperl.a
gnulibc_version='2.24'
Dynamic Linking:
dlsrc=dl_dlopen.xs
dlext=so
d_dlsymun=undef
ccdlflags='-Wl,-E'
cccdlflags='-fPIC'
lddlflags='-shared -O2 -L/usr/local/lib -fstack-protector-strong'
Characteristics of this binary (from libperl):
Compile-time options:
HAS_TIMES
MULTIPLICITY
PERLIO_LAYERS
PERL_COPY_ON_WRITE
PERL_DONT_CREATE_GVSV
PERL_IMPLICIT_CONTEXT
PERL_MALLOC_WRAP
PERL_OP_PARENT
PERL_PRESERVE_IVUV
PERL_USE_DEVEL
USE_64_BIT_ALL
USE_64_BIT_INT
USE_LARGE_FILES
USE_LOCALE
USE_LOCALE_COLLATE
USE_LOCALE_CTYPE
USE_LOCALE_NUMERIC
USE_LOCALE_TIME
USE_PERLIO
USE_PERL_ATOF
Locally applied patches:
Devel::PatchPerl 1.48
Built under linux
Compiled at Sep 27 2017 02:34:17
%ENV:
PERL5LIB=""
PERL5OPT=""
PERL5_CPANPLUS_IS_RUNNING="25391"
PERL5_CPAN_IS_RUNNING="25391"
PERLBREW_BASHRC_VERSION="0.78"
PERLBREW_HOME="/home/njh/.perlbrew"
PERLBREW_MANPATH="/home/njh/perl5/perlbrew/perls/perl-5.27.3-multi/man"
PERLBREW_PATH="/home/njh/perl5/perlbrew/bin:/home/njh/perl5/perlbrew/perls/perl-5.27.3-multi/bin"
PERLBREW_PERL="perl-5.27.3-multi"
PERLBREW_ROOT="/home/njh/perl5/perlbrew"
PERLBREW_VERSION="0.78"
PERL_USE_UNSAFE_INC="1"
@INC:
/home/njh/perl5/perlbrew/perls/perl-5.27.3-multi/lib/site_perl/5.27.3/aarch64-linux-multi
/home/njh/perl5/perlbrew/perls/perl-5.27.3-multi/lib/site_perl/5.27.3
/home/njh/perl5/perlbrew/perls/perl-5.27.3-multi/lib/5.27.3/aarch64-linux-multi
/home/njh/perl5/perlbrew/perls/perl-5.27.3-multi/lib/5.27.3
.