CGI-Application-Plugin-AJAXUpload vv0.0.3 Perl 5 v5.35.7 x86_64-linux-thread-multi
- Status
- Fail
- From
- Andreas J. König (ANDK)
- Dist
-
CGI-Application-Plugin-AJAXUpload vv0.0.3
- Platform
- Perl 5 v5.35.7 x86_64-linux-thread-multi
- Date
- 2021-12-02 09:10:23
- ID
- ae3c6b46-534f-11ec-a5d1-99df34df17f8
This distribution has been tested as part of the CPAN Testers
project, supporting the Perl programming language. See
http://wiki.cpantesters.org/ for more information or email
questions to cpan-testers-discuss@perl.org
--
Dear Nicholas Bamber,
This is a computer-generated report for CGI-Application-Plugin-AJAXUpload-v0.0.3
on perl 5.35.7, created by CPAN-Reporter-1.2018.
Thank you for uploading your work to CPAN. However, there was a problem
testing your distribution.
If you think this report is invalid, please consult the CPAN Testers Wiki
for suggestions on how to avoid getting FAIL reports for missing library
or binary dependencies, unsupported operating systems, and so on:
http://wiki.cpantesters.org/wiki/CPANAuthorNotes
Sections of this report:
* Tester comments
* Program output
* Prerequisites
* Environment and other context
------------------------------
TESTER COMMENTS
------------------------------
Additional comments from tester:
this report is from an automated smoke testing program
and was not reviewed by a human for accuracy
------------------------------
PROGRAM OUTPUT
------------------------------
Output from './Build test':
# Testing CGI::Application::Plugin::AJAXUpload 0.0.3
t/00.load.t ....... ok
t/01.basic.t ...... ok
# Failed test 'no warnings'
# at /home/sand/src/perl/repoperls/installed-perls/host/k93msid/v5.35.6-14-g2a98b8cbbc/1e0c/lib/5.35.7/Test/Builder.pm line 193.
# There were 2 warning(s)
# Previous test 1 'An object of class 'TestWebApp' isa 'CGI::Application''
# Use of uninitialized value $& in pattern match (m//) at /home/sand/src/perl/repoperls/installed-perls/host/k93msid/v5.35.6-14-g2a98b8cbbc/1e0c/lib/site_perl/5.35.7/Data/FormValidator/Results.pm line 906.
# at /home/sand/src/perl/repoperls/installed-perls/host/k93msid/v5.35.6-14-g2a98b8cbbc/1e0c/lib/site_perl/5.35.7/Data/FormValidator/Results.pm line 906.
# Data::FormValidator::Results::__ANON__(Data::FormValidator::Results=HASH(0x564d65335210), "test*blah.txt") called at /home/sand/src/perl/repoperls/installed-perls/host/k93msid/v5.35.6-14-g2a98b8cbbc/1e0c/lib/site_perl/5.35.7/Data/FormValidator/Results.pm line 1126
# Data::FormValidator::Results::_constraint_check_match(Data::FormValidator::Results=HASH(0x564d65335210), HASH(0x564d66a50208), ARRAY(0x564d666985d0), 1) called at /home/sand/src/perl/repoperls/installed-perls/host/k93msid/v5.35.6-14-g2a98b8cbbc/1e0c/lib/site_perl/5.35.7/Data/FormValidator/Results.pm line 1343
# Data::FormValidator::Results::_check_constraints(Data::FormValidator::Results=HASH(0x564d65335210), HASH(0x564d66742778), HASH(0x564d653353a8), 1, HASH(0x564d666226b8), 1) called at /home/sand/src/perl/repoperls/installed-perls/host/k93msid/v5.35.6-14-g2a98b8cbbc/1e0c/lib/site_perl/5.35.7/Data/FormValidator/Results.pm line 468
# Data::FormValidator::Results::_process(Data::FormValidator::Results=HASH(0x564d65335210), HASH(0x564d66716580), HASH(0x564d66a4a0f8)) called at /home/sand/src/perl/repoperls/installed-perls/host/k93msid/v5.35.6-14-g2a98b8cbbc/1e0c/lib/site_perl/5.35.7/Data/FormValidator/Results.pm line 77
# Data::FormValidator::Results::new("Data::FormValidator::Results", HASH(0x564d66716580), HASH(0x564d66a4a0f8)) called at /home/sand/src/perl/repoperls/installed-perls/host/k93msid/v5.35.6-14-g2a98b8cbbc/1e0c/lib/site_perl/5.35.7/Data/FormValidator.pm line 346
# Data::FormValidator::check("Data::FormValidator", HASH(0x564d66a4a0f8), HASH(0x564d66716580)) called at /tmp/loop_over_bdir-1112721-EtIhRK/CGI-Application-Plugin-AJAXUpload-v0.0.3-0/blib/lib/CGI/Application/Plugin/AJAXUpload.pm line 110
# CGI::Application::Plugin::AJAXUpload::_ajax_upload_rm(TestWebApp=HASH(0x564d65334658), "/img/uploads", HASH(0x564d66716580)) called at /tmp/loop_over_bdir-1112721-EtIhRK/CGI-Application-Plugin-AJAXUpload-v0.0.3-0/blib/lib/CGI/Application/Plugin/AJAXUpload.pm line 57
# eval {...} called at /tmp/loop_over_bdir-1112721-EtIhRK/CGI-Application-Plugin-AJAXUpload-v0.0.3-0/blib/lib/CGI/Application/Plugin/AJAXUpload.pm line 56
# CGI::Application::Plugin::AJAXUpload::__ANON__(TestWebApp=HASH(0x564d65334658)) called at /home/sand/src/perl/repoperls/installed-perls/host/k93msid/v5.35.6-14-g2a98b8cbbc/1e0c/lib/site_perl/5.35.7/CGI/Application.pm line 144
# eval {...} called at /home/sand/src/perl/repoperls/installed-perls/host/k93msid/v5.35.6-14-g2a98b8cbbc/1e0c/lib/site_perl/5.35.7/CGI/Application.pm line 143
# CGI::Application::__get_body(TestWebApp=HASH(0x564d65334658), "ajax_upload_rm") called at /home/sand/src/perl/repoperls/installed-perls/host/k93msid/v5.35.6-14-g2a98b8cbbc/1e0c/lib/site_perl/5.35.7/CGI/Application.pm line 192
# CGI::Application::run(TestWebApp=HASH(0x564d65334658)) called at t/lib/TestWebApp.pm line 49
# TestWebApp::response_like(TestWebApp=HASH(0x564d65334658), qr(\x{a} \A\x{a} Encoding:\s+utf-8\s+Content-Type:)...msx, qr({"status":"file_name: Invalid, "}), "DFV messages") called at t/02.warnings.t line 206
# main::__ANON__() called at /home/sand/src/perl/repoperls/installed-perls/host/k93msid/v5.35.6-14-g2a98b8cbbc/1e0c/lib/5.35.7/Test/Builder.pm line 374
# eval {...} called at /home/sand/src/perl/repoperls/installed-perls/host/k93msid/v5.35.6-14-g2a98b8cbbc/1e0c/lib/5.35.7/Test/Builder.pm line 374
# Test::Builder::subtest(Test::Builder=HASH(0x564d65357768), "DFV messages", CODE(0x564d667867e8)) called at /home/sand/src/perl/repoperls/installed-perls/host/k93msid/v5.35.6-14-g2a98b8cbbc/1e0c/lib/5.35.7/Test/More.pm line 809
# Test::More::subtest("DFV messages", CODE(0x564d667867e8)) called at t/02.warnings.t line 211
#
# ----------
# Previous test 1 'An object of class 'TestWebApp' isa 'CGI::Application''
# Use of uninitialized value $_ in hash element at /home/sand/src/perl/repoperls/installed-perls/host/k93msid/v5.35.6-14-g2a98b8cbbc/1e0c/lib/site_perl/5.35.7/Data/FormValidator/Results.pm line 738.
# at /home/sand/src/perl/repoperls/installed-perls/host/k93msid/v5.35.6-14-g2a98b8cbbc/1e0c/lib/site_perl/5.35.7/Data/FormValidator/Results.pm line 738.
# Data::FormValidator::Results::_generate_msgs(Data::FormValidator::Results=HASH(0x564d65335210)) called at /home/sand/src/perl/repoperls/installed-perls/host/k93msid/v5.35.6-14-g2a98b8cbbc/1e0c/lib/site_perl/5.35.7/Data/FormValidator/Results.pm line 689
# Data::FormValidator::Results::msgs(Data::FormValidator::Results=HASH(0x564d65335210)) called at /tmp/loop_over_bdir-1112721-EtIhRK/CGI-Application-Plugin-AJAXUpload-v0.0.3-0/blib/lib/CGI/Application/Plugin/AJAXUpload.pm line 111
# CGI::Application::Plugin::AJAXUpload::_ajax_upload_rm(TestWebApp=HASH(0x564d65334658), "/img/uploads", HASH(0x564d66716580)) called at /tmp/loop_over_bdir-1112721-EtIhRK/CGI-Application-Plugin-AJAXUpload-v0.0.3-0/blib/lib/CGI/Application/Plugin/AJAXUpload.pm line 57
# eval {...} called at /tmp/loop_over_bdir-1112721-EtIhRK/CGI-Application-Plugin-AJAXUpload-v0.0.3-0/blib/lib/CGI/Application/Plugin/AJAXUpload.pm line 56
# CGI::Application::Plugin::AJAXUpload::__ANON__(TestWebApp=HASH(0x564d65334658)) called at /home/sand/src/perl/repoperls/installed-perls/host/k93msid/v5.35.6-14-g2a98b8cbbc/1e0c/lib/site_perl/5.35.7/CGI/Application.pm line 144
# eval {...} called at /home/sand/src/perl/repoperls/installed-perls/host/k93msid/v5.35.6-14-g2a98b8cbbc/1e0c/lib/site_perl/5.35.7/CGI/Application.pm line 143
# CGI::Application::__get_body(TestWebApp=HASH(0x564d65334658), "ajax_upload_rm") called at /home/sand/src/perl/repoperls/installed-perls/host/k93msid/v5.35.6-14-g2a98b8cbbc/1e0c/lib/site_perl/5.35.7/CGI/Application.pm line 192
# CGI::Application::run(TestWebApp=HASH(0x564d65334658)) called at t/lib/TestWebApp.pm line 49
# TestWebApp::response_like(TestWebApp=HASH(0x564d65334658), qr(\x{a} \A\x{a} Encoding:\s+utf-8\s+Content-Type:)...msx, qr({"status":"file_name: Invalid, "}), "DFV messages") called at t/02.warnings.t line 206
# main::__ANON__() called at /home/sand/src/perl/repoperls/installed-perls/host/k93msid/v5.35.6-14-g2a98b8cbbc/1e0c/lib/5.35.7/Test/Builder.pm line 374
# eval {...} called at /home/sand/src/perl/repoperls/installed-perls/host/k93msid/v5.35.6-14-g2a98b8cbbc/1e0c/lib/5.35.7/Test/Builder.pm line 374
# Test::Builder::subtest(Test::Builder=HASH(0x564d65357768), "DFV messages", CODE(0x564d667867e8)) called at /home/sand/src/perl/repoperls/installed-perls/host/k93msid/v5.35.6-14-g2a98b8cbbc/1e0c/lib/5.35.7/Test/More.pm line 809
# Test::More::subtest("DFV messages", CODE(0x564d667867e8)) called at t/02.warnings.t line 211
#
# Looks like you failed 1 test of 12.
t/02.warnings.t ...
Dubious, test returned 1 (wstat 256, 0x100)
Failed 1/12 subtests
# Failed test 'no warnings'
# at /home/sand/src/perl/repoperls/installed-perls/host/k93msid/v5.35.6-14-g2a98b8cbbc/1e0c/lib/5.35.7/Test/Builder.pm line 193.
# There were 2 warning(s)
# Previous test 1 'An object of class 'TestWebApp' isa 'CGI::Application''
# Use of uninitialized value $& in pattern match (m//) at /home/sand/src/perl/repoperls/installed-perls/host/k93msid/v5.35.6-14-g2a98b8cbbc/1e0c/lib/site_perl/5.35.7/Data/FormValidator/Results.pm line 906.
# at /home/sand/src/perl/repoperls/installed-perls/host/k93msid/v5.35.6-14-g2a98b8cbbc/1e0c/lib/site_perl/5.35.7/Data/FormValidator/Results.pm line 906.
# Data::FormValidator::Results::__ANON__(Data::FormValidator::Results=HASH(0x55dabced5348), "test*blah.jpeg") called at /home/sand/src/perl/repoperls/installed-perls/host/k93msid/v5.35.6-14-g2a98b8cbbc/1e0c/lib/site_perl/5.35.7/Data/FormValidator/Results.pm line 1126
# Data::FormValidator::Results::_constraint_check_match(Data::FormValidator::Results=HASH(0x55dabced5348), HASH(0x55dabcf0c980), ARRAY(0x55dabce1f158), 1) called at /home/sand/src/perl/repoperls/installed-perls/host/k93msid/v5.35.6-14-g2a98b8cbbc/1e0c/lib/site_perl/5.35.7/Data/FormValidator/Results.pm line 1343
# Data::FormValidator::Results::_check_constraints(Data::FormValidator::Results=HASH(0x55dabced5348), HASH(0x55dabcebea78), HASH(0x55dabcebe460), 1, HASH(0x55dabcdbcd98), 1) called at /home/sand/src/perl/repoperls/installed-perls/host/k93msid/v5.35.6-14-g2a98b8cbbc/1e0c/lib/site_perl/5.35.7/Data/FormValidator/Results.pm line 468
# Data::FormValidator::Results::_process(Data::FormValidator::Results=HASH(0x55dabced5348), HASH(0x55dabcebe9a0), HASH(0x55dabced5708)) called at /home/sand/src/perl/repoperls/installed-perls/host/k93msid/v5.35.6-14-g2a98b8cbbc/1e0c/lib/site_perl/5.35.7/Data/FormValidator/Results.pm line 77
# Data::FormValidator::Results::new("Data::FormValidator::Results", HASH(0x55dabcebe9a0), HASH(0x55dabced5708)) called at /home/sand/src/perl/repoperls/installed-perls/host/k93msid/v5.35.6-14-g2a98b8cbbc/1e0c/lib/site_perl/5.35.7/Data/FormValidator.pm line 346
# Data::FormValidator::check("Data::FormValidator", HASH(0x55dabced5708), HASH(0x55dabcebe9a0)) called at /tmp/loop_over_bdir-1112721-EtIhRK/CGI-Application-Plugin-AJAXUpload-v0.0.3-0/blib/lib/CGI/Application/Plugin/AJAXUpload.pm line 110
# CGI::Application::Plugin::AJAXUpload::_ajax_upload_rm(TestWebApp=HASH(0x55dabd1f3f68), "/img/uploads", HASH(0x55dabcebe9a0)) called at /tmp/loop_over_bdir-1112721-EtIhRK/CGI-Application-Plugin-AJAXUpload-v0.0.3-0/blib/lib/CGI/Application/Plugin/AJAXUpload.pm line 57
# eval {...} called at /tmp/loop_over_bdir-1112721-EtIhRK/CGI-Application-Plugin-AJAXUpload-v0.0.3-0/blib/lib/CGI/Application/Plugin/AJAXUpload.pm line 56
# CGI::Application::Plugin::AJAXUpload::__ANON__(TestWebApp=HASH(0x55dabd1f3f68)) called at /home/sand/src/perl/repoperls/installed-perls/host/k93msid/v5.35.6-14-g2a98b8cbbc/1e0c/lib/site_perl/5.35.7/CGI/Application.pm line 144
# eval {...} called at /home/sand/src/perl/repoperls/installed-perls/host/k93msid/v5.35.6-14-g2a98b8cbbc/1e0c/lib/site_perl/5.35.7/CGI/Application.pm line 143
# CGI::Application::__get_body(TestWebApp=HASH(0x55dabd1f3f68), "ajax_upload_rm") called at /home/sand/src/perl/repoperls/installed-perls/host/k93msid/v5.35.6-14-g2a98b8cbbc/1e0c/lib/site_perl/5.35.7/CGI/Application.pm line 192
# CGI::Application::run(TestWebApp=HASH(0x55dabd1f3f68)) called at t/lib/TestWebApp.pm line 49
# TestWebApp::response_like(TestWebApp=HASH(0x55dabd1f3f68), qr(\x{a} \A\x{a} Encoding:\s+utf-8\s+Content-Type:)...msx, qr({"status":"file_name: Invalid, "}), "DFV messages") called at t/03.images.t line 204
# main::__ANON__() called at /home/sand/src/perl/repoperls/installed-perls/host/k93msid/v5.35.6-14-g2a98b8cbbc/1e0c/lib/5.35.7/Test/Builder.pm line 374
# eval {...} called at /home/sand/src/perl/repoperls/installed-perls/host/k93msid/v5.35.6-14-g2a98b8cbbc/1e0c/lib/5.35.7/Test/Builder.pm line 374
# Test::Builder::subtest(Test::Builder=HASH(0x55dabb8d1828), "DFV messages", CODE(0x55dabcebe568)) called at /home/sand/src/perl/repoperls/installed-perls/host/k93msid/v5.35.6-14-g2a98b8cbbc/1e0c/lib/5.35.7/Test/More.pm line 809
# Test::More::subtest("DFV messages", CODE(0x55dabcebe568)) called at t/03.images.t line 209
#
# ----------
# Previous test 1 'An object of class 'TestWebApp' isa 'CGI::Application''
# Use of uninitialized value $_ in hash element at /home/sand/src/perl/repoperls/installed-perls/host/k93msid/v5.35.6-14-g2a98b8cbbc/1e0c/lib/site_perl/5.35.7/Data/FormValidator/Results.pm line 738.
# at /home/sand/src/perl/repoperls/installed-perls/host/k93msid/v5.35.6-14-g2a98b8cbbc/1e0c/lib/site_perl/5.35.7/Data/FormValidator/Results.pm line 738.
# Data::FormValidator::Results::_generate_msgs(Data::FormValidator::Results=HASH(0x55dabced5348)) called at /home/sand/src/perl/repoperls/installed-perls/host/k93msid/v5.35.6-14-g2a98b8cbbc/1e0c/lib/site_perl/5.35.7/Data/FormValidator/Results.pm line 689
# Data::FormValidator::Results::msgs(Data::FormValidator::Results=HASH(0x55dabced5348)) called at /tmp/loop_over_bdir-1112721-EtIhRK/CGI-Application-Plugin-AJAXUpload-v0.0.3-0/blib/lib/CGI/Application/Plugin/AJAXUpload.pm line 111
# CGI::Application::Plugin::AJAXUpload::_ajax_upload_rm(TestWebApp=HASH(0x55dabd1f3f68), "/img/uploads", HASH(0x55dabcebe9a0)) called at /tmp/loop_over_bdir-1112721-EtIhRK/CGI-Application-Plugin-AJAXUpload-v0.0.3-0/blib/lib/CGI/Application/Plugin/AJAXUpload.pm line 57
# eval {...} called at /tmp/loop_over_bdir-1112721-EtIhRK/CGI-Application-Plugin-AJAXUpload-v0.0.3-0/blib/lib/CGI/Application/Plugin/AJAXUpload.pm line 56
# CGI::Application::Plugin::AJAXUpload::__ANON__(TestWebApp=HASH(0x55dabd1f3f68)) called at /home/sand/src/perl/repoperls/installed-perls/host/k93msid/v5.35.6-14-g2a98b8cbbc/1e0c/lib/site_perl/5.35.7/CGI/Application.pm line 144
# eval {...} called at /home/sand/src/perl/repoperls/installed-perls/host/k93msid/v5.35.6-14-g2a98b8cbbc/1e0c/lib/site_perl/5.35.7/CGI/Application.pm line 143
# CGI::Application::__get_body(TestWebApp=HASH(0x55dabd1f3f68), "ajax_upload_rm") called at /home/sand/src/perl/repoperls/installed-perls/host/k93msid/v5.35.6-14-g2a98b8cbbc/1e0c/lib/site_perl/5.35.7/CGI/Application.pm line 192
# CGI::Application::run(TestWebApp=HASH(0x55dabd1f3f68)) called at t/lib/TestWebApp.pm line 49
# TestWebApp::response_like(TestWebApp=HASH(0x55dabd1f3f68), qr(\x{a} \A\x{a} Encoding:\s+utf-8\s+Content-Type:)...msx, qr({"status":"file_name: Invalid, "}), "DFV messages") called at t/03.images.t line 204
# main::__ANON__() called at /home/sand/src/perl/repoperls/installed-perls/host/k93msid/v5.35.6-14-g2a98b8cbbc/1e0c/lib/5.35.7/Test/Builder.pm line 374
# eval {...} called at /home/sand/src/perl/repoperls/installed-perls/host/k93msid/v5.35.6-14-g2a98b8cbbc/1e0c/lib/5.35.7/Test/Builder.pm line 374
# Test::Builder::subtest(Test::Builder=HASH(0x55dabb8d1828), "DFV messages", CODE(0x55dabcebe568)) called at /home/sand/src/perl/repoperls/installed-perls/host/k93msid/v5.35.6-14-g2a98b8cbbc/1e0c/lib/5.35.7/Test/More.pm line 809
# Test::More::subtest("DFV messages", CODE(0x55dabcebe568)) called at t/03.images.t line 209
#
# Looks like you failed 1 test of 10.
t/03.images.t .....
Dubious, test returned 1 (wstat 256, 0x100)
Failed 1/10 subtests
# Failed test 'UPLOADED (body match)'
# at t/lib/TestWebApp.pm line 54.
# '{"image_url":"/images/test.jpeg","status":"UPLOADED"}'
# doesn't match '(?^msx:{"status":"UPLOADED","image_url":"/images/test.jpeg"})'
# Looks like you failed 1 test of 4.
# Failed test 'options'
# at t/04-resize.t line 274.
# Failed test 'UPLOADED (body match)'
# at t/lib/TestWebApp.pm line 54.
# '{"image_url":"/img/uploads/test.jpeg","status":"UPLOADED"}'
# doesn't match '(?^msx:{"status":"UPLOADED","image_url":"/img/uploads/test.jpeg"})'
# Looks like you failed 1 test of 4.
# Failed test 'UPLOADED'
# at t/04-resize.t line 300.
# Failed test 'UPLOADED (body match)'
# at t/lib/TestWebApp.pm line 54.
# '{"image_url":"/img/uploads/test.jpeg","status":"UPLOADED"}'
# doesn't match '(?^msx:{"status":"UPLOADED","image_url":"/img/uploads/test.jpeg"})'
# Looks like you failed 1 test of 4.
# Failed test 'square'
# at t/04-resize.t line 354.
# Failed test 'no warnings'
# at /home/sand/src/perl/repoperls/installed-perls/host/k93msid/v5.35.6-14-g2a98b8cbbc/1e0c/lib/5.35.7/Test/Builder.pm line 193.
# There were 2 warning(s)
# Previous test 1 'An object of class 'TestWebApp' isa 'CGI::Application''
# Use of uninitialized value $& in pattern match (m//) at /home/sand/src/perl/repoperls/installed-perls/host/k93msid/v5.35.6-14-g2a98b8cbbc/1e0c/lib/site_perl/5.35.7/Data/FormValidator/Results.pm line 906.
# at /home/sand/src/perl/repoperls/installed-perls/host/k93msid/v5.35.6-14-g2a98b8cbbc/1e0c/lib/site_perl/5.35.7/Data/FormValidator/Results.pm line 906.
# Data::FormValidator::Results::__ANON__(Data::FormValidator::Results=HASH(0x55d930769c88), "test*blah.jpeg") called at /home/sand/src/perl/repoperls/installed-perls/host/k93msid/v5.35.6-14-g2a98b8cbbc/1e0c/lib/site_perl/5.35.7/Data/FormValidator/Results.pm line 1126
# Data::FormValidator::Results::_constraint_check_match(Data::FormValidator::Results=HASH(0x55d930769c88), HASH(0x55d930a9b008), ARRAY(0x55d9306b0918), 1) called at /home/sand/src/perl/repoperls/installed-perls/host/k93msid/v5.35.6-14-g2a98b8cbbc/1e0c/lib/site_perl/5.35.7/Data/FormValidator/Results.pm line 1343
# Data::FormValidator::Results::_check_constraints(Data::FormValidator::Results=HASH(0x55d930769c88), HASH(0x55d92f1368a8), HASH(0x55d930762be8), 1, HASH(0x55d93064cd58), 1) called at /home/sand/src/perl/repoperls/installed-perls/host/k93msid/v5.35.6-14-g2a98b8cbbc/1e0c/lib/site_perl/5.35.7/Data/FormValidator/Results.pm line 468
# Data::FormValidator::Results::_process(Data::FormValidator::Results=HASH(0x55d930769c88), HASH(0x55d930762738), HASH(0x55d930a9fd10)) called at /home/sand/src/perl/repoperls/installed-perls/host/k93msid/v5.35.6-14-g2a98b8cbbc/1e0c/lib/site_perl/5.35.7/Data/FormValidator/Results.pm line 77
# Data::FormValidator::Results::new("Data::FormValidator::Results", HASH(0x55d930762738), HASH(0x55d930a9fd10)) called at /home/sand/src/perl/repoperls/installed-perls/host/k93msid/v5.35.6-14-g2a98b8cbbc/1e0c/lib/site_perl/5.35.7/Data/FormValidator.pm line 346
# Data::FormValidator::check("Data::FormValidator", HASH(0x55d930a9fd10), HASH(0x55d930762738)) called at /tmp/loop_over_bdir-1112721-EtIhRK/CGI-Application-Plugin-AJAXUpload-v0.0.3-0/blib/lib/CGI/Application/Plugin/AJAXUpload.pm line 110
# CGI::Application::Plugin::AJAXUpload::_ajax_upload_rm(TestWebApp=HASH(0x55d92f135cf0), "/img/uploads", HASH(0x55d930762738)) called at /tmp/loop_over_bdir-1112721-EtIhRK/CGI-Application-Plugin-AJAXUpload-v0.0.3-0/blib/lib/CGI/Application/Plugin/AJAXUpload.pm line 57
# eval {...} called at /tmp/loop_over_bdir-1112721-EtIhRK/CGI-Application-Plugin-AJAXUpload-v0.0.3-0/blib/lib/CGI/Application/Plugin/AJAXUpload.pm line 56
# CGI::Application::Plugin::AJAXUpload::__ANON__(TestWebApp=HASH(0x55d92f135cf0)) called at /home/sand/src/perl/repoperls/installed-perls/host/k93msid/v5.35.6-14-g2a98b8cbbc/1e0c/lib/site_perl/5.35.7/CGI/Application.pm line 144
# eval {...} called at /home/sand/src/perl/repoperls/installed-perls/host/k93msid/v5.35.6-14-g2a98b8cbbc/1e0c/lib/site_perl/5.35.7/CGI/Application.pm line 143
# CGI::Application::__get_body(TestWebApp=HASH(0x55d92f135cf0), "ajax_upload_rm") called at /home/sand/src/perl/repoperls/installed-perls/host/k93msid/v5.35.6-14-g2a98b8cbbc/1e0c/lib/site_perl/5.35.7/CGI/Application.pm line 192
# CGI::Application::run(TestWebApp=HASH(0x55d92f135cf0)) called at t/lib/TestWebApp.pm line 49
# TestWebApp::response_like(TestWebApp=HASH(0x55d92f135cf0), qr(\x{a} \A\x{a} Encoding:\s+utf-8\s+Content-Type:)...msx, qr({"status":"file_name: Invalid, "}), "DFV messages") called at t/04-resize.t line 230
# main::__ANON__() called at /home/sand/src/perl/repoperls/installed-perls/host/k93msid/v5.35.6-14-g2a98b8cbbc/1e0c/lib/5.35.7/Test/Builder.pm line 374
# eval {...} called at /home/sand/src/perl/repoperls/installed-perls/host/k93msid/v5.35.6-14-g2a98b8cbbc/1e0c/lib/5.35.7/Test/Builder.pm line 374
# Test::Builder::subtest(Test::Builder=HASH(0x55d92f156828), "DFV messages", CODE(0x55d92f135d08)) called at /home/sand/src/perl/repoperls/installed-perls/host/k93msid/v5.35.6-14-g2a98b8cbbc/1e0c/lib/5.35.7/Test/More.pm line 809
# Test::More::subtest("DFV messages", CODE(0x55d92f135d08)) called at t/04-resize.t line 235
#
# ----------
# Previous test 1 'An object of class 'TestWebApp' isa 'CGI::Application''
# Use of uninitialized value $_ in hash element at /home/sand/src/perl/repoperls/installed-perls/host/k93msid/v5.35.6-14-g2a98b8cbbc/1e0c/lib/site_perl/5.35.7/Data/FormValidator/Results.pm line 738.
# at /home/sand/src/perl/repoperls/installed-perls/host/k93msid/v5.35.6-14-g2a98b8cbbc/1e0c/lib/site_perl/5.35.7/Data/FormValidator/Results.pm line 738.
# Data::FormValidator::Results::_generate_msgs(Data::FormValidator::Results=HASH(0x55d930769c88)) called at /home/sand/src/perl/repoperls/installed-perls/host/k93msid/v5.35.6-14-g2a98b8cbbc/1e0c/lib/site_perl/5.35.7/Data/FormValidator/Results.pm line 689
# Data::FormValidator::Results::msgs(Data::FormValidator::Results=HASH(0x55d930769c88)) called at /tmp/loop_over_bdir-1112721-EtIhRK/CGI-Application-Plugin-AJAXUpload-v0.0.3-0/blib/lib/CGI/Application/Plugin/AJAXUpload.pm line 111
# CGI::Application::Plugin::AJAXUpload::_ajax_upload_rm(TestWebApp=HASH(0x55d92f135cf0), "/img/uploads", HASH(0x55d930762738)) called at /tmp/loop_over_bdir-1112721-EtIhRK/CGI-Application-Plugin-AJAXUpload-v0.0.3-0/blib/lib/CGI/Application/Plugin/AJAXUpload.pm line 57
# eval {...} called at /tmp/loop_over_bdir-1112721-EtIhRK/CGI-Application-Plugin-AJAXUpload-v0.0.3-0/blib/lib/CGI/Application/Plugin/AJAXUpload.pm line 56
# CGI::Application::Plugin::AJAXUpload::__ANON__(TestWebApp=HASH(0x55d92f135cf0)) called at /home/sand/src/perl/repoperls/installed-perls/host/k93msid/v5.35.6-14-g2a98b8cbbc/1e0c/lib/site_perl/5.35.7/CGI/Application.pm line 144
# eval {...} called at /home/sand/src/perl/repoperls/installed-perls/host/k93msid/v5.35.6-14-g2a98b8cbbc/1e0c/lib/site_perl/5.35.7/CGI/Application.pm line 143
# CGI::Application::__get_body(TestWebApp=HASH(0x55d92f135cf0), "ajax_upload_rm") called at /home/sand/src/perl/repoperls/installed-perls/host/k93msid/v5.35.6-14-g2a98b8cbbc/1e0c/lib/site_perl/5.35.7/CGI/Application.pm line 192
# CGI::Application::run(TestWebApp=HASH(0x55d92f135cf0)) called at t/lib/TestWebApp.pm line 49
# TestWebApp::response_like(TestWebApp=HASH(0x55d92f135cf0), qr(\x{a} \A\x{a} Encoding:\s+utf-8\s+Content-Type:)...msx, qr({"status":"file_name: Invalid, "}), "DFV messages") called at t/04-resize.t line 230
# main::__ANON__() called at /home/sand/src/perl/repoperls/installed-perls/host/k93msid/v5.35.6-14-g2a98b8cbbc/1e0c/lib/5.35.7/Test/Builder.pm line 374
# eval {...} called at /home/sand/src/perl/repoperls/installed-perls/host/k93msid/v5.35.6-14-g2a98b8cbbc/1e0c/lib/5.35.7/Test/Builder.pm line 374
# Test::Builder::subtest(Test::Builder=HASH(0x55d92f156828), "DFV messages", CODE(0x55d92f135d08)) called at /home/sand/src/perl/repoperls/installed-perls/host/k93msid/v5.35.6-14-g2a98b8cbbc/1e0c/lib/5.35.7/Test/More.pm line 809
# Test::More::subtest("DFV messages", CODE(0x55d92f135d08)) called at t/04-resize.t line 235
#
# Looks like you failed 4 tests of 12.
t/04-resize.t .....
Dubious, test returned 4 (wstat 1024, 0x400)
Failed 4/12 subtests
t/changes.t ....... skipped: Author test. Set $ENV{TEST_AUTHOR} to a true value to run.
t/manifest.t ...... skipped: Author test. Set $ENV{TEST_AUTHOR} to a true value to run.
t/perlcritic.t .... skipped: Author test. Set $ENV{TEST_AUTHOR} to a true value to run.
t/pod-coverage.t .. skipped: Author test. Set $ENV{TEST_AUTHOR} to a true value to run.
t/pod-no404s.t .... skipped: Author test. Set $ENV{TEST_AUTHOR} to a true value to run.
t/pod.t ........... skipped: Author test. Set $ENV{TEST_AUTHOR} to a true value to run.
t/podspell.t ...... skipped: Author test. Set $ENV{TEST_AUTHOR} to a true value to run.
t/prereq.t ........ skipped: Author test. Set $ENV{TEST_PREREQ} to a true value to run.
Test Summary Report
-------------------
t/02.warnings.t (Wstat: 256 Tests: 12 Failed: 1)
Failed test: 12
Non-zero exit status: 1
t/03.images.t (Wstat: 256 Tests: 10 Failed: 1)
Failed test: 10
Non-zero exit status: 1
t/04-resize.t (Wstat: 1024 Tests: 12 Failed: 4)
Failed tests: 8-9, 11-12
Non-zero exit status: 4
Files=13, Tests=38, 1 wallclock secs ( 0.03 usr 0.05 sys + 1.12 cusr 0.22 csys = 1.42 CPU)
Result: FAIL
Failed 3/13 test programs. 6/38 subtests failed.
------------------------------
PREREQUISITES
------------------------------
Prerequisite modules loaded:
requires:
Module Need Have
------------------------------ ---- --------
autodie 0 2.34
CGI 3.41 4.53
CGI::Application 0 4.61
Data::FormValidator 0 4.88
Exporter 0 5.77
GD 0 2.73
Perl6::Slurp 0 0.051005
Readonly 0 2.05
version 0 0.9929
build_requires:
Module Need Have
------------------------------ ---- --------
CGI::Application::Plugin::JSON 0 1.02
File::Temp 0 0.2311
Test::CGI::Multipart 0 0.0.3
Test::Image::GD 0 0.03
Test::More 0.94 1.302188
Test::NoWarnings 0 1.06
Test::Warn 0 0.36
configure_requires:
Module Need Have
------------------------------ ---- --------
Module::Build 0.36 0.4231
------------------------------
ENVIRONMENT AND OTHER CONTEXT
------------------------------
Environment variables:
AUTOMATED_TESTING = 1
LANG = en_US.UTF-8
PATH = /home/sand/bin:/usr/local/bin:/usr/bin:/bin:/usr/games:/usr/local/perl/bin:/usr/X11/bin:/sbin:/usr/sbin
PERL5LIB =
PERL5OPT =
PERL5_CPANPLUS_IS_RUNNING = 2048266
PERL5_CPAN_IS_RUNNING = 2048266
PERL_CANARY_STABILITY_NOPROMPT = 1
PERL_MM_USE_DEFAULT = 1
PERL_USE_UNSAFE_INC = 1
SHELL = /usr/bin/zsh
TERM = screen
Perl special variables (and OS-specific diagnostics, for MSWin32):
$^X = /tmp/basesmoker-reloperl-u43Z/bin/perl
$UID/$EUID = 1005 / 1005
$GID = 1005 1005
$EGID = 1005 1005
Perl module toolchain versions installed:
Module Have
------------------- --------
CPAN 2.29
CPAN::Meta 2.150010
Cwd 3.82
ExtUtils::CBuilder 0.280236
ExtUtils::Command 7.62
ExtUtils::Install 2.20
ExtUtils::MakeMaker 7.62
ExtUtils::Manifest 1.73
ExtUtils::ParseXS 3.44
File::Spec 3.81
JSON 4.03
JSON::PP 4.06
Module::Build 0.4231
Module::Signature 0.87
Parse::CPAN::Meta 2.150010
Test::Harness 3.43
Test::More 1.302188
YAML 1.30
YAML::Syck 1.34
version 0.9929
--
Summary of my perl5 (revision 5 version 35 subversion 7) configuration:
Commit id: 2a98b8cbbc6f75b5aaefb10acc4da4427359fcea
Platform:
osname=linux
osvers=5.14.0-3-amd64
archname=x86_64-linux-thread-multi
uname='linux k93msid 5.14.0-3-amd64 #1 smp debian 5.14.12-1 (2021-10-14) x86_64 gnulinux '
config_args='-Dprefix=/home/sand/src/perl/repoperls/installed-perls/host/k93msid/v5.35.6-14-g2a98b8cbbc/1e0c -Dmyhostname=k93msid -Dinstallusrbinperl=n -Uversiononly -Dusedevel -des -Ui_db -Dlibswanted=cl pthread socket inet nsl gdbm dbm malloc dl ld sun m crypt sec util c cposix posix ucb BSD gdbm_compat -Duseithreads -Uuselongdouble -DEBUGGING=-g'
hint=recommended
useposix=true
d_sigaction=define
useithreads=define
usemultiplicity=define
use64bitint=define
use64bitall=define
uselongdouble=undef
usemymalloc=n
default_inc_excludes_dot=define
Compiler:
cc='cc'
ccflags ='-D_REENTRANT -D_GNU_SOURCE -fwrapv -fno-strict-aliasing -pipe -fstack-protector-strong -I/usr/local/include -D_LARGEFILE_SOURCE -D_FILE_OFFSET_BITS=64 -D_FORTIFY_SOURCE=2'
optimize='-O2 -g'
cppflags='-D_REENTRANT -D_GNU_SOURCE -fwrapv -fno-strict-aliasing -pipe -fstack-protector-strong -I/usr/local/include'
ccversion=''
gccversion='11.2.0'
gccosandvers=''
intsize=4
longsize=8
ptrsize=8
doublesize=8
byteorder=12345678
doublekind=3
d_longlong=define
longlongsize=8
d_longdbl=define
longdblsize=16
longdblkind=3
ivtype='long'
ivsize=8
nvtype='double'
nvsize=8
Off_t='off_t'
lseeksize=8
alignbytes=8
prototype=define
Linker and Libraries:
ld='cc'
ldflags =' -fstack-protector-strong -L/usr/local/lib'
libpth=/usr/local/lib /usr/lib/x86_64-linux-gnu /usr/lib /lib/x86_64-linux-gnu /lib
libs=-lpthread -lnsl -ldl -lm -lcrypt -lutil -lc
perllibs=-lpthread -lnsl -ldl -lm -lcrypt -lutil -lc
libc=libc-2.32.so
so=so
useshrplib=false
libperl=libperl.a
gnulibc_version='2.32'
Dynamic Linking:
dlsrc=dl_dlopen.xs
dlext=so
d_dlsymun=undef
ccdlflags='-Wl,-E'
cccdlflags='-fPIC'
lddlflags='-shared -O2 -g -L/usr/local/lib -fstack-protector-strong'
Characteristics of this binary (from libperl):
Compile-time options:
HAS_TIMES
MULTIPLICITY
PERLIO_LAYERS
PERL_COPY_ON_WRITE
PERL_DONT_CREATE_GVSV
PERL_MALLOC_WRAP
PERL_OP_PARENT
PERL_PRESERVE_IVUV
PERL_USE_DEVEL
USE_64_BIT_ALL
USE_64_BIT_INT
USE_ITHREADS
USE_LARGE_FILES
USE_LOCALE
USE_LOCALE_COLLATE
USE_LOCALE_CTYPE
USE_LOCALE_NUMERIC
USE_LOCALE_TIME
USE_PERLIO
USE_PERL_ATOF
USE_REENTRANT_API
USE_THREAD_SAFE_LOCALE
Built under linux
Compiled at Nov 28 2021 23:33:25
%ENV:
PERL5LIB=""
PERL5OPT=""
PERL5_CPANPLUS_IS_RUNNING="2048266"
PERL5_CPAN_IS_RUNNING="2048266"
PERL_CANARY_STABILITY_NOPROMPT="1"
PERL_MM_USE_DEFAULT="1"
PERL_USE_UNSAFE_INC="1"
@INC:
/home/sand/src/perl/repoperls/installed-perls/host/k93msid/v5.35.6-14-g2a98b8cbbc/1e0c/lib/site_perl/5.35.7/x86_64-linux-thread-multi
/home/sand/src/perl/repoperls/installed-perls/host/k93msid/v5.35.6-14-g2a98b8cbbc/1e0c/lib/site_perl/5.35.7
/home/sand/src/perl/repoperls/installed-perls/host/k93msid/v5.35.6-14-g2a98b8cbbc/1e0c/lib/5.35.7/x86_64-linux-thread-multi
/home/sand/src/perl/repoperls/installed-perls/host/k93msid/v5.35.6-14-g2a98b8cbbc/1e0c/lib/5.35.7
.