WebService-SlimTimer v0.005 Perl 5 v5.22.0 amd64-freebsd

Status
Fail
From
Slaven Rezić
Dist
WebService-SlimTimer v0.005
Platform
Perl 5 v5.22.0 amd64-freebsd
Date
2024-01-15 06:52:42
ID
ae22f4b0-b372-11ee-adff-a9ee6d8775ea
This distribution has been tested as part of the CPAN Testers
project, supporting the Perl programming language.  See
http://wiki.cpantesters.org/ for more information or email
questions to cpan-testers-discuss@perl.org


--
Dear Vadim Zeitlin,

This is a computer-generated report for WebService-SlimTimer-0.005
on perl 5.22.0, created by CPAN-Reporter-1.2019.

Thank you for uploading your work to CPAN.  However, there was a problem
testing your distribution.

If you think this report is invalid, please consult the CPAN Testers Wiki
for suggestions on how to avoid getting FAIL reports for missing library
or binary dependencies, unsupported operating systems, and so on:

http://wiki.cpantesters.org/wiki/CPANAuthorNotes

Sections of this report:

    * Tester comments
    * Program output
    * Prerequisites
    * Environment and other context

------------------------------
TESTER COMMENTS
------------------------------

Additional comments from tester:

none provided

------------------------------
PROGRAM OUTPUT
------------------------------

Output from '/usr/bin/make test':

PERL_DL_NONLAZY=1 "/usr/perl5.22.0p/bin/perl" "-MExtUtils::Command::MM" "-MTest::Harness" "-e" "undef *Test::Harness::Switches; test_harness(0, 'blib/lib', 'blib/arch')" t/*.t
t/release-pod-coverage.t .. skipped: these tests are for release candidate testing
t/simple.t ................ ok

#   Failed test 'Using invalid timestamp failed.'
#   at t/task.t line 59.
# expecting: Regexp ((?^:Incorrectly formatted datetime))
# found: Incorrectly formatted date at /home/cpansand/.cpan/build/2024011422/WebService-SlimTimer-0.005-8/blib/lib/WebService/SlimTimer/Types.pm line 16.
# Looks like you failed 1 test of 9.
t/task.t .................. 
Dubious, test returned 1 (wstat 256, 0x100)
Failed 1/9 subtests 
t/time_entry.t ............ ok
t/with_login.t ............ skipped: Please define environment variable "SLIMTIMER_LOGIN" required to run this test.

Test Summary Report
-------------------
t/task.t                (Wstat: 256 (exited 1) Tests: 9 Failed: 1)
  Failed test:  9
  Non-zero exit status: 1
Files=5, Tests=22,  5 wallclock secs ( 0.03 usr  0.02 sys +  1.95 cusr  1.34 csys =  3.34 CPU)
Result: FAIL
Failed 1/5 test programs. 1/22 subtests failed.
*** Error code 255

Stop.
make: stopped in /home/cpansand/.cpan/build/2024011422/WebService-SlimTimer-0.005-8

------------------------------
PREREQUISITES
------------------------------

Prerequisite modules loaded:

requires:

    Module                       Need Have    
    ---------------------------- ---- --------
    DateTime                     0    1.63    
    DateTime::Format::Natural    0    1.15    
    DateTime::Format::RFC3339    0    v1.6.0  
    File::Slurp                  0    9999.32 
    File::Spec                   0    3.75    
    Getopt::Long::Descriptive    0    0.111   
    LWP::UserAgent               0    6.72    
    Moose                        0    2.2203  
    Moose::Util::TypeConstraints 0    2.2203  
    MooseX::Declare              0    0.42    
    MooseX::Method::Signatures   0    0.49    
    MooseX::Types                0    0.50    
    MooseX::Types::Moose         0    0.50    
    YAML::XS                     0    0.88    

build_requires:

    Module                       Need Have    
    ---------------------------- ---- --------
    Test::Exception              0    0.43    
    Test::More                   0    1.302198

configure_requires:

    Module                       Need Have    
    ---------------------------- ---- --------
    ExtUtils::MakeMaker          6.30 7.70    


------------------------------
ENVIRONMENT AND OTHER CONTEXT
------------------------------

Environment variables:

    LC_ALL = de_DE.ISO8859-1
    PATH = /usr/local/bin:/usr/bin:/bin:/usr/local/sbin:/usr/sbin:/sbin:/home/cpansand/bin/freebsd10.3:/home/cpansand/bin/sh:/home/cpansand/bin:/usr/games:/home/cpansand/devel:/home/eserte/src/srezic-misc/scripts
    PERL5LIB = /home/cpansand/.cpan/build/2024011422/DateTime-Format-RFC3339-v1.6.0-8/blib/arch:/home/cpansand/.cpan/build/2024011422/DateTime-Format-RFC3339-v1.6.0-8/blib/lib
    PERL5OPT = 
    PERL5_CPANPLUS_IS_RUNNING = 85225
    PERL5_CPAN_IS_RUNNING = 85225
    PERL5_CPAN_IS_RUNNING_IN_RECURSION = 79060,85225
    PERLDOC = -MPod::Perldoc::ToTextOverstrike
    PERL_BATCH = yes
    PERL_CANARY_STABILITY_NOPROMPT = 1
    PERL_CPAN_REPORTER_CONFIG = /var/tmp/cpansmoker-1023/2024011422/cpanreporter_000_config.ini
    PERL_EXTUTILS_AUTOINSTALL = --defaultdeps
    PERL_USE_UNSAFE_INC = 1
    SHELL = /usr/local/bin/zsh
    TERM = screen
    TMPDIR = /var/tmp/cpansmoker-1023/2024011422

Perl special variables (and OS-specific diagnostics, for MSWin32):

    $^X = /usr/perl5.22.0p/bin/perl
    $UID/$EUID = 1023 / 1023
    $GID = 1023 1023
    $EGID = 1023 1023

Perl module toolchain versions installed:

    Module              Have    
    ------------------- --------
    CPAN                2.34    
    CPAN::Meta          2.150010
    Cwd                 3.75    
    ExtUtils::CBuilder  0.280236
    ExtUtils::Command   7.70    
    ExtUtils::Install   2.22    
    ExtUtils::MakeMaker 7.70    
    ExtUtils::Manifest  1.75    
    ExtUtils::ParseXS   3.51    
    File::Spec          3.75    
    JSON                4.10    
    JSON::PP            4.16    
    Module::Build       0.4234  
    Module::Signature   0.87    
    Parse::CPAN::Meta   2.150010
    Test2               1.302198
    Test::Harness       3.47    
    Test::More          1.302198
    YAML                1.30    
    YAML::Syck          1.34    
    version             0.9930  


--

Summary of my perl5 (revision 5 version 22 subversion 0) configuration:
   
  Platform:
    osname=freebsd, osvers=10.1-release, archname=amd64-freebsd
    uname='freebsd cvrsnica-freebsd-101.herceg.de 10.1-release freebsd 10.1-release #0 r274401: tue nov 11 21:02:49 utc 2014 root@releng1.nyi.freebsd.org:usrobjusrsrcsysgeneric amd64 '
    config_args='-ds -e -Dprefix=/usr/perl5.22.0p -Dcf_email=srezic@cpan.org'
    hint=recommended, useposix=true, d_sigaction=define
    useithreads=undef, usemultiplicity=undef
    use64bitint=define, use64bitall=define, uselongdouble=undef
    usemymalloc=n, bincompat5005=undef
  Compiler:
    cc='cc', ccflags ='-DHAS_FPSETMASK -DHAS_FLOATINGPOINT_H -fno-strict-aliasing -pipe -fstack-protector -I/usr/local/include -D_FORTIFY_SOURCE=2',
    optimize='-O',
    cppflags='-DHAS_FPSETMASK -DHAS_FLOATINGPOINT_H -fno-strict-aliasing -pipe -fstack-protector -I/usr/local/include'
    ccversion='', gccversion='4.2.1 Compatible FreeBSD Clang 3.4.1 (tags/RELEASE_34/dot1-final 208032)', gccosandvers=''
    intsize=4, longsize=8, ptrsize=8, doublesize=8, byteorder=12345678, doublekind=3
    d_longlong=define, longlongsize=8, d_longdbl=define, longdblsize=16, longdblkind=3
    ivtype='long', ivsize=8, nvtype='double', nvsize=8, Off_t='off_t', lseeksize=8
    alignbytes=8, prototype=define
  Linker and Libraries:
    ld='cc', ldflags ='-pthread -Wl,-E  -fstack-protector -L/usr/local/lib'
    libpth=/usr/lib /usr/local/lib /usr/include/clang/3.4.1 /usr/lib
    libs=-lpthread -lgdbm -lm -lcrypt -lutil -lc
    perllibs=-lpthread -lm -lcrypt -lutil -lc
    libc=, so=so, useshrplib=false, libperl=libperl.a
    gnulibc_version=''
  Dynamic Linking:
    dlsrc=dl_dlopen.xs, dlext=so, d_dlsymun=undef, ccdlflags=' '
    cccdlflags='-DPIC -fPIC', lddlflags='-shared  -L/usr/local/lib -fstack-protector'


Characteristics of this binary (from libperl): 
  Compile-time options: HAS_TIMES PERLIO_LAYERS PERL_DONT_CREATE_GVSV
                        PERL_HASH_FUNC_ONE_AT_A_TIME_HARD PERL_MALLOC_WRAP
                        PERL_NEW_COPY_ON_WRITE PERL_PRESERVE_IVUV
                        USE_64_BIT_ALL USE_64_BIT_INT USE_LARGE_FILES
                        USE_LOCALE USE_LOCALE_COLLATE USE_LOCALE_CTYPE
                        USE_LOCALE_NUMERIC USE_LOCALE_TIME USE_PERLIO
                        USE_PERL_ATOF
  Built under freebsd
  Compiled at Jun  1 2015 20:19:01
  %ENV:
    PERL5LIB="/home/cpansand/.cpan/build/2024011422/DateTime-Format-RFC3339-v1.6.0-8/blib/arch:/home/cpansand/.cpan/build/2024011422/DateTime-Format-RFC3339-v1.6.0-8/blib/lib"
    PERL5OPT=""
    PERL5_CPANPLUS_IS_RUNNING="85225"
    PERL5_CPAN_IS_RUNNING="85225"
    PERL5_CPAN_IS_RUNNING_IN_RECURSION="79060,85225"
    PERLDOC="-MPod::Perldoc::ToTextOverstrike"
    PERL_BATCH="yes"
    PERL_CANARY_STABILITY_NOPROMPT="1"
    PERL_CPAN_REPORTER_CONFIG="/var/tmp/cpansmoker-1023/2024011422/cpanreporter_000_config.ini"
    PERL_EXTUTILS_AUTOINSTALL="--defaultdeps"
    PERL_USE_UNSAFE_INC="1"
  @INC:
    /home/cpansand/.cpan/build/2024011422/DateTime-Format-RFC3339-v1.6.0-8/blib/arch
    /home/cpansand/.cpan/build/2024011422/DateTime-Format-RFC3339-v1.6.0-8/blib/lib
    /usr/perl5.22.0p/lib/site_perl/5.22.0/amd64-freebsd
    /usr/perl5.22.0p/lib/site_perl/5.22.0
    /usr/perl5.22.0p/lib/5.22.0/amd64-freebsd
    /usr/perl5.22.0p/lib/5.22.0
    .