Gtk2 v1.24993 Perl 5 v5.12.3 darwin-2level
- Status
- Fail
- From
- Slaven Rezić
- Dist
-
Gtk2 v1.24993
- Platform
- Perl 5 v5.12.3 darwin-2level
- Date
- 2021-04-18 20:28:48
- ID
- ae22375e-a084-11eb-8787-764d1f24ea8f
This distribution has been tested as part of the CPAN Testers
project, supporting the Perl programming language. See
http://wiki.cpantesters.org/ for more information or email
questions to cpan-testers-discuss@perl.org
--
Dear Brian Manning,
This is a computer-generated report for Gtk2-1.24993
on perl 5.12.3, created by CPAN-Reporter-1.2017.
Thank you for uploading your work to CPAN. However, there was a problem
testing your distribution.
If you think this report is invalid, please consult the CPAN Testers Wiki
for suggestions on how to avoid getting FAIL reports for missing library
or binary dependencies, unsupported operating systems, and so on:
http://wiki.cpantesters.org/wiki/CPANAuthorNotes
Sections of this report:
* Tester comments
* Program output
* Prerequisites
* Environment and other context
------------------------------
TESTER COMMENTS
------------------------------
Additional comments from tester:
none provided
------------------------------
PROGRAM OUTPUT
------------------------------
Output from '/usr/bin/make test':
"/usr/local/bin/perl5.12.3" -MExtUtils::Command::MM -e 'cp_nonempty' -- Gtk2.bs blib/arch/auto/Gtk2/Gtk2.bs 644
PERL_DL_NONLAZY=1 "/usr/local/bin/perl5.12.3" "-MExtUtils::Command::MM" "-MTest::Harness" "-e" "undef *Test::Harness::Switches; test_harness(0, 'blib/lib', 'blib/arch')" t/*.t
# Testing Gtk2 1.24993
# Running against gtk+ 2.24.32
# Compiled against gtk+ 2.24.32
2021-04-18 21:54:52.555 perl5.12.3[94512:2038627] *** WARNING: Method userSpaceScaleFactor in class NSView is deprecated on 10.7 and later. It should not be used in new applications. Use convertRectToBacking: instead.
t/00.Gtk2.t ........................ ok
2021-04-18 21:54:52.952 perl5.12.3[94534:2038686] *** WARNING: Method userSpaceScaleFactor in class NSView is deprecated on 10.7 and later. It should not be used in new applications. Use convertRectToBacking: instead.
t/01.GtkWindow.t ................... ok
2021-04-18 21:54:54.199 perl5.12.3[94606:2038800] *** WARNING: Method userSpaceScaleFactor in class NSView is deprecated on 10.7 and later. It should not be used in new applications. Use convertRectToBacking: instead.
t/02.GtkContainer.t ................ ok
t/constants.t ...................... ok
2021-04-18 21:54:55.535 perl5.12.3[94690:2038933] *** WARNING: Method userSpaceScaleFactor in class NSView is deprecated on 10.7 and later. It should not be used in new applications. Use convertRectToBacking: instead.
t/Gdk.t ............................ ok
2021-04-18 21:54:55.888 perl5.12.3[94707:2038975] *** WARNING: Method userSpaceScaleFactor in class NSView is deprecated on 10.7 and later. It should not be used in new applications. Use convertRectToBacking: instead.
t/GdkCairo.t ....................... ok
2021-04-18 21:54:56.226 perl5.12.3[94719:2038995] *** WARNING: Method userSpaceScaleFactor in class NSView is deprecated on 10.7 and later. It should not be used in new applications. Use convertRectToBacking: instead.
# Failed test 'new colormap'
# at t/GdkColor.t line 19.
# Looks like you failed 1 test of 18.
t/GdkColor.t .......................
Dubious, test returned 1 (wstat 256, 0x100)
Failed 1/18 subtests
2021-04-18 21:54:56.532 perl5.12.3[94764:2039054] *** WARNING: Method userSpaceScaleFactor in class NSView is deprecated on 10.7 and later. It should not be used in new applications. Use convertRectToBacking: instead.
# Failed test at t/GdkCursor.t line 9.
# got: 'cursor-is-pixmap'
# expected: 'watch'
# Looks like you failed 1 test of 9.
t/GdkCursor.t ......................
Dubious, test returned 1 (wstat 256, 0x100)
Failed 1/9 subtests
(less 2 skipped subtests: 6 okay)
2021-04-18 21:54:56.850 perl5.12.3[94791:2039090] *** WARNING: Method userSpaceScaleFactor in class NSView is deprecated on 10.7 and later. It should not be used in new applications. Use convertRectToBacking: instead.
# Failed test 'undef isa 'Gtk2::Gdk::Display''
# at t/GdkDisplay.t line 17.
# undef isn't defined
# Failed test 'undef isa 'Gtk2::Gdk::Display''
# at t/GdkDisplay.t line 19.
# undef isn't defined
# Looks like you failed 2 tests of 27.
t/GdkDisplay.t .....................
Dubious, test returned 2 (wstat 512, 0x200)
Failed 2/27 subtests
(less 1 skipped subtest: 24 okay)
2021-04-18 21:54:57.153 perl5.12.3[94811:2039138] *** WARNING: Method userSpaceScaleFactor in class NSView is deprecated on 10.7 and later. It should not be used in new applications. Use convertRectToBacking: instead.
t/GdkDisplayManager.t .............. ok
2021-04-18 21:54:57.480 perl5.12.3[94820:2039157] *** WARNING: Method userSpaceScaleFactor in class NSView is deprecated on 10.7 and later. It should not be used in new applications. Use convertRectToBacking: instead.
t/GdkDrawable.t ....................
Failed 6/15 subtests
2021-04-18 21:54:58.679 perl5.12.3[94901:2039285] *** WARNING: Method userSpaceScaleFactor in class NSView is deprecated on 10.7 and later. It should not be used in new applications. Use convertRectToBacking: instead.
Can't locate object method "get_xid" via package "Gtk2::Gdk::Window" at t/GdkEvent.t line 406.
# Looks like your test exited with 2 just after 110.
t/GdkEvent.t .......................
Dubious, test returned 2 (wstat 512, 0x200)
Failed 13/123 subtests
2021-04-18 21:54:59.137 perl5.12.3[94936:2039345] *** WARNING: Method userSpaceScaleFactor in class NSView is deprecated on 10.7 and later. It should not be used in new applications. Use convertRectToBacking: instead.
Gdk-WARNING **: Unsupported bit depth 8
undef is not of type Gtk2::Gdk::Pixmap at t/GdkGC.t line 61.
# Looks like your test exited with 2 just after 19.
t/GdkGC.t ..........................
Dubious, test returned 2 (wstat 512, 0x200)
Failed 16/35 subtests
2021-04-18 21:54:59.504 perl5.12.3[94953:2039369] *** WARNING: Method userSpaceScaleFactor in class NSView is deprecated on 10.7 and later. It should not be used in new applications. Use convertRectToBacking: instead.
undef is not of type Gtk2::Gdk::Colormap at t/GdkImage.t line 26.
# Looks like your test exited with 2 just after 12.
t/GdkImage.t .......................
Dubious, test returned 2 (wstat 512, 0x200)
Failed 11/23 subtests
2021-04-18 21:54:59.763 perl5.12.3[94979:2039408] *** WARNING: Method userSpaceScaleFactor in class NSView is deprecated on 10.7 and later. It should not be used in new applications. Use convertRectToBacking: instead.
t/GdkInput.t ....................... ok
2021-04-18 21:55:00.112 perl5.12.3[94990:2039430] *** WARNING: Method userSpaceScaleFactor in class NSView is deprecated on 10.7 and later. It should not be used in new applications. Use convertRectToBacking: instead.
t/GdkKeys.t ........................ ok
2021-04-18 21:55:00.451 perl5.12.3[95002:2039452] *** WARNING: Method userSpaceScaleFactor in class NSView is deprecated on 10.7 and later. It should not be used in new applications. Use convertRectToBacking: instead.
t/GdkPango.t ....................... ok
# Failed test 'Don't crash on partial pixmap data'
# at t/GdkPixbuf.t line 126.
2021-04-18 21:55:00.823 perl5.12.3[95068:2039540] *** WARNING: Method userSpaceScaleFactor in class NSView is deprecated on 10.7 and later. It should not be used in new applications. Use convertRectToBacking: instead.
# Looks like you failed 1 test of 112.
t/GdkPixbuf.t ......................
Dubious, test returned 1 (wstat 256, 0x100)
Failed 1/112 subtests
t/GdkPixbufLoader.t ................ ok
t/GdkPixbufSimpleAnim.t ............ ok
2021-04-18 21:55:01.628 perl5.12.3[95121:2039627] *** WARNING: Method userSpaceScaleFactor in class NSView is deprecated on 10.7 and later. It should not be used in new applications. Use convertRectToBacking: instead.
t/GdkPixmap.t ...................... ok
2021-04-18 21:55:01.977 perl5.12.3[95132:2039657] *** WARNING: Method userSpaceScaleFactor in class NSView is deprecated on 10.7 and later. It should not be used in new applications. Use convertRectToBacking: instead.
Can't call method "name" on an undefined value at t/GdkProperty.t line 56.
# Looks like your test exited with 2 just after 14.
t/GdkProperty.t ....................
Dubious, test returned 2 (wstat 512, 0x200)
Failed 35/49 subtests
t/GdkRegion.t ...................... ok
2021-04-18 21:55:02.606 perl5.12.3[95184:2039739] *** WARNING: Method userSpaceScaleFactor in class NSView is deprecated on 10.7 and later. It should not be used in new applications. Use convertRectToBacking: instead.
t/GdkRgb.t ......................... ok
2021-04-18 21:55:02.968 perl5.12.3[95226:2039791] *** WARNING: Method userSpaceScaleFactor in class NSView is deprecated on 10.7 and later. It should not be used in new applications. Use convertRectToBacking: instead.
t/GdkScreen.t ...................... ok
2021-04-18 21:55:03.269 perl5.12.3[95244:2039840] *** WARNING: Method userSpaceScaleFactor in class NSView is deprecated on 10.7 and later. It should not be used in new applications. Use convertRectToBacking: instead.
# Failed test at t/GdkSelection.t line 49.
# got: undef
# expected: 'Gtk2::Gdk::Window=HASH(0x7ffe088d9d80)'
# Looks like you failed 1 test of 20.
t/GdkSelection.t ...................
Dubious, test returned 1 (wstat 256, 0x100)
Failed 1/20 subtests
(less 1 skipped subtest: 18 okay)
2021-04-18 21:55:03.615 perl5.12.3[95254:2039875] *** WARNING: Method userSpaceScaleFactor in class NSView is deprecated on 10.7 and later. It should not be used in new applications. Use convertRectToBacking: instead.
t/GdkVisual.t ...................... ok
2021-04-18 21:55:03.941 perl5.12.3[95281:2039904] *** WARNING: Method userSpaceScaleFactor in class NSView is deprecated on 10.7 and later. It should not be used in new applications. Use convertRectToBacking: instead.
Gdk-CRITICAL **: gdk_window_set_opacity: assertion 'WINDOW_IS_TOPLEVEL (window)' failed at t/GdkWindow.t line 330.
t/GdkWindow.t ...................... ok
2021-04-18 21:55:04.455 perl5.12.3[95318:2039968] *** WARNING: Method userSpaceScaleFactor in class NSView is deprecated on 10.7 and later. It should not be used in new applications. Use convertRectToBacking: instead.
t/GdkX11.t ......................... ok
2021-04-18 21:55:04.778 perl5.12.3[95372:2040034] *** WARNING: Method userSpaceScaleFactor in class NSView is deprecated on 10.7 and later. It should not be used in new applications. Use convertRectToBacking: instead.
t/GtkAboutDialog.t ................. ok
2021-04-18 21:55:06.021 perl5.12.3[95435:2040125] *** WARNING: Method userSpaceScaleFactor in class NSView is deprecated on 10.7 and later. It should not be used in new applications. Use convertRectToBacking: instead.
t/GtkAccelGroup.t .................. ok
2021-04-18 21:55:06.335 perl5.12.3[95447:2040158] *** WARNING: Method userSpaceScaleFactor in class NSView is deprecated on 10.7 and later. It should not be used in new applications. Use convertRectToBacking: instead.
t/GtkAccelLabel.t .................. ok
2021-04-18 21:55:06.644 perl5.12.3[95474:2040189] *** WARNING: Method userSpaceScaleFactor in class NSView is deprecated on 10.7 and later. It should not be used in new applications. Use convertRectToBacking: instead.
t/GtkAccelMap.t .................... ok
2021-04-18 21:55:06.956 perl5.12.3[95507:2040232] *** WARNING: Method userSpaceScaleFactor in class NSView is deprecated on 10.7 and later. It should not be used in new applications. Use convertRectToBacking: instead.
t/GtkAction.t ...................... ok
2021-04-18 21:55:07.286 perl5.12.3[95521:2040256] *** WARNING: Method userSpaceScaleFactor in class NSView is deprecated on 10.7 and later. It should not be used in new applications. Use convertRectToBacking: instead.
t/GtkActionGroup.t ................. ok
2021-04-18 21:55:07.643 perl5.12.3[95534:2040279] *** WARNING: Method userSpaceScaleFactor in class NSView is deprecated on 10.7 and later. It should not be used in new applications. Use convertRectToBacking: instead.
t/GtkActivatable.t ................. ok
t/GtkAdjustment.t .................. ok
t/GtkAlignment.t ................... ok
t/GtkArrow.t ....................... ok
t/GtkAspectFrame.t ................. ok
2021-04-18 21:55:08.836 perl5.12.3[95635:2040427] *** WARNING: Method userSpaceScaleFactor in class NSView is deprecated on 10.7 and later. It should not be used in new applications. Use convertRectToBacking: instead.
t/GtkAssistant.t ................... ok
2021-04-18 21:55:09.161 perl5.12.3[95673:2040486] *** WARNING: Method userSpaceScaleFactor in class NSView is deprecated on 10.7 and later. It should not be used in new applications. Use convertRectToBacking: instead.
t/GtkBin.t ......................... ok
2021-04-18 21:55:09.479 perl5.12.3[95699:2040521] *** WARNING: Method userSpaceScaleFactor in class NSView is deprecated on 10.7 and later. It should not be used in new applications. Use convertRectToBacking: instead.
t/GtkBindings.t .................... ok
2021-04-18 21:55:09.808 perl5.12.3[95705:2040538] *** WARNING: Method userSpaceScaleFactor in class NSView is deprecated on 10.7 and later. It should not be used in new applications. Use convertRectToBacking: instead.
t/GtkBox.t ......................... ok
2021-04-18 21:55:10.927 perl5.12.3[95762:2040625] *** WARNING: Method userSpaceScaleFactor in class NSView is deprecated on 10.7 and later. It should not be used in new applications. Use convertRectToBacking: instead.
t/GtkBuildable.t ................... ok
2021-04-18 21:55:11.262 perl5.12.3[95790:2040665] *** WARNING: Method userSpaceScaleFactor in class NSView is deprecated on 10.7 and later. It should not be used in new applications. Use convertRectToBacking: instead.
t/GtkBuildableIface.t .............. ok
2021-04-18 21:55:11.640 perl5.12.3[95818:2040711] *** WARNING: Method userSpaceScaleFactor in class NSView is deprecated on 10.7 and later. It should not be used in new applications. Use convertRectToBacking: instead.
t/GtkBuilder.t ..................... ok
2021-04-18 21:55:12.998 perl5.12.3[95904:2040840] *** WARNING: Method userSpaceScaleFactor in class NSView is deprecated on 10.7 and later. It should not be used in new applications. Use convertRectToBacking: instead.
t/GtkButton.t ...................... ok
2021-04-18 21:55:13.344 perl5.12.3[95912:2040862] *** WARNING: Method userSpaceScaleFactor in class NSView is deprecated on 10.7 and later. It should not be used in new applications. Use convertRectToBacking: instead.
t/GtkButtonBox.t ................... ok
2021-04-18 21:55:13.681 perl5.12.3[95938:2040901] *** WARNING: Method userSpaceScaleFactor in class NSView is deprecated on 10.7 and later. It should not be used in new applications. Use convertRectToBacking: instead.
t/GtkCalendar.t .................... ok
2021-04-18 21:55:15.023 perl5.12.3[96100:2041117] *** WARNING: Method userSpaceScaleFactor in class NSView is deprecated on 10.7 and later. It should not be used in new applications. Use convertRectToBacking: instead.
GLib-GObject-CRITICAL **: Object class EditableTest doesn't implement property 'editing-canceled' from interface 'GtkCellEditable' at /Users/slaven.rezic/.cpan/build/2021041821/Glib-1.3293-1/blib/lib/Glib/Object/Subclass.pm line 235.
t/GtkCellEditable.t ................ ok
2021-04-18 21:55:15.334 perl5.12.3[96114:2041147] *** WARNING: Method userSpaceScaleFactor in class NSView is deprecated on 10.7 and later. It should not be used in new applications. Use convertRectToBacking: instead.
t/GtkCellLayout.t .................. ok
2021-04-18 21:55:16.463 perl5.12.3[96194:2041272] *** WARNING: Method userSpaceScaleFactor in class NSView is deprecated on 10.7 and later. It should not be used in new applications. Use convertRectToBacking: instead.
t/GtkCellLayoutIface.t ............. ok
2021-04-18 21:55:16.749 perl5.12.3[96216:2041301] *** WARNING: Method userSpaceScaleFactor in class NSView is deprecated on 10.7 and later. It should not be used in new applications. Use convertRectToBacking: instead.
t/GtkCellRenderer.t ................ ok
t/GtkCellRendererAccel.t ........... ok
t/GtkCellRendererCombo.t ........... ok
2021-04-18 21:55:18.436 perl5.12.3[96301:2041436] *** WARNING: Method userSpaceScaleFactor in class NSView is deprecated on 10.7 and later. It should not be used in new applications. Use convertRectToBacking: instead.
t/GtkCellRendererIface-Chaining.t .. ok
t/GtkCellRendererPixbuf.t .......... ok
t/GtkCellRendererProgress.t ........ ok
t/GtkCellRendererSpin.t ............ ok
t/GtkCellRendererSpinner.t ......... ok
t/GtkCellRendererText.t ............ ok
t/GtkCellRendererToggle.t .......... ok
2021-04-18 21:55:20.908 perl5.12.3[96453:2041672] *** WARNING: Method userSpaceScaleFactor in class NSView is deprecated on 10.7 and later. It should not be used in new applications. Use convertRectToBacking: instead.
t/GtkCellView.t .................... ok
2021-04-18 21:55:21.232 perl5.12.3[96463:2041701] *** WARNING: Method userSpaceScaleFactor in class NSView is deprecated on 10.7 and later. It should not be used in new applications. Use convertRectToBacking: instead.
t/GtkCheckButton.t ................. ok
2021-04-18 21:55:21.538 perl5.12.3[96489:2041732] *** WARNING: Method userSpaceScaleFactor in class NSView is deprecated on 10.7 and later. It should not be used in new applications. Use convertRectToBacking: instead.
t/GtkCheckMenuItem.t ............... ok
2021-04-18 21:55:21.845 perl5.12.3[96515:2041772] *** WARNING: Method userSpaceScaleFactor in class NSView is deprecated on 10.7 and later. It should not be used in new applications. Use convertRectToBacking: instead.
# Failed test at t/GtkClipboard.t line 48.
# got: undef
# expected: '0123456789abcdef'
# Failed test at t/GtkClipboard.t line 68.
# got: ''
# expected: '1'
# Failed test at t/GtkClipboard.t line 123.
# got: undef
# expected: 'test test test'
Can't call method "name" on an undefined value at t/GtkClipboard.t line 124.
# Looks like your test exited with 255 just after 25.
t/GtkClipboard.t ...................
Dubious, test returned 255 (wstat 65280, 0xff00)
Failed 93/115 subtests
2021-04-18 21:55:22.190 perl5.12.3[96541:2041807] *** WARNING: Method userSpaceScaleFactor in class NSView is deprecated on 10.7 and later. It should not be used in new applications. Use convertRectToBacking: instead.
t/GtkColorButton.t ................. ok
2021-04-18 21:55:23.300 perl5.12.3[96588:2041878] *** WARNING: Method userSpaceScaleFactor in class NSView is deprecated on 10.7 and later. It should not be used in new applications. Use convertRectToBacking: instead.
t/GtkColorSelection.t .............. ok
2021-04-18 21:55:24.437 perl5.12.3[96662:2041989] *** WARNING: Method userSpaceScaleFactor in class NSView is deprecated on 10.7 and later. It should not be used in new applications. Use convertRectToBacking: instead.
t/GtkColorSelectionDialog.t ........ ok
2021-04-18 21:55:25.536 perl5.12.3[96730:2042085] *** WARNING: Method userSpaceScaleFactor in class NSView is deprecated on 10.7 and later. It should not be used in new applications. Use convertRectToBacking: instead.
t/GtkCombo.t ....................... ok
2021-04-18 21:55:26.666 perl5.12.3[96808:2042200] *** WARNING: Method userSpaceScaleFactor in class NSView is deprecated on 10.7 and later. It should not be used in new applications. Use convertRectToBacking: instead.
t/GtkComboBox.t .................... ok
2021-04-18 21:55:27.866 perl5.12.3[96837:2042262] *** WARNING: Method userSpaceScaleFactor in class NSView is deprecated on 10.7 and later. It should not be used in new applications. Use convertRectToBacking: instead.
t/GtkComboBoxEntry.t ............... ok
2021-04-18 21:55:29.101 perl5.12.3[96853:2042300] *** WARNING: Method userSpaceScaleFactor in class NSView is deprecated on 10.7 and later. It should not be used in new applications. Use convertRectToBacking: instead.
t/GtkCurve.t ....................... ok
2021-04-18 21:55:29.452 perl5.12.3[96870:2042332] *** WARNING: Method userSpaceScaleFactor in class NSView is deprecated on 10.7 and later. It should not be used in new applications. Use convertRectToBacking: instead.
t/GtkDialog.t ...................... ok
t/GtkDrawingArea.t ................. ok
2021-04-18 21:55:31.080 perl5.12.3[97014:2042516] *** WARNING: Method userSpaceScaleFactor in class NSView is deprecated on 10.7 and later. It should not be used in new applications. Use convertRectToBacking: instead.
t/GtkEditable.t .................... ok
2021-04-18 21:55:32.357 perl5.12.3[97099:2042642] *** WARNING: Method userSpaceScaleFactor in class NSView is deprecated on 10.7 and later. It should not be used in new applications. Use convertRectToBacking: instead.
t/GtkEntry.t ....................... ok
2021-04-18 21:55:33.539 perl5.12.3[97224:2042805] *** WARNING: Method userSpaceScaleFactor in class NSView is deprecated on 10.7 and later. It should not be used in new applications. Use convertRectToBacking: instead.
t/GtkEntryBuffer.t ................. ok
2021-04-18 21:55:33.844 perl5.12.3[97237:2042828] *** WARNING: Method userSpaceScaleFactor in class NSView is deprecated on 10.7 and later. It should not be used in new applications. Use convertRectToBacking: instead.
t/GtkEntryCompletion.t ............. ok
t/GtkEventBox.t .................... ok
2021-04-18 21:55:35.164 perl5.12.3[97361:2042997] *** WARNING: Method userSpaceScaleFactor in class NSView is deprecated on 10.7 and later. It should not be used in new applications. Use convertRectToBacking: instead.
t/GtkExpander.t .................... ok
t/GtkFileChooser.t ................. skipped: this test is unreliable
2021-04-18 21:55:35.654 perl5.12.3[97381:2043037] *** WARNING: Method userSpaceScaleFactor in class NSView is deprecated on 10.7 and later. It should not be used in new applications. Use convertRectToBacking: instead.
t/GtkFileChooserButton.t ........... ok
2021-04-18 21:55:36.745 perl5.12.3[97469:2043162] *** WARNING: Method userSpaceScaleFactor in class NSView is deprecated on 10.7 and later. It should not be used in new applications. Use convertRectToBacking: instead.
t/GtkFileChooserDialog.t ........... ok
2021-04-18 21:55:37.822 perl5.12.3[97545:2043260] *** WARNING: Method userSpaceScaleFactor in class NSView is deprecated on 10.7 and later. It should not be used in new applications. Use convertRectToBacking: instead.
t/GtkFileChooserWidget.t ........... ok
t/GtkFileFilter.t .................. ok
2021-04-18 21:55:39.207 perl5.12.3[97664:2043417] *** WARNING: Method userSpaceScaleFactor in class NSView is deprecated on 10.7 and later. It should not be used in new applications. Use convertRectToBacking: instead.
t/GtkFileSelection.t ............... ok
t/GtkFixed.t ....................... ok
2021-04-18 21:55:40.717 perl5.12.3[97770:2043582] *** WARNING: Method userSpaceScaleFactor in class NSView is deprecated on 10.7 and later. It should not be used in new applications. Use convertRectToBacking: instead.
t/GtkFontButton.t .................. ok
2021-04-18 21:55:41.834 perl5.12.3[97803:2043651] *** WARNING: Method userSpaceScaleFactor in class NSView is deprecated on 10.7 and later. It should not be used in new applications. Use convertRectToBacking: instead.
t/GtkFontSelection.t ............... ok
t/GtkFrame.t ....................... ok
2021-04-18 21:55:43.238 perl5.12.3[97905:2043777] *** WARNING: Method userSpaceScaleFactor in class NSView is deprecated on 10.7 and later. It should not be used in new applications. Use convertRectToBacking: instead.
t/GtkGammaCurve.t .................. ok
2021-04-18 21:55:43.593 perl5.12.3[97952:2043833] *** WARNING: Method userSpaceScaleFactor in class NSView is deprecated on 10.7 and later. It should not be used in new applications. Use convertRectToBacking: instead.
Gdk-WARNING **: Unsupported bit depth 16
Gdk-CRITICAL **: gdk_gc_new_with_values: assertion 'drawable != NULL' failed at t/GtkGC.t line 30.
Gdk-CRITICAL **: gdk_gc_set_colormap: assertion 'GDK_IS_GC (gc)' failed at t/GtkGC.t line 30.
GLib-GObject-CRITICAL **: g_object_get_qdata: assertion 'G_IS_OBJECT (object)' failed at t/GtkGC.t line 30.
GLib-GObject-CRITICAL **: g_object_set_qdata: assertion 'G_IS_OBJECT (object)' failed at t/GtkGC.t line 30.
Can't bless non-reference value at t/GtkGC.t line 30.
# Looks like your test exited with 2 before it could output anything.
t/GtkGC.t ..........................
Dubious, test returned 2 (wstat 512, 0x200)
Failed 3/3 subtests
t/GtkHandleBox.t ................... ok
t/GtkHBox.t ........................ ok
t/GtkHButtonBox.t .................. ok
t/GtkHPaned.t ...................... ok
t/GtkHRuler.t ...................... ok
2021-04-18 21:55:44.930 perl5.12.3[98017:2043933] *** WARNING: Method userSpaceScaleFactor in class NSView is deprecated on 10.7 and later. It should not be used in new applications. Use convertRectToBacking: instead.
t/GtkHScale.t ...................... ok
t/GtkHScrollbar.t .................. ok
t/GtkHSeparator.t .................. ok
t/GtkHSV.t ......................... ok
2021-04-18 21:55:46.661 perl5.12.3[98139:2044127] *** WARNING: Method userSpaceScaleFactor in class NSView is deprecated on 10.7 and later. It should not be used in new applications. Use convertRectToBacking: instead.
t/GtkIconFactory.t ................. ok
2021-04-18 21:55:46.972 perl5.12.3[98164:2044157] *** WARNING: Method userSpaceScaleFactor in class NSView is deprecated on 10.7 and later. It should not be used in new applications. Use convertRectToBacking: instead.
t/GtkIconTheme.t ................... ok
2021-04-18 21:55:47.287 perl5.12.3[98196:2044196] *** WARNING: Method userSpaceScaleFactor in class NSView is deprecated on 10.7 and later. It should not be used in new applications. Use convertRectToBacking: instead.
t/GtkIconView.t .................... ok
2021-04-18 21:55:48.496 perl5.12.3[98280:2044318] *** WARNING: Method userSpaceScaleFactor in class NSView is deprecated on 10.7 and later. It should not be used in new applications. Use convertRectToBacking: instead.
t/GtkImage.t ....................... ok
2021-04-18 21:55:48.816 perl5.12.3[98301:2044354] *** WARNING: Method userSpaceScaleFactor in class NSView is deprecated on 10.7 and later. It should not be used in new applications. Use convertRectToBacking: instead.
t/GtkImageMenuItem.t ............... ok
2021-04-18 21:55:49.117 perl5.12.3[98344:2044412] *** WARNING: Method userSpaceScaleFactor in class NSView is deprecated on 10.7 and later. It should not be used in new applications. Use convertRectToBacking: instead.
t/GtkIMContext.t ................... ok
2021-04-18 21:55:49.506 perl5.12.3[98359:2044451] *** WARNING: Method userSpaceScaleFactor in class NSView is deprecated on 10.7 and later. It should not be used in new applications. Use convertRectToBacking: instead.
t/GtkInfoBar.t ..................... ok
2021-04-18 21:55:49.815 perl5.12.3[98386:2044500] *** WARNING: Method userSpaceScaleFactor in class NSView is deprecated on 10.7 and later. It should not be used in new applications. Use convertRectToBacking: instead.
t/GtkInputDialog.t ................. ok
2021-04-18 21:55:51.003 perl5.12.3[98531:2044687] *** WARNING: Method userSpaceScaleFactor in class NSView is deprecated on 10.7 and later. It should not be used in new applications. Use convertRectToBacking: instead.
t/GtkInvisible.t ................... ok
2021-04-18 21:55:51.296 perl5.12.3[98568:2044740] *** WARNING: Method userSpaceScaleFactor in class NSView is deprecated on 10.7 and later. It should not be used in new applications. Use convertRectToBacking: instead.
t/GtkItemFactory.t ................. ok
2021-04-18 21:55:52.456 perl5.12.3[98614:2044825] *** WARNING: Method userSpaceScaleFactor in class NSView is deprecated on 10.7 and later. It should not be used in new applications. Use convertRectToBacking: instead.
t/GtkLabel.t ....................... ok
2021-04-18 21:55:53.727 perl5.12.3[98636:2044877] *** WARNING: Method userSpaceScaleFactor in class NSView is deprecated on 10.7 and later. It should not be used in new applications. Use convertRectToBacking: instead.
t/GtkLayout.t ...................... ok
2021-04-18 21:55:54.116 perl5.12.3[98644:2044900] *** WARNING: Method userSpaceScaleFactor in class NSView is deprecated on 10.7 and later. It should not be used in new applications. Use convertRectToBacking: instead.
t/GtkLinkButton.t .................. ok
2021-04-18 21:55:54.437 perl5.12.3[98653:2044918] *** WARNING: Method userSpaceScaleFactor in class NSView is deprecated on 10.7 and later. It should not be used in new applications. Use convertRectToBacking: instead.
t/GtkListStore.t ................... ok
2021-04-18 21:55:54.780 perl5.12.3[98659:2044937] *** WARNING: Method userSpaceScaleFactor in class NSView is deprecated on 10.7 and later. It should not be used in new applications. Use convertRectToBacking: instead.
t/GtkMenu.t ........................ ok
t/GtkMenuBar.t ..................... ok
2021-04-18 21:55:56.127 perl5.12.3[98678:2044983] *** WARNING: Method userSpaceScaleFactor in class NSView is deprecated on 10.7 and later. It should not be used in new applications. Use convertRectToBacking: instead.
t/GtkMenuItem.t .................... ok
2021-04-18 21:55:56.430 perl5.12.3[98682:2044994] *** WARNING: Method userSpaceScaleFactor in class NSView is deprecated on 10.7 and later. It should not be used in new applications. Use convertRectToBacking: instead.
t/GtkMenuShell.t ................... ok
2021-04-18 21:55:56.722 perl5.12.3[98685:2045004] *** WARNING: Method userSpaceScaleFactor in class NSView is deprecated on 10.7 and later. It should not be used in new applications. Use convertRectToBacking: instead.
t/GtkMenuToolButton.t .............. ok
2021-04-18 21:55:57.033 perl5.12.3[98700:2045037] *** WARNING: Method userSpaceScaleFactor in class NSView is deprecated on 10.7 and later. It should not be used in new applications. Use convertRectToBacking: instead.
t/GtkMessageDialog.t ............... ok
t/GtkMisc.t ........................ ok
2021-04-18 21:55:58.421 perl5.12.3[98729:2045101] *** WARNING: Method userSpaceScaleFactor in class NSView is deprecated on 10.7 and later. It should not be used in new applications. Use convertRectToBacking: instead.
t/GtkNotebook.t .................... ok
t/GtkObject.t ...................... ok
2021-04-18 21:55:59.832 perl5.12.3[98809:2045202] *** WARNING: Method userSpaceScaleFactor in class NSView is deprecated on 10.7 and later. It should not be used in new applications. Use convertRectToBacking: instead.
t/GtkOffscreenWindow.t ............. ok
2021-04-18 21:56:00.144 perl5.12.3[98833:2045244] *** WARNING: Method userSpaceScaleFactor in class NSView is deprecated on 10.7 and later. It should not be used in new applications. Use convertRectToBacking: instead.
t/GtkOptionMenu.t .................. ok
2021-04-18 21:56:01.210 perl5.12.3[98847:2045279] *** WARNING: Method userSpaceScaleFactor in class NSView is deprecated on 10.7 and later. It should not be used in new applications. Use convertRectToBacking: instead.
t/GtkOrientable.t .................. ok
2021-04-18 21:56:01.515 perl5.12.3[98857:2045304] *** WARNING: Method userSpaceScaleFactor in class NSView is deprecated on 10.7 and later. It should not be used in new applications. Use convertRectToBacking: instead.
t/GtkPageSetup.t ................... ok
2021-04-18 21:56:01.829 perl5.12.3[98861:2045315] *** WARNING: Method userSpaceScaleFactor in class NSView is deprecated on 10.7 and later. It should not be used in new applications. Use convertRectToBacking: instead.
t/GtkPaned.t ....................... ok
2021-04-18 21:56:02.155 perl5.12.3[98869:2045338] *** WARNING: Method userSpaceScaleFactor in class NSView is deprecated on 10.7 and later. It should not be used in new applications. Use convertRectToBacking: instead.
t/GtkPaperSize.t ................... ok
2021-04-18 21:56:02.437 perl5.12.3[98874:2045356] *** WARNING: Method userSpaceScaleFactor in class NSView is deprecated on 10.7 and later. It should not be used in new applications. Use convertRectToBacking: instead.
t/GtkPrintContext.t ................ ok
2021-04-18 21:56:03.498 perl5.12.3[98892:2045406] *** WARNING: Method userSpaceScaleFactor in class NSView is deprecated on 10.7 and later. It should not be used in new applications. Use convertRectToBacking: instead.
t/GtkPrintOperation.t .............. ok
2021-04-18 21:56:03.863 perl5.12.3[98905:2045440] *** WARNING: Method userSpaceScaleFactor in class NSView is deprecated on 10.7 and later. It should not be used in new applications. Use convertRectToBacking: instead.
t/GtkPrintOperationPreview.t ....... ok
2021-04-18 21:56:04.172 perl5.12.3[98937:2045486] *** WARNING: Method userSpaceScaleFactor in class NSView is deprecated on 10.7 and later. It should not be used in new applications. Use convertRectToBacking: instead.
t/GtkPrintSettings.t ............... ok
t/GtkProgressBar.t ................. ok
t/GtkRadioAction.t ................. ok
2021-04-18 21:56:04.923 perl5.12.3[99009:2045580] *** WARNING: Method userSpaceScaleFactor in class NSView is deprecated on 10.7 and later. It should not be used in new applications. Use convertRectToBacking: instead.
t/GtkRadioButton.t ................. ok
2021-04-18 21:56:05.247 perl5.12.3[99053:2045633] *** WARNING: Method userSpaceScaleFactor in class NSView is deprecated on 10.7 and later. It should not be used in new applications. Use convertRectToBacking: instead.
t/GtkRadioMenuItem.t ............... ok
2021-04-18 21:56:05.599 perl5.12.3[99109:2045731] *** WARNING: Method userSpaceScaleFactor in class NSView is deprecated on 10.7 and later. It should not be used in new applications. Use convertRectToBacking: instead.
t/GtkRadioToolButton.t ............. ok
2021-04-18 21:56:05.899 perl5.12.3[99166:2045793] *** WARNING: Method userSpaceScaleFactor in class NSView is deprecated on 10.7 and later. It should not be used in new applications. Use convertRectToBacking: instead.
t/GtkRange.t ....................... ok
2021-04-18 21:56:07.083 perl5.12.3[99280:2045962] *** WARNING: Method userSpaceScaleFactor in class NSView is deprecated on 10.7 and later. It should not be used in new applications. Use convertRectToBacking: instead.
t/GtkRc.t .......................... ok
2021-04-18 21:56:07.392 perl5.12.3[99289:2045987] *** WARNING: Method userSpaceScaleFactor in class NSView is deprecated on 10.7 and later. It should not be used in new applications. Use convertRectToBacking: instead.
t/GtkRecentAction.t ................ ok
2021-04-18 21:56:07.684 perl5.12.3[99317:2046022] *** WARNING: Method userSpaceScaleFactor in class NSView is deprecated on 10.7 and later. It should not be used in new applications. Use convertRectToBacking: instead.
GLib-CRITICAL **: Source ID 11 was not found when attempting to remove it.
t/GtkRecentChooser.t ............... ok
2021-04-18 21:56:08.918 perl5.12.3[99425:2046169] *** WARNING: Method userSpaceScaleFactor in class NSView is deprecated on 10.7 and later. It should not be used in new applications. Use convertRectToBacking: instead.
t/GtkRecentChooserDialog.t ......... ok
2021-04-18 21:56:09.237 perl5.12.3[99467:2046214] *** WARNING: Method userSpaceScaleFactor in class NSView is deprecated on 10.7 and later. It should not be used in new applications. Use convertRectToBacking: instead.
t/GtkRecentChooserMenu.t ........... ok
2021-04-18 21:56:09.544 perl5.12.3[99477:2046236] *** WARNING: Method userSpaceScaleFactor in class NSView is deprecated on 10.7 and later. It should not be used in new applications. Use convertRectToBacking: instead.
t/GtkRecentChooserWidget.t ......... ok
2021-04-18 21:56:09.846 perl5.12.3[99496:2046269] *** WARNING: Method userSpaceScaleFactor in class NSView is deprecated on 10.7 and later. It should not be used in new applications. Use convertRectToBacking: instead.
t/GtkRecentFilter.t ................ ok
2021-04-18 21:56:10.165 perl5.12.3[99524:2046320] *** WARNING: Method userSpaceScaleFactor in class NSView is deprecated on 10.7 and later. It should not be used in new applications. Use convertRectToBacking: instead.
t/GtkRecentManager.t ............... ok
t/GtkRuler.t ....................... ok
2021-04-18 21:56:10.715 perl5.12.3[99551:2046351] *** WARNING: Method userSpaceScaleFactor in class NSView is deprecated on 10.7 and later. It should not be used in new applications. Use convertRectToBacking: instead.
t/GtkScale.t ....................... ok
2021-04-18 21:56:11.796 perl5.12.3[99564:2046379] *** WARNING: Method userSpaceScaleFactor in class NSView is deprecated on 10.7 and later. It should not be used in new applications. Use convertRectToBacking: instead.
t/GtkScaleButton.t ................. ok
2021-04-18 21:56:13.024 perl5.12.3[99641:2046490] *** WARNING: Method userSpaceScaleFactor in class NSView is deprecated on 10.7 and later. It should not be used in new applications. Use convertRectToBacking: instead.
t/GtkScrolledWindow.t .............. ok
2021-04-18 21:56:13.348 perl5.12.3[99660:2046521] *** WARNING: Method userSpaceScaleFactor in class NSView is deprecated on 10.7 and later. It should not be used in new applications. Use convertRectToBacking: instead.
t/GtkSelection.t ................... ok
t/GtkSeparatorMenuItem.t ........... ok
2021-04-18 21:56:13.899 perl5.12.3[99690:2046573] *** WARNING: Method userSpaceScaleFactor in class NSView is deprecated on 10.7 and later. It should not be used in new applications. Use convertRectToBacking: instead.
t/GtkSeparatorToolItem.t ........... ok
t/GtkShow.t ........................ skipped: can only test interactively
2021-04-18 21:56:14.420 perl5.12.3[99728:2046629] *** WARNING: Method userSpaceScaleFactor in class NSView is deprecated on 10.7 and later. It should not be used in new applications. Use convertRectToBacking: instead.
t/GtkSimpleList.t .................. ok
2021-04-18 21:56:14.844 perl5.12.3[99739:2046656] *** WARNING: Method userSpaceScaleFactor in class NSView is deprecated on 10.7 and later. It should not be used in new applications. Use convertRectToBacking: instead.
t/GtkSimpleMenu.t .................. ok
t/GtkSizeGroup.t ................... ok
2021-04-18 21:56:15.459 perl5.12.3[99816:2046760] *** WARNING: Method userSpaceScaleFactor in class NSView is deprecated on 10.7 and later. It should not be used in new applications. Use convertRectToBacking: instead.
t/GtkSpinButton.t .................. ok
t/GtkSpinner.t ..................... ok
t/GtkStatusbar.t ................... ok
2021-04-18 21:56:17.108 perl5.12.3[99964:2046952] *** WARNING: Method userSpaceScaleFactor in class NSView is deprecated on 10.7 and later. It should not be used in new applications. Use convertRectToBacking: instead.
objc[99964]: NSSystemStatusBar object 0x7fdde721acc0 overreleased while already deallocating; break on objc_overrelease_during_dealloc_error to debug
t/GtkStatusIcon.t ..................
Failed 26/37 subtests
t/GtkStock.t ....................... ok
2021-04-18 21:56:17.733 perl5.12.3[99976:2046984] *** WARNING: Method userSpaceScaleFactor in class NSView is deprecated on 10.7 and later. It should not be used in new applications. Use convertRectToBacking: instead.
t/GtkStyle.t ....................... ok
2021-04-18 21:56:18.169 perl5.12.3[99991:2047020] *** WARNING: Method userSpaceScaleFactor in class NSView is deprecated on 10.7 and later. It should not be used in new applications. Use convertRectToBacking: instead.
t/GtkTable.t ....................... ok
t/GtkTearoffMenuItem.t ............. ok
2021-04-18 21:56:18.680 perl5.12.3[120:2047050] *** WARNING: Method userSpaceScaleFactor in class NSView is deprecated on 10.7 and later. It should not be used in new applications. Use convertRectToBacking: instead.
t/GtkTextBuffer.t .................. ok
2021-04-18 21:56:18.991 perl5.12.3[124:2047058] *** WARNING: Method userSpaceScaleFactor in class NSView is deprecated on 10.7 and later. It should not be used in new applications. Use convertRectToBacking: instead.
GLib-WARNING **: (../glib/gerror.c:412):g_error_new_valist: runtime check failed: (domain != 0) at t/GtkTextBufferRichText.t line 210, <DATA> line 1.
t/GtkTextBufferRichText.t .......... ok
2021-04-18 21:56:19.311 perl5.12.3[133:2047066] *** WARNING: Method userSpaceScaleFactor in class NSView is deprecated on 10.7 and later. It should not be used in new applications. Use convertRectToBacking: instead.
t/GtkTextChildAnchor.t ............. ok
t/GtkTextIter.t .................... ok
t/GtkTextMark.t .................... ok
2021-04-18 21:56:20.745 perl5.12.3[251:2047195] *** WARNING: Method userSpaceScaleFactor in class NSView is deprecated on 10.7 and later. It should not be used in new applications. Use convertRectToBacking: instead.
t/GtkTextTag.t ..................... ok
t/GtkTextTagTable.t ................ ok
2021-04-18 21:56:21.247 perl5.12.3[283:2047233] *** WARNING: Method userSpaceScaleFactor in class NSView is deprecated on 10.7 and later. It should not be used in new applications. Use convertRectToBacking: instead.
t/GtkTextView.t .................... ok
2021-04-18 21:56:22.338 perl5.12.3[300:2047274] *** WARNING: Method userSpaceScaleFactor in class NSView is deprecated on 10.7 and later. It should not be used in new applications. Use convertRectToBacking: instead.
t/GtkToggleAction.t ................ ok
2021-04-18 21:56:22.565 perl5.12.3[319:2047307] *** WARNING: Method userSpaceScaleFactor in class NSView is deprecated on 10.7 and later. It should not be used in new applications. Use convertRectToBacking: instead.
t/GtkToggleButton.t ................ ok
2021-04-18 21:56:22.824 perl5.12.3[361:2047340] *** WARNING: Method userSpaceScaleFactor in class NSView is deprecated on 10.7 and later. It should not be used in new applications. Use convertRectToBacking: instead.
t/GtkToggleToolButton.t ............ ok
2021-04-18 21:56:23.173 perl5.12.3[394:2047374] *** WARNING: Method userSpaceScaleFactor in class NSView is deprecated on 10.7 and later. It should not be used in new applications. Use convertRectToBacking: instead.
t/GtkToolbar.t ..................... ok
2021-04-18 21:56:24.218 perl5.12.3[467:2047445] *** WARNING: Method userSpaceScaleFactor in class NSView is deprecated on 10.7 and later. It should not be used in new applications. Use convertRectToBacking: instead.
t/GtkToolButton.t .................. ok
2021-04-18 21:56:24.499 perl5.12.3[468:2047450] *** WARNING: Method userSpaceScaleFactor in class NSView is deprecated on 10.7 and later. It should not be used in new applications. Use convertRectToBacking: instead.
t/GtkToolItem.t .................... ok
2021-04-18 21:56:24.785 perl5.12.3[470:2047456] *** WARNING: Method userSpaceScaleFactor in class NSView is deprecated on 10.7 and later. It should not be used in new applications. Use convertRectToBacking: instead.
t/GtkToolItemGroup.t ............... ok
2021-04-18 21:56:26.011 perl5.12.3[489:2047487] *** WARNING: Method userSpaceScaleFactor in class NSView is deprecated on 10.7 and later. It should not be used in new applications. Use convertRectToBacking: instead.
t/GtkToolPalette.t ................. ok
2021-04-18 21:56:26.314 perl5.12.3[523:2047524] *** WARNING: Method userSpaceScaleFactor in class NSView is deprecated on 10.7 and later. It should not be used in new applications. Use convertRectToBacking: instead.
t/GtkToolShell.t ................... ok
2021-04-18 21:56:26.615 perl5.12.3[530:2047532] *** WARNING: Method userSpaceScaleFactor in class NSView is deprecated on 10.7 and later. It should not be used in new applications. Use convertRectToBacking: instead.
t/GtkTooltip.t ..................... ok
2021-04-18 21:56:26.986 perl5.12.3[531:2047539] *** WARNING: Method userSpaceScaleFactor in class NSView is deprecated on 10.7 and later. It should not be used in new applications. Use convertRectToBacking: instead.
t/GtkTooltips.t .................... ok
t/GtkTreeDnd.t ..................... ok
t/GtkTreeModel.t ................... ok
t/GtkTreeModelFilter.t ............. ok
t/GtkTreeModelIface.t .............. ok
t/GtkTreeModelSort.t ............... ok
2021-04-18 21:56:28.364 perl5.12.3[566:2047618] *** WARNING: Method userSpaceScaleFactor in class NSView is deprecated on 10.7 and later. It should not be used in new applications. Use convertRectToBacking: instead.
t/GtkTreeSelection.t ............... ok
t/GtkTreeSortable.t ................ ok
t/GtkTreeStore.t ................... ok
t/GtkTreeView-Dnd.t ................ skipped: this test is interactive
2021-04-18 21:56:29.486 perl5.12.3[687:2047726] *** WARNING: Method userSpaceScaleFactor in class NSView is deprecated on 10.7 and later. It should not be used in new applications. Use convertRectToBacking: instead.
t/GtkTreeView.t .................... ok
2021-04-18 21:56:30.848 perl5.12.3[964:2047982] *** WARNING: Method userSpaceScaleFactor in class NSView is deprecated on 10.7 and later. It should not be used in new applications. Use convertRectToBacking: instead.
t/GtkUIManager.t ................... ok
t/GtkVBox.t ........................ ok
t/GtkVButtonBox.t .................. ok
2021-04-18 21:56:31.632 perl5.12.3[985:2048032] *** WARNING: Method userSpaceScaleFactor in class NSView is deprecated on 10.7 and later. It should not be used in new applications. Use convertRectToBacking: instead.
t/GtkViewport.t .................... ok
2021-04-18 21:56:32.004 perl5.12.3[992:2048049] *** WARNING: Method userSpaceScaleFactor in class NSView is deprecated on 10.7 and later. It should not be used in new applications. Use convertRectToBacking: instead.
t/GtkVolumeButton.t ................ ok
t/GtkVPaned.t ...................... ok
t/GtkVRuler.t ...................... ok
2021-04-18 21:56:33.606 perl5.12.3[1022:2048120] *** WARNING: Method userSpaceScaleFactor in class NSView is deprecated on 10.7 and later. It should not be used in new applications. Use convertRectToBacking: instead.
t/GtkVScale.t ...................... ok
t/GtkVScrollbar.t .................. ok
t/GtkVSeparator.t .................. ok
2021-04-18 21:56:35.054 perl5.12.3[1061:2048194] *** WARNING: Method userSpaceScaleFactor in class NSView is deprecated on 10.7 and later. It should not be used in new applications. Use convertRectToBacking: instead.
t/GtkWidget.t ...................... ok
2021-04-18 21:56:36.011 perl5.12.3[1176:2048331] *** WARNING: Method userSpaceScaleFactor in class NSView is deprecated on 10.7 and later. It should not be used in new applications. Use convertRectToBacking: instead.
t/options.t ........................ ok
2021-04-18 21:56:36.261 perl5.12.3[1194:2048390] *** WARNING: Method userSpaceScaleFactor in class NSView is deprecated on 10.7 and later. It should not be used in new applications. Use convertRectToBacking: instead.
t/pango-compat.t ................... ok
2021-04-18 21:56:37.359 perl5.12.3[1345:2048588] *** WARNING: Method userSpaceScaleFactor in class NSView is deprecated on 10.7 and later. It should not be used in new applications. Use convertRectToBacking: instead.
t/PangoAttributes.t ................ ok
t/PangoCairo.t ..................... ok
2021-04-18 21:56:39.829 perl5.12.3[1574:2048891] *** WARNING: Method userSpaceScaleFactor in class NSView is deprecated on 10.7 and later. It should not be used in new applications. Use convertRectToBacking: instead.
t/PangoContext.t ................... ok
2021-04-18 21:56:40.983 perl5.12.3[1640:2048988] *** WARNING: Method userSpaceScaleFactor in class NSView is deprecated on 10.7 and later. It should not be used in new applications. Use convertRectToBacking: instead.
t/PangoFont.t ...................... ok
2021-04-18 21:56:42.120 perl5.12.3[1726:2049118] *** WARNING: Method userSpaceScaleFactor in class NSView is deprecated on 10.7 and later. It should not be used in new applications. Use convertRectToBacking: instead.
t/PangoFontMap.t ................... ok
2021-04-18 21:56:43.251 perl5.12.3[1781:2049210] *** WARNING: Method userSpaceScaleFactor in class NSView is deprecated on 10.7 and later. It should not be used in new applications. Use convertRectToBacking: instead.
t/PangoFontset.t ................... ok
t/PangoGravity.t ................... ok
2021-04-18 21:56:44.662 perl5.12.3[1866:2049340] *** WARNING: Method userSpaceScaleFactor in class NSView is deprecated on 10.7 and later. It should not be used in new applications. Use convertRectToBacking: instead.
t/PangoLayout.t .................... ok
t/PangoMatrix.t .................... ok
2021-04-18 21:56:46.135 perl5.12.3[2021:2049543] *** WARNING: Method userSpaceScaleFactor in class NSView is deprecated on 10.7 and later. It should not be used in new applications. Use convertRectToBacking: instead.
t/PangoRenderer.t .................. ok
2021-04-18 21:56:47.334 perl5.12.3[2046:2049614] *** WARNING: Method userSpaceScaleFactor in class NSView is deprecated on 10.7 and later. It should not be used in new applications. Use convertRectToBacking: instead.
t/PangoScript.t .................... ok
t/PangoTabs.t ...................... ok
t/PangoTypes.t ..................... ok
2021-04-18 21:56:48.050 perl5.12.3[2062:2049661] *** WARNING: Method userSpaceScaleFactor in class NSView is deprecated on 10.7 and later. It should not be used in new applications. Use convertRectToBacking: instead.
t/set-scroll-adjustments-signal.t .. ok
2021-04-18 21:56:48.375 perl5.12.3[2069:2049687] *** WARNING: Method userSpaceScaleFactor in class NSView is deprecated on 10.7 and later. It should not be used in new applications. Use convertRectToBacking: instead.
t/signal-chaining.t ................ ok
2021-04-18 21:56:48.678 perl5.12.3[2074:2049702] *** WARNING: Method userSpaceScaleFactor in class NSView is deprecated on 10.7 and later. It should not be used in new applications. Use convertRectToBacking: instead.
t/tied-objects.t ................... ok
t/version-checks.t ................. ok
Test Summary Report
-------------------
t/GdkColor.t (Wstat: 256 Tests: 18 Failed: 1)
Failed test: 3
Non-zero exit status: 1
t/GdkCursor.t (Wstat: 256 Tests: 9 Failed: 1)
Failed test: 2
Non-zero exit status: 1
t/GdkDisplay.t (Wstat: 512 Tests: 27 Failed: 2)
Failed tests: 3-4
Non-zero exit status: 2
t/GdkDrawable.t (Wstat: 11 Tests: 9 Failed: 0)
Non-zero wait status: 11
Parse errors: Bad plan. You planned 15 tests but ran 9.
t/GdkEvent.t (Wstat: 512 Tests: 110 Failed: 0)
Non-zero exit status: 2
Parse errors: Bad plan. You planned 123 tests but ran 110.
t/GdkGC.t (Wstat: 512 Tests: 19 Failed: 0)
Non-zero exit status: 2
Parse errors: Bad plan. You planned 35 tests but ran 19.
t/GdkImage.t (Wstat: 512 Tests: 12 Failed: 0)
Non-zero exit status: 2
Parse errors: Bad plan. You planned 23 tests but ran 12.
t/GdkPixbuf.t (Wstat: 256 Tests: 112 Failed: 1)
Failed test: 44
Non-zero exit status: 1
t/GdkProperty.t (Wstat: 512 Tests: 14 Failed: 0)
Non-zero exit status: 2
Parse errors: Bad plan. You planned 49 tests but ran 14.
t/GdkSelection.t (Wstat: 256 Tests: 20 Failed: 1)
Failed test: 20
Non-zero exit status: 1
t/GtkClipboard.t (Wstat: 65280 Tests: 25 Failed: 3)
Failed tests: 12, 17, 25
Non-zero exit status: 255
Parse errors: Bad plan. You planned 115 tests but ran 25.
t/GtkGC.t (Wstat: 512 Tests: 0 Failed: 0)
Non-zero exit status: 2
Parse errors: Bad plan. You planned 3 tests but ran 0.
t/GtkStatusIcon.t (Wstat: 11 Tests: 11 Failed: 0)
Non-zero wait status: 11
Parse errors: Bad plan. You planned 37 tests but ran 11.
Files=228, Tests=4865, 116 wallclock secs ( 1.30 usr 0.76 sys + 65.85 cusr 16.03 csys = 83.94 CPU)
Result: FAIL
Failed 13/228 test programs. 9/4865 subtests failed.
make: *** [test_dynamic] Error 255
------------------------------
PREREQUISITES
------------------------------
Prerequisite modules loaded:
requires:
Module Need Have
------------------- ----- ------
Cairo 1.000 1.109
ExtUtils::Depends 0.300 0.405
ExtUtils::PkgConfig 1.030 1.16
Glib 1.280 1.3293
Pango 1.220 1.227
build_requires:
Module Need Have
------------------- ----- ------
ExtUtils::MakeMaker 0 7.30
configure_requires:
Module Need Have
------------------- ----- ------
Cairo 1.000 1.109
ExtUtils::Depends 0.300 0.405
ExtUtils::MakeMaker 0 7.30
ExtUtils::PkgConfig 1.030 1.16
Glib 1.280 1.3293
Pango 1.220 1.227
------------------------------
ENVIRONMENT AND OTHER CONTEXT
------------------------------
Environment variables:
LANG = de_DE.UTF-8
PATH = /usr/local/bin:/usr/bin:/bin:/usr/local/sbin:/usr/sbin:/sbin:/Users/slaven.rezic/bin/darwin18.0:/Users/slaven.rezic/bin/sh:/Users/slaven.rezic/bin:/Users/slaven.rezic/bin/pistachio-perl/bin:/usr/games:/Users/slaven.rezic/devel:/Users/slaven.rezic/work/drafts-slaven.rezic/misc:/Users/slaven.rezic/work2/fzf/bin:/Users/slaven.rezic/src/srezic-misc/scripts
PERL5LIB = /Users/slaven.rezic/.cpan/build/2021041821/Pango-1.227-1/blib/arch:/Users/slaven.rezic/.cpan/build/2021041821/Pango-1.227-1/blib/lib:/Users/slaven.rezic/.cpan/build/2021041821/Glib-1.3293-1/blib/arch:/Users/slaven.rezic/.cpan/build/2021041821/Glib-1.3293-1/blib/lib:/Users/slaven.rezic/.cpan/build/2021041821/Cairo-1.109-0/blib/arch:/Users/slaven.rezic/.cpan/build/2021041821/Cairo-1.109-0/blib/lib:/Users/slaven.rezic/.cpan/build/2021041821/ExtUtils-PkgConfig-1.16-1/blib/arch:/Users/slaven.rezic/.cpan/build/2021041821/ExtUtils-PkgConfig-1.16-1/blib/lib:/Users/slaven.rezic/.cpan/build/2021041821/PDL-2.037-2/blib/arch:/Users/slaven.rezic/.cpan/build/2021041821/PDL-2.037-2/blib/lib:/Users/slaven.rezic/.cpan/build/2021041821/Module-Compile-0.38-2/blib/arch:/Users/slaven.rezic/.cpan/build/2021041821/Module-Compile-0.38-2/blib/lib:/Users/slaven.rezic/.cpan/build/2021041821/Inline-0.86-2/blib/arch:/Users/slaven.rezic/.cpan/build/2021041821/Inline-0.86-2/blib/lib:/Users/slaven.rezic/.cpan/build/2021041821/File-Map-0.67-2/blib/arch:/Users/slaven.rezic/.cpan/build/2021041821/File-Map-0.67-2/blib/lib:/Users/slaven.rezic/.cpan/build/2021041821/PerlIO-Layers-0.012-2/blib/arch:/Users/slaven.rezic/.cpan/build/2021041821/PerlIO-Layers-0.012-2/blib/lib:/Users/slaven.rezic/.cpan/build/2021041821/Convert-UU-0.5201-2/blib/arch:/Users/slaven.rezic/.cpan/build/2021041821/Convert-UU-0.5201-2/blib/lib
PERL5OPT =
PERL5_CPANPLUS_IS_RUNNING = 11851
PERL5_CPAN_IS_RUNNING = 11851
PERL5_CPAN_IS_RUNNING_IN_RECURSION = 11362,11851
PERLDOC = -MPod::Perldoc::ToTextOverstrike
PERL_BATCH = yes
PERL_CANARY_STABILITY_NOPROMPT = 1
PERL_CPAN_REPORTER_CONFIG = /var/tmp/cpansmoker-501/2021041821/cpanreporter_002_config.ini
PERL_EXTUTILS_AUTOINSTALL = --defaultdeps
SHELL = /bin/zsh
TERM = screen
TMPDIR = /var/tmp/cpansmoker-501/2021041821
Perl special variables (and OS-specific diagnostics, for MSWin32):
$^X = /usr/local/bin/perl5.12.3
$UID/$EUID = 501 / 501
$GID = 20 20 501 701 12 61 702 98 100 703
$EGID = 20 20 501 701 12 61 702 98 100 703
Perl module toolchain versions installed:
Module Have
------------------- --------
CPAN 2.16
CPAN::Meta 2.150010
Cwd 3.62
ExtUtils::CBuilder 0.280234
ExtUtils::Command 7.30
ExtUtils::Install 2.06
ExtUtils::MakeMaker 7.30
ExtUtils::Manifest 1.70
ExtUtils::ParseXS 3.35
File::Spec 3.62
JSON 2.90
JSON::PP 2.27400
Module::Build 0.4224
Module::Signature n/a
Parse::CPAN::Meta 2.150010
Test::Harness 3.36
Test::More 1.302122
YAML 1.24
YAML::Syck 1.29
version 0.9918
--
Summary of my perl5 (revision 5 version 12 subversion 3) configuration:
Platform:
osname=darwin, osvers=15.4.0, archname=darwin-2level
uname='darwin macbook-pro.wlan.usr03.eu.idealo.com 15.4.0 darwin kernel version 15.4.0: fri feb 26 22:08:05 pst 2016; root:xnu-3248.40.184~3release_x86_64 x86_64 '
config_args='-ds -e -Dprefix=/opt/perl-5.12.3 -Dcf_email=srezic@cpan.org'
hint=recommended, useposix=true, d_sigaction=define
useithreads=undef, usemultiplicity=undef
useperlio=define, d_sfio=undef, uselargefiles=define, usesocks=undef
use64bitint=define, use64bitall=define, uselongdouble=undef
usemymalloc=n, bincompat5005=undef
Compiler:
cc='cc', ccflags ='-fno-common -DPERL_DARWIN -mmacosx-version-min=10.11 -fno-strict-aliasing -pipe -fstack-protector -I/usr/local/include -DPERL_USE_SAFE_PUTENV',
optimize='-O3',
cppflags='-fno-common -DPERL_DARWIN -mmacosx-version-min=10.11 -fno-strict-aliasing -pipe -fstack-protector -I/usr/local/include'
ccversion='', gccversion='4.2.1 Compatible Apple LLVM 7.3.0 (clang-703.0.31)', gccosandvers=''
intsize=4, longsize=8, ptrsize=8, doublesize=8, byteorder=12345678
d_longlong=define, longlongsize=8, d_longdbl=define, longdblsize=16
ivtype='long', ivsize=8, nvtype='double', nvsize=8, Off_t='off_t', lseeksize=8
alignbytes=8, prototype=define
Linker and Libraries:
ld='cc', ldflags =' -mmacosx-version-min=10.11 -fstack-protector -L/usr/local/lib'
libpth=/usr/local/lib /usr/lib
libs=-ldbm -ldl -lm -lutil -lc
perllibs=-ldl -lm -lutil -lc
libc=, so=dylib, useshrplib=false, libperl=libperl.a
gnulibc_version=''
Dynamic Linking:
dlsrc=dl_dlopen.xs, dlext=bundle, d_dlsymun=undef, ccdlflags=' '
cccdlflags=' ', lddlflags=' -mmacosx-version-min=10.11 -bundle -undefined dynamic_lookup -L/usr/local/lib -fstack-protector'
Characteristics of this binary (from libperl):
Compile-time options: PERL_DONT_CREATE_GVSV PERL_MALLOC_WRAP
PERL_USE_SAFE_PUTENV USE_64_BIT_ALL USE_64_BIT_INT
USE_LARGE_FILES USE_PERLIO USE_PERL_ATOF
Locally applied patches:
Devel::PatchPerl 1.42
Built under darwin
Compiled at May 26 2016 15:12:44
%ENV:
PERL5LIB="/Users/slaven.rezic/.cpan/build/2021041821/Pango-1.227-1/blib/arch:/Users/slaven.rezic/.cpan/build/2021041821/Pango-1.227-1/blib/lib:/Users/slaven.rezic/.cpan/build/2021041821/Glib-1.3293-1/blib/arch:/Users/slaven.rezic/.cpan/build/2021041821/Glib-1.3293-1/blib/lib:/Users/slaven.rezic/.cpan/build/2021041821/Cairo-1.109-0/blib/arch:/Users/slaven.rezic/.cpan/build/2021041821/Cairo-1.109-0/blib/lib:/Users/slaven.rezic/.cpan/build/2021041821/ExtUtils-PkgConfig-1.16-1/blib/arch:/Users/slaven.rezic/.cpan/build/2021041821/ExtUtils-PkgConfig-1.16-1/blib/lib:/Users/slaven.rezic/.cpan/build/2021041821/PDL-2.037-2/blib/arch:/Users/slaven.rezic/.cpan/build/2021041821/PDL-2.037-2/blib/lib:/Users/slaven.rezic/.cpan/build/2021041821/Module-Compile-0.38-2/blib/arch:/Users/slaven.rezic/.cpan/build/2021041821/Module-Compile-0.38-2/blib/lib:/Users/slaven.rezic/.cpan/build/2021041821/Inline-0.86-2/blib/arch:/Users/slaven.rezic/.cpan/build/2021041821/Inline-0.86-2/blib/lib:/Users/slaven.rezic/.cpan/build/2021041821/File-Map-0.67-2/blib/arch:/Users/slaven.rezic/.cpan/build/2021041821/File-Map-0.67-2/blib/lib:/Users/slaven.rezic/.cpan/build/2021041821/PerlIO-Layers-0.012-2/blib/arch:/Users/slaven.rezic/.cpan/build/2021041821/PerlIO-Layers-0.012-2/blib/lib:/Users/slaven.rezic/.cpan/build/2021041821/Convert-UU-0.5201-2/blib/arch:/Users/slaven.rezic/.cpan/build/2021041821/Convert-UU-0.5201-2/blib/lib"
PERL5OPT=""
PERL5_CPANPLUS_IS_RUNNING="11851"
PERL5_CPAN_IS_RUNNING="11851"
PERL5_CPAN_IS_RUNNING_IN_RECURSION="11362,11851"
PERLDOC="-MPod::Perldoc::ToTextOverstrike"
PERL_BATCH="yes"
PERL_CANARY_STABILITY_NOPROMPT="1"
PERL_CPAN_REPORTER_CONFIG="/var/tmp/cpansmoker-501/2021041821/cpanreporter_002_config.ini"
PERL_EXTUTILS_AUTOINSTALL="--defaultdeps"
@INC:
/Users/slaven.rezic/.cpan/build/2021041821/Pango-1.227-1/blib/arch
/Users/slaven.rezic/.cpan/build/2021041821/Pango-1.227-1/blib/lib
/Users/slaven.rezic/.cpan/build/2021041821/Glib-1.3293-1/blib/arch
/Users/slaven.rezic/.cpan/build/2021041821/Glib-1.3293-1/blib/lib
/Users/slaven.rezic/.cpan/build/2021041821/Cairo-1.109-0/blib/arch
/Users/slaven.rezic/.cpan/build/2021041821/Cairo-1.109-0/blib/lib
/Users/slaven.rezic/.cpan/build/2021041821/ExtUtils-PkgConfig-1.16-1/blib/arch
/Users/slaven.rezic/.cpan/build/2021041821/ExtUtils-PkgConfig-1.16-1/blib/lib
/Users/slaven.rezic/.cpan/build/2021041821/PDL-2.037-2/blib/arch
/Users/slaven.rezic/.cpan/build/2021041821/PDL-2.037-2/blib/lib
/Users/slaven.rezic/.cpan/build/2021041821/Module-Compile-0.38-2/blib/arch
/Users/slaven.rezic/.cpan/build/2021041821/Module-Compile-0.38-2/blib/lib
/Users/slaven.rezic/.cpan/build/2021041821/Inline-0.86-2/blib/arch
/Users/slaven.rezic/.cpan/build/2021041821/Inline-0.86-2/blib/lib
/Users/slaven.rezic/.cpan/build/2021041821/File-Map-0.67-2/blib/arch
/Users/slaven.rezic/.cpan/build/2021041821/File-Map-0.67-2/blib/lib
/Users/slaven.rezic/.cpan/build/2021041821/PerlIO-Layers-0.012-2/blib/arch
/Users/slaven.rezic/.cpan/build/2021041821/PerlIO-Layers-0.012-2/blib/lib
/Users/slaven.rezic/.cpan/build/2021041821/Convert-UU-0.5201-2/blib/arch
/Users/slaven.rezic/.cpan/build/2021041821/Convert-UU-0.5201-2/blib/lib
/opt/perl-5.12.3/lib/site_perl/5.12.3/darwin-2level
/opt/perl-5.12.3/lib/site_perl/5.12.3
/opt/perl-5.12.3/lib/5.12.3/darwin-2level
/opt/perl-5.12.3/lib/5.12.3
.