Crypt-SSLeay v0.72 Perl 5 v5.22.4 x86_64-linux

Status
Fail
From
Andreas J. König (ANDK)
Dist
Crypt-SSLeay v0.72
Platform
Perl 5 v5.22.4 x86_64-linux
Date
2019-07-14 08:45:06
ID
ae1e6948-a613-11e9-a7fa-4aafdbf9d3c5
This distribution has been tested as part of the CPAN Testers
project, supporting the Perl programming language.  See
http://wiki.cpantesters.org/ for more information or email
questions to cpan-testers-discuss@perl.org


--
Dear A. Sinan Unur,

This is a computer-generated report for Crypt-SSLeay-0.72
on perl 5.22.4, created by CPAN-Reporter-1.2018.

Thank you for uploading your work to CPAN.  However, there was a problem
testing your distribution.

If you think this report is invalid, please consult the CPAN Testers Wiki
for suggestions on how to avoid getting FAIL reports for missing library
or binary dependencies, unsupported operating systems, and so on:

http://wiki.cpantesters.org/wiki/CPANAuthorNotes

Sections of this report:

    * Tester comments
    * Program output
    * Prerequisites
    * Environment and other context

------------------------------
TESTER COMMENTS
------------------------------

Additional comments from tester:

this report is from an automated smoke testing program
and was not reviewed by a human for accuracy

------------------------------
PROGRAM OUTPUT
------------------------------

Output from '/usr/bin/make test':

"/home/sand/src/perl/repoperls/installed-perls/host/k93msid/v5.22.4/da1c/bin/perl" -MExtUtils::Command::MM -e 'cp_nonempty' -- SSLeay.bs blib/arch/auto/Crypt/SSLeay/SSLeay.bs 644
PERL_DL_NONLAZY=1 "/home/sand/src/perl/repoperls/installed-perls/host/k93msid/v5.22.4/da1c/bin/perl" "-MExtUtils::Command::MM" "-MTest::Harness" "-e" "undef *Test::Harness::Switches; test_harness(0, 'blib/lib', 'blib/arch')" t/*.t

#   Failed test 'use Crypt::SSLeay;'
#   at t/00-basic.t line 6.
#     Tried to use 'Crypt::SSLeay'.
#     Error:  Can't load '/tmp/loop_over_bdir-30472-S9nAS_/Crypt-SSLeay-0.72-0/blib/arch/auto/Crypt/SSLeay/SSLeay.so' for module Crypt::SSLeay: /tmp/loop_over_bdir-30472-S9nAS_/Crypt-SSLeay-0.72-0/blib/arch/auto/Crypt/SSLeay/SSLeay.so: undefined symbol: SSLv2_client_method at /home/sand/src/perl/repoperls/installed-perls/host/k93msid/v5.22.4/da1c/lib/5.22.4/x86_64-linux/DynaLoader.pm line 193.
#  at t/00-basic.t line 6.
# Compilation failed in require at t/00-basic.t line 6.
# BEGIN failed--compilation aborted at t/00-basic.t line 6.

#   Failed test 'use Crypt::SSLeay::CTX;'
#   at t/00-basic.t line 7.
#     Tried to use 'Crypt::SSLeay::CTX'.
#     Error:  Attempt to reload Crypt/SSLeay.pm aborted.
# Compilation failed in require at /tmp/loop_over_bdir-30472-S9nAS_/Crypt-SSLeay-0.72-0/blib/lib/Crypt/SSLeay/CTX.pm line 2.
# Compilation failed in require at t/00-basic.t line 7.
# BEGIN failed--compilation aborted at t/00-basic.t line 7.

#   Failed test 'use Crypt::SSLeay::Conn;'
#   at t/00-basic.t line 8.
#     Tried to use 'Crypt::SSLeay::Conn'.
#     Error:  Attempt to reload Crypt/SSLeay.pm aborted.
# Compilation failed in require at /tmp/loop_over_bdir-30472-S9nAS_/Crypt-SSLeay-0.72-0/blib/lib/Crypt/SSLeay/Conn.pm line 2.
# Compilation failed in require at t/00-basic.t line 8.
# BEGIN failed--compilation aborted at t/00-basic.t line 8.

#   Failed test 'use Crypt::SSLeay::Err;'
#   at t/00-basic.t line 9.
#     Tried to use 'Crypt::SSLeay::Err'.
#     Error:  Attempt to reload Crypt/SSLeay.pm aborted.
# Compilation failed in require at /tmp/loop_over_bdir-30472-S9nAS_/Crypt-SSLeay-0.72-0/blib/lib/Crypt/SSLeay/Err.pm line 2.
# Compilation failed in require at t/00-basic.t line 9.
# BEGIN failed--compilation aborted at t/00-basic.t line 9.

#   Failed test 'use Crypt::SSLeay::MainContext;'
#   at t/00-basic.t line 10.
#     Tried to use 'Crypt::SSLeay::MainContext'.
#     Error:  Attempt to reload Crypt/SSLeay/CTX.pm aborted.
# Compilation failed in require at /tmp/loop_over_bdir-30472-S9nAS_/Crypt-SSLeay-0.72-0/blib/lib/Crypt/SSLeay/MainContext.pm line 8.
# Compilation failed in require at t/00-basic.t line 10.
# BEGIN failed--compilation aborted at t/00-basic.t line 10.

#   Failed test 'use Crypt::SSLeay::Version;'
#   at t/00-basic.t line 12.
#     Tried to use 'Crypt::SSLeay::Version'.
#     Error:  Attempt to reload Crypt/SSLeay.pm aborted.
# Compilation failed in require at /tmp/loop_over_bdir-30472-S9nAS_/Crypt-SSLeay-0.72-0/blib/lib/Crypt/SSLeay/Version.pm line 2.
# Compilation failed in require at t/00-basic.t line 12.
# BEGIN failed--compilation aborted at t/00-basic.t line 12.

#   Failed test 'use Net::SSL;'
#   at t/00-basic.t line 23.
#     Tried to use 'Net::SSL'.
#     Error:  Attempt to reload Crypt/SSLeay.pm aborted.
# Compilation failed in require at /tmp/loop_over_bdir-30472-S9nAS_/Crypt-SSLeay-0.72-0/blib/lib/Net/SSL.pm line 20.
# Compilation failed in require at t/00-basic.t line 23.
# BEGIN failed--compilation aborted at t/00-basic.t line 23.

#   Failed test 'Crypt::SSLeay POD coverage'
#   at t/00-basic.t line 45.
# Crypt::SSLeay: requiring 'Crypt::SSLeay' failed

#   Failed test 'Crypt::SSLeay::Version POD coverage'
#   at t/00-basic.t line 45.
# Crypt::SSLeay::Version: requiring 'Crypt::SSLeay::Version' failed

#   Failed test 'Net::SSL POD coverage'
#   at t/00-basic.t line 45.
# Net::SSL: requiring 'Net::SSL' failed
Undefined subroutine &main::main_ctx called at t/00-basic.t line 49.
# Tests were run but no plan was declared and done_testing() was not seen.
# Looks like your test exited with 255 just after 13.
t/00-basic.t ..... 
Dubious, test returned 255 (wstat 65280, 0xff00)
Failed 10/13 subtests 
Can't load '/tmp/loop_over_bdir-30472-S9nAS_/Crypt-SSLeay-0.72-0/blib/arch/auto/Crypt/SSLeay/SSLeay.so' for module Crypt::SSLeay: /tmp/loop_over_bdir-30472-S9nAS_/Crypt-SSLeay-0.72-0/blib/arch/auto/Crypt/SSLeay/SSLeay.so: undefined symbol: SSLv2_client_method at /home/sand/src/perl/repoperls/installed-perls/host/k93msid/v5.22.4/da1c/lib/5.22.4/x86_64-linux/DynaLoader.pm line 193.
 at /tmp/loop_over_bdir-30472-S9nAS_/Crypt-SSLeay-0.72-0/blib/lib/Net/SSL.pm line 20.
Compilation failed in require at /tmp/loop_over_bdir-30472-S9nAS_/Crypt-SSLeay-0.72-0/blib/lib/Net/SSL.pm line 20.
Compilation failed in require at t/01-connect.t line 6.
BEGIN failed--compilation aborted at t/01-connect.t line 6.
# Looks like your test exited with 2 before it could output anything.
t/01-connect.t ... 
Dubious, test returned 2 (wstat 512, 0x200)
Failed 8/8 subtests 
# Reading configuration from 'test.config' on linux
# network_tests : 0
t/02-live.t ...... skipped: Network tests disabled
Can't load '/tmp/loop_over_bdir-30472-S9nAS_/Crypt-SSLeay-0.72-0/blib/arch/auto/Crypt/SSLeay/SSLeay.so' for module Crypt::SSLeay: /tmp/loop_over_bdir-30472-S9nAS_/Crypt-SSLeay-0.72-0/blib/arch/auto/Crypt/SSLeay/SSLeay.so: undefined symbol: SSLv2_client_method at /home/sand/src/perl/repoperls/installed-perls/host/k93msid/v5.22.4/da1c/lib/5.22.4/x86_64-linux/DynaLoader.pm line 193.
 at /tmp/loop_over_bdir-30472-S9nAS_/Crypt-SSLeay-0.72-0/blib/lib/Crypt/SSLeay/Version.pm line 2.
Compilation failed in require at /tmp/loop_over_bdir-30472-S9nAS_/Crypt-SSLeay-0.72-0/blib/lib/Crypt/SSLeay/Version.pm line 2.
Compilation failed in require at t/03-version.t line 14.
BEGIN failed--compilation aborted at t/03-version.t line 14.
t/03-version.t ... 
Dubious, test returned 2 (wstat 512, 0x200)
No subtests run 
t/boilerplate.t .. ok
t/manifest.t ..... skipped: Author tests not required for installation

Test Summary Report
-------------------
t/00-basic.t   (Wstat: 65280 Tests: 13 Failed: 10)
  Failed tests:  1-5, 7-8, 11-13
  Non-zero exit status: 255
  Parse errors: No plan found in TAP output
t/01-connect.t (Wstat: 512 Tests: 0 Failed: 0)
  Non-zero exit status: 2
  Parse errors: Bad plan.  You planned 8 tests but ran 0.
t/03-version.t (Wstat: 512 Tests: 0 Failed: 0)
  Non-zero exit status: 2
  Parse errors: No plan found in TAP output
Files=6, Tests=22,  2 wallclock secs ( 0.03 usr  0.02 sys +  0.52 cusr  0.15 csys =  0.72 CPU)
Result: FAIL
Failed 3/6 test programs. 10/22 subtests failed.
make: *** [Makefile:1090: test_dynamic] Error 255

------------------------------
PREREQUISITES
------------------------------

Prerequisite modules loaded:

requires:

    Module               Need     Have    
    -------------------- -------- --------
    LWP::Protocol::https 6.02     6.07    
    MIME::Base64         0        3.15    
    perl                 5.006    5.022004

build_requires:

    Module               Need     Have    
    -------------------- -------- --------
    ExtUtils::MakeMaker  0        7.36    
    Test::More           0.19     1.302164
    Try::Tiny            0.19     0.30    

configure_requires:

    Module               Need     Have    
    -------------------- -------- --------
    ExtUtils::CBuilder   0.280205 0.280231
    Getopt::Long         0        2.5     
    Path::Class          0.26     0.37    
    Try::Tiny            0.19     0.30    


------------------------------
ENVIRONMENT AND OTHER CONTEXT
------------------------------

Environment variables:

    AUTOMATED_TESTING = 1
    LANG = en_US.UTF-8
    PATH = /home/sand/bin:/usr/local/bin:/usr/bin:/bin:/usr/games:/usr/local/perl/bin:/usr/X11/bin:/sbin:/usr/sbin
    PERL5LIB = 
    PERL5OPT = 
    PERL5_CPANPLUS_IS_RUNNING = 30477
    PERL5_CPAN_IS_RUNNING = 30477
    PERL_CANARY_STABILITY_NOPROMPT = 1
    PERL_MM_USE_DEFAULT = 1
    PERL_USE_UNSAFE_INC = 1
    SHELL = /usr/bin/zsh
    TERM = screen

Perl special variables (and OS-specific diagnostics, for MSWin32):

    $^X = /home/sand/src/perl/repoperls/installed-perls/host/k93msid/v5.22.4/da1c/bin/perl
    $UID/$EUID = 1005 / 1005
    $GID = 1005 1005
    $EGID = 1005 1005

Perl module toolchain versions installed:

    Module              Have    
    ------------------- --------
    CPAN                2.25    
    CPAN::Meta          2.150010
    Cwd                 3.75    
    ExtUtils::CBuilder  0.280231
    ExtUtils::Command   7.36    
    ExtUtils::Install   2.06    
    ExtUtils::MakeMaker 7.36    
    ExtUtils::Manifest  1.72    
    ExtUtils::ParseXS   3.35    
    File::Spec          3.75    
    JSON                4.02    
    JSON::PP            4.01    
    Module::Build       0.4229  
    Module::Signature   0.83    
    Parse::CPAN::Meta   2.150010
    Test::Harness       3.42    
    Test::More          1.302164
    YAML                1.27    
    YAML::Syck          1.31    
    version             0.9924  


--

Summary of my perl5 (revision 5 version 22 subversion 4) configuration:
  Derived from: a26666a1317770d8a2228ac3657ba58020c3511f
  Platform:
    osname=linux, osvers=4.18.0-2-amd64, archname=x86_64-linux
    uname='linux k93msid 4.18.0-2-amd64 #1 smp debian 4.18.10-2 (2018-10-07) x86_64 gnulinux '
    config_args='-Dprefix=/home/sand/src/perl/repoperls/installed-perls/host/k93msid/v5.22.4/da1c -Dmyhostname=k93msid -Dinstallusrbinperl=n -Uversiononly -Dusedevel -des -Ui_db -Dlibswanted=cl pthread socket inet nsl gdbm dbm malloc dl ld sun m crypt sec util c cposix posix ucb BSD gdbm_compat -Uuseithreads -Uuselongdouble -DEBUGGING=-g'
    hint=recommended, useposix=true, d_sigaction=define
    useithreads=undef, usemultiplicity=undef
    use64bitint=define, use64bitall=define, uselongdouble=undef
    usemymalloc=n, bincompat5005=undef
  Compiler:
    cc='cc', ccflags ='-fwrapv -fno-strict-aliasing -pipe -fstack-protector-strong -I/usr/local/include -D_LARGEFILE_SOURCE -D_FILE_OFFSET_BITS=64',
    optimize='-O2 -g',
    cppflags='-fwrapv -fno-strict-aliasing -pipe -fstack-protector-strong -I/usr/local/include'
    ccversion='', gccversion='8.2.0', gccosandvers=''
    intsize=4, longsize=8, ptrsize=8, doublesize=8, byteorder=12345678, doublekind=3
    d_longlong=define, longlongsize=8, d_longdbl=define, longdblsize=16, longdblkind=3
    ivtype='long', ivsize=8, nvtype='double', nvsize=8, Off_t='off_t', lseeksize=8
    alignbytes=8, prototype=define
  Linker and Libraries:
    ld='cc', ldflags =' -fstack-protector-strong -L/usr/local/lib'
    libpth=/usr/local/lib /usr/lib/gcc/x86_64-linux-gnu/8/include-fixed /usr/include/x86_64-linux-gnu /usr/lib /lib/x86_64-linux-gnu /lib/../lib /usr/lib/x86_64-linux-gnu /usr/lib/../lib /lib
    libs=-lpthread -lnsl -ldl -lm -lcrypt -lutil -lc
    perllibs=-lpthread -lnsl -ldl -lm -lcrypt -lutil -lc
    libc=libc-2.27.so, so=so, useshrplib=false, libperl=libperl.a
    gnulibc_version='2.27'
  Dynamic Linking:
    dlsrc=dl_dlopen.xs, dlext=so, d_dlsymun=undef, ccdlflags='-Wl,-E'
    cccdlflags='-fPIC', lddlflags='-shared -O2 -g -L/usr/local/lib -fstack-protector-strong'


Characteristics of this binary (from libperl): 
  Compile-time options: HAS_TIMES PERLIO_LAYERS PERL_DONT_CREATE_GVSV
                        PERL_HASH_FUNC_ONE_AT_A_TIME_HARD PERL_MALLOC_WRAP
                        PERL_NEW_COPY_ON_WRITE PERL_PRESERVE_IVUV
                        PERL_USE_DEVEL USE_64_BIT_ALL USE_64_BIT_INT
                        USE_LARGE_FILES USE_LOCALE USE_LOCALE_COLLATE
                        USE_LOCALE_CTYPE USE_LOCALE_NUMERIC USE_LOCALE_TIME
                        USE_PERLIO USE_PERL_ATOF
  Locally applied patches:
	uncommitted-changes
  Built under linux
  Compiled at Oct 28 2018 21:23:24
  %ENV:
    PERL5LIB=""
    PERL5OPT=""
    PERL5_CPANPLUS_IS_RUNNING="30477"
    PERL5_CPAN_IS_RUNNING="30477"
    PERL_CANARY_STABILITY_NOPROMPT="1"
    PERL_MM_USE_DEFAULT="1"
    PERL_USE_UNSAFE_INC="1"
  @INC:
    /home/sand/src/perl/repoperls/installed-perls/host/k93msid/v5.22.4/da1c/lib/site_perl/5.22.4/x86_64-linux
    /home/sand/src/perl/repoperls/installed-perls/host/k93msid/v5.22.4/da1c/lib/site_perl/5.22.4
    /home/sand/src/perl/repoperls/installed-perls/host/k93msid/v5.22.4/da1c/lib/5.22.4/x86_64-linux
    /home/sand/src/perl/repoperls/installed-perls/host/k93msid/v5.22.4/da1c/lib/5.22.4
    .