Dancer2 v1.1.0 Perl 5 v5.34.0 x86_64-linux-gnu-thread-multi
- Status
- Fail
- From
- Slaven Rezić
- Dist
-
Dancer2 v1.1.0
- Platform
- Perl 5 v5.34.0 x86_64-linux-gnu-thread-multi
- Date
- 2023-12-29 22:29:07
- ID
- ae17bd60-a699-11ee-9c1e-22106e8775ea
This distribution has been tested as part of the CPAN Testers
project, supporting the Perl programming language. See
http://wiki.cpantesters.org/ for more information or email
questions to cpan-testers-discuss@perl.org
--
Dear Jason A. Crome,
This is a computer-generated report for Dancer2-1.1.0
on perl 5.34.0, created by CPAN-Reporter-1.2018.
Thank you for uploading your work to CPAN. However, there was a problem
testing your distribution.
If you think this report is invalid, please consult the CPAN Testers Wiki
for suggestions on how to avoid getting FAIL reports for missing library
or binary dependencies, unsupported operating systems, and so on:
http://wiki.cpantesters.org/wiki/CPANAuthorNotes
Sections of this report:
* Tester comments
* Program output
* Prerequisites
* Environment and other context
------------------------------
TESTER COMMENTS
------------------------------
Additional comments from tester:
none provided
------------------------------
PROGRAM OUTPUT
------------------------------
Output from '/usr/bin/make test':
Skip blib/lib/auto/share/dist/Dancer2/skel/Makefile.PL (unchanged)
Skip blib/lib/auto/share/dist/Dancer2/skel/lib/AppFile.pm (unchanged)
Skip blib/lib/auto/share/dist/Dancer2/skel/t/001_base.t (unchanged)
Skip blib/lib/auto/share/dist/Dancer2/skel/t/002_index_route.t (unchanged)
Skip blib/lib/auto/share/dist/Dancer2/skel/config.yml (unchanged)
Skip blib/lib/auto/share/dist/Dancer2/skel/public/+dispatch.cgi (unchanged)
Skip blib/lib/auto/share/dist/Dancer2/skel/bin/+app.psgi (unchanged)
Skip blib/lib/auto/share/dist/Dancer2/skel/views/layouts/main.tt (unchanged)
Skip blib/lib/auto/share/dist/Dancer2/skel/views/index.tt (unchanged)
Skip blib/lib/auto/share/dist/Dancer2/.gitignore (unchanged)
Skip blib/lib/auto/share/dist/Dancer2/skel/public/+dispatch.fcgi (unchanged)
Skip blib/lib/auto/share/dist/Dancer2/skel/cpanfile (unchanged)
Skip blib/lib/auto/share/dist/Dancer2/skel/MANIFEST.SKIP (unchanged)
Skip blib/lib/auto/share/dist/Dancer2/skel/public/500.html (unchanged)
Skip blib/lib/auto/share/dist/Dancer2/skel/public/css/error.css (unchanged)
Skip blib/lib/auto/share/dist/Dancer2/skel/environments/production.yml (unchanged)
Skip blib/lib/auto/share/dist/Dancer2/docker/Dockerfile (unchanged)
Skip blib/lib/auto/share/dist/Dancer2/skel/public/images/perldancer-bg.jpg (unchanged)
Skip blib/lib/auto/share/dist/Dancer2/skel/.dancer (unchanged)
Skip blib/lib/auto/share/dist/Dancer2/skel/public/css/style.css (unchanged)
Skip blib/lib/auto/share/dist/Dancer2/skel/public/images/perldancer.jpg (unchanged)
Skip blib/lib/auto/share/dist/Dancer2/skel/public/favicon.ico (unchanged)
Skip blib/lib/auto/share/dist/Dancer2/skel/public/404.html (unchanged)
Skip blib/lib/auto/share/dist/Dancer2/skel/environments/development.yml (unchanged)
Skip blib/lib/auto/share/dist/Dancer2/skel/public/javascripts/jquery.js (unchanged)
PERL_DL_NONLAZY=1 "/usr/bin/perl" "-MExtUtils::Command::MM" "-MTest::Harness" "-e" "undef *Test::Harness::Switches; test_harness(0, 'blib/lib', 'blib/arch')" t/*.t t/classes/Dancer2-Core-Factory/*.t t/classes/Dancer2-Core-Hook/*.t t/classes/Dancer2-Core-Request/*.t t/classes/Dancer2-Core-Response-Delayed/*.t t/classes/Dancer2-Core-Response/*.t t/classes/Dancer2-Core-Role-Engine/*.t t/classes/Dancer2-Core-Role-Handler/*.t t/classes/Dancer2-Core-Role-HasLocation/*.t t/classes/Dancer2-Core-Role-Serializer/*.t t/classes/Dancer2-Core-Role-StandardResponses/*.t t/classes/Dancer2-Core-Route/*.t t/classes/Dancer2-Core-Runner/*.t t/classes/Dancer2-Core/*.t t/classes/Dancer2/*.t t/dsl/*.t t/examples/*.t t/issues/*.t t/issues/gh-1013/*.t t/issues/gh-1046/*.t t/issues/gh-1216/*.t t/issues/gh-1226/*.t t/issues/gh-1230/*.t t/issues/gh-1621/*.t t/issues/gh-639/fails/*.t t/issues/gh-639/succeeds/*.t t/issues/gh-650/*.t t/issues/gh-975/*.t t/issues/memleak/*.t t/plugin2/*.t t/plugin2/app_dsl_cb/*.t t/roles/*.t t/route-pod-coverage/*.t t/scope_problems/*.t t/template_tiny/*.t
t/00-compile.t ......................................... ok
#
# Versions for all modules listed in MYMETA.json (including optional ones):
#
# === Configure Requires ===
#
# Module Want Have
# ------------------------ -------- --------
# CPAN::Meta::Requirements 2.120620 2.140
# ExtUtils::MakeMaker any 7.62
# File::ShareDir::Install 0.06 0.14
# Module::Metadata any 1.000037
#
# === Build Requires ===
#
# Module Want Have
# ------------------- ---- ----
# ExtUtils::MakeMaker any 7.62
#
# === Test Requires ===
#
# Module Want Have
# ----------------------- ---- --------
# Capture::Tiny 0.12 0.48
# ExtUtils::MakeMaker any 7.62
# File::Spec any 3.80
# HTTP::Cookies any 6.10
# HTTP::Headers any 6.36
# IO::Handle any 1.46
# IPC::Open3 any 1.21
# Pod::Simple::SimpleTree any 3.42
# Template any 2.27
# Test::Builder any 1.302183
# Test::EOL any 2.02
# Test::Fatal any 0.016
# Test::More 0.92 1.302183
#
# === Test Recommends ===
#
# Module Want Have
# ---------- -------- --------
# CPAN::Meta 2.120900 2.150010
#
# === Runtime Requires ===
#
# Module Want Have
# ------------------------------------------- -------- --------
# Attribute::Handlers any 1.01
# CLI::Osprey any 0.08
# Carp any 1.52
# Clone any 0.45
# Config::Any any 0.33
# Digest::SHA any 6.02
# Encode any 3.16
# Exporter 5.57 5.76
# Exporter::Tiny any 1.002002
# File::Basename any 2.85
# File::Copy any 2.35
# File::Path any 2.18
# File::Share any 0.25
# File::Spec any 3.80
# File::Temp any 0.2311
# File::Which any 1.23
# HTTP::Date any 6.05
# HTTP::Headers::Fast 0.21 0.22
# HTTP::Tiny any 0.076
# Hash::Merge::Simple any 0.051
# Hash::MultiValue any 0.16
# Import::Into any 1.002005
# JSON::MaybeXS any 1.004003
# List::Util 1.29 1.55
# MIME::Base64 3.13 3.16
# Module::Runtime any 0.016
# Moo 2.000000 2.005004
# Moo::Role any 2.005004
# POSIX any 1.97
# Path::Tiny any 0.122
# Plack 1.0040 1.0048
# Plack::Middleware::FixMissingBodyInRedirect any 0.12
# Plack::Middleware::RemoveRedundantBody any 0.09
# Ref::Util any 0.204
# Role::Tiny 2.000000 2.002004
# Safe::Isa any 1.000010
# Sub::Quote any 2.006006
# Template any 2.27
# Template::Tiny any 1.14
# Test::Builder any 1.302183
# Test::More 0.92 1.302183
# Type::Tiny 1.000006 1.012004
# Types::Standard any 1.012004
# URI::Escape any 5.10
# YAML 0.86 1.30
# parent any 0.238
# perl 5.014 5.034000
#
# === Runtime Recommends ===
#
# Module Want Have
# ----------------------- -------- -------
# CGI::Deurl::XS any missing
# Class::XSAccessor any 1.19
# Cpanel::JSON::XS any 4.27
# Crypt::URandom any missing
# HTTP::XSCookies 0.000015 missing
# HTTP::XSHeaders any missing
# Math::Random::ISAAC::XS any missing
# MooX::TypeTiny any missing
# Pod::Simple::Search any 3.42
# Pod::Simple::SimpleTree any 3.42
# Scope::Upper any missing
# Type::Tiny::XS any 0.022
# URL::Encode::XS any missing
# Unicode::UTF8 any 0.62
# YAML::XS any 0.83
#
# === Runtime Suggests ===
#
# Module Want Have
# ----------- ---- ----
# Fcntl any 1.14
# MIME::Types any 2.22
#
# === Runtime Conflicts ===
#
# Module Want Have
# ---------- ----------- --------
# Role::Tiny == 2.000007 2.002004
# YAML == 1.16 1.30
#
t/00-report-prereqs.t .................................. ok
t/app.t ................................................ ok
t/app_alone.t .......................................... ok
t/author-distmeta.t .................................... skipped: these tests are for testing by the author
t/author-no-tabs.t ..................................... skipped: these tests are for testing by the author
t/author-pod-syntax.t .................................. skipped: these tests are for testing by the author
t/auto_page.t .......................................... ok
t/caller.t ............................................. ok
t/charset_server.t ..................................... ok
t/classes/Dancer2-Core-Factory/new.t ................... ok
t/classes/Dancer2-Core-Hook/new.t ...................... ok
t/classes/Dancer2-Core-Request/new.t ................... ok
t/classes/Dancer2-Core-Request/serializers.t ........... ok
t/classes/Dancer2-Core-Response-Delayed/after_hooks.t .. ok
t/classes/Dancer2-Core-Response-Delayed/new.t .......... ok
t/classes/Dancer2-Core-Response/new_from.t ............. ok
t/classes/Dancer2-Core-Role-Engine/with.t .............. ok
t/classes/Dancer2-Core-Role-Handler/with.t ............. ok
t/classes/Dancer2-Core-Role-HasLocation/with.t ......... ok
t/classes/Dancer2-Core-Role-Serializer/with.t .......... ok
t/classes/Dancer2-Core-Role-StandardResponses/with.t ... ok
t/classes/Dancer2-Core-Route/base.t .................... ok
t/classes/Dancer2-Core-Route/deprecated_param_keys.t ... ok
t/classes/Dancer2-Core-Route/match.t ................... ok
t/classes/Dancer2-Core-Runner/environment.t ............ ok
t/classes/Dancer2-Core-Runner/new.t .................... ok
t/classes/Dancer2-Core-Runner/psgi_app.t ............... ok
t/classes/Dancer2-Core/camelize.t ...................... ok
t/classes/Dancer2/import-pragmas.t ..................... ok
t/classes/Dancer2/import.t ............................. ok
t/config-files-logged.t ................................ ok
t/config_multiapp.t .................................... ok
t/config_reader.t ...................................... ok
t/config_settings.t .................................... ok
t/context-in-before.t .................................. ok
# If you want extra speed, install HTTP::XSCookies
t/cookie.t ............................................. ok
t/custom_dsl.t ......................................... ok
t/dancer-test.t ........................................ ok
t/deserialize.t ........................................ ok
t/disp_named_capture.t ................................. ok
# Dispatch test 0, for GET /
# Dispatch test 1, for GET /user/Johnny
# Dispatch test 2, for GET /twoohfour
# Dispatch test 3, for GET /haltme
t/dispatcher.t ......................................... ok
t/dsl/any.t ............................................ ok
t/dsl/app.t ............................................ ok
t/dsl/content.t ........................................ ok
t/dsl/delayed.t ........................................ skipped: AnyEvent required for this test
t/dsl/error_template.t ................................. ok
t/dsl/extend.t ......................................... ok
t/dsl/halt.t ........................................... ok
t/dsl/halt_with_param.t ................................ ok
t/dsl/json.t ........................................... ok
t/dsl/mime.t ........................................... ok
t/dsl/parameters.t ..................................... ok
t/dsl/pass.t ........................................... ok
t/dsl/path.t ........................................... ok
t/dsl/pod.t ............................................ ok
t/dsl/request.t ........................................ ok
t/dsl/request_data.t ................................... ok
t/dsl/route_retvals.t .................................. ok
t/dsl/send_as.t ........................................ ok
t/dsl/send_file.t ...................................... ok
t/dsl/splat.t .......................................... ok
t/dsl/to_app.t ......................................... ok
t/dsl/uri_for.t ........................................ ok
t/dsl/uri_for_route.t .................................. ok
t/dsl/yaml.t ........................................... ok
t/engine.t ............................................. ok
t/error.t .............................................. ok
t/examples/hello_world.t ............................... ok
t/examples/simple_calculator.t ......................... ok
t/factory.t ............................................ ok
t/file_utils.t ......................................... ok
t/forward.t ............................................ ok
t/forward_before_hook.t ................................ ok
t/forward_hmv_params.t ................................. ok
t/forward_test_tcp.t ................................... ok
t/hooks.t .............................................. ok
t/http_methods.t ....................................... ok
t/http_status.t ........................................ ok
t/issues/gh-1013/gh-1013.t ............................. ok
t/issues/gh-1046/gh-1046.t ............................. ok
t/issues/gh-1070.t ..................................... ok
t/issues/gh-1098.t ..................................... ok
t/issues/gh-1216/gh-1216.t ............................. ok
t/issues/gh-1226/gh-1226.t ............................. ok
t/issues/gh-1230/gh-1230.t ............................. ok
t/issues/gh-1232.t ..................................... ok
t/issues/gh-1289.t ..................................... ok
t/issues/gh-1564.t ..................................... ok
t/issues/gh-1621/gh-1621.t ............................. ok
t/issues/gh-596.t ...................................... ok
t/issues/gh-634.t ...................................... ok
t/issues/gh-639/fails/issue.t .......................... ok
t/issues/gh-639/succeeds/issue.t ....................... ok
t/issues/gh-650/gh-650.t ............................... ok
t/issues/gh-723.t ...................................... ok
t/issues/gh-730.t ...................................... ok
t/issues/gh-762.t ...................................... ok
t/issues/gh-794.t ...................................... ok
t/issues/gh-797.t ...................................... ok
t/issues/gh-799.t ...................................... ok
t/issues/gh-811.t ...................................... skipped: Dancer2::Session::Cookie probably missing.
t/issues/gh-931.t ...................................... ok
t/issues/gh-936.t ...................................... ok
t/issues/gh-944.t ...................................... ok
t/issues/gh-975/gh-975.t ............................... ok
t/issues/memleak/die_in_hooks.t ........................ ok
t/issues/vars-in-forward.t ............................. ok
t/log_die_before_hook.t ................................ ok
t/log_levels.t ......................................... ok
t/logger.t ............................................. ok
t/logger_console.t ..................................... ok
t/memory_cycles.t ...................................... skipped: Test::Memory::Cycle not present
t/mime.t ............................................... ok
t/multi_apps.t ......................................... ok
t/multi_apps_forward.t ................................. ok
t/multiapp_template_hooks.t ............................ ok
t/multipart_content.t .................................. ok
t/named_apps.t ......................................... ok
t/named_routes.t ....................................... ok
t/no_default_middleware.t .............................. ok
t/plugin2/app_dsl_cb/app_dsl_cb.t ...................... ok
t/plugin2/basic-2.t .................................... ok
t/plugin2/basic.t ...................................... ok
t/plugin2/define-keywords.t ............................ ok
t/plugin2/find_plugin.t ................................ ok
t/plugin2/from-config.t ................................ ok
t/plugin2/hooks.t ...................................... ok
t/plugin2/inside-plugin.t .............................. ok
t/plugin2/keywords-hooks-namespace.t ................... ok
t/plugin2/memory_cycles.t .............................. skipped: Test::Memory::Cycle not present
t/plugin2/no-app-munging.t ............................. ok
t/plugin2/no-clobbering.t .............................. ok
t/plugin2/no-config.t .................................. ok
t/plugin2/with-plugins.t ............................... ok
t/plugin_import.t ...................................... ok
t/plugin_multiple_apps.t ............................... ok
t/plugin_register.t .................................... ok
t/plugin_syntax.t ...................................... ok
t/prepare_app.t ........................................ ok
t/psgi_app.t ........................................... ok
t/psgi_app_forward_and_pass.t .......................... ok
t/redirect.t ........................................... ok
# If you want extra speed, install URL::Encode::XS
# If you want extra speed, install CGI::Deurl::XS
t/request.t ............................................ ok
t/request_make_forward_to.t ............................ ok
t/request_multipart_formdata.t ......................... ok
# If you want extra speed, install URL::Encode::XS
# If you want extra speed, install CGI::Deurl::XS
t/request_upload.t ..................................... ok
t/response.t ........................................... ok
t/roles/hook.t ......................................... ok
t/route-pod-coverage/route-pod-coverage.t .............. ok
t/scope_problems/dispatcher_internal_request.t ......... ok
t/scope_problems/keywords_before_template_hook.t ....... ok
t/scope_problems/session_is_cleared.t .................. ok
# Failed test 'The 3rd request has a different with_return from the first run'
# at t/scope_problems/with_return_dies.t line 69.
# got: '93916252671000'
# expected: anything else
# Looks like you failed 1 test of 5.
t/scope_problems/with_return_dies.t ....................
Dubious, test returned 1 (wstat 256, 0x100)
Failed 1/5 subtests
t/serializer.t ......................................... ok
t/serializer_json.t .................................... ok
t/serializer_mutable.t ................................. ok
t/serializer_mutable_custom.t .......................... ok
t/session_bad_client_cookie.t .......................... ok
t/session_config.t ..................................... ok
t/session_engines.t .................................... ok
t/session_forward.t .................................... ok
t/session_hooks.t ...................................... ok
t/session_hooks_no_change_id.t ......................... ok
t/session_in_template.t ................................ ok
t/session_lifecycle.t .................................. ok
t/session_object.t ..................................... ok
t/session_yaml_object.t ................................ ok
t/shared_engines.t ..................................... ok
t/static_content.t ..................................... ok
t/template.t ........................................... ok
t/template_default_tokens.t ............................ ok
t/template_ext.t ....................................... ok
t/template_name.t ...................................... ok
t/template_simple.t .................................... ok
t/template_tiny/01_compile.t ........................... ok
t/template_tiny/02_trivial.t ........................... ok
t/template_tiny/03_samples.t ........................... ok
t/template_tiny/04_compat.t ............................ ok
t/template_tiny/05_preparse.t .......................... ok
t/time.t ............................................... skipped: Test::MockTime not present
t/types.t .............................................. ok
t/vars.t ............................................... ok
Test Summary Report
-------------------
t/scope_problems/with_return_dies.t (Wstat: 256 Tests: 5 Failed: 1)
Failed test: 4
Non-zero exit status: 1
Files=183, Tests=1704, 62 wallclock secs ( 0.60 usr 0.19 sys + 54.03 cusr 8.19 csys = 63.01 CPU)
Result: FAIL
Failed 1/183 test programs. 1/1704 subtests failed.
make: *** [Makefile:1238: test_dynamic] Error 255
------------------------------
PREREQUISITES
------------------------------
Prerequisite modules loaded:
requires:
Module Need Have
------------------------------------------- -------- --------
Attribute::Handlers 0 1.01
Carp 0 1.52
CLI::Osprey 0 0.08
Clone 0 0.45
Config::Any 0 0.33
Digest::SHA 0 6.02
Encode 0 3.16
Exporter 5.57 5.76
Exporter::Tiny 0 1.002002
File::Basename 0 2.85
File::Copy 0 2.35
File::Path 0 2.18
File::Share 0 0.25
File::Spec 0 3.80
File::Temp 0 0.2311
File::Which 0 1.23
Hash::Merge::Simple 0 0.051
Hash::MultiValue 0 0.16
HTTP::Date 0 6.05
HTTP::Headers::Fast 0.21 0.22
HTTP::Tiny 0 0.076
Import::Into 0 1.002005
JSON::MaybeXS 0 1.004003
List::Util 1.29 1.55
MIME::Base64 3.13 3.16
Module::Runtime 0 0.016
Moo 2.000000 2.005004
Moo::Role 0 2.005004
parent 0 0.238
Path::Tiny 0 0.122
perl 5.014 5.034000
Plack 1.0040 1.0048
Plack::Middleware::FixMissingBodyInRedirect 0 0.12
Plack::Middleware::RemoveRedundantBody 0 0.09
POSIX 0 1.97
Ref::Util 0 0.204
Role::Tiny 2.000000 2.002004
Safe::Isa 0 1.000010
Sub::Quote 0 2.006006
Template 0 2.27
Template::Tiny 0 1.14
Test::Builder 0 1.302183
Test::More 0.92 1.302183
Type::Tiny 1.000006 1.012004
Types::Standard 0 1.012004
URI::Escape 0 5.10
YAML 0.86 1.30
build_requires:
Module Need Have
------------------------------------------- -------- --------
Capture::Tiny 0.12 0.48
ExtUtils::MakeMaker 0 7.62
File::Spec 0 3.80
HTTP::Cookies 0 6.10
HTTP::Headers 0 6.36
IO::Handle 0 1.46
IPC::Open3 0 1.21
Pod::Simple::SimpleTree 0 3.42
Template 0 2.27
Test::Builder 0 1.302183
Test::EOL 0 2.02
Test::Fatal 0 0.016
Test::More 0.92 1.302183
configure_requires:
Module Need Have
------------------------------------------- -------- --------
CPAN::Meta::Requirements 2.120620 2.140
ExtUtils::MakeMaker 0 7.62
File::ShareDir::Install 0.06 0.14
Module::Metadata 0 1.000037
------------------------------
ENVIRONMENT AND OTHER CONTEXT
------------------------------
Environment variables:
LANG = en_US.UTF-8
PATH = /usr/local/bin:/usr/bin:/bin:/usr/local/sbin:/usr/sbin:/sbin:/home/cpansand/bin/linux-gnu:/home/cpansand/bin/sh:/home/cpansand/bin:/usr/games:/home/cpansand/devel:/home/eserte/src/srezic-misc/scripts
PERL5LIB = /home/cpansand/.local/share/.cpan/build/2023121313/Test-EOL-2.02-0/blib/arch:/home/cpansand/.local/share/.cpan/build/2023121313/Test-EOL-2.02-0/blib/lib:/home/cpansand/.local/share/.cpan/build/2023121313/Template-Tiny-1.14-0/blib/arch:/home/cpansand/.local/share/.cpan/build/2023121313/Template-Tiny-1.14-0/blib/lib:/home/cpansand/.local/share/.cpan/build/2023121313/Safe-Isa-1.000010-0/blib/arch:/home/cpansand/.local/share/.cpan/build/2023121313/Safe-Isa-1.000010-0/blib/lib:/home/cpansand/.local/share/.cpan/build/2023121313/Plack-Middleware-RemoveRedundantBody-0.09-0/blib/arch:/home/cpansand/.local/share/.cpan/build/2023121313/Plack-Middleware-RemoveRedundantBody-0.09-0/blib/lib:/home/cpansand/.local/share/.cpan/build/2023121313/Plack-Middleware-FixMissingBodyInRedirect-0.12-0/blib/arch:/home/cpansand/.local/share/.cpan/build/2023121313/Plack-Middleware-FixMissingBodyInRedirect-0.12-0/blib/lib:/home/cpansand/.local/share/.cpan/build/2023121313/Hash-Merge-Simple-0.051-0/blib/arch:/home/cpansand/.local/share/.cpan/build/2023121313/Hash-Merge-Simple-0.051-0/blib/lib:/home/cpansand/.local/share/.cpan/build/2023121313/Config-Any-0.33-0/blib/arch:/home/cpansand/.local/share/.cpan/build/2023121313/Config-Any-0.33-0/blib/lib:/home/cpansand/.local/share/.cpan/build/2023121313/CLI-Osprey-0.08-0/blib/arch:/home/cpansand/.local/share/.cpan/build/2023121313/CLI-Osprey-0.08-0/blib/lib:/home/cpansand/.local/share/.cpan/build/2023121313/Test-Lib-0.003-0/blib/arch:/home/cpansand/.local/share/.cpan/build/2023121313/Test-Lib-0.003-0/blib/lib:/home/cpansand/.local/share/.cpan/build/2023121313/Module-Build-Tiny-0.047-0/blib/arch:/home/cpansand/.local/share/.cpan/build/2023121313/Module-Build-Tiny-0.047-0/blib/lib:/home/cpansand/.local/share/.cpan/build/2023121313/ExtUtils-InstallPaths-0.012-0/blib/arch:/home/cpansand/.local/share/.cpan/build/2023121313/ExtUtils-InstallPaths-0.012-0/blib/lib:/home/cpansand/.local/share/.cpan/build/2023121313/ExtUtils-Helpers-0.026-0/blib/arch:/home/cpansand/.local/share/.cpan/build/2023121313/ExtUtils-Helpers-0.026-0/blib/lib:/home/cpansand/.local/share/.cpan/build/2023121313/ExtUtils-Config-0.008-0/blib/arch:/home/cpansand/.local/share/.cpan/build/2023121313/ExtUtils-Config-0.008-0/blib/lib:/home/cpansand/.local/share/.cpan/build/2023121313/File-ShareDir-Install-0.14-0/blib/arch:/home/cpansand/.local/share/.cpan/build/2023121313/File-ShareDir-Install-0.14-0/blib/lib
PERL5OPT =
PERL5_CPANPLUS_IS_RUNNING = 2753308
PERL5_CPAN_IS_RUNNING = 2753308
PERL5_CPAN_IS_RUNNING_IN_RECURSION = 2753183,2753308
PERLDOC = -MPod::Perldoc::ToTextOverstrike
PERL_BATCH = yes
PERL_CANARY_STABILITY_NOPROMPT = 1
PERL_CPAN_REPORTER_CONFIG = /var/tmp/cpansmoker-1023/2023121313/cpanreporter_000_config.ini
PERL_EXTUTILS_AUTOINSTALL = --defaultdeps
PERL_USE_UNSAFE_INC = 1
SHELL = /usr/bin/zsh
TERM = screen
TMPDIR = /var/tmp/cpansmoker-1023/2023121313
Perl special variables (and OS-specific diagnostics, for MSWin32):
$^X = /usr/bin/perl
$UID/$EUID = 1023 / 1023
$GID = 1023 1023
$EGID = 1023 1023
Perl module toolchain versions installed:
Module Have
------------------- --------
CPAN 2.28
CPAN::Meta 2.150010
Cwd 3.80
ExtUtils::CBuilder 0.280236
ExtUtils::Command 7.62
ExtUtils::Install 2.20
ExtUtils::MakeMaker 7.62
ExtUtils::Manifest 1.73
ExtUtils::ParseXS 3.43
File::Spec 3.80
JSON 4.04
JSON::PP 4.06
Module::Build 0.4231
Module::Signature 0.88
Parse::CPAN::Meta 2.150010
Test::Harness 3.43
Test::More 1.302183
YAML 1.30
YAML::Syck 1.34
version 0.9928
--
Summary of my perl5 (revision 5 version 34 subversion 0) configuration:
Platform:
osname=linux
osvers=4.19.0
archname=x86_64-linux-gnu-thread-multi
uname='linux localhost 4.19.0 #1 smp debian 4.19.0 x86_64 gnulinux '
config_args='-Dmksymlinks -Dusethreads -Duselargefiles -Dcc=x86_64-linux-gnu-gcc -Dcpp=x86_64-linux-gnu-cpp -Dld=x86_64-linux-gnu-gcc -Dccflags=-DDEBIAN -Wdate-time -D_FORTIFY_SOURCE=2 -g -O2 -ffile-prefix-map=/dummy/build/dir=. -flto=auto -ffat-lto-objects -flto=auto -ffat-lto-objects -fstack-protector-strong -Wformat -Werror=format-security -Dldflags= -Wl,-Bsymbolic-functions -flto=auto -ffat-lto-objects -flto=auto -Wl,-z,relro -Dlddlflags=-shared -Wl,-Bsymbolic-functions -flto=auto -ffat-lto-objects -flto=auto -Wl,-z,relro -Dcccdlflags=-fPIC -Darchname=x86_64-linux-gnu -Dprefix=/usr -Dprivlib=/usr/share/perl/5.34 -Darchlib=/usr/lib/x86_64-linux-gnu/perl/5.34 -Dvendorprefix=/usr -Dvendorlib=/usr/share/perl5 -Dvendorarch=/usr/lib/x86_64-linux-gnu/perl5/5.34 -Dsiteprefix=/usr/local -Dsitelib=/usr/local/share/perl/5.34.0 -Dsitearch=/usr/local/lib/x86_64-linux-gnu/perl/5.34.0 -Dman1dir=/usr/share/man/man1 -Dman3dir=/usr/share/man/man3 -Dsiteman1dir=/usr/local/man/man1 -Dsiteman3dir=/usr/local/man/man3 -Duse64bitint -Dman1ext=1 -Dman3ext=3perl -Dpager=/usr/bin/sensible-pager -Uafs -Ud_csh -Ud_ualarm -Uusesfio -Uusenm -Ui_libutil -Ui_xlocale -Uversiononly -DDEBUGGING=-g -Doptimize=-O2 -dEs -Duseshrplib -Dlibperl=libperl.so.5.34.0'
hint=recommended
useposix=true
d_sigaction=define
useithreads=define
usemultiplicity=define
use64bitint=define
use64bitall=define
uselongdouble=undef
usemymalloc=n
default_inc_excludes_dot=define
Compiler:
cc='x86_64-linux-gnu-gcc'
ccflags ='-D_REENTRANT -D_GNU_SOURCE -DDEBIAN -fwrapv -fno-strict-aliasing -pipe -I/usr/local/include -D_LARGEFILE_SOURCE -D_FILE_OFFSET_BITS=64'
optimize='-O2 -g'
cppflags='-D_REENTRANT -D_GNU_SOURCE -DDEBIAN -fwrapv -fno-strict-aliasing -pipe -I/usr/local/include'
ccversion=''
gccversion='11.4.0'
gccosandvers=''
intsize=4
longsize=8
ptrsize=8
doublesize=8
byteorder=12345678
doublekind=3
d_longlong=define
longlongsize=8
d_longdbl=define
longdblsize=16
longdblkind=3
ivtype='long'
ivsize=8
nvtype='double'
nvsize=8
Off_t='off_t'
lseeksize=8
alignbytes=8
prototype=define
Linker and Libraries:
ld='x86_64-linux-gnu-gcc'
ldflags =' -fstack-protector-strong -L/usr/local/lib'
libpth=/usr/local/lib /usr/lib/x86_64-linux-gnu /usr/lib /lib/x86_64-linux-gnu /lib
libs=-lgdbm -lgdbm_compat -ldb -ldl -lm -lpthread -lc -lcrypt
perllibs=-ldl -lm -lpthread -lc -lcrypt
libc=/lib/x86_64-linux-gnu/libc.so.6
so=so
useshrplib=true
libperl=libperl.so.5.34
gnulibc_version='2.35'
Dynamic Linking:
dlsrc=dl_dlopen.xs
dlext=so
d_dlsymun=undef
ccdlflags='-Wl,-E'
cccdlflags='-fPIC'
lddlflags='-shared -L/usr/local/lib -fstack-protector-strong'
Characteristics of this binary (from libperl):
Compile-time options:
HAS_TIMES
MULTIPLICITY
PERLIO_LAYERS
PERL_COPY_ON_WRITE
PERL_DONT_CREATE_GVSV
PERL_IMPLICIT_CONTEXT
PERL_MALLOC_WRAP
PERL_OP_PARENT
PERL_PRESERVE_IVUV
USE_64_BIT_ALL
USE_64_BIT_INT
USE_ITHREADS
USE_LARGE_FILES
USE_LOCALE
USE_LOCALE_COLLATE
USE_LOCALE_CTYPE
USE_LOCALE_NUMERIC
USE_LOCALE_TIME
USE_PERLIO
USE_PERL_ATOF
USE_REENTRANT_API
USE_THREAD_SAFE_LOCALE
Locally applied patches:
DEBPKG:debian/cpan_definstalldirs - Provide a sensible INSTALLDIRS default for modules installed from CPAN.
DEBPKG:debian/db_file_ver - https://bugs.debian.org/340047 Remove overly restrictive DB_File version check.
DEBPKG:debian/doc_info - Replace generic man(1) instructions with Debian-specific information.
DEBPKG:debian/enc2xs_inc - https://bugs.debian.org/290336 Tweak enc2xs to follow symlinks and ignore missing @INC directories.
DEBPKG:debian/errno_ver - https://bugs.debian.org/343351 Remove Errno version check due to upgrade problems with long-running processes.
DEBPKG:debian/libperl_embed_doc - https://bugs.debian.org/186778 Note that libperl-dev package is required for embedded linking
DEBPKG:fixes/respect_umask - Respect umask during installation
DEBPKG:debian/writable_site_dirs - Set umask approproately for site install directories
DEBPKG:debian/extutils_set_libperl_path - EU:MM: set location of libperl.a under /usr/lib
DEBPKG:debian/no_packlist_perllocal - Don't install .packlist or perllocal.pod for perl or vendor
DEBPKG:debian/fakeroot - Postpone LD_LIBRARY_PATH evaluation to the binary targets.
DEBPKG:debian/instmodsh_doc - Debian policy doesn't install .packlist files for core or vendor.
DEBPKG:debian/ld_run_path - Remove standard libs from LD_RUN_PATH as per Debian policy.
DEBPKG:debian/libnet_config_path - Set location of libnet.cfg to /etc/perl/Net as /usr may not be writable.
DEBPKG:debian/perlivp - https://bugs.debian.org/510895 Make perlivp skip include directories in /usr/local
DEBPKG:debian/squelch-locale-warnings - https://bugs.debian.org/508764 Squelch locale warnings in Debian package maintainer scripts
DEBPKG:debian/patchlevel - https://bugs.debian.org/567489 List packaged patches for 5.34.0-3ubuntu1.3 in patchlevel.h
DEBPKG:fixes/document_makemaker_ccflags - https://bugs.debian.org/628522 [rt.cpan.org #68613] Document that CCFLAGS should include $Config{ccflags}
DEBPKG:debian/find_html2text - https://bugs.debian.org/640479 Configure CPAN::Distribution with correct name of html2text
DEBPKG:debian/perl5db-x-terminal-emulator.patch - https://bugs.debian.org/668490 Invoke x-terminal-emulator rather than xterm in perl5db.pl
DEBPKG:debian/cpan-missing-site-dirs - https://bugs.debian.org/688842 Fix CPAN::FirstTime defaults with nonexisting site dirs if a parent is writable
DEBPKG:fixes/memoize_storable_nstore - [rt.cpan.org #77790] https://bugs.debian.org/587650 Memoize::Storable: respect 'nstore' option not respected
DEBPKG:debian/makemaker-pasthru - https://bugs.debian.org/758471 Pass LD settings through to subdirectories
DEBPKG:debian/makemaker-manext - https://bugs.debian.org/247370 Make EU::MakeMaker honour MANnEXT settings in generated manpage headers
DEBPKG:debian/kfreebsd-softupdates - https://bugs.debian.org/796798 Work around Debian Bug#796798
DEBPKG:fixes/memoize-pod - [rt.cpan.org #89441] Fix POD errors in Memoize
DEBPKG:debian/hurd-softupdates - https://bugs.debian.org/822735 Fix t/op/stat.t failures on hurd
DEBPKG:fixes/math_complex_doc_great_circle - https://bugs.debian.org/697567 [rt.cpan.org #114104] Math::Trig: clarify definition of great_circle_midpoint
DEBPKG:fixes/math_complex_doc_see_also - https://bugs.debian.org/697568 [rt.cpan.org #114105] Math::Trig: add missing SEE ALSO
DEBPKG:fixes/math_complex_doc_angle_units - https://bugs.debian.org/731505 [rt.cpan.org #114106] Math::Trig: document angle units
DEBPKG:fixes/cpan_web_link - https://bugs.debian.org/367291 CPAN: Add link to main CPAN web site
DEBPKG:debian/hppa_op_optimize_workaround - https://bugs.debian.org/838613 Temporarily lower the optimization of op.c on hppa due to gcc-6 problems
DEBPKG:debian/installman-utf8 - https://bugs.debian.org/840211 Generate man pages with UTF-8 characters
DEBPKG:debian/hppa_opmini_optimize_workaround - https://bugs.debian.org/869122 Lower the optimization level of opmini.c on hppa
DEBPKG:debian/sh4_op_optimize_workaround - https://bugs.debian.org/869373 Also lower the optimization level of op.c and opmini.c on sh4
DEBPKG:debian/perldoc-pager - https://bugs.debian.org/870340 [rt.cpan.org #120229] Fix perldoc terminal escapes when sensible-pager is less
DEBPKG:debian/prune_libs - https://bugs.debian.org/128355 Prune the list of libraries wanted to what we actually need.
DEBPKG:debian/mod_paths - Tweak @INC ordering for Debian
DEBPKG:debian/deprecate-with-apt - https://bugs.debian.org/747628 Point users to Debian packages of deprecated core modules
DEBPKG:debian/disable-stack-check - https://bugs.debian.org/902779 [GH #16607] Disable debugperl stack extension checks for binary compatibility with perl
DEBPKG:debian/perlbug-editor - https://bugs.debian.org/922609 Use "editor" as the default perlbug editor, as per Debian policy
DEBPKG:debian/eu-mm-perl-base - https://bugs.debian.org/962138 Suppress an ExtUtils::MakeMaker warning about our non-default @INC
DEBPKG:fixes/io_socket_ip_ipv6 - Disable getaddrinfo(3) AI_ADDRCONFIG for localhost and IPv4 numeric addresses
DEBPKG:debian/usrmerge-lib64 - https://bugs.debian.org/914128 Configure / libpth.U: Do not adjust glibpth when /usr/lib64 is present.
DEBPKG:debian/usrmerge-realpath - https://bugs.debian.org/914128 Configure / libpth.U: use realpath --no-symlinks on Debian
DEBPKG:debian/configure-regen - https://bugs.debian.org/762638 Regenerate Configure et al. after probe unit changes
DEBPKG:fixes/x32-io-msg-skip - https://bugs.debian.org/922609 Skip io/msg.t on x32 due to broken System V message queues
DEBPKG:fixes/encode-CVE-2021-36770 - mitigate @INC pollution when loading ConfigLocal
DEBPKG:fixes/gdbm-1.20 - https://bugs.debian.org/993514 [GH #18915] Fix GDBM_File to compile with version 1.20 and earlier
DEBPKG:disable-libperl-tests -
DEBPKG:CVE-2020-16156-1.patch - [PATCH] bugfix: signature verification type CANNOT_VERIFY was not recognized
DEBPKG:CVE-2020-16156-2.patch - [PATCH] Add two new failure modes based on cpan_path
DEBPKG:CVE-2020-16156-3.patch - [PATCH] use gpg --verify --output ... to disentangle data and signature
DEBPKG:CVE-2020-16156-4.patch - [PATCH] replacing die with mydie in three spots
DEBPKG:CVE-2020-16156-5.patch - [PATCH] disambiguate the call to gpg --output by adding --verify
DEBPKG:CVE-2020-16156-6.patch - [PATCH] s/gpg/$gpg/ in system, add quotes where needed
DEBPKG:CVE-2020-16156-7.patch - [PATCH] s,/dev/null,$devnull,
DEBPKG:CVE-2023-31484.patch - [PATCH] Add verify_SSL=>1 to HTTP::Tiny to verify https server identity
DEBPKG:CVE-2023-47038.patch - [PATCH 1/2] Fix read/write past buffer end: perl-security#140
DEBPKG:CVE-2022-48522.patch - [PATCH] Don't try to Sv[PI]V() on an undef index SV in find_uninit_var()
Built under linux
Compiled at Nov 23 2023 14:56:46
%ENV:
PERL5LIB="/home/cpansand/.local/share/.cpan/build/2023121313/Test-EOL-2.02-0/blib/arch:/home/cpansand/.local/share/.cpan/build/2023121313/Test-EOL-2.02-0/blib/lib:/home/cpansand/.local/share/.cpan/build/2023121313/Template-Tiny-1.14-0/blib/arch:/home/cpansand/.local/share/.cpan/build/2023121313/Template-Tiny-1.14-0/blib/lib:/home/cpansand/.local/share/.cpan/build/2023121313/Safe-Isa-1.000010-0/blib/arch:/home/cpansand/.local/share/.cpan/build/2023121313/Safe-Isa-1.000010-0/blib/lib:/home/cpansand/.local/share/.cpan/build/2023121313/Plack-Middleware-RemoveRedundantBody-0.09-0/blib/arch:/home/cpansand/.local/share/.cpan/build/2023121313/Plack-Middleware-RemoveRedundantBody-0.09-0/blib/lib:/home/cpansand/.local/share/.cpan/build/2023121313/Plack-Middleware-FixMissingBodyInRedirect-0.12-0/blib/arch:/home/cpansand/.local/share/.cpan/build/2023121313/Plack-Middleware-FixMissingBodyInRedirect-0.12-0/blib/lib:/home/cpansand/.local/share/.cpan/build/2023121313/Hash-Merge-Simple-0.051-0/blib/arch:/home/cpansand/.local/share/.cpan/build/2023121313/Hash-Merge-Simple-0.051-0/blib/lib:/home/cpansand/.local/share/.cpan/build/2023121313/Config-Any-0.33-0/blib/arch:/home/cpansand/.local/share/.cpan/build/2023121313/Config-Any-0.33-0/blib/lib:/home/cpansand/.local/share/.cpan/build/2023121313/CLI-Osprey-0.08-0/blib/arch:/home/cpansand/.local/share/.cpan/build/2023121313/CLI-Osprey-0.08-0/blib/lib:/home/cpansand/.local/share/.cpan/build/2023121313/Test-Lib-0.003-0/blib/arch:/home/cpansand/.local/share/.cpan/build/2023121313/Test-Lib-0.003-0/blib/lib:/home/cpansand/.local/share/.cpan/build/2023121313/Module-Build-Tiny-0.047-0/blib/arch:/home/cpansand/.local/share/.cpan/build/2023121313/Module-Build-Tiny-0.047-0/blib/lib:/home/cpansand/.local/share/.cpan/build/2023121313/ExtUtils-InstallPaths-0.012-0/blib/arch:/home/cpansand/.local/share/.cpan/build/2023121313/ExtUtils-InstallPaths-0.012-0/blib/lib:/home/cpansand/.local/share/.cpan/build/2023121313/ExtUtils-Helpers-0.026-0/blib/arch:/home/cpansand/.local/share/.cpan/build/2023121313/ExtUtils-Helpers-0.026-0/blib/lib:/home/cpansand/.local/share/.cpan/build/2023121313/ExtUtils-Config-0.008-0/blib/arch:/home/cpansand/.local/share/.cpan/build/2023121313/ExtUtils-Config-0.008-0/blib/lib:/home/cpansand/.local/share/.cpan/build/2023121313/File-ShareDir-Install-0.14-0/blib/arch:/home/cpansand/.local/share/.cpan/build/2023121313/File-ShareDir-Install-0.14-0/blib/lib"
PERL5OPT=""
PERL5_CPANPLUS_IS_RUNNING="2753308"
PERL5_CPAN_IS_RUNNING="2753308"
PERL5_CPAN_IS_RUNNING_IN_RECURSION="2753183,2753308"
PERLDOC="-MPod::Perldoc::ToTextOverstrike"
PERL_BATCH="yes"
PERL_CANARY_STABILITY_NOPROMPT="1"
PERL_CPAN_REPORTER_CONFIG="/var/tmp/cpansmoker-1023/2023121313/cpanreporter_000_config.ini"
PERL_EXTUTILS_AUTOINSTALL="--defaultdeps"
PERL_USE_UNSAFE_INC="1"
@INC:
/home/cpansand/.local/share/.cpan/build/2023121313/Test-EOL-2.02-0/blib/arch
/home/cpansand/.local/share/.cpan/build/2023121313/Test-EOL-2.02-0/blib/lib
/home/cpansand/.local/share/.cpan/build/2023121313/Template-Tiny-1.14-0/blib/arch
/home/cpansand/.local/share/.cpan/build/2023121313/Template-Tiny-1.14-0/blib/lib
/home/cpansand/.local/share/.cpan/build/2023121313/Safe-Isa-1.000010-0/blib/arch
/home/cpansand/.local/share/.cpan/build/2023121313/Safe-Isa-1.000010-0/blib/lib
/home/cpansand/.local/share/.cpan/build/2023121313/Plack-Middleware-RemoveRedundantBody-0.09-0/blib/arch
/home/cpansand/.local/share/.cpan/build/2023121313/Plack-Middleware-RemoveRedundantBody-0.09-0/blib/lib
/home/cpansand/.local/share/.cpan/build/2023121313/Plack-Middleware-FixMissingBodyInRedirect-0.12-0/blib/arch
/home/cpansand/.local/share/.cpan/build/2023121313/Plack-Middleware-FixMissingBodyInRedirect-0.12-0/blib/lib
/home/cpansand/.local/share/.cpan/build/2023121313/Hash-Merge-Simple-0.051-0/blib/arch
/home/cpansand/.local/share/.cpan/build/2023121313/Hash-Merge-Simple-0.051-0/blib/lib
/home/cpansand/.local/share/.cpan/build/2023121313/Config-Any-0.33-0/blib/arch
/home/cpansand/.local/share/.cpan/build/2023121313/Config-Any-0.33-0/blib/lib
/home/cpansand/.local/share/.cpan/build/2023121313/CLI-Osprey-0.08-0/blib/arch
/home/cpansand/.local/share/.cpan/build/2023121313/CLI-Osprey-0.08-0/blib/lib
/home/cpansand/.local/share/.cpan/build/2023121313/Test-Lib-0.003-0/blib/arch
/home/cpansand/.local/share/.cpan/build/2023121313/Test-Lib-0.003-0/blib/lib
/home/cpansand/.local/share/.cpan/build/2023121313/Module-Build-Tiny-0.047-0/blib/arch
/home/cpansand/.local/share/.cpan/build/2023121313/Module-Build-Tiny-0.047-0/blib/lib
/home/cpansand/.local/share/.cpan/build/2023121313/ExtUtils-InstallPaths-0.012-0/blib/arch
/home/cpansand/.local/share/.cpan/build/2023121313/ExtUtils-InstallPaths-0.012-0/blib/lib
/home/cpansand/.local/share/.cpan/build/2023121313/ExtUtils-Helpers-0.026-0/blib/arch
/home/cpansand/.local/share/.cpan/build/2023121313/ExtUtils-Helpers-0.026-0/blib/lib
/home/cpansand/.local/share/.cpan/build/2023121313/ExtUtils-Config-0.008-0/blib/arch
/home/cpansand/.local/share/.cpan/build/2023121313/ExtUtils-Config-0.008-0/blib/lib
/home/cpansand/.local/share/.cpan/build/2023121313/File-ShareDir-Install-0.14-0/blib/arch
/home/cpansand/.local/share/.cpan/build/2023121313/File-ShareDir-Install-0.14-0/blib/lib
/etc/perl
/usr/local/lib/x86_64-linux-gnu/perl/5.34.0
/usr/local/share/perl/5.34.0
/usr/lib/x86_64-linux-gnu/perl5/5.34
/usr/share/perl5
/usr/lib/x86_64-linux-gnu/perl-base
/usr/lib/x86_64-linux-gnu/perl/5.34
/usr/share/perl/5.34
/usr/local/lib/site_perl
.