Report for Apache2-AuthAny-0.201

Back
From: metabase:user:30ae4450-2aae-11df-837a-5e0a49663a4f
Subject: FAIL Apache2-AuthAny-0.201 v5.18.0 
Date: 2013-08-07T18:48:35Z

This distribution has been tested as part of the CPAN Testers
project, supporting the Perl programming language.  See
http://wiki.cpantesters.org/ for more information or email
questions to cpan-testers-discuss@perl.org


--
Dear Kim Goldov,

This is a computer-generated report for Apache2-AuthAny-0.201
on perl 5.18.0, created by CPAN-Reporter-1.2010_01.

Thank you for uploading your work to CPAN.  However, there was a problem
testing your distribution.

If you think this report is invalid, please consult the CPAN Testers Wiki
for suggestions on how to avoid getting FAIL reports for missing library
or binary dependencies, unsupported operating systems, and so on:

http://wiki.cpantesters.org/wiki/CPANAuthorNotes

Sections of this report:

    * Tester comments
    * Program output
    * Prerequisites
    * Environment and other context

------------------------------
TESTER COMMENTS
------------------------------

Additional comments from tester:

this report is from an automated smoke testing program
and was not reviewed by a human for accuracy

------------------------------
PROGRAM OUTPUT
------------------------------

Output from 'C:\strawberry180\c\bin\dmake.exe test':

C:\strawberry180\perl\bin\perl.exe "-MExtUtils::Command::MM" "-e" "test_harness(0, 'blib\lib', 'blib\arch')" t/*.t

#   Failed test 'use Apache2::AuthAny;'
#   at t/00-load.t line 6.
#     Tried to use 'Apache2::AuthAny'.
#     Error:  Can't locate Apache2/Module.pm in @INC (you may need to install the Apache2::Module module) (@INC contains: C:\strawberry180\cpan\build\Apache2-AuthAny-0.201-U3A7kz\blib\lib C:\strawberry180\cpan\build\Apache2-AuthAny-0.201-U3A7kz\blib\arch C:/strawberry180/perl/site/lib C:/strawberry180/perl/vendor/lib C:/strawberry180/perl/lib) at C:\strawberry180\cpan\build\Apache2-AuthAny-0.201-U3A7kz\blib\lib/Apache2/AuthAny.pm line 5.
# BEGIN failed--compilation aborted at C:\strawberry180\cpan\build\Apache2-AuthAny-0.201-U3A7kz\blib\lib/Apache2/AuthAny.pm line 5.
# Compilation failed in require at (eval 4) line 2.
# BEGIN failed--compilation aborted at (eval 4) line 2.

#   Failed test 'use Apache2::AuthAny::AuthenHandler;'
#   at t/00-load.t line 7.
#     Tried to use 'Apache2::AuthAny::AuthenHandler'.
#     Error:  Can't locate Apache2/Const.pm in @INC (you may need to install the Apache2::Const module) (@INC contains: C:\strawberry180\cpan\build\Apache2-AuthAny-0.201-U3A7kz\blib\lib C:\strawberry180\cpan\build\Apache2-AuthAny-0.201-U3A7kz\blib\arch C:/strawberry180/perl/site/lib C:/strawberry180/perl/vendor/lib C:/strawberry180/perl/lib) at C:\strawberry180\cpan\build\Apache2-AuthAny-0.201-U3A7kz\blib\lib/Apache2/AuthAny/AuthenHandler.pm line 7.
# BEGIN failed--compilation aborted at C:\strawberry180\cpan\build\Apache2-AuthAny-0.201-U3A7kz\blib\lib/Apache2/AuthAny/AuthenHandler.pm line 7.
# Compilation failed in require at (eval 5) line 2.
# BEGIN failed--compilation aborted at (eval 5) line 2.

#   Failed test 'use Apache2::AuthAny::AuthUtil;'
#   at t/00-load.t line 8.
#     Tried to use 'Apache2::AuthAny::AuthUtil'.
#     Error:  Can't locate Apache2/Const.pm in @INC (you may need to install the Apache2::Const module) (@INC contains: C:\strawberry180\cpan\build\Apache2-AuthAny-0.201-U3A7kz\blib\lib C:\strawberry180\cpan\build\Apache2-AuthAny-0.201-U3A7kz\blib\arch C:/strawberry180/perl/site/lib C:/strawberry180/perl/vendor/lib C:/strawberry180/perl/lib) at C:\strawberry180\cpan\build\Apache2-AuthAny-0.201-U3A7kz\blib\lib/Apache2/AuthAny/AuthUtil.pm line 6.
# BEGIN failed--compilation aborted at C:\strawberry180\cpan\build\Apache2-AuthAny-0.201-U3A7kz\blib\lib/Apache2/AuthAny/AuthUtil.pm line 6.
# Compilation failed in require at (eval 6) line 2.
# BEGIN failed--compilation aborted at (eval 6) line 2.

#   Failed test 'use Apache2::AuthAny::AuthzHandler;'
#   at t/00-load.t line 9.
#     Tried to use 'Apache2::AuthAny::AuthzHandler'.
#     Error:  Can't locate Apache2/Const.pm in @INC (you may need to install the Apache2::Const module) (@INC contains: C:\strawberry180\cpan\build\Apache2-AuthAny-0.201-U3A7kz\blib\lib C:\strawberry180\cpan\build\Apache2-AuthAny-0.201-U3A7kz\blib\arch C:/strawberry180/perl/site/lib C:/strawberry180/perl/vendor/lib C:/strawberry180/perl/lib) at C:\strawberry180\cpan\build\Apache2-AuthAny-0.201-U3A7kz\blib\lib/Apache2/AuthAny/AuthzHandler.pm line 4.
# BEGIN failed--compilation aborted at C:\strawberry180\cpan\build\Apache2-AuthAny-0.201-U3A7kz\blib\lib/Apache2/AuthAny/AuthzHandler.pm line 4.
# Compilation failed in require at (eval 7) line 2.
# BEGIN failed--compilation aborted at (eval 7) line 2.

#   Failed test 'use Apache2::AuthAny::Cookie;'
#   at t/00-load.t line 10.
#     Tried to use 'Apache2::AuthAny::Cookie'.
#     Error:  Can't locate Apache2/Cookie.pm in @INC (you may need to install the Apache2::Cookie module) (@INC contains: C:\strawberry180\cpan\build\Apache2-AuthAny-0.201-U3A7kz\blib\lib C:\strawberry180\cpan\build\Apache2-AuthAny-0.201-U3A7kz\blib\arch C:/strawberry180/perl/site/lib C:/strawberry180/perl/vendor/lib C:/strawberry180/perl/lib) at C:\strawberry180\cpan\build\Apache2-AuthAny-0.201-U3A7kz\blib\lib/Apache2/AuthAny/Cookie.pm line 6.
# BEGIN failed--compilation aborted at C:\strawberry180\cpan\build\Apache2-AuthAny-0.201-U3A7kz\blib\lib/Apache2/AuthAny/Cookie.pm line 6.
# Compilation failed in require at (eval 8) line 2.
# BEGIN failed--compilation aborted at (eval 8) line 2.

#   Failed test 'use Apache2::AuthAny::FixupHandler;'
#   at t/00-load.t line 12.
#     Tried to use 'Apache2::AuthAny::FixupHandler'.
#     Error:  Can't locate Apache2/Const.pm in @INC (you may need to install the Apache2::Const module) (@INC contains: C:\strawberry180\cpan\build\Apache2-AuthAny-0.201-U3A7kz\blib\lib C:\strawberry180\cpan\build\Apache2-AuthAny-0.201-U3A7kz\blib\arch C:/strawberry180/perl/site/lib C:/strawberry180/perl/vendor/lib C:/strawberry180/perl/lib) at C:\strawberry180\cpan\build\Apache2-AuthAny-0.201-U3A7kz\blib\lib/Apache2/AuthAny/FixupHandler.pm line 4.
# BEGIN failed--compilation aborted at C:\strawberry180\cpan\build\Apache2-AuthAny-0.201-U3A7kz\blib\lib/Apache2/AuthAny/FixupHandler.pm line 4.
# Compilation failed in require at (eval 14) line 2.
# BEGIN failed--compilation aborted at (eval 14) line 2.

#   Failed test 'use Apache2::AuthAny::MapToStorageHandler;'
#   at t/00-load.t line 13.
#     Tried to use 'Apache2::AuthAny::MapToStorageHandler'.
#     Error:  Can't locate Apache2/Const.pm in @INC (you may need to install the Apache2::Const module) (@INC contains: C:\strawberry180\cpan\build\Apache2-AuthAny-0.201-U3A7kz\blib\lib C:\strawberry180\cpan\build\Apache2-AuthAny-0.201-U3A7kz\blib\arch C:/strawberry180/perl/site/lib C:/strawberry180/perl/vendor/lib C:/strawberry180/perl/lib) at C:\strawberry180\cpan\build\Apache2-AuthAny-0.201-U3A7kz\blib\lib/Apache2/AuthAny/MapToStorageHandler.pm line 5.
# BEGIN failed--compilation aborted at C:\strawberry180\cpan\build\Apache2-AuthAny-0.201-U3A7kz\blib\lib/Apache2/AuthAny/MapToStorageHandler.pm line 5.
# Compilation failed in require at (eval 15) line 2.
# BEGIN failed--compilation aborted at (eval 15) line 2.

#   Failed test 'use Apache2::AuthAny::RequestConfig;'
#   at t/00-load.t line 14.
#     Tried to use 'Apache2::AuthAny::RequestConfig'.
#     Error:  Can't locate Apache2/Module.pm in @INC (you may need to install the Apache2::Module module) (@INC contains: C:\strawberry180\cpan\build\Apache2-AuthAny-0.201-U3A7kz\blib\lib C:\strawberry180\cpan\build\Apache2-AuthAny-0.201-U3A7kz\blib\arch C:/strawberry180/perl/site/lib C:/strawberry180/perl/vendor/lib C:/strawberry180/perl/lib) at C:\strawberry180\cpan\build\Apache2-AuthAny-0.201-U3A7kz\blib\lib/Apache2/AuthAny/RequestConfig.pm line 4.
# BEGIN failed--compilation aborted at C:\strawberry180\cpan\build\Apache2-AuthAny-0.201-U3A7kz\blib\lib/Apache2/AuthAny/RequestConfig.pm line 4.
# Compilation failed in require at (eval 16) line 2.
# BEGIN failed--compilation aborted at (eval 16) line 2.
Use of uninitialized value $Apache2::AuthAny::VERSION in concatenation (.) or string at t/00-load.t line 17.
# Testing Apache2::AuthAny , Perl 5.018000, C:\strawberry180\perl\bin\perl.exe
# Looks like you failed 8 tests of 9.
t/00-load.t ....... 
Dubious, test returned 8 (wstat 2048, 0x800)
Failed 8/9 subtests 
Env variable AUTH_ANY_DB_USER required at C:\strawberry180\cpan\build\Apache2-AuthAny-0.201-U3A7kz\blib\lib/Apache2/AuthAny/DB.pm line 17.
# Looks like you planned 8 tests but ran 1.
# Looks like your test exited with 255 just after 1.
t/DB.t ............ 
Dubious, test returned 255 (wstat 65280, 0xff00)
Failed 7/8 subtests 

#   Failed test 'Pod coverage on Apache2::AuthAny'
#   at C:/strawberry180/perl/site/lib/Test/Pod/Coverage.pm line 126.
# Apache2::AuthAny: requiring 'Apache2::AuthAny' failed

#   Failed test 'Pod coverage on Apache2::AuthAny::AuthenHandler'
#   at C:/strawberry180/perl/site/lib/Test/Pod/Coverage.pm line 126.
# Apache2::AuthAny::AuthenHandler: couldn't find pod

#   Failed test 'Pod coverage on Apache2::AuthAny::AuthUtil'
#   at C:/strawberry180/perl/site/lib/Test/Pod/Coverage.pm line 126.
# Apache2::AuthAny::AuthUtil: couldn't find pod

#   Failed test 'Pod coverage on Apache2::AuthAny::AuthzHandler'
#   at C:/strawberry180/perl/site/lib/Test/Pod/Coverage.pm line 126.
# Apache2::AuthAny::AuthzHandler: couldn't find pod

#   Failed test 'Pod coverage on Apache2::AuthAny::Cookie'
#   at C:/strawberry180/perl/site/lib/Test/Pod/Coverage.pm line 126.
# Apache2::AuthAny::Cookie: couldn't find pod

#   Failed test 'Pod coverage on Apache2::AuthAny::DB'
#   at C:/strawberry180/perl/site/lib/Test/Pod/Coverage.pm line 126.
# Apache2::AuthAny::DB: couldn't find pod

#   Failed test 'Pod coverage on Apache2::AuthAny::FixupHandler'
#   at C:/strawberry180/perl/site/lib/Test/Pod/Coverage.pm line 126.
# Apache2::AuthAny::FixupHandler: couldn't find pod

#   Failed test 'Pod coverage on Apache2::AuthAny::MapToStorageHandler'
#   at C:/strawberry180/perl/site/lib/Test/Pod/Coverage.pm line 126.
# Apache2::AuthAny::MapToStorageHandler: couldn't find pod

#   Failed test 'Pod coverage on Apache2::AuthAny::RequestConfig'
#   at C:/strawberry180/perl/site/lib/Test/Pod/Coverage.pm line 126.
# Apache2::AuthAny::RequestConfig: couldn't find pod
# Looks like you failed 9 tests of 9.
t/pod-coverage.t .. 
Dubious, test returned 9 (wstat 2304, 0x900)
Failed 9/9 subtests 
t/pod.t ........... ok

Test Summary Report
-------------------
t/00-load.t     (Wstat: 2048 Tests: 9 Failed: 8)
  Failed tests:  1-5, 7-9
  Non-zero exit status: 8
t/DB.t          (Wstat: 65280 Tests: 1 Failed: 0)
  Non-zero exit status: 255
  Parse errors: Bad plan.  You planned 8 tests but ran 1.
t/pod-coverage.t (Wstat: 2304 Tests: 9 Failed: 9)
  Failed tests:  1-9
  Non-zero exit status: 9
Files=4, Tests=30,  1 wallclock secs ( 0.06 usr +  0.02 sys =  0.08 CPU)
Result: FAIL
Failed 3/4 test programs. 17/30 subtests failed.
dmake.exe:  Error code 255, while making 'test_dynamic'

------------------------------
PREREQUISITES
------------------------------

Prerequisite modules loaded:

requires:

    Module              Need Have
    ------------------- ---- ----
    Test::More          0    0.98

build_requires:

    Module              Need Have
    ------------------- ---- ----
    ExtUtils::MakeMaker 0    6.66


------------------------------
ENVIRONMENT AND OTHER CONTEXT
------------------------------

Environment variables:

    AUTOMATED_TESTING = 1
    COMSPEC = C:\WINDOWS\system32\cmd.exe
    NUMBER_OF_PROCESSORS = 1
    PATH = C:\Program Files\Far Manager\;C:\WINDOWS\system32;C:\WINDOWS;C:\WINDOWS\System32\Wbem;C:\strawberry180\c\bin;C:\strawberry180\perl\site\bin;C:\strawberry180\perl\bin
    PERL5LIB = 
    PERL5OPT = 
    PERL5_CPANPLUS_IS_RUNNING = 1388
    PERL5_CPAN_IS_RUNNING = 1388
    PERL5_CPAN_IS_RUNNING_IN_RECURSION = 1680,1388
    PERL_CR_SMOKER_CURRENT = Apache2-AuthAny-0.201
    PERL_EXTUTILS_AUTOINSTALL = --defaultdeps
    PERL_MM_USE_DEFAULT = 1
    PROCESSOR_IDENTIFIER = x86 Family 16 Model 5 Stepping 3, AuthenticAMD
    TEMP = C:\DOCUME~1\c\LOCALS~1\Temp
    TERM = dumb

Perl special variables (and OS-specific diagnostics, for MSWin32):

    $^X = C:\strawberry180\perl\bin\perl.exe
    $UID/$EUID = 0 / 0
    $GID = 0
    $EGID = 0
    Win32::GetOSName = WinXP/.Net
    Win32::GetOSVersion = Service Pack 3, 5, 1, 2600, 2, 3, 0, 256, 1
    Win32::FsType = NTFS
    Win32::IsAdminUser = 1

Perl module toolchain versions installed:

    Module              Have    
    ------------------- --------
    CPAN                2.00    
    CPAN::Meta          2.130880
    Cwd                 3.40    
    ExtUtils::CBuilder  0.280210
    ExtUtils::Command   1.17    
    ExtUtils::Install   1.59    
    ExtUtils::MakeMaker 6.66    
    ExtUtils::Manifest  1.63    
    ExtUtils::ParseXS   3.18    
    File::Spec          3.40    
    JSON                2.57    
    JSON::PP            2.27202 
    Module::Build       0.4005  
    Module::Signature   n/a     
    Parse::CPAN::Meta   1.4404  
    Test::Harness       3.28    
    Test::More          0.98    
    YAML                0.84    
    YAML::Syck          1.27    
    version             0.9902  


--

Summary of my perl5 (revision 5 version 18 subversion 0) configuration:
   
  Platform:
    osname=MSWin32, osvers=4.0, archname=MSWin32-x86-multi-thread-64int
    uname='Win32 strawberry-perl 5.18.0.1 #1 Sat May 18 17:46:00 2013 i386'
    config_args='undef'
    hint=recommended, useposix=true, d_sigaction=undef
    useithreads=define, usemultiplicity=define
    useperlio=define, d_sfio=undef, uselargefiles=define, usesocks=undef
    use64bitint=define, use64bitall=undef, uselongdouble=undef
    usemymalloc=n, bincompat5005=undef
  Compiler:
    cc='gcc', ccflags =' -s -O2 -DWIN32  -DPERL_TEXTMODE_SCRIPTS -DPERL_IMPLICIT_CONTEXT -DPERL_IMPLICIT_SYS -DUSE_PERLIO -fno-strict-aliasing -mms-bitfields',
    optimize='-s -O2',
    cppflags='-DWIN32'
    ccversion='', gccversion='4.6.3', gccosandvers=''
    intsize=4, longsize=4, ptrsize=4, doublesize=8, byteorder=12345678
    d_longlong=define, longlongsize=8, d_longdbl=define, longdblsize=12
    ivtype='long long', ivsize=8, nvtype='double', nvsize=8, Off_t='long long', lseeksize=8
    alignbytes=8, prototype=define
  Linker and Libraries:
    ld='g++', ldflags ='-s -L"C:\strawberry180\perl\lib\CORE" -L"C:\strawberry180\c\lib"'
    libpth=C:\strawberry180\c\lib C:\strawberry180\c\i686-w64-mingw32\lib
    libs=-lmoldname -lkernel32 -luser32 -lgdi32 -lwinspool -lcomdlg32 -ladvapi32 -lshell32 -lole32 -loleaut32 -lnetapi32 -luuid -lws2_32 -lmpr -lwinmm -lversion -lodbc32 -lodbccp32 -lcomctl32
    perllibs=-lmoldname -lkernel32 -luser32 -lgdi32 -lwinspool -lcomdlg32 -ladvapi32 -lshell32 -lole32 -loleaut32 -lnetapi32 -luuid -lws2_32 -lmpr -lwinmm -lversion -lodbc32 -lodbccp32 -lcomctl32
    libc=, so=dll, useshrplib=true, libperl=libperl518.a
    gnulibc_version=''
  Dynamic Linking:
    dlsrc=dl_win32.xs, dlext=dll, d_dlsymun=undef, ccdlflags=' '
    cccdlflags=' ', lddlflags='-mdll -s -L"C:\strawberry180\perl\lib\CORE" -L"C:\strawberry180\c\lib"'


Characteristics of this binary (from libperl): 
  Compile-time options: HAS_TIMES HAVE_INTERP_INTERN MULTIPLICITY
                        PERLIO_LAYERS PERL_DONT_CREATE_GVSV
                        PERL_HASH_FUNC_ONE_AT_A_TIME_HARD
                        PERL_IMPLICIT_CONTEXT PERL_IMPLICIT_SYS
                        PERL_MALLOC_WRAP PERL_PRESERVE_IVUV PERL_SAWAMPERSAND
                        USE_64_BIT_INT USE_ITHREADS USE_LARGE_FILES
                        USE_LOCALE USE_LOCALE_COLLATE USE_LOCALE_CTYPE
                        USE_LOCALE_NUMERIC USE_PERLIO USE_PERL_ATOF
  Built under MSWin32
  Compiled at May 18 2013 17:53:14
  %ENV:
    PERL5_CPANPLUS_IS_RUNNING="1388"
    PERL5_CPAN_IS_RUNNING="1388"
    PERL5_CPAN_IS_RUNNING_IN_RECURSION="1680,1388"
    PERL_CR_SMOKER_CURRENT="Apache2-AuthAny-0.201"
    PERL_EXTUTILS_AUTOINSTALL="--defaultdeps"
    PERL_MM_USE_DEFAULT="1"
  @INC:
    C:/strawberry180/perl/site/lib
    C:/strawberry180/perl/vendor/lib
    C:/strawberry180/perl/lib
    .