Back
From: metabase:user:320bfe00-2aae-11df-837a-5e0a49663a4f
Subject: FAIL Perlbal-1.80 v5.25.9 GNU/Linux
Date: 2017-04-10T07:31:14Z
This distribution has been tested as part of the CPAN Testers
project, supporting the Perl programming language. See
http://wiki.cpantesters.org/ for more information or email
questions to cpan-testers-discuss@perl.org
--
Dear Alan Kasindorf,
This is a computer-generated report for Perlbal-1.80
on perl 5.25.9, created by CPAN-Reporter-1.2018.
Thank you for uploading your work to CPAN. However, there was a problem
testing your distribution.
If you think this report is invalid, please consult the CPAN Testers Wiki
for suggestions on how to avoid getting FAIL reports for missing library
or binary dependencies, unsupported operating systems, and so on:
http://wiki.cpantesters.org/wiki/CPANAuthorNotes
Sections of this report:
* Tester comments
* Program output
* Prerequisites
* Environment and other context
------------------------------
TESTER COMMENTS
------------------------------
Additional comments from tester:
this report is from an automated smoke testing program
and was not reviewed by a human for accuracy
------------------------------
PROGRAM OUTPUT
------------------------------
Output from '/usr/bin/make test':
PERL_DL_NONLAZY=1 "/home/sand/src/perl/repoperls/installed-perls/host/k93msid/v5.25.9/a1a1/bin/perl" "-MExtUtils::Command::MM" "-MTest::Harness" "-e" "undef *Test::Harness::Switches; test_harness(0, 'blib/lib', 'blib/arch')" t/*.t
t/00-use.t ............... ok
Configuration error at /tmp/loop_over_bdir-4342-FncKdb/Perlbal-1.80-0/blib/lib/Perlbal/Test.pm line 290.
Child process (webserver) died.
Can't use an undefined value as a symbol reference at /tmp/loop_over_bdir-4342-FncKdb/Perlbal-1.80-0/blib/lib/Perlbal/Test.pm line 173.
END failed--call queue aborted.
t/10-testharness.t ....... skipped: (no reason given)
t/12-headers.t ........... ok
Configuration error at /tmp/loop_over_bdir-4342-FncKdb/Perlbal-1.80-0/blib/lib/Perlbal/Test.pm line 290, <GEN108> line 6.
Child process (webserver) died.
# Looks like your test exited with 111 just after 7.
Can't use an undefined value as a symbol reference at /tmp/loop_over_bdir-4342-FncKdb/Perlbal-1.80-0/blib/lib/Perlbal/Test.pm line 173.
END failed--call queue aborted.
t/13-server-tokens.t .....
Dubious, test returned 255 (wstat 65280, 0xff00)
Failed 6/13 subtests
Configuration error at /tmp/loop_over_bdir-4342-FncKdb/Perlbal-1.80-0/blib/lib/Perlbal/Test.pm line 290.
Child process (webserver) died.
# Looks like your test exited with 111 before it could output anything.
Can't use an undefined value as a symbol reference at /tmp/loop_over_bdir-4342-FncKdb/Perlbal-1.80-0/blib/lib/Perlbal/Test.pm line 173.
END failed--call queue aborted.
t/15-webserver.t .........
Dubious, test returned 255 (wstat 65280, 0xff00)
Failed 17/17 subtests
t/17-webserver-concat.t .. ok
Configuration error at /tmp/loop_over_bdir-4342-FncKdb/Perlbal-1.80-0/blib/lib/Perlbal/Test.pm line 290.
Child process (webserver) died.
Can't use an undefined value as a symbol reference at /tmp/loop_over_bdir-4342-FncKdb/Perlbal-1.80-0/blib/lib/Perlbal/Test.pm line 173.
END failed--call queue aborted.
t/20-put.t ............... skipped: (no reason given)
Configuration error at /tmp/loop_over_bdir-4342-FncKdb/Perlbal-1.80-0/blib/lib/Perlbal/Test.pm line 290.
Child process (webserver) died.
Can't use an undefined value as a symbol reference at /tmp/loop_over_bdir-4342-FncKdb/Perlbal-1.80-0/blib/lib/Perlbal/Test.pm line 173.
END failed--call queue aborted.
t/22-chunked-put.t ....... skipped: (no reason given)
Configuration error at /tmp/loop_over_bdir-4342-FncKdb/Perlbal-1.80-0/blib/lib/Perlbal/Test.pm line 290, <GEN135> line 1.
Child process (webserver) died.
# Looks like your test exited with 29 just after 1.
Can't use an undefined value as a symbol reference at /tmp/loop_over_bdir-4342-FncKdb/Perlbal-1.80-0/blib/lib/Perlbal/Test.pm line 173.
END failed--call queue aborted.
t/30-reverseproxy.t ......
Dubious, test returned 255 (wstat 65280, 0xff00)
Failed 27/28 subtests
Configuration error at /tmp/loop_over_bdir-4342-FncKdb/Perlbal-1.80-0/blib/lib/Perlbal/Test.pm line 290, <GEN142> line 1.
Child process (webserver) died.
# Looks like your test exited with 29 just after 1.
Can't use an undefined value as a symbol reference at /tmp/loop_over_bdir-4342-FncKdb/Perlbal-1.80-0/blib/lib/Perlbal/Test.pm line 173.
END failed--call queue aborted.
t/31-realworld.t .........
Dubious, test returned 255 (wstat 65280, 0xff00)
Failed 156/157 subtests
# separator length 2
# separator length 0
500 response!
t/32-pipelining.t ........ ok
t/32-selector.t .......... ok
t/35-reproxy.t ........... ok
t/40-ranges.t ............ ok
t/45-buffereduploads.t ... ok
t/50-plugins.t ........... ok
t/52-chunked-upload.t .... ok
t/60-child-httpd.t ....... skipped: Alpha feature; test skipped without $ENV{PERLBAL_TEST_ALPHA}
t/75-plugin-include.t .... ok
Configuration error at /tmp/loop_over_bdir-4342-FncKdb/Perlbal-1.80-0/blib/lib/Perlbal/Test.pm line 290.
Child process (webserver) died.
Can't use an undefined value as a symbol reference at /tmp/loop_over_bdir-4342-FncKdb/Perlbal-1.80-0/blib/lib/Perlbal/Test.pm line 173.
END failed--call queue aborted.
t/76-plugin-redirect.t ... skipped: (no reason given)
t/77-plugin-throttle.t ... ok
t/78-plugin-xffextras.t .. ok
t/90-accesscontrol.t ..... skipped: Net::Netmask not installed
t/91-fields.t ............ ok
t/99-benchmark-bool.t .... ok
Test Summary Report
-------------------
t/10-testharness.t (Wstat: 65280 Tests: 0 Failed: 0)
Non-zero exit status: 255
t/13-server-tokens.t (Wstat: 65280 Tests: 7 Failed: 0)
Non-zero exit status: 255
Parse errors: Bad plan. You planned 13 tests but ran 7.
t/15-webserver.t (Wstat: 65280 Tests: 0 Failed: 0)
Non-zero exit status: 255
Parse errors: Bad plan. You planned 17 tests but ran 0.
t/20-put.t (Wstat: 65280 Tests: 0 Failed: 0)
Non-zero exit status: 255
t/22-chunked-put.t (Wstat: 65280 Tests: 0 Failed: 0)
Non-zero exit status: 255
t/30-reverseproxy.t (Wstat: 65280 Tests: 1 Failed: 0)
Non-zero exit status: 255
Parse errors: Bad plan. You planned 28 tests but ran 1.
t/31-realworld.t (Wstat: 65280 Tests: 1 Failed: 0)
Non-zero exit status: 255
Parse errors: Bad plan. You planned 157 tests but ran 1.
t/76-plugin-redirect.t (Wstat: 65280 Tests: 0 Failed: 0)
Non-zero exit status: 255
Files=25, Tests=296, 31 wallclock secs ( 0.10 usr 0.14 sys + 5.24 cusr 1.28 csys = 6.76 CPU)
Result: FAIL
Failed 8/25 test programs. 0/296 subtests failed.
Makefile:1067: recipe for target 'test_dynamic' failed
make: *** [test_dynamic] Error 255
------------------------------
PREREQUISITES
------------------------------
Prerequisite modules loaded:
requires:
Module Need Have
------------------- ---- --------
base 0 2.24
BSD::Resource 0 1.2911
Carp 0 1.42
constant 0 1.33
Danga::Socket 1.44 1.61
Errno 0 1.28
Exporter 0 5.72
Fcntl 0 1.13
fields 0 2.23
File::Path 0 2.12_003
File::Temp 0 0.2304
FindBin 0 1.51
Getopt::Long 0 2.49
Hash::Util 0 0.22
HTTP::Date 0 6.02
HTTP::Request 0 6.11
HTTP::Response 0 6.11
IO::File 0 1.16
IO::Handle 0 1.35
IO::Select 0 1.22
IO::Socket::INET 0 1.35
lib 0 0.64
LWP::UserAgent 0 6.25
Scalar::Util 0 1.47
Socket 0 2.024
strict 0 1.11
Sys::Syscall 0 0.25
Test::More 0.94 1.302079
Time::HiRes 0 1.9741
vars 0 1.03
warnings 0 1.37
build_requires:
Module Need Have
------------------- ---- --------
ExtUtils::MakeMaker 0 7.24
configure_requires:
Module Need Have
------------------- ---- --------
ExtUtils::MakeMaker 0 7.24
------------------------------
ENVIRONMENT AND OTHER CONTEXT
------------------------------
Environment variables:
AUTOMATED_TESTING = 1
LANG = en_US.UTF-8
PATH = /home/sand/bin:/usr/local/bin:/usr/bin:/bin:/usr/games:/usr/local/perl/bin:/usr/X11/bin:/sbin:/usr/sbin
PERL5LIB =
PERL5OPT =
PERL5_CPANPLUS_IS_RUNNING = 4349
PERL5_CPAN_IS_RUNNING = 4349
PERLBAL_DEBUG = 1
PERLBAL_DEBUG_OBJ = 1
PERLBAL_TRACK_STATES = 1
PERL_CANARY_STABILITY_NOPROMPT = 1
PERL_MM_USE_DEFAULT = 1
PERL_USE_UNSAFE_INC = 1
SHELL = /usr/bin/zsh
TERM = screen
Perl special variables (and OS-specific diagnostics, for MSWin32):
$^X = /home/sand/src/perl/repoperls/installed-perls/host/k93msid/v5.25.9/a1a1/bin/perl
$UID/$EUID = 1005 / 1005
$GID = 1005 1005
$EGID = 1005 1005
Perl module toolchain versions installed:
Module Have
------------------- ----------
CPAN 2.18
CPAN::Meta 2.150010
Cwd 3.62
ExtUtils::CBuilder 0.280225
ExtUtils::Command 7.24
ExtUtils::Install 2.04
ExtUtils::MakeMaker 7.24
ExtUtils::Manifest 1.70
ExtUtils::ParseXS 3.33
File::Spec 3.62
JSON 2.90
JSON::PP 2.27400_02
Module::Build 0.42_21
Module::Signature 0.81
Parse::CPAN::Meta 2.150010
Test::Harness 3.38
Test::More 1.302079
YAML 1.23
YAML::Syck 1.29
version 0.9917
--
Summary of my perl5 (revision 5 version 25 subversion 9) configuration:
Commit id: 5d577b6f636aba916a1b0519669de4b2454c68ab
Platform:
osname=linux
osvers=4.9.0-2-amd64
archname=x86_64-linux-thread-multi-ld
uname='linux k93msid 4.9.0-2-amd64 #1 smp debian 4.9.13-1 (2017-02-27) x86_64 gnulinux '
config_args='-Dprefix=/home/sand/src/perl/repoperls/installed-perls/host/k93msid/v5.25.9/a1a1 -Dmyhostname=k93msid -Dinstallusrbinperl=n -Uversiononly -Dusedevel -des -Ui_db -Dlibswanted=cl pthread socket inet nsl gdbm dbm malloc dl ld sun m crypt sec util c cposix posix ucb BSD gdbm_compat -Duseithreads -Duselongdouble -DDEBUGGING=both'
hint=recommended
useposix=true
d_sigaction=define
useithreads=define
usemultiplicity=define
use64bitint=define
use64bitall=define
uselongdouble=define
usemymalloc=n
bincompat5005=undef
Compiler:
cc='cc'
ccflags ='-D_REENTRANT -D_GNU_SOURCE -fwrapv -DDEBUGGING -fno-strict-aliasing -pipe -fstack-protector-strong -I/usr/local/include -D_LARGEFILE_SOURCE -D_FILE_OFFSET_BITS=64'
optimize='-O2 -g'
cppflags='-D_REENTRANT -D_GNU_SOURCE -fwrapv -DDEBUGGING -fno-strict-aliasing -pipe -fstack-protector-strong -I/usr/local/include'
ccversion=''
gccversion='6.3.0 20170316'
gccosandvers=''
intsize=4
longsize=8
ptrsize=8
doublesize=8
byteorder=12345678
doublekind=3
d_longlong=define
longlongsize=8
d_longdbl=define
longdblsize=16
longdblkind=3
ivtype='long'
ivsize=8
nvtype='long double'
nvsize=16
Off_t='off_t'
lseeksize=8
alignbytes=16
prototype=define
Linker and Libraries:
ld='cc'
ldflags =' -fstack-protector-strong -L/usr/local/lib'
libpth=/usr/local/lib /usr/lib/gcc/x86_64-linux-gnu/6/include-fixed /usr/include/x86_64-linux-gnu /usr/lib /lib/x86_64-linux-gnu /lib/../lib /usr/lib/x86_64-linux-gnu /usr/lib/../lib /lib
libs=-lpthread -lnsl -ldl -lm -lcrypt -lutil -lc
perllibs=-lpthread -lnsl -ldl -lm -lcrypt -lutil -lc
libc=libc-2.24.so
so=so
useshrplib=false
libperl=libperl.a
gnulibc_version='2.24'
Dynamic Linking:
dlsrc=dl_dlopen.xs
dlext=so
d_dlsymun=undef
ccdlflags='-Wl,-E'
cccdlflags='-fPIC'
lddlflags='-shared -O2 -g -L/usr/local/lib -fstack-protector-strong'
Characteristics of this binary (from libperl):
Compile-time options:
DEBUGGING
HAS_TIMES
MULTIPLICITY
PERLIO_LAYERS
PERL_COPY_ON_WRITE
PERL_DONT_CREATE_GVSV
PERL_IMPLICIT_CONTEXT
PERL_MALLOC_WRAP
PERL_OP_PARENT
PERL_PRESERVE_IVUV
PERL_TRACK_MEMPOOL
PERL_USE_DEVEL
USE_64_BIT_ALL
USE_64_BIT_INT
USE_ITHREADS
USE_LARGE_FILES
USE_LOCALE
USE_LOCALE_COLLATE
USE_LOCALE_CTYPE
USE_LOCALE_NUMERIC
USE_LOCALE_TIME
USE_LONG_DOUBLE
USE_PERLIO
USE_PERL_ATOF
USE_REENTRANT_API
Built under linux
Compiled at Mar 18 2017 15:31:57
%ENV:
PERL5LIB=""
PERL5OPT=""
PERL5_CPANPLUS_IS_RUNNING="4349"
PERL5_CPAN_IS_RUNNING="4349"
PERLBAL_DEBUG="1"
PERLBAL_DEBUG_OBJ="1"
PERLBAL_TRACK_STATES="1"
PERL_CANARY_STABILITY_NOPROMPT="1"
PERL_MM_USE_DEFAULT="1"
PERL_USE_UNSAFE_INC="1"
@INC:
/home/sand/src/perl/repoperls/installed-perls/host/k93msid/v5.25.9/a1a1/lib/site_perl/5.25.9/x86_64-linux-thread-multi-ld
/home/sand/src/perl/repoperls/installed-perls/host/k93msid/v5.25.9/a1a1/lib/site_perl/5.25.9
/home/sand/src/perl/repoperls/installed-perls/host/k93msid/v5.25.9/a1a1/lib/5.25.9/x86_64-linux-thread-multi-ld
/home/sand/src/perl/repoperls/installed-perls/host/k93msid/v5.25.9/a1a1/lib/5.25.9
.