Test2-Tools-SkipUntil v0.03_2 Perl 5 v5.10.1 amd64-freebsd
- Status
- Fail
- From
- Slaven Rezić (SREZIC)
- Dist
-
Test2-Tools-SkipUntil v0.03_2
- Platform
- Perl 5 v5.10.1 amd64-freebsd
- Date
- 2018-05-17 17:56:51
- ID
- ad950dfc-59fb-11e8-a862-afda493fcecb
This distribution has been tested as part of the CPAN Testers
project, supporting the Perl programming language. See
http://wiki.cpantesters.org/ for more information or email
questions to cpan-testers-discuss@perl.org
--
Dear David Farrell,
This is a computer-generated report for Test2-Tools-SkipUntil-0.03_2
on perl 5.10.1, created by CPAN-Reporter-1.2018.
Thank you for uploading your work to CPAN. However, there was a problem
testing your distribution.
If you think this report is invalid, please consult the CPAN Testers Wiki
for suggestions on how to avoid getting FAIL reports for missing library
or binary dependencies, unsupported operating systems, and so on:
http://wiki.cpantesters.org/wiki/CPANAuthorNotes
Sections of this report:
* Tester comments
* Program output
* Prerequisites
* Environment and other context
------------------------------
TESTER COMMENTS
------------------------------
Additional comments from tester:
none provided
------------------------------
PROGRAM OUTPUT
------------------------------
Output from '/usr/bin/make test':
PERL_DL_NONLAZY=1 "/usr/perl5.10.1/bin/perl" "-MExtUtils::Command::MM" "-MTest::Harness" "-e" "undef *Test::Harness::Switches; test_harness(0, 'blib/lib', 'blib/arch')" t/*.t
t/00-compile.t ............. ok
t/01-internal-functions.t .. ok
t/02-skip_until.t .......... ok
did not skip all! at -e line 1.
# Failed test '1995 - do not skip all'
# at t/03-skip_all_until.t line 21.
# +-----+----+-------+
# | GOT | OP | CHECK |
# +-----+----+-------+
# | 2 | eq | 255 |
# +-----+----+-------+
t/03-skip_all_until.t ......
Dubious, test returned 1 (wstat 256, 0x100)
Failed 1/2 subtests
Test Summary Report
-------------------
t/03-skip_all_until.t (Wstat: 256 Tests: 2 Failed: 1)
Failed test: 2
Non-zero exit status: 1
Files=4, Tests=12, 0 wallclock secs ( 0.02 usr 0.01 sys + 0.25 cusr 0.10 csys = 0.38 CPU)
Result: FAIL
Failed 1/4 test programs. 1/12 subtests failed.
*** [test_dynamic] Error code 1
Stop in /usr/home/eserte/.cpan/build/2018051718/Test2-Tools-SkipUntil-0.03_2-4.
------------------------------
PREREQUISITES
------------------------------
Prerequisite modules loaded:
requires:
Module Need Have
----------------------- ---- --------
Carp 0 1.38
Test2::API 0 1.302133
Test2::Bundle::More 0 0.000108
Test2::Tools::Basic 0 0.000108
Test2::Tools::Compare 0 0.000108
Test2::Tools::Exception 0 0.000108
Time::Piece 0 1.32
build_requires:
Module Need Have
----------------------- ---- --------
ExtUtils::MakeMaker 0 7.34
configure_requires:
Module Need Have
----------------------- ---- --------
ExtUtils::MakeMaker 0 7.34
------------------------------
ENVIRONMENT AND OTHER CONTEXT
------------------------------
Environment variables:
LC_ALL = de_DE.ISO8859-1
PATH = /usr/local/bin:/usr/bin:/bin:/usr/local/sbin:/usr/sbin:/sbin:/home/cpansand/bin/freebsd9.3:/home/cpansand/bin/sh:/home/cpansand/bin:/usr/games:/home/cpansand/devel:/usr/home/eserte/src/srezic-misc/scripts
PERL5LIB = /home/eserte/.cpan/build/2018051718/Business-OnlinePayment-Mock-0.002-4/blib/arch:/home/eserte/.cpan/build/2018051718/Business-OnlinePayment-Mock-0.002-4/blib/lib:/home/eserte/.cpan/build/2018051718/Net-IMAP-Simple-1.2211-4/blib/arch:/home/eserte/.cpan/build/2018051718/Net-IMAP-Simple-1.2211-4/blib/lib
PERL5OPT =
PERL5_CPANPLUS_IS_RUNNING = 76446
PERL5_CPAN_IS_RUNNING = 76446
PERL5_CPAN_IS_RUNNING_IN_RECURSION = 76397,76446
PERLDOC = -MPod::Perldoc::ToTextOverstrike
PERL_BATCH = yes
PERL_CANARY_STABILITY_NOPROMPT = 1
PERL_CPAN_REPORTER_CONFIG = /var/tmp/cpansmoker-1023/2018051718/cpanreporter_000_config.ini
PERL_EXTUTILS_AUTOINSTALL = --defaultdeps
SHELL = /usr/local/bin/zsh
TERM = screen
TMPDIR = /var/tmp/cpansmoker-1023/2018051718
Perl special variables (and OS-specific diagnostics, for MSWin32):
$^X = /usr/perl5.10.1/bin/perl
$UID/$EUID = 1023 / 1023
$GID = 1023 1023
$EGID = 1023 1023
Perl module toolchain versions installed:
Module Have
------------------- --------
CPAN 2.16
CPAN::Meta 2.150010
Cwd 3.74
ExtUtils::CBuilder 0.280230
ExtUtils::Command 7.34
ExtUtils::Install 2.12
ExtUtils::MakeMaker 7.34
ExtUtils::Manifest 1.71
ExtUtils::ParseXS 3.35
File::Spec 3.74
JSON 2.97001
JSON::PP 2.97001
Module::Build 0.4224
Module::Signature 0.81
Parse::CPAN::Meta 2.150010
Test::Harness 3.41
Test::More 1.302133
YAML 1.23
YAML::Syck 1.30
version 0.9924
--
Summary of my perl5 (revision 5 version 10 subversion 1) configuration:
Platform:
osname=freebsd, osvers=9.2-release-p4, archname=amd64-freebsd
uname='freebsd cvrsnica-freebsd-92 9.2-release-p4 freebsd 9.2-release-p4 #0: tue apr 8 18:08:22 utc 2014 root@amd64-builder.daemonology.net:usrobjusrsrcsysgeneric amd64 '
config_args='-ds -e -Dprefix=/usr/perl5.10.1'
hint=recommended, useposix=true, d_sigaction=define
useithreads=undef, usemultiplicity=undef
useperlio=define, d_sfio=undef, uselargefiles=define, usesocks=undef
use64bitint=define, use64bitall=define, uselongdouble=undef
usemymalloc=n, bincompat5005=undef
Compiler:
cc='cc', ccflags ='-DHAS_FPSETMASK -DHAS_FLOATINGPOINT_H -fno-strict-aliasing -pipe -fstack-protector -I/usr/local/include',
optimize='-O',
cppflags='-DHAS_FPSETMASK -DHAS_FLOATINGPOINT_H -fno-strict-aliasing -pipe -fstack-protector -I/usr/local/include'
ccversion='', gccversion='4.2.1 20070831 patched [FreeBSD]', gccosandvers=''
intsize=4, longsize=8, ptrsize=8, doublesize=8, byteorder=12345678
d_longlong=define, longlongsize=8, d_longdbl=define, longdblsize=16
ivtype='long', ivsize=8, nvtype='double', nvsize=8, Off_t='off_t', lseeksize=8
alignbytes=8, prototype=define
Linker and Libraries:
ld='cc', ldflags ='-Wl,-E -fstack-protector -L/usr/local/lib'
libpth=/usr/lib /usr/local/lib
libs=-lgdbm -lm -lcrypt -lutil -lc
perllibs=-lm -lcrypt -lutil -lc
libc=, so=so, useshrplib=false, libperl=libperl.a
gnulibc_version=''
Dynamic Linking:
dlsrc=dl_dlopen.xs, dlext=so, d_dlsymun=undef, ccdlflags=' '
cccdlflags='-DPIC -fPIC', lddlflags='-shared -L/usr/local/lib -fstack-protector'
Characteristics of this binary (from libperl):
Compile-time options: PERL_DONT_CREATE_GVSV PERL_MALLOC_WRAP USE_64_BIT_ALL
USE_64_BIT_INT USE_LARGE_FILES USE_PERLIO
Built under freebsd
Compiled at May 15 2014 23:30:26
%ENV:
PERL5LIB="/home/eserte/.cpan/build/2018051718/Business-OnlinePayment-Mock-0.002-4/blib/arch:/home/eserte/.cpan/build/2018051718/Business-OnlinePayment-Mock-0.002-4/blib/lib:/home/eserte/.cpan/build/2018051718/Net-IMAP-Simple-1.2211-4/blib/arch:/home/eserte/.cpan/build/2018051718/Net-IMAP-Simple-1.2211-4/blib/lib"
PERL5OPT=""
PERL5_CPANPLUS_IS_RUNNING="76446"
PERL5_CPAN_IS_RUNNING="76446"
PERL5_CPAN_IS_RUNNING_IN_RECURSION="76397,76446"
PERLDOC="-MPod::Perldoc::ToTextOverstrike"
PERL_BATCH="yes"
PERL_CANARY_STABILITY_NOPROMPT="1"
PERL_CPAN_REPORTER_CONFIG="/var/tmp/cpansmoker-1023/2018051718/cpanreporter_000_config.ini"
PERL_EXTUTILS_AUTOINSTALL="--defaultdeps"
@INC:
/home/eserte/.cpan/build/2018051718/Business-OnlinePayment-Mock-0.002-4/blib/arch
/home/eserte/.cpan/build/2018051718/Business-OnlinePayment-Mock-0.002-4/blib/lib
/home/eserte/.cpan/build/2018051718/Net-IMAP-Simple-1.2211-4/blib/arch
/home/eserte/.cpan/build/2018051718/Net-IMAP-Simple-1.2211-4/blib/lib
/usr/perl5.10.1/lib/5.10.1/amd64-freebsd
/usr/perl5.10.1/lib/5.10.1
/usr/perl5.10.1/lib/site_perl/5.10.1/amd64-freebsd
/usr/perl5.10.1/lib/site_perl/5.10.1
.